07-06 17:26:49.149 D/MyClockApp(11219): +onStart
07-06 17:26:49.159 D/InputTransport( 277): Input channel destroyed: ashmemFd=54, receivePipeFd=58, sendPipeFd=57
07-06 17:26:49.159 D/InputTransport( 484): Input channel destroyed: ashmemFd=64, receivePipeFd=65, sendPipeFd=66
07-06 17:26:49.169 D/MyClockApp(11219): isAvailable: true
07-06 17:26:49.169 D/MyClockApp(11219): isConnected: true
07-06 17:26:49.169 D/MyClockApp(11219): isConnectedOrConnecting: true
07-06 17:26:49.169 D/MyClockApp(11219): isFailover: false
07-06 17:26:49.169 D/MyClockApp(11219): isRoaming: false
07-06 17:26:49.169 D/MyClockApp(11219): strExtra: null
07-06 17:26:49.169 D/MyClockApp(11219): strReason: null
07-06 17:26:49.169 D/MyClockApp(11219): iSubType: 0
07-06 17:26:49.169 D/MyClockApp(11219): strSubtypeName:
07-06 17:26:49.169 D/MyClockApp(11219): iType: 1
07-06 17:26:49.169 D/MyClockApp(11219): strType: WIFI
07-06 17:26:49.169 D/MyClockApp(11219): strString: NetworkInfo: type: WIFI[], state: CONNECTED/CONNECTED, reason: (unspecified), extra: (none), roaming: false, failover: false, isAvailable: true
07-06 17:26:49.229 D/memalloc( 108): /dev/pmem: Allocated buffer base:0x415fe000 size:552960 offset:573440 fd:30
07-06 17:26:49.229 D/memalloc( 108): /dev/pmem: Freeing buffer base:0x41a18000 size:573440 offset:4300800 fd:27
07-06 17:26:49.229 D/memalloc( 484): /dev/pmem: Unmapping buffer base:0x5080f000 size:4874240 offset:4300800
07-06 17:26:49.229 D/memalloc( 484): /dev/pmem: Mapped buffer base:0x503f5000 size:1126400 offset:573440 fd:50
07-06 17:26:49.239 I/Adreno200-EGLSUB( 108): : Android Image
07-06 17:26:49.239 I/Adreno200-EGLSUB( 108): : RGBA_8888
07-06 17:26:49.269 D/memalloc( 108): /dev/pmem: Allocated buffer base:0x415fe000 size:32768 offset:1126400 fd:27
07-06 17:26:49.269 D/memalloc( 108): /dev/pmem: Freeing buffer base:0x4172a000 size:20480 offset:1228800 fd:42
07-06 17:26:49.269 D/memalloc( 484): /dev/pmem: Unmapping buffer base:0x502c4000 size:1249280 offset:1228800
07-06 17:26:49.269 D/memalloc( 484): /dev/pmem: Mapped buffer base:0x50239000 size:1159168 offset:1126400 fd:60
07-06 17:26:49.269 I/Adreno200-EGLSUB( 108): : Android Image
07-06 17:26:49.269 I/Adreno200-EGLSUB( 108): : RGB_565
07-06 17:26:49.319 D/MyClockApp.SntpClient(11219): +requestTime
07-06 17:26:49.469 D/MyClockApp.SntpClient(11219): -requestTime
07-06 17:26:49.469 D/MyClockApp(11219): iCtr: 0
07-06 17:26:49.469 D/MyClockApp(11219): lNtpTime: 1404700011582
07-06 17:26:49.469 D/MyClockApp(11219): lElapsedRealtime: 40573707
07-06 17:26:49.469 D/MyClockApp(11219): lNtptimeReference: 40573707
07-06 17:26:49.469 D/MyClockApp(11219): lSNTPTime: 1404694131137
07-06 17:26:49.469 D/MyClockApp(11219): +Datetime
07-06 17:26:49.479 D/MyClockApp(11219): Current time: Sun Jul 06 17:26:49 EDT 2014
07-06 17:26:49.479 D/MyClockApp(11219): -Datetime
07-06 17:26:49.479 D/MyClockApp(11219): +SNTPDatetime
07-06 17:26:49.479 D/MyClockApp(11219): lSNTPTime: 1404700011582
07-06 17:26:49.479 D/MyClockApp(11219): SNTP Current time: Sun Jul 06 22:26:51 EDT 2014
07-06 17:26:49.489 D/MyClockApp(11219): -SNTPDatetime
07-06 17:26:49.489 D/MyClockApp(11219): strStorageLocation: /data/data/org.gophotog.myclockapp/files
07-06 17:26:49.489 D/MyClockApp(11219): -onStart
07-06 17:26:49.499 D/InputTransport( 277): Input channel constructed: ashmemFd=54, receivePipeFd=254, sendPipeFd=238
07-06 17:26:49.509 D/InputTransport( 277): Input channel constructed: ashmemFd=57, receivePipeFd=58, sendPipeFd=258
07-06 17:26:49.509 D/InputTransport( 277): Input channel destroyed: ashmemFd=57, receivePipeFd=58, sendPipeFd=258
07-06 17:26:49.509 D/InputTransport(11219): Input channel constructed: ashmemFd=44, receivePipeFd=47, sendPipeFd=48
07-06 17:26:49.519 D/MyClockApp.MyDigitalClock(11219): +onAttachedToWindow
07-06 17:26:49.519 D/MyClockApp.MyDigitalClock(11219): -onAttachedToWindow
07-06 17:26:49.519 D/memalloc( 108): /dev/pmem: Allocated buffer base:0x415fe000 size:32768 offset:1159168 fd:33
07-06 17:26:49.519 D/memalloc( 108): /dev/pmem: Freeing buffer base:0x4172f000 size:20480 offset:1249280 fd:63
07-06 17:26:49.519 D/memalloc( 484): /dev/pmem: Unmapping buffer base:0x4fef5000 size:1269760 offset:1249280
07-06 17:26:49.529 D/memalloc( 484): /dev/pmem: Mapped buffer base:0x4fef5000 size:1191936 offset:1159168 fd:66
07-06 17:26:49.529 I/Adreno200-EGLSUB( 108): : Android Image
07-06 17:26:49.529 I/Adreno200-EGLSUB( 108): : RGB_565
07-06 17:26:49.559 I/Adreno200-EGLSUB(11219): : Format RGBA_8888.
07-06 17:26:49.559 D/memalloc( 108): /dev/pmem: Allocated buffer base:0x415fe000 size:614400 offset:6144000 fd:39
07-06 17:26:49.569 D/memalloc(11219): /dev/pmem: Mapped buffer base:0x5128e000 size:6758400 offset:6144000 fd:43
07-06 17:26:49.609 D/memalloc( 108): /dev/pmem: Allocated buffer base:0x415fe000 size:614400 offset:6758400 fd:42
07-06 17:26:49.619 D/memalloc(11219): /dev/pmem: Mapped buffer base:0x51b56000 size:7372800 offset:6758400 fd:51
07-06 17:26:49.629 I/Adreno200-EGLSUB( 108): : Android Image
07-06 17:26:49.629 I/Adreno200-EGLSUB( 108): : RGBA_8888
07-06 17:26:49.769 D/memalloc( 108): /dev/pmem: Allocated buffer base:0x415fe000 size:614400 offset:1191936 fd:45
07-06 17:26:49.779 D/memalloc(11219): /dev/pmem: Mapped buffer base:0x50a33000 size:1806336 offset:1191936 fd:54
07-06 17:26:49.789 I/Adreno200-EGLSUB( 108): : Android Image
07-06 17:26:49.789 I/Adreno200-EGLSUB( 108): : RGBA_8888
07-06 17:26:49.889 I/SensorManager( 754): Set normal delay = true
07-06 17:26:49.979 D/SensorManager( 754): unregisterListener:: disable all sensors for this listener, name = BOSCH 3-axis Accelerometer listener = kvo@412d3640
07-06 17:26:50.699 I/InputReader( 277): Reconfiguring input devices. changes=0x00000004
07-06 17:26:50.699 I/InputReader( 277): Device reconfigured: id=3, name='sec_touchscreen', surface size is now 320x480, mode is 1
07-06 17:26:50.719 I/WindowManager( 277): SCREENLAYOUT_SIZE (1:small, 2:normal, 3:large, 4:xlarge) 2
07-06 17:26:50.769 I/Adreno200-EGLSUB( 108): : Android Image
07-06 17:26:50.769 I/Adreno200-EGLSUB( 108): : RGBA_8888
07-06 17:26:50.779 D/MyClockApp.MyDigitalClock(11219): +onDetachedFromWindow
07-06 17:26:50.779 D/MyClockApp.MyDigitalClock(11219): -onDetachedFromWindow
07-06 17:26:50.799 D/memalloc(11219): /dev/pmem: Unmapping buffer base:0x5128e000 size:6758400 offset:6144000
07-06 17:26:50.799 D/memalloc(11219): /dev/pmem: Unmapping buffer base:0x51b56000 size:7372800 offset:6758400
07-06 17:26:50.799 D/memalloc(11219): /dev/pmem: Unmapping buffer base:0x50a33000 size:1806336 offset:1191936
07-06 17:26:50.799 D/memalloc( 108): /dev/pmem: Freeing buffer base:0x41bda000 size:614400 offset:6144000 fd:39
07-06 17:26:50.799 D/InputTransport( 277): Input channel constructed: ashmemFd=57, receivePipeFd=259, sendPipeFd=258
07-06 17:26:50.799 D/InputTransport( 277): Input channel constructed: ashmemFd=58, receivePipeFd=204, sendPipeFd=260
07-06 17:26:50.809 D/memalloc( 108): /dev/pmem: Freeing buffer base:0x41c70000 size:614400 offset:6758400 fd:42
07-06 17:26:50.809 D/InputTransport( 277): Input channel destroyed: ashmemFd=58, receivePipeFd=204, sendPipeFd=260
07-06 17:26:50.809 D/InputTransport( 484): Input channel constructed: ashmemFd=86, receivePipeFd=87, sendPipeFd=88
07-06 17:26:50.809 D/memalloc( 108): /dev/pmem: Freeing buffer base:0x41721000 size:614400 offset:1191936 fd:45
07-06 17:26:50.809 D/InputTransport( 277): Input channel destroyed: ashmemFd=54, receivePipeFd=254, sendPipeFd=238
07-06 17:26:50.819 D/InputTransport( 277): Input channel destroyed: ashmemFd=200, receivePipeFd=257, sendPipeFd=256
07-06 17:26:50.819 D/InputTransport( 484): Input channel destroyed: ashmemFd=89, receivePipeFd=90, sendPipeFd=91
07-06 17:26:50.819 D/InputTransport(11219): Input channel destroyed: ashmemFd=44, receivePipeFd=47, sendPipeFd=48
07-06 17:26:50.899 D/MyClockApp.MyDigitalClock(11219): +MyDigitalClock(Content, AttributeSet)
07-06 17:26:50.899 D/MyClockApp.MyDigitalClock(11219): +initClock
07-06 17:26:50.909 D/MyClockApp.MyDigitalClock(11219): -initClock
07-06 17:26:50.909 D/MyClockApp.MyDigitalClock(11219): -MyDigitalClock(Content, AttributeSet)
07-06 17:26:50.909 D/MyClockApp(11219): +onStart
07-06 17:26:50.909 D/MyClockApp(11219): isAvailable: true
07-06 17:26:50.909 D/MyClockApp(11219): isConnected: true
07-06 17:26:50.909 D/MyClockApp(11219): isConnectedOrConnecting: true
07-06 17:26:50.909 D/MyClockApp(11219): isFailover: false
07-06 17:26:50.909 D/MyClockApp(11219): isRoaming: false
07-06 17:26:50.909 D/MyClockApp(11219): strExtra: null
07-06 17:26:50.909 D/MyClockApp(11219): strReason: null
07-06 17:26:50.909 D/MyClockApp(11219): iSubType: 0
07-06 17:26:50.909 D/MyClockApp(11219): strSubtypeName:
07-06 17:26:50.909 D/MyClockApp(11219): iType: 1
07-06 17:26:50.909 D/MyClockApp(11219): strType: WIFI
07-06 17:26:50.909 D/MyClockApp(11219): strString: NetworkInfo: type: WIFI[], state: CONNECTED/CONNECTED, reason: (unspecified), extra: (none), roaming: false, failover: false, isAvailable: true
07-06 17:26:50.959 D/memalloc( 108): /dev/pmem: Allocated buffer base:0x415fe000 size:20480 offset:6144000 fd:39
07-06 17:26:50.959 D/memalloc( 108): /dev/pmem: Freeing buffer base:0x41711000 size:32768 offset:1126400 fd:27
07-06 17:26:50.959 D/memalloc( 484): /dev/pmem: Unmapping buffer base:0x50239000 size:1159168 offset:1126400
07-06 17:26:50.959 D/memalloc( 484): /dev/pmem: Mapped buffer base:0x50508000 size:6164480 offset:6144000 fd:60
07-06 17:26:50.969 I/Adreno200-EGLSUB( 108): : Android Image
07-06 17:26:50.969 I/Adreno200-EGLSUB( 108): : RGB_565
07-06 17:26:50.979 D/MyClockApp.SntpClient(11219): +requestTime
07-06 17:26:51.109 D/MyClockApp.SntpClient(11219): -requestTime
07-06 17:26:51.109 D/MyClockApp(11219): iCtr: 0
07-06 17:26:51.109 D/MyClockApp(11219): lNtpTime: 1404700013228
07-06 17:26:51.109 D/MyClockApp(11219): lElapsedRealtime: 40575346
07-06 17:26:51.109 D/MyClockApp(11219): lNtptimeReference: 40575345
07-06 17:26:51.109 D/MyClockApp(11219): lSNTPTime: 1404700011582
07-06 17:26:51.109 D/MyClockApp(11219): +Datetime
07-06 17:26:51.109 D/MyClockApp(11219): Current time: Sun Jul 06 17:26:51 EDT 2014
07-06 17:26:51.119 D/MyClockApp(11219): -Datetime
07-06 17:26:51.119 D/MyClockApp(11219): +SNTPDatetime
07-06 17:26:51.119 D/MyClockApp(11219): lSNTPTime: 1404700013229
07-06 17:26:51.119 D/MyClockApp(11219): SNTP Current time: Sun Jul 06 22:26:53 EDT 2014
07-06 17:26:51.119 D/MyClockApp(11219): -SNTPDatetime
07-06 17:26:51.119 D/MyClockApp(11219): strStorageLocation: /data/data/org.gophotog.myclockapp/files
07-06 17:26:51.119 D/MyClockApp(11219): -onStart
07-06 17:26:51.129 D/InputTransport( 277): Input channel constructed: ashmemFd=54, receivePipeFd=238, sendPipeFd=204
07-06 17:26:51.129 D/InputTransport( 277): Input channel constructed: ashmemFd=58, receivePipeFd=200, sendPipeFd=254
07-06 17:26:51.139 D/InputTransport( 277): Input channel destroyed: ashmemFd=58, receivePipeFd=200, sendPipeFd=254
07-06 17:26:51.139 D/InputTransport(11219): Input channel constructed: ashmemFd=44, receivePipeFd=47, sendPipeFd=48
07-06 17:26:51.149 D/MyClockApp.MyDigitalClock(11219): +onAttachedToWindow
07-06 17:26:51.149 D/MyClockApp.MyDigitalClock(11219): -onAttachedToWindow
07-06 17:26:51.179 I/Adreno200-EGLSUB(11219): : Format RGBA_8888.
07-06 17:26:51.179 D/memalloc( 108): /dev/pmem: Allocated buffer base:0x415fe000 size:614400 offset:6164480 fd:27
07-06 17:26:51.179 D/memalloc(11219): /dev/pmem: Mapped buffer base:0x51b56000 size:6778880 offset:6164480 fd:43
07-06 17:26:51.209 D/memalloc( 108): /dev/pmem: Allocated buffer base:0x415fe000 size:614400 offset:1191936 fd:42
07-06 17:26:51.209 D/memalloc(11219): /dev/pmem: Mapped buffer base:0x50b37000 size:1806336 offset:1191936 fd:51
07-06 17:26:51.219 I/Adreno200-EGLSUB( 108): : Android Image
07-06 17:26:51.219 I/Adreno200-EGLSUB( 108): : RGBA_8888
07-06 17:26:51.769 D/memalloc( 108): /dev/pmem: Allocated buffer base:0x415fe000 size:614400 offset:1806336 fd:45
07-06 17:26:51.779 D/memalloc(11219): /dev/pmem: Mapped buffer base:0x50cf0000 size:2420736 offset:1806336 fd:54
07-06 17:26:51.779 I/Adreno200-EGLSUB( 108): : Android Image
07-06 17:26:51.779 I/Adreno200-EGLSUB( 108): : RGBA_8888
07-06 17:26:52.529 D/memalloc( 108): /dev/pmem: Allocated buffer base:0x415fe000 size:20480 offset:1126400 fd:48
07-06 17:26:52.529 D/memalloc( 108): /dev/pmem: Freeing buffer base:0x41719000 size:32768 offset:1159168 fd:33
07-06 17:26:52.529 D/memalloc( 484): /dev/pmem: Unmapping buffer base:0x4fef5000 size:1191936 offset:1159168
07-06 17:26:52.529 D/memalloc( 484): /dev/pmem: Mapped buffer base:0x4fef5000 size:1146880 offset:1126400 fd:66
07-06 17:26:52.539 I/Adreno200-EGLSUB( 108): : Android Image
07-06 17:26:52.539 I/Adreno200-EGLSUB( 108): : RGB_565
07-06 17:26:52.769 I/Adreno200-EGLSUB( 108): : Android Image
07-06 17:26:52.769 I/Adreno200-EGLSUB( 108): : RGBA_8888
07-06 17:26:56.319 D/Tethering( 277): interfaceLinkStateChanged wlan0, true
07-06 17:26:56.319 D/Tethering( 277): interfaceStatusChanged wlan0, true
07-06 17:27:00.029 D/memalloc( 108): /dev/pmem: Allocated buffer base:0x415fe000 size:573440 offset:6778880 fd:33
07-06 17:27:00.029 D/memalloc( 108): /dev/pmem: Freeing buffer base:0x4168a000 size:552960 offset:573440 fd:30
07-06 17:27:00.029 D/memalloc( 484): /dev/pmem: Unmapping buffer base:0x503f5000 size:1126400 offset:573440
07-06 17:27:00.029 D/memalloc( 484): /dev/pmem: Mapped buffer base:0x52073000 size:7352320 offset:6778880 fd:50
07-06 17:27:00.039 I/Adreno200-EGLSUB( 108): : Android Image
07-06 17:27:00.039 I/Adreno200-EGLSUB( 108): : RGBA_8888
07-06 17:27:02.309 W/SignalStrength( 277): getCdmaLevel=3
07-06 17:27:02.309 W/SignalStrength( 277): getEvdoLevel=0
07-06 17:27:02.309 W/SignalStrength( 277): getCdmaLevel=3
07-06 17:27:02.309 W/SignalStrength( 277): getLevel=3
07-06 17:27:02.309 W/SignalStrength( 484): getCdmaLevel=3
07-06 17:27:02.309 W/SignalStrength( 484): getEvdoLevel=0
07-06 17:27:02.309 W/SignalStrength( 484): getCdmaLevel=3
07-06 17:27:02.309 W/SignalStrength( 484): getLevel=3
07-06 17:27:04.309 W/SignalStrength( 277): getCdmaLevel=2
07-06 17:27:04.309 W/SignalStrength( 277): getEvdoLevel=0
07-06 17:27:04.309 W/SignalStrength( 277): getCdmaLevel=2
07-06 17:27:04.309 W/SignalStrength( 277): getLevel=2
07-06 17:27:04.309 W/SignalStrength( 484): getCdmaLevel=2
07-06 17:27:04.309 W/SignalStrength( 484): getEvdoLevel=0
07-06 17:27:04.309 W/SignalStrength( 484): getCdmaLevel=2
07-06 17:27:04.309 W/SignalStrength( 484): getLevel=2
07-06 17:27:11.309 W/SignalStrength( 277): getCdmaLevel=3
07-06 17:27:11.309 W/SignalStrength( 277): getEvdoLevel=0
07-06 17:27:11.309 W/SignalStrength( 277): getCdmaLevel=3
07-06 17:27:11.309 W/SignalStrength( 277): getLevel=3
07-06 17:27:11.309 W/SignalStrength( 484): getCdmaLevel=3
07-06 17:27:11.309 W/SignalStrength( 484): getEvdoLevel=0
07-06 17:27:11.309 W/SignalStrength( 484): getCdmaLevel=3
07-06 17:27:11.309 W/SignalStrength( 484): getLevel=3
07-06 17:27:15.309 W/SignalStrength( 277): getCdmaLevel=2
07-06 17:27:15.309 W/SignalStrength( 277): getEvdoLevel=0
07-06 17:27:15.309 W/SignalStrength( 277): getCdmaLevel=2
07-06 17:27:15.309 W/SignalStrength( 277): getLevel=2
07-06 17:27:15.309 W/SignalStrength( 484): getCdmaLevel=2
07-06 17:27:15.309 W/SignalStrength( 484): getEvdoLevel=0
07-06 17:27:15.319 W/SignalStrength( 484): getCdmaLevel=2
07-06 17:27:15.319 W/SignalStrength( 484): getLevel=2
07-06 17:27:28.939 E/WifiStateMachine( 277): set suspend optimizations failed!
07-06 17:27:29.669 D/Tethering( 277): interfaceLinkStateChanged wlan0, true
07-06 17:27:29.669 D/Tethering( 277): interfaceStatusChanged wlan0, true
07-06 17:27:29.669 D/Tethering( 277): interfaceLinkStateChanged wlan0, true
07-06 17:27:29.669 D/Tethering( 277): interfaceStatusChanged wlan0, true
07-06 17:27:29.829 E/WifiStateMachine( 277): set suspend optimizations failed!
07-06 17:27:29.959 I/GCoreUlr( 754): Successfully inserted location
07-06 17:27:29.969 I/GCoreUlr( 754): Not calling LocationReportingService, hasMoved: false, elapsed millis: 3116061, request: Phone
07-06 17:27:43.659 D/AudioService( 277): getStreamVolume(5)
07-06 17:27:43.699 V/MediaPlayer( 277): constructor
07-06 17:27:43.729 V/MediaPlayer( 277): setListener
07-06 17:27:43.729 V/MediaPlayer( 277): MediaPlayer::setAudioStreamType
07-06 17:27:43.729 E/MediaPlayer( 277): Uri is system/media/audio/ui/Charger_Connection.ogg
07-06 17:27:43.729 V/MediaPlayer( 277): setDataSource()
07-06 17:27:43.729 V/MediaPlayerService( 111): Client(8) constructor
07-06 17:27:43.729 V/MediaPlayerService( 111): Create new client(8) from pid 277, uid 1000,
07-06 17:27:43.729 V/MediaPlayerService( 111): setDataSource()
07-06 17:27:43.729 V/MediaPlayerService( 111): player type = 3
07-06 17:27:43.729 V/MediaPlayerService( 111): create StagefrightPlayer
07-06 17:27:43.729 V/AudioSink( 111): AudioOutput(12)
07-06 17:27:43.739 V/MediaPlayerService( 111): setDataSource
07-06 17:27:43.739 V/MediaPlayer( 277): MediaPlayer::setLooping
07-06 17:27:43.739 V/MediaPlayerService( 111): [8] setLooping(0)
07-06 17:27:43.739 V/MediaPlayer( 277): setVideoSurfaceTexture
07-06 17:27:43.739 V/MediaPlayerService( 111): [8] setVideoSurfaceTexture(0x0)
07-06 17:27:43.739 V/MediaPlayer( 277): prepare
07-06 17:27:43.739 V/MediaPlayerService( 111): [8] setAudioStreamType(5)
07-06 17:27:43.739 V/MediaPlayerService( 111): [8] prepareAsync
07-06 17:27:43.749 V/AwesomePlayer( 111): track of type 'audio/vorbis' does not publish bitrate
07-06 17:27:43.749 V/AwesomePlayer( 111): mBitrate = -1 bits/sec
07-06 17:27:43.749 E/OMXCodec( 111): Attempting to allocate OMX node
07-06 17:27:43.749 E/OMXCodec( 111): Successfully allocated OMX node
07-06 17:27:43.749 V/MediaPlayerService( 111): [8] notify (0xdd1968, 5, 0, 0)
07-06 17:27:43.749 V/MediaPlayer( 277): message received msg=5, ext1=0, ext2=0
07-06 17:27:43.749 V/MediaPlayer( 277): callback application
07-06 17:27:43.749 V/MediaPlayer( 277): back from callback
07-06 17:27:43.749 V/MediaPlayerService( 111): [8] notify (0xdd1968, 1, 0, 0)
07-06 17:27:43.749 V/MediaPlayer( 277): message received msg=1, ext1=0, ext2=0
07-06 17:27:43.749 V/MediaPlayer( 277): prepared
07-06 17:27:43.749 V/MediaPlayer( 277): signal application thread
07-06 17:27:43.749 V/MediaPlayer( 277): callback application
07-06 17:27:43.749 V/MediaPlayer( 277): back from callback
07-06 17:27:43.749 V/MediaPlayer( 277): prepare complete - status=0
07-06 17:27:43.749 I/AudioService( 277): AudioFocus requestAudioFocus() from android.media.AudioManager$4167d718
07-06 17:27:43.749 V/MediaPlayer( 277): getDuration
07-06 17:27:43.749 V/MediaPlayerService( 111): getDuration
07-06 17:27:43.749 V/MediaPlayerService( 111): [8] getDuration = 558
07-06 17:27:43.749 D/MediaPlayer( 277): start() mUri is system/media/audio/ui/Charger_Connection.ogg
07-06 17:27:43.749 V/MediaPlayer( 277): getVideoWidth
07-06 17:27:43.749 V/MediaPlayer( 277): getVideoHeight
07-06 17:27:43.749 D/MediaPlayer( 277): Updating Battery SYSFS to true from start() for Music
07-06 17:27:43.749 V/MediaPlayer( 277): start
07-06 17:27:43.749 V/MediaPlayerService( 111): [8] setLooping(0)
07-06 17:27:43.749 V/MediaPlayerService( 111): [8] setVolume(1.000000, 1.000000)
07-06 17:27:43.749 V/AudioSink( 111): setVolume(1.000000, 1.000000)
07-06 17:27:43.749 V/MediaPlayerService( 111): [8] setAuxEffectSendLevel(0.000000)
07-06 17:27:43.749 V/AudioSink( 111): setAuxEffectSendLevel(0.000000)
07-06 17:27:43.759 V/MediaPlayerService( 111): [8] start
07-06 17:27:43.759 V/MediaPlayerService( 111): pausedClient = 0
07-06 17:27:43.759 V/MediaPlayerService( 111): incrementing started clients
07-06 17:27:43.759 V/MediaPlayerService( 111): numofclients = 1
07-06 17:27:43.769 V/AudioSink( 111): open(44100, 1, 1, 4, 12)
07-06 17:27:43.769 V/AudioSystem( 111): getOutput() read 1 from cache for stream 5
07-06 17:27:43.769 V/AudioSystem( 111): getOutputFrameCount() streamType 5, output 1, frameCount 1200
07-06 17:27:43.769 V/AudioSystem( 111): getOutput() read 1 from cache for stream 5
07-06 17:27:43.769 V/AudioSystem( 111): getOutputSamplingRate() reading from output desc
07-06 17:27:43.769 V/AudioSystem( 111): getOutputSamplingRate() streamType 5, output 1, sampling rate 44100
07-06 17:27:43.769 V/AudioSystem( 111): getOutput() read 1 from cache for stream 5
07-06 17:27:43.769 V/AudioSystem( 111): getOutputSamplingRate() reading from output desc
07-06 17:27:43.769 V/AudioSystem( 111): getOutputSamplingRate() streamType 5, output 1, sampling rate 44100
07-06 17:27:43.769 V/AudioSystem( 111): getOutput() read 1 from cache for stream 5
07-06 17:27:43.769 V/AudioSystem( 111): getOutputLatency() streamType 5, output 1, latency 36
07-06 17:27:43.769 V/AudioSystem( 111): getOutput() read 1 from cache for stream 5
07-06 17:27:43.769 V/AudioSystem( 111): getOutput() read 1 from cache for stream 5
07-06 17:27:43.769 V/AudioSystem( 111): getOutputSamplingRate() reading from output desc
07-06 17:27:43.769 V/AudioSystem( 111): getOutputSamplingRate() streamType 5, output 1, sampling rate 44100
07-06 17:27:43.769 V/AudioSystem( 111): getOutput() read 1 from cache for stream 5
07-06 17:27:43.769 V/AudioSystem( 111): getOutputFrameCount() streamType 5, output 1, frameCount 1200
07-06 17:27:43.769 V/AudioSystem( 111): getOutput() read 1 from cache for stream 5
07-06 17:27:43.769 V/AudioSystem( 111): getOutputLatency() streamType 5, output 1, latency 36
07-06 17:27:43.769 V/AudioSink( 111): setVolume
07-06 17:27:43.769 V/AudioSink( 111): start
07-06 17:27:43.769 V/AudioPolicyManagerBase( 111): startOutput() output 1, stream 5, session 12
07-06 17:27:43.769 V/AudioPolicyManagerBase( 111): getDeviceForStrategy() from cache strategy 2, device 2
07-06 17:27:43.769 V/AudioPolicyManagerBase( 111): changeRefCount() stream 5, count 1
07-06 17:27:43.769 V/AudioPolicyManagerBase( 111): getDeviceForStrategy() from cache strategy 2, device 2
07-06 17:27:43.769 V/AudioPolicyManagerBase( 111): getNewDevice() selected device 2
07-06 17:27:43.769 V/AudioPolicyManager7x27a( 111): setOutputDevice() output 1 device 2 delayMs 0 force 0
07-06 17:27:43.769 V/AudioPolicyManager7x27a( 111): setOutputDevice output :0x1 mCurDevice:0x2
07-06 17:27:43.769 V/AudioPolicyManager7x27a( 111): setOutputDevice() setting same device 2 or null device for output 1
07-06 17:27:43.769 V/AwesomePlayer( 111): addBatteryData
07-06 17:27:43.769 V/MediaPlayer( 277): Number of Clients: 1
07-06 17:27:43.769 D/MediaPlayer( 277): Number of Clients updated = 1
07-06 17:27:43.769 V/MediaPlayer( 277): setListener
07-06 17:27:43.769 V/MediaPlayer( 277): disconnect
07-06 17:27:43.769 V/MediaPlayerService( 111): disconnect(7) from pid 277
07-06 17:27:43.769 V/AudioSink( 111): stop
07-06 17:27:43.769 V/AudioSink( 111): close
07-06 17:27:43.769 V/AudioPolicyManagerBase( 111): releaseOutput() 1
07-06 17:27:43.769 V/MediaPlayer( 277): destructor
07-06 17:27:43.769 V/MediaPlayerService( 111): Client(7) destructor pid = 277
07-06 17:27:43.769 V/AudioSink( 111): close
07-06 17:27:43.769 V/MediaPlayerService( 111): disconnect(7) from pid 277
07-06 17:27:43.769 V/MediaPlayerService( 111): pausedClient = 0
07-06 17:27:43.769 V/MediaPlayerService( 111): startedClient = 0
07-06 17:27:43.769 V/MediaPlayer( 277): disconnect
07-06 17:27:43.769 E/MediaPlayer( 277): mOnVideoSizeChangedListener is null. Failed to send MEDIA_SET_VIDEO_SIZE message.
07-06 17:27:43.769 E/MediaPlayer( 277): mOnPreparedListener is null. Failed to send MEDIA_PREPARED message.
07-06 17:27:44.329 D/MtpService(11156): addStorageLocked 65537 /mnt/sdcard
07-06 17:27:44.329 D/MtpService(11156): starting MTP server in MTP mode
07-06 17:27:44.329 D/MtpService(11156): addStorageLocked 65537 /mnt/sdcard
07-06 17:27:44.589 V/MediaPlayerService( 111): [8] notify (0xdd1968, 2, 0, 0)
07-06 17:27:44.589 V/MediaPlayerService( 111): Playback complete!
07-06 17:27:44.589 V/MediaPlayerService( 111): decrementing started clients
07-06 17:27:44.589 V/MediaPlayerService( 111): numofclients = 0
07-06 17:27:44.589 V/AudioSink( 111): stop
07-06 17:27:44.589 V/AudioPolicyManagerBase( 111): stopOutput() output 1, stream 5, session 12
07-06 17:27:44.589 V/AudioPolicyManagerBase( 111): changeRefCount() stream 5, count 0
07-06 17:27:44.589 V/AudioPolicyManagerBase( 111): getNewDevice() selected device 0
07-06 17:27:44.589 V/AudioPolicyManager7x27a( 111): setOutputDevice() output 1 device 0 delayMs 72 force 0
07-06 17:27:44.589 V/AudioPolicyManager7x27a( 111): setOutputDevice() setting same device 0 or null device for output 1
07-06 17:27:44.589 V/MediaPlayer( 277): message received msg=2, ext1=0, ext2=0
07-06 17:27:44.589 V/MediaPlayer( 277): playback complete
07-06 17:27:44.589 V/MediaPlayer( 277): callback application
07-06 17:27:44.589 V/MediaPlayer( 277): back from callback
07-06 17:27:44.589 I/MediaPlayer( 277): mOnCompletionListener. Send MEDIA_PLAYBACK_COMPLETE message.
07-06 17:27:44.589 V/MediaPlayer( 277): Number of Clients: 0
07-06 17:27:44.599 D/MediaPlayer( 277): Number of Clients updated = 0
07-06 17:27:44.599 D/MediaPlayer( 277): Updating Battery SYSFS to false from playbackcomplete() for Music
07-06 17:27:44.599 V/AwesomePlayer( 111): addBatteryData
07-06 17:27:44.599 I/AudioService( 277): AudioFocus abandonAudioFocus() from android.media.AudioManager$4167d718
07-06 17:27:46.669 E/SMD ( 105): DCD OFF
07-06 17:27:47.679 V/AudioFlinger( 111): Audio hardware entering standby, mixer 0xd9f428, mSuspended 0
07-06 17:27:49.679 E/SMD ( 105): DCD OFF
07-06 17:27:52.679 E/SMD ( 105): DCD OFF
07-06 17:27:55.679 E/SMD ( 105): DCD OFF
07-06 17:27:58.679 E/SMD ( 105): DCD OFF
07-06 17:28:01.689 E/SMD ( 105): DCD OFF
07-06 17:28:04.689 E/SMD ( 105): DCD OFF
07-06 17:28:07.689 E/SMD ( 105): DCD OFF
07-06 17:28:10.689 E/SMD ( 105): DCD OFF
07-06 17:28:13.699 E/SMD ( 105): DCD OFF
07-06 17:28:16.699 E/SMD ( 105): DCD OFF
07-06 17:28:19.699 E/SMD ( 105): DCD OFF
07-06 17:28:22.709 E/SMD ( 105): DCD OFF
07-06 17:28:25.709 E/SMD ( 105): DCD OFF
07-06 17:28:27.339 W/SignalStrength( 277): getCdmaLevel=2
07-06 17:28:27.339 W/SignalStrength( 277): getEvdoLevel=0
07-06 17:28:27.339 W/SignalStrength( 277): getCdmaLevel=2
07-06 17:28:27.339 W/SignalStrength( 277): getLevel=2
07-06 17:28:27.339 W/SignalStrength( 484): getCdmaLevel=2
07-06 17:28:27.339 W/SignalStrength( 484): getEvdoLevel=0
07-06 17:28:27.339 W/SignalStrength( 484): getCdmaLevel=2
07-06 17:28:27.339 W/SignalStrength( 484): getLevel=2
07-06 17:28:28.709 E/SMD ( 105): DCD OFF
07-06 17:28:28.949 E/WifiStateMachine( 277): set suspend optimizations failed!
07-06 17:28:28.989 D/SensorManager( 754): registerListener :: handle = 0 name= BOSCH 3-axis Accelerometer delay= 10000 Listener= kvo@411fd080
07-06 17:28:28.989 E/SensorManager( 754): thread start
07-06 17:28:28.989 E/SensorManager( 754): =======>>>Sensor Thread RUNNING <<<========
07-06 17:28:29.679 D/Tethering( 277): interfaceLinkStateChanged wlan0, true
07-06 17:28:29.679 D/Tethering( 277): interfaceStatusChanged wlan0, true
07-06 17:28:29.679 D/Tethering( 277): interfaceLinkStateChanged wlan0, true
07-06 17:28:29.679 D/Tethering( 277): interfaceStatusChanged wlan0, true
07-06 17:28:29.829 E/WifiStateMachine( 277): set suspend optimizations failed!
07-06 17:28:29.949 I/GCoreUlr( 754): Successfully inserted location
07-06 17:28:29.949 I/GCoreUlr( 754): Not calling LocationReportingService, hasMoved: false, elapsed millis: 3176046, request: Phone
07-06 17:28:31.709 E/SMD ( 105): DCD OFF
07-06 17:28:32.529 I/SensorManager( 754): Set normal delay = true
07-06 17:28:32.609 D/SensorManager( 754): unregisterListener:: disable all sensors for this listener, name = BOSCH 3-axis Accelerometer listener = kvo@411fd080
07-06 17:28:34.719 E/SMD ( 105): DCD OFF
07-06 17:28:37.719 E/SMD ( 105): DCD OFF
07-06 17:28:37.789 D/SensorManager( 754): registerListener :: handle = 0 name= BOSCH 3-axis Accelerometer delay= 10000 Listener= kvo@413d3468
07-06 17:28:37.789 E/SensorManager( 754): thread start
07-06 17:28:37.789 E/SensorManager( 754): =======>>>Sensor Thread RUNNING <<<========
07-06 17:28:40.719 E/SMD ( 105): DCD OFF
07-06 17:28:41.329 I/SensorManager( 754): Set normal delay = true
07-06 17:28:41.409 D/SensorManager( 754): unregisterListener:: disable all sensors for this listener, name = BOSCH 3-axis Accelerometer listener = kvo@413d3468
07-06 17:28:43.719 E/SMD ( 105): DCD OFF
07-06 17:28:46.689 D/SensorManager( 754): registerListener :: handle = 0 name= BOSCH 3-axis Accelerometer delay= 10000 Listener= kvo@414628b8
07-06 17:28:46.689 E/SensorManager( 754): thread start
07-06 17:28:46.689 E/SensorManager( 754): =======>>>Sensor Thread RUNNING <<<========
07-06 17:28:46.719 E/SMD ( 105): DCD OFF
07-06 17:28:49.719 E/SMD ( 105): DCD OFF
07-06 17:28:50.359 I/SensorManager( 754): Set normal delay = true
07-06 17:28:50.439 D/SensorManager( 754): unregisterListener:: disable all sensors for this listener, name = BOSCH 3-axis Accelerometer listener = kvo@414628b8
07-06 17:28:52.729 E/SMD ( 105): DCD OFF
07-06 17:28:55.729 E/SMD ( 105): DCD OFF
07-06 17:28:58.729 E/SMD ( 105): DCD OFF
07-06 17:29:01.739 E/SMD ( 105): DCD OFF
07-06 17:29:04.739 E/SMD ( 105): DCD OFF
07-06 17:29:07.739 E/SMD ( 105): DCD OFF
07-06 17:29:08.349 W/SignalStrength( 277): getCdmaLevel=2
07-06 17:29:08.349 W/SignalStrength( 277): getEvdoLevel=0
07-06 17:29:08.349 W/SignalStrength( 277): getCdmaLevel=2
07-06 17:29:08.349 W/SignalStrength( 277): getLevel=2
07-06 17:29:08.359 W/SignalStrength( 484): getCdmaLevel=2
07-06 17:29:08.359 W/SignalStrength( 484): getEvdoLevel=0
07-06 17:29:08.359 W/SignalStrength( 484): getCdmaLevel=2
07-06 17:29:08.359 W/SignalStrength( 484): getLevel=2
07-06 17:29:10.739 E/SMD ( 105): DCD OFF
07-06 17:29:13.749 E/SMD ( 105): DCD OFF
07-06 17:29:16.749 E/SMD ( 105): DCD OFF
07-06 17:29:19.749 E/SMD ( 105): DCD OFF
07-06 17:29:22.749 E/SMD ( 105): DCD OFF
07-06 17:29:25.759 E/SMD ( 105): DCD OFF
07-06 17:29:28.759 E/SMD ( 105): DCD OFF
07-06 17:29:28.969 E/WifiStateMachine( 277): set suspend optimizations failed!
07-06 17:29:29.689 D/Tethering( 277): interfaceLinkStateChanged wlan0, true
07-06 17:29:29.689 D/Tethering( 277): interfaceStatusChanged wlan0, true
07-06 17:29:29.689 D/Tethering( 277): interfaceLinkStateChanged wlan0, true
07-06 17:29:29.689 D/Tethering( 277): interfaceStatusChanged wlan0, true
07-06 17:29:29.809 E/WifiStateMachine( 277): set suspend optimizations failed!
07-06 17:29:29.919 I/GCoreUlr( 754): Successfully inserted location
07-06 17:29:29.929 I/GCoreUlr( 754): Not calling LocationReportingService, hasMoved: false, elapsed millis: 3236020, request: Phone
07-06 17:29:31.769 E/SMD ( 105): DCD OFF
07-06 17:29:34.769 E/SMD ( 105): DCD OFF
07-06 17:29:37.769 E/SMD ( 105): DCD OFF
07-06 17:29:40.769 E/SMD ( 105): DCD OFF
07-06 17:29:43.779 E/SMD ( 105): DCD OFF
07-06 17:29:46.779 E/SMD ( 105): DCD OFF
07-06 17:29:49.779 E/SMD ( 105): DCD OFF
07-06 17:29:52.779 E/SMD ( 105): DCD OFF
07-06 17:29:55.789 E/SMD ( 105): DCD OFF
07-06 17:29:58.789 E/SMD ( 105): DCD OFF
07-06 17:30:01.789 E/SMD ( 105): DCD OFF
07-06 17:30:04.799 E/SMD ( 105): DCD OFF
07-06 17:30:07.799 E/SMD ( 105): DCD OFF
07-06 17:30:10.799 E/SMD ( 105): DCD OFF
07-06 17:30:13.809 E/SMD ( 105): DCD OFF
07-06 17:30:16.799 E/SMD ( 105): DCD OFF
07-06 17:30:19.809 E/SMD ( 105): DCD OFF
07-06 17:30:22.809 E/SMD ( 105): DCD OFF
07-06 17:30:25.809 E/SMD ( 105): DCD OFF
07-06 17:30:28.809 E/SMD ( 105): DCD OFF
07-06 17:30:28.989 E/WifiStateMachine( 277): set suspend optimizations failed!
07-06 17:30:29.019 D/SensorManager( 754): registerListener :: handle = 0 name= BOSCH 3-axis Accelerometer delay= 10000 Listener= kvo@41120a68
07-06 17:30:29.019 E/SensorManager( 754): thread start
07-06 17:30:29.019 E/SensorManager( 754): =======>>>Sensor Thread RUNNING <<<========
07-06 17:30:29.689 D/Tethering( 277): interfaceLinkStateChanged wlan0, true
07-06 17:30:29.689 D/Tethering( 277): interfaceStatusChanged wlan0, true
07-06 17:30:29.699 D/Tethering( 277): interfaceLinkStateChanged wlan0, true
07-06 17:30:29.699 D/Tethering( 277): interfaceStatusChanged wlan0, true
07-06 17:30:29.839 E/WifiStateMachine( 277): set suspend optimizations failed!
07-06 17:30:29.979 I/GCoreUlr( 754): Successfully inserted location
07-06 17:30:29.989 I/GCoreUlr( 754): Not calling LocationReportingService, hasMoved: false, elapsed millis: 3296078, request: Phone
07-06 17:30:31.819 E/SMD ( 105): DCD OFF
07-06 17:30:32.579 I/SensorManager( 754): Set normal delay = true
07-06 17:30:32.659 D/SensorManager( 754): unregisterListener:: disable all sensors for this listener, name = BOSCH 3-axis Accelerometer listener = kvo@41120a68
07-06 17:30:34.819 E/SMD ( 105): DCD OFF
07-06 17:30:37.819 E/SMD ( 105): DCD OFF
07-06 17:30:40.819 E/SMD ( 105): DCD OFF
07-06 17:30:43.829 E/SMD ( 105): DCD OFF
07-06 17:30:46.829 E/SMD ( 105): DCD OFF
07-06 17:30:49.829 E/SMD ( 105): DCD OFF
07-06 17:30:49.909 D/Tethering( 277): interfaceLinkStateChanged wlan0, true
07-06 17:30:49.909 D/Tethering( 277): interfaceStatusChanged wlan0, true
07-06 17:30:52.839 E/SMD ( 105): DCD OFF
07-06 17:30:55.839 E/SMD ( 105): DCD OFF
07-06 17:30:58.839 E/SMD ( 105): DCD OFF
07-06 17:31:01.839 E/SMD ( 105): DCD OFF
07-06 17:31:04.839 E/SMD ( 105): DCD OFF
07-06 17:31:07.849 E/SMD ( 105): DCD OFF
07-06 17:31:10.849 E/SMD ( 105): DCD OFF
07-06 17:31:13.849 E/SMD ( 105): DCD OFF
07-06 17:31:16.849 E/SMD ( 105): DCD OFF
07-06 17:31:19.859 E/SMD ( 105): DCD OFF
07-06 17:31:22.849 E/SMD ( 105): DCD OFF
07-06 17:31:25.859 E/SMD ( 105): DCD OFF
07-06 17:31:26.239 D/InputTransport( 277): Input channel constructed: ashmemFd=58, receivePipeFd=255, sendPipeFd=254
07-06 17:31:26.239 D/InputTransport( 277): Input channel constructed: ashmemFd=201, receivePipeFd=203, sendPipeFd=256
07-06 17:31:26.239 D/InputTransport( 277): Input channel destroyed: ashmemFd=201, receivePipeFd=203, sendPipeFd=256
07-06 17:31:26.239 D/InputTransport(11219): Input channel constructed: ashmemFd=58, receivePipeFd=59, sendPipeFd=60
07-06 17:31:26.249 V/AudioPolicyManagerBase( 111): getParamFromPolicy deviceInt = 0, situationInt = 1, situationVolume = 0.500000
07-06 17:31:26.249 D/AudioService( 277): playSoundEffect()
07-06 17:31:26.249 V/AudioSystem( 277): getOutput() read 1 from cache for stream 1
07-06 17:31:26.249 V/AudioSystem( 277): getOutputFrameCount() streamType 1, output 1, frameCount 1200
07-06 17:31:26.249 V/AudioSystem( 277): getOutput() read 1 from cache for stream 1
07-06 17:31:26.249 V/AudioSystem( 277): getOutputSamplingRate() reading from output desc
07-06 17:31:26.249 V/AudioSystem( 277): getOutputSamplingRate() streamType 1, output 1, sampling rate 44100
07-06 17:31:26.249 V/AudioSystem( 277): getOutput() read 1 from cache for stream 1
07-06 17:31:26.249 V/AudioSystem( 277): getOutputSamplingRate() reading from output desc
07-06 17:31:26.249 V/AudioSystem( 277): getOutputSamplingRate() streamType 1, output 1, sampling rate 44100
07-06 17:31:26.249 V/AudioSystem( 277): getOutput() read 1 from cache for stream 1
07-06 17:31:26.249 V/AudioSystem( 277): getOutputLatency() streamType 1, output 1, latency 36
07-06 17:31:26.249 V/AudioSystem( 277): getOutput() read 1 from cache for stream 1
07-06 17:31:26.249 V/AudioSystem( 277): getOutput() read 1 from cache for stream 1
07-06 17:31:26.249 V/AudioSystem( 277): getOutputSamplingRate() reading from output desc
07-06 17:31:26.249 V/AudioSystem( 277): getOutputSamplingRate() streamType 1, output 1, sampling rate 44100
07-06 17:31:26.249 V/AudioSystem( 277): getOutput() read 1 from cache for stream 1
07-06 17:31:26.249 V/AudioSystem( 277): getOutputFrameCount() streamType 1, output 1, frameCount 1200
07-06 17:31:26.249 V/AudioSystem( 277): getOutput() read 1 from cache for stream 1
07-06 17:31:26.249 V/AudioSystem( 277): getOutputLatency() streamType 1, output 1, latency 36
07-06 17:31:26.249 V/AudioPolicyManagerBase( 111): startOutput() output 1, stream 1, session 13
07-06 17:31:26.249 V/AudioPolicyManagerBase( 111): getDeviceForStrategy() from cache strategy 0, device 2
07-06 17:31:26.249 V/AudioPolicyManagerBase( 111): changeRefCount() stream 1, count 1
07-06 17:31:26.249 V/AudioPolicyManagerBase( 111): getDeviceForStrategy() from cache strategy 0, device 2
07-06 17:31:26.249 V/AudioPolicyManagerBase( 111): getNewDevice() selected device 2
07-06 17:31:26.249 V/AudioPolicyManager7x27a( 111): setOutputDevice() output 1 device 2 delayMs 0 force 0
07-06 17:31:26.249 V/AudioPolicyManager7x27a( 111): setOutputDevice output :0x1 mCurDevice:0x2
07-06 17:31:26.249 V/AudioPolicyManager7x27a( 111): setOutputDevice() setting same device 2 or null device for output 1
07-06 17:31:26.249 V/AudioPolicyManagerBase( 111): releaseOutput() 1
07-06 17:31:26.289 I/Adreno200-EGLSUB(11219): : Format RGBA_8888.
07-06 17:31:26.289 D/memalloc( 108): /dev/pmem: Allocated buffer base:0x415fe000 size:73728 offset:573440 fd:30
07-06 17:31:26.289 D/memalloc(11219): /dev/pmem: Mapped buffer base:0x50f65000 size:647168 offset:573440 fd:57
07-06 17:31:26.309 D/memalloc( 108): /dev/pmem: Allocated buffer base:0x415fe000 size:73728 offset:647168 fd:54
07-06 17:31:26.309 D/memalloc(11219): /dev/pmem: Mapped buffer base:0x5137e000 size:720896 offset:647168 fd:63
07-06 17:31:26.309 I/Adreno200-EGLSUB( 108): : Android Image
07-06 17:31:26.309 I/Adreno200-EGLSUB( 108): : RGBA_8888
07-06 17:31:26.319 D/memalloc( 108): /dev/pmem: Allocated buffer base:0x415fe000 size:73728 offset:720896 fd:57
07-06 17:31:26.329 D/memalloc(11219): /dev/pmem: Mapped buffer base:0x5142e000 size:794624 offset:720896 fd:66
07-06 17:31:26.329 I/Adreno200-EGLSUB( 108): : Android Image
07-06 17:31:26.329 I/Adreno200-EGLSUB( 108): : RGBA_8888
07-06 17:31:26.679 V/AudioPolicyManagerBase( 111): stopOutput() output 1, stream 1, session 13
07-06 17:31:26.679 V/AudioPolicyManagerBase( 111): changeRefCount() stream 1, count 0
07-06 17:31:26.679 V/AudioPolicyManagerBase( 111): getNewDevice() selected device 0
07-06 17:31:26.679 V/AudioPolicyManager7x27a( 111): setOutputDevice() output 1 device 0 delayMs 72 force 0
07-06 17:31:26.679 V/AudioPolicyManager7x27a( 111): setOutputDevice() setting same device 0 or null device for output 1
07-06 17:31:27.469 I/Adreno200-EGLSUB( 108): : Android Image
07-06 17:31:27.469 I/Adreno200-EGLSUB( 108): : RGBA_8888
07-06 17:31:28.859 E/SMD ( 105): DCD OFF
07-06 17:31:28.999 E/WifiStateMachine( 277): set suspend optimizations failed!
07-06 17:31:29.669 V/AudioFlinger( 111): Audio hardware entering standby, mixer 0xd9f428, mSuspended 0
07-06 17:31:29.779 D/Tethering( 277): interfaceLinkStateChanged wlan0, true
07-06 17:31:29.779 D/Tethering( 277): interfaceStatusChanged wlan0, true
07-06 17:31:29.789 D/Tethering( 277): interfaceLinkStateChanged wlan0, true
07-06 17:31:29.789 D/Tethering( 277): interfaceStatusChanged wlan0, true
07-06 17:31:29.919 E/WifiStateMachine( 277): set suspend optimizations failed!
07-06 17:31:29.979 I/GCoreUlr( 754): Successfully inserted location
07-06 17:31:29.989 I/GCoreUlr( 754): Not calling LocationReportingService, hasMoved: false, elapsed millis: 3356082, request: Phone
07-06 17:31:30.599 D/memalloc(11219): /dev/pmem: Unmapping buffer base:0x50f65000 size:647168 offset:573440
07-06 17:31:30.599 D/memalloc(11219): /dev/pmem: Unmapping buffer base:0x5137e000 size:720896 offset:647168
07-06 17:31:30.599 D/memalloc(11219): /dev/pmem: Unmapping buffer base:0x5142e000 size:794624 offset:720896
07-06 17:31:30.599 D/memalloc( 108): /dev/pmem: Freeing buffer base:0x4169c000 size:73728 offset:647168 fd:54
07-06 17:31:30.599 D/memalloc( 108): /dev/pmem: Freeing buffer base:0x416ae000 size:73728 offset:720896 fd:57
07-06 17:31:30.599 D/InputTransport( 277): Input channel destroyed: ashmemFd=58, receivePipeFd=255, sendPipeFd=254
07-06 17:31:30.599 D/InputTransport(11219): Input channel destroyed: ashmemFd=58, receivePipeFd=59, sendPipeFd=60
07-06 17:31:30.609 I/WindowManager( 277): SCREENLAYOUT_SIZE (1:small, 2:normal, 3:large, 4:xlarge) 2
07-06 17:31:30.709 I/Adreno200-EGLSUB( 573): : Format RGBA_8888.
07-06 17:31:30.709 D/memalloc( 108): /dev/pmem: Allocated buffer base:0x415fe000 size:614400 offset:2420736 fd:54
07-06 17:31:30.709 D/memalloc( 573): /dev/pmem: Mapped buffer base:0x51773000 size:3035136 offset:2420736 fd:49
07-06 17:31:30.739 D/memalloc( 108): /dev/pmem: Allocated buffer base:0x415fe000 size:614400 offset:3035136 fd:57
07-06 17:31:30.739 D/memalloc( 573): /dev/pmem: Mapped buffer base:0x51a58000 size:3649536 offset:3035136 fd:53
07-06 17:31:30.759 D/memalloc(11219): /dev/pmem: Unmapping buffer base:0x51b56000 size:6778880 offset:6164480
07-06 17:31:30.759 D/memalloc(11219): /dev/pmem: Unmapping buffer base:0x50b37000 size:1806336 offset:1191936
07-06 17:31:30.759 D/memalloc(11219): /dev/pmem: Unmapping buffer base:0x50cf0000 size:2420736 offset:1806336
07-06 17:31:30.759 D/memalloc( 108): /dev/pmem: Freeing buffer base:0x41bdf000 size:614400 offset:6164480 fd:27
07-06 17:31:30.759 D/memalloc( 108): /dev/pmem: Freeing buffer base:0x417b7000 size:614400 offset:1806336 fd:45
07-06 17:31:30.759 I/Adreno200-EGLSUB( 108): : Android Image
07-06 17:31:30.759 I/Adreno200-EGLSUB( 108): : RGBA_8888
07-06 17:31:30.879 D/memalloc( 108): /dev/pmem: Freeing buffer base:0x4168a000 size:73728 offset:573440 fd:30
07-06 17:31:31.319 D/memalloc( 108): /dev/pmem: Allocated buffer base:0x415fe000 size:614400 offset:1806336 fd:27
07-06 17:31:31.329 D/memalloc( 108): /dev/pmem: Freeing buffer base:0x41721000 size:614400 offset:1191936 fd:42
07-06 17:31:31.329 D/memalloc( 573): /dev/pmem: Mapped buffer base:0x51fb3000 size:2420736 offset:1806336 fd:64
07-06 17:31:31.349 I/Adreno200-EGLSUB( 108): : Android Image
07-06 17:31:31.349 I/Adreno200-EGLSUB( 108): : RGBA_8888
07-06 17:31:31.379 I/Adreno200-EGLSUB( 108): : Android Image
07-06 17:31:31.379 I/Adreno200-EGLSUB( 108): : RGBA_8888
07-06 17:31:31.859 E/SMD ( 105): DCD OFF
07-06 17:31:32.249 D/InputTransport( 277): Input channel constructed: ashmemFd=58, receivePipeFd=256, sendPipeFd=255
07-06 17:31:32.249 D/InputTransport( 277): Input channel constructed: ashmemFd=203, receivePipeFd=254, sendPipeFd=257
07-06 17:31:32.259 D/InputTransport( 277): Input channel destroyed: ashmemFd=203, receivePipeFd=254, sendPipeFd=257
07-06 17:31:32.259 D/InputTransport( 573): Input channel constructed: ashmemFd=71, receivePipeFd=72, sendPipeFd=73
07-06 17:31:32.259 V/AudioPolicyManagerBase( 111): getParamFromPolicy deviceInt = 0, situationInt = 1, situationVolume = 0.500000
07-06 17:31:32.259 D/AudioService( 277): playSoundEffect()
07-06 17:31:32.259 V/AudioSystem( 277): getOutput() read 1 from cache for stream 1
07-06 17:31:32.259 V/AudioSystem( 277): getOutputFrameCount() streamType 1, output 1, frameCount 1200
07-06 17:31:32.259 V/AudioSystem( 277): getOutput() read 1 from cache for stream 1
07-06 17:31:32.259 V/AudioSystem( 277): getOutputSamplingRate() reading from output desc
07-06 17:31:32.259 V/AudioSystem( 277): getOutputSamplingRate() streamType 1, output 1, sampling rate 44100
07-06 17:31:32.259 V/AudioSystem( 277): getOutput() read 1 from cache for stream 1
07-06 17:31:32.259 V/AudioSystem( 277): getOutputSamplingRate() reading from output desc
07-06 17:31:32.259 V/AudioSystem( 277): getOutputSamplingRate() streamType 1, output 1, sampling rate 44100
07-06 17:31:32.259 V/AudioSystem( 277): getOutput() read 1 from cache for stream 1
07-06 17:31:32.259 V/AudioSystem( 277): getOutputLatency() streamType 1, output 1, latency 36
07-06 17:31:32.259 V/AudioSystem( 277): getOutput() read 1 from cache for stream 1
07-06 17:31:32.259 V/AudioSystem( 277): getOutput() read 1 from cache for stream 1
07-06 17:31:32.259 V/AudioSystem( 277): getOutputSamplingRate() reading from output desc
07-06 17:31:32.259 V/AudioSystem( 277): getOutputSamplingRate() streamType 1, output 1, sampling rate 44100
07-06 17:31:32.259 V/AudioSystem( 277): getOutput() read 1 from cache for stream 1
07-06 17:31:32.259 V/AudioSystem( 277): getOutputFrameCount() streamType 1, output 1, frameCount 1200
07-06 17:31:32.259 V/AudioSystem( 277): getOutput() read 1 from cache for stream 1
07-06 17:31:32.259 V/AudioSystem( 277): getOutputLatency() streamType 1, output 1, latency 36
07-06 17:31:32.259 V/AudioPolicyManagerBase( 111): startOutput() output 1, stream 1, session 14
07-06 17:31:32.259 V/AudioPolicyManagerBase( 111): getDeviceForStrategy() from cache strategy 0, device 2
07-06 17:31:32.259 V/AudioPolicyManagerBase( 111): changeRefCount() stream 1, count 1
07-06 17:31:32.259 V/AudioPolicyManagerBase( 111): getDeviceForStrategy() from cache strategy 0, device 2
07-06 17:31:32.259 V/AudioPolicyManagerBase( 111): getNewDevice() selected device 2
07-06 17:31:32.259 V/AudioPolicyManager7x27a( 111): setOutputDevice() output 1 device 2 delayMs 0 force 0
07-06 17:31:32.259 V/AudioPolicyManager7x27a( 111): setOutputDevice output :0x1 mCurDevice:0x2
07-06 17:31:32.259 V/AudioPolicyManager7x27a( 111): setOutputDevice() setting same device 2 or null device for output 1
07-06 17:31:32.259 V/AudioPolicyManagerBase( 111): releaseOutput() 1
07-06 17:31:32.309 I/Adreno200-EGLSUB( 573): : Format RGBA_8888.
07-06 17:31:32.309 D/memalloc( 108): /dev/pmem: Allocated buffer base:0x415fe000 size:184320 offset:573440 fd:30
07-06 17:31:32.309 D/memalloc( 573): /dev/pmem: Mapped buffer base:0x52302000 size:757760 offset:573440 fd:70
07-06 17:31:32.359 D/memalloc( 108): /dev/pmem: Allocated buffer base:0x415fe000 size:184320 offset:757760 fd:42
07-06 17:31:32.359 D/memalloc( 573): /dev/pmem: Mapped buffer base:0x523bb000 size:942080 offset:757760 fd:76
07-06 17:31:32.359 I/Adreno200-EGLSUB( 108): : Android Image
07-06 17:31:32.359 I/Adreno200-EGLSUB( 108): : RGBA_8888
07-06 17:31:32.379 D/memalloc( 108): /dev/pmem: Allocated buffer base:0x415fe000 size:184320 offset:942080 fd:45
07-06 17:31:32.379 D/memalloc( 573): /dev/pmem: Mapped buffer base:0x524a1000 size:1126400 offset:942080 fd:79
07-06 17:31:32.419 I/Adreno200-EGLSUB( 108): : Android Image
07-06 17:31:32.419 I/Adreno200-EGLSUB( 108): : RGBA_8888
07-06 17:31:32.689 V/AudioPolicyManagerBase( 111): stopOutput() output 1, stream 1, session 14
07-06 17:31:32.689 V/AudioPolicyManagerBase( 111): changeRefCount() stream 1, count 0
07-06 17:31:32.689 V/AudioPolicyManagerBase( 111): getNewDevice() selected device 0
07-06 17:31:32.689 V/AudioPolicyManager7x27a( 111): setOutputDevice() output 1 device 0 delayMs 72 force 0
07-06 17:31:32.689 V/AudioPolicyManager7x27a( 111): setOutputDevice() setting same device 0 or null device for output 1
07-06 17:31:33.409 I/InputReader( 277): Touch event's action is 0x0 (deviceType=0) [pCnt=1, pending(waiting finished signal)=0, s=0.14 ]
07-06 17:31:33.469 I/Adreno200-EGLSUB( 108): : Android Image
07-06 17:31:33.469 I/Adreno200-EGLSUB( 108): : RGBA_8888
07-06 17:31:33.649 I/InputReader( 277): Touch event's action is 0x1 (deviceType=0) [pCnt=1, pending(waiting finished signal)=0, s=]
07-06 17:31:33.659 V/AudioPolicyManagerBase( 111): getParamFromPolicy deviceInt = 0, situationInt = 1, situationVolume = 0.500000
07-06 17:31:33.659 D/AudioService( 277): playSoundEffect()
07-06 17:31:33.659 V/AudioSystem( 277): getOutput() read 1 from cache for stream 1
07-06 17:31:33.659 V/AudioSystem( 277): getOutputFrameCount() streamType 1, output 1, frameCount 1200
07-06 17:31:33.659 V/AudioSystem( 277): getOutput() read 1 from cache for stream 1
07-06 17:31:33.659 V/AudioSystem( 277): getOutputSamplingRate() reading from output desc
07-06 17:31:33.659 V/AudioSystem( 277): getOutputSamplingRate() streamType 1, output 1, sampling rate 44100
07-06 17:31:33.659 V/AudioSystem( 277): getOutput() read 1 from cache for stream 1
07-06 17:31:33.659 V/AudioSystem( 277): getOutputSamplingRate() reading from output desc
07-06 17:31:33.659 V/AudioSystem( 277): getOutputSamplingRate() streamType 1, output 1, sampling rate 44100
07-06 17:31:33.659 V/AudioSystem( 277): getOutput() read 1 from cache for stream 1
07-06 17:31:33.659 V/AudioSystem( 277): getOutputLatency() streamType 1, output 1, latency 36
07-06 17:31:33.659 V/AudioSystem( 277): getOutput() read 1 from cache for stream 1
07-06 17:31:33.659 V/AudioSystem( 277): getOutput() read 1 from cache for stream 1
07-06 17:31:33.659 V/AudioSystem( 277): getOutputSamplingRate() reading from output desc
07-06 17:31:33.659 V/AudioSystem( 277): getOutputSamplingRate() streamType 1, output 1, sampling rate 44100
07-06 17:31:33.659 V/AudioSystem( 277): getOutput() read 1 from cache for stream 1
07-06 17:31:33.659 V/AudioSystem( 277): getOutputFrameCount() streamType 1, output 1, frameCount 1200
07-06 17:31:33.659 V/AudioSystem( 277): getOutput() read 1 from cache for stream 1
07-06 17:31:33.659 V/AudioSystem( 277): getOutputLatency() streamType 1, output 1, latency 36
07-06 17:31:33.659 V/AudioPolicyManagerBase( 111): startOutput() output 1, stream 1, session 15
07-06 17:31:33.659 V/AudioPolicyManagerBase( 111): getDeviceForStrategy() from cache strategy 0, device 2
07-06 17:31:33.659 V/AudioPolicyManagerBase( 111): changeRefCount() stream 1, count 1
07-06 17:31:33.659 V/AudioPolicyManagerBase( 111): getDeviceForStrategy() from cache strategy 0, device 2
07-06 17:31:33.659 V/AudioPolicyManagerBase( 111): getNewDevice() selected device 2
07-06 17:31:33.659 V/AudioPolicyManager7x27a( 111): setOutputDevice() output 1 device 2 delayMs 0 force 0
07-06 17:31:33.659 V/AudioPolicyManager7x27a( 111): setOutputDevice output :0x1 mCurDevice:0x2
07-06 17:31:33.659 V/AudioPolicyManager7x27a( 111): setOutputDevice() setting same device 2 or null device for output 1
07-06 17:31:33.659 V/AudioPolicyManagerBase( 111): releaseOutput() 1
07-06 17:31:33.709 D/InputTransport( 277): Input channel constructed: ashmemFd=254, receivePipeFd=262, sendPipeFd=261
07-06 17:31:33.709 D/InputTransport( 277): Input channel constructed: ashmemFd=257, receivePipeFd=260, sendPipeFd=263
07-06 17:31:33.779 D/memalloc( 108): /dev/pmem: Allocated buffer base:0x415fe000 size:614400 offset:6164480 fd:63
07-06 17:31:33.779 D/memalloc( 277): /dev/pmem: Mapped buffer base:0x564ec000 size:6778880 offset:6164480 fd:266
