07-06 20:47:21.265 W/SignalStrength( 484): getCdmaLevel=3
07-06 20:47:21.265 W/SignalStrength( 484): getLevel=3
07-06 20:47:23.275 E/SMD ( 105): DCD OFF
07-06 20:47:26.275 E/SMD ( 105): DCD OFF
07-06 20:47:29.275 E/SMD ( 105): DCD OFF
07-06 20:47:30.445 V/StatusBar.BatteryController( 484): status5batteryHealth 2
07-06 20:47:30.445 D/StatusBar.BatteryController( 484): mOldstatus5status 5
07-06 20:47:30.445 D/StatusBar.BatteryController( 484): now old status is 5
07-06 20:47:32.015 D/SensorManager( 754): registerListener :: handle = 0 name= BOSCH 3-axis Accelerometer delay= 10000 Listener= kvo@411080d0
07-06 20:47:32.015 E/SensorManager( 754): thread start
07-06 20:47:32.015 E/SensorManager( 754): =======>>>Sensor Thread RUNNING <<<========
07-06 20:47:32.285 E/SMD ( 105): DCD OFF
07-06 20:47:32.705 I/SensorManager( 754): Set normal delay = true
07-06 20:47:32.785 D/SensorManager( 754): unregisterListener:: disable all sensors for this listener, name = BOSCH 3-axis Accelerometer listener = kvo@411080d0
07-06 20:47:32.815 I/GCoreUlr( 754): Received powerMode change from NLP: com.google.android.location.activity.LOW_POWER_MODE_ENABLED
07-06 20:47:32.815 I/GCoreUlr( 754): Starting service, intent=Intent { act=com.google.android.location.reporting.ACTION_UPDATE_ACTIVE_STATE cmp=xxxx }, extras=null
07-06 20:47:32.865 I/GCoreUlr( 754): Ensuring that reporting is active for [account#15#]
07-06 20:47:32.865 I/GCoreUlr( 754): Starting service, intent=Intent { act=com.google.android.location.reporting.ACTION_LOCATION_STATUS cmp=xxxx (has extras) }, extras=Bundle[{status=LocationStatus[cell status: STATUS_SUCCESSFUL, wifi status: STATUS_INVALID_SCAN, elapsed realtime ns: 237188000000]}]
07-06 20:47:35.285 E/SMD ( 105): DCD OFF
07-06 20:47:38.285 E/SMD ( 105): DCD OFF
07-06 20:47:40.465 V/StatusBar.BatteryController( 484): status5batteryHealth 2
07-06 20:47:40.465 D/StatusBar.BatteryController( 484): mOldstatus5status 5
07-06 20:47:40.465 D/StatusBar.BatteryController( 484): now old status is 5
07-06 20:47:41.285 E/SMD ( 105): DCD OFF
07-06 20:47:43.275 W/SignalStrength( 277): getCdmaLevel=2
07-06 20:47:43.275 W/SignalStrength( 277): getEvdoLevel=0
07-06 20:47:43.275 W/SignalStrength( 277): getCdmaLevel=2
07-06 20:47:43.275 W/SignalStrength( 277): getLevel=2
07-06 20:47:43.275 W/SignalStrength( 484): getCdmaLevel=2
07-06 20:47:43.275 W/SignalStrength( 484): getEvdoLevel=0
07-06 20:47:43.275 W/SignalStrength( 484): getCdmaLevel=2
07-06 20:47:43.275 W/SignalStrength( 484): getLevel=2
07-06 20:47:44.295 E/SMD ( 105): DCD OFF
07-06 20:47:47.295 E/SMD ( 105): DCD OFF
07-06 20:47:50.295 E/SMD ( 105): DCD OFF
07-06 20:47:50.485 V/StatusBar.BatteryController( 484): status5batteryHealth 2
07-06 20:47:50.485 D/StatusBar.BatteryController( 484): mOldstatus5status 5
07-06 20:47:50.485 D/StatusBar.BatteryController( 484): now old status is 5
07-06 20:47:53.295 E/SMD ( 105): DCD OFF
07-06 20:47:56.295 E/SMD ( 105): DCD OFF
07-06 20:47:59.305 E/SMD ( 105): DCD OFF
07-06 20:48:02.275 W/SignalStrength( 277): getCdmaLevel=3
07-06 20:48:02.275 W/SignalStrength( 277): getEvdoLevel=0
07-06 20:48:02.275 W/SignalStrength( 277): getCdmaLevel=3
07-06 20:48:02.275 W/SignalStrength( 277): getLevel=3
07-06 20:48:02.285 W/SignalStrength( 484): getCdmaLevel=3
07-06 20:48:02.285 W/SignalStrength( 484): getEvdoLevel=0
07-06 20:48:02.285 W/SignalStrength( 484): getCdmaLevel=3
07-06 20:48:02.285 W/SignalStrength( 484): getLevel=3
07-06 20:48:02.305 E/SMD ( 105): DCD OFF
07-06 20:48:05.315 E/SMD ( 105): DCD OFF
07-06 20:48:08.285 W/SignalStrength( 277): getCdmaLevel=2
07-06 20:48:08.285 W/SignalStrength( 277): getEvdoLevel=0
07-06 20:48:08.285 W/SignalStrength( 277): getCdmaLevel=2
07-06 20:48:08.285 W/SignalStrength( 277): getLevel=2
07-06 20:48:08.285 W/SignalStrength( 484): getCdmaLevel=2
07-06 20:48:08.285 W/SignalStrength( 484): getEvdoLevel=0
07-06 20:48:08.285 W/SignalStrength( 484): getCdmaLevel=2
07-06 20:48:08.285 W/SignalStrength( 484): getLevel=2
07-06 20:48:08.315 E/SMD ( 105): DCD OFF
07-06 20:48:11.315 E/SMD ( 105): DCD OFF
07-06 20:48:14.315 E/SMD ( 105): DCD OFF
07-06 20:48:17.315 E/SMD ( 105): DCD OFF
07-06 20:48:20.325 E/SMD ( 105): DCD OFF
07-06 20:48:23.325 E/SMD ( 105): DCD OFF
07-06 20:48:26.325 E/SMD ( 105): DCD OFF
07-06 20:48:29.325 E/SMD ( 105): DCD OFF
07-06 20:48:30.565 V/StatusBar.BatteryController( 484): status5batteryHealth 2
07-06 20:48:30.565 D/StatusBar.BatteryController( 484): mOldstatus5status 5
07-06 20:48:30.565 D/StatusBar.BatteryController( 484): now old status is 5
07-06 20:48:31.295 W/SignalStrength( 484): getCdmaLevel=3
07-06 20:48:31.295 W/SignalStrength( 484): getEvdoLevel=0
07-06 20:48:31.295 W/SignalStrength( 484): getCdmaLevel=3
07-06 20:48:31.295 W/SignalStrength( 484): getLevel=3
07-06 20:48:31.295 W/SignalStrength( 277): getCdmaLevel=3
07-06 20:48:31.295 W/SignalStrength( 277): getEvdoLevel=0
07-06 20:48:31.295 W/SignalStrength( 277): getCdmaLevel=3
07-06 20:48:31.295 W/SignalStrength( 277): getLevel=3
07-06 20:48:32.335 E/SMD ( 105): DCD OFF
07-06 20:48:35.335 E/SMD ( 105): DCD OFF
07-06 20:48:38.335 E/SMD ( 105): DCD OFF
07-06 20:48:39.295 W/SignalStrength( 277): getCdmaLevel=2
07-06 20:48:39.295 W/SignalStrength( 277): getEvdoLevel=0
07-06 20:48:39.295 W/SignalStrength( 277): getCdmaLevel=2
07-06 20:48:39.295 W/SignalStrength( 277): getLevel=2
07-06 20:48:39.295 W/SignalStrength( 484): getCdmaLevel=2
07-06 20:48:39.295 W/SignalStrength( 484): getEvdoLevel=0
07-06 20:48:39.295 W/SignalStrength( 484): getCdmaLevel=2
07-06 20:48:39.295 W/SignalStrength( 484): getLevel=2
07-06 20:48:39.585 I/ActivityManager( 277): Start proc app.processName for service hostingNameStr: pid=10978 uid=10014 gids={1015, 1023, 2001}
07-06 20:48:40.965 I/PackageManager( 277): Removing non-system package:org.gophotog.myclockapp
07-06 20:48:40.965 D/memalloc( 2377): /dev/pmem: Unmapping buffer base:0x5091a000 size:1187840 offset:573440
07-06 20:48:40.965 D/memalloc( 2377): /dev/pmem: Unmapping buffer base:0x50c95000 size:5488640 offset:4874240
07-06 20:48:40.965 D/memalloc( 2377): /dev/pmem: Unmapping buffer base:0x512d1000 size:6758400 offset:6144000
07-06 20:48:40.965 I/ActivityManager( 277): Force stopping package name uid=10062
07-06 20:48:40.965 I/ActivityManager( 277): Killing proc 2377:org.gophotog.myclockapp/10062: force stop
07-06 20:48:40.965 W/ActivityManager( 277): Force removing r: app died, no saved state
07-06 20:48:40.985 V/WindowManager( 277): rotationForOrientationLw(orient=5, last=0); user=0 mLidOpen=-1 mDockMode=0 mHdmiPlugged=false mAccelerometerDefault=1 sensorRotation=-1
07-06 20:48:40.995 I/WindowManager( 277): SCREENLAYOUT_SIZE (1:small, 2:normal, 3:large, 4:xlarge) 2
07-06 20:48:41.015 I/Adreno200-EGLSUB( 573): : Format RGBA_8888.
07-06 20:48:41.025 D/memalloc( 108): /dev/pmem: Allocated buffer base:0x415fe000 size:614400 offset:6758400 fd:45
07-06 20:48:41.025 D/memalloc( 573): /dev/pmem: Mapped buffer base:0x5185d000 size:7372800 offset:6758400 fd:46
07-06 20:48:41.055 D/memalloc( 108): /dev/pmem: Allocated buffer base:0x415fe000 size:614400 offset:1269760 fd:48
07-06 20:48:41.055 D/memalloc( 573): /dev/pmem: Mapped buffer base:0x50311000 size:1884160 offset:1269760 fd:49
07-06 20:48:41.075 I/Adreno200-EGLSUB( 108): : Android Image
07-06 20:48:41.075 I/Adreno200-EGLSUB( 108): : RGBA_8888
07-06 20:48:41.095 I/WindowManager( 277): WIN DEATH: win
07-06 20:48:41.105 D/InputTransport( 277): Input channel destroyed: ashmemFd=258, receivePipeFd=265, sendPipeFd=264
07-06 20:48:41.105 D/PowerManagerService( 277): releaseWakeLockLocked flags=0x0 tag=KEEP_SCREEN_ON_FLAG myUID=1000 myPID=277 myTID=533
07-06 20:48:41.115 D/memalloc( 108): /dev/pmem: Freeing buffer base:0x4168a000 size:614400 offset:573440 fd:33
07-06 20:48:41.115 D/memalloc( 108): /dev/pmem: Freeing buffer base:0x41aa4000 size:614400 offset:4874240 fd:39
07-06 20:48:41.125 D/memalloc( 108): /dev/pmem: Freeing buffer base:0x41bda000 size:614400 offset:6144000 fd:30
07-06 20:48:41.335 E/SMD ( 105): DCD OFF
07-06 20:48:41.785 I/PackageManager( 277): Running dexopt on: org.gophotog.myclockapp
07-06 20:48:42.775 I/ActivityManager( 277): Force stopping package name uid=10062
07-06 20:48:42.995 D/PackageManager( 277): New package installed in
07-06 20:48:43.175 I/ActivityManager( 277): Force stopping package name uid=10062
07-06 20:48:43.395 I/ActivityManager( 277): Start proc app.processName for broadcast hostingNameStr: pid=10993 uid=10020 gids={3003, 1015, 1023}
07-06 20:48:43.525 D/AccountTypeManager( 1227): Registering 1 extension packages
07-06 20:48:43.535 I/ActivityThread(10993): Pub com.android.gallery3d.provider: com.android.gallery3d.provider.GalleryProvider
07-06 20:48:43.615 D/PackageManager( 277): generateServicesMap(android.accounts.AccountAuthenticator): 4 services unchanged
07-06 20:48:43.685 I/ActivityManager( 277): Start proc app.processName for broadcast hostingNameStr: pid=11006 uid=1000 gids={3001, 3002, 1023, 1006, 1007, 3003, 1015, 1001, 3007}
07-06 20:48:43.685 I/ActivityManager( 277): No longer want app.processName (pid 2138): hidden #16
07-06 20:48:43.705 D/PackageManager( 277): generateServicesMap(android.content.SyncAdapter): 22 services unchanged
07-06 20:48:43.785 E/ExternalAccountType( 1227): Unsupported attribute readOnly
07-06 20:48:43.815 V/AudioPolicyManagerBase( 111): getNewDevice() selected device 0
07-06 20:48:43.815 V/AudioPolicyManagerBase( 111): getDeviceForStrategy() from cache strategy 0, device 2
07-06 20:48:43.865 I/ActivityManager( 277): Start proc app.processName for broadcast hostingNameStr: pid=11019 uid=10034 gids={3003, 3002}
07-06 20:48:43.875 D/BackupManagerService( 277): Received broadcast Intent { act=android.intent.action.PACKAGE_REMOVED dat=package:org.gophotog.myclockapp flg=0x10000010 (has extras) }
07-06 20:48:43.885 D/PackageManager( 277): generateServicesMap(android.accounts.AccountAuthenticator): 4 services unchanged
07-06 20:48:43.895 I/Adreno200-EGLSUB( 108): : Android Image
07-06 20:48:43.895 I/Adreno200-EGLSUB( 108): : RGBA_8888
07-06 20:48:43.895 D/memalloc( 108): /dev/pmem: Allocated buffer base:0x415fe000 size:614400 offset:6144000 fd:30
07-06 20:48:43.905 D/memalloc( 573): /dev/pmem: Mapped buffer base:0x51f65000 size:6758400 offset:6144000 fd:53
07-06 20:48:43.905 D/PackageManager( 277): generateServicesMap(android.content.SyncAdapter): 22 services unchanged
07-06 20:48:44.045 D/AccountTypeManager( 1227): Registering extension package account type=com.google, dataSet=plus, packageName=com.google.android.apps.plus
07-06 20:48:44.065 I/ActivityManager( 277): No longer want app.processName (pid 2122): hidden #16
07-06 20:48:44.085 I/AccountTypeManager( 1227): Loaded meta-data for 3 account types, 2 accounts in 623ms(wall) 23ms(cpu)
07-06 20:48:44.125 I/ActivityManager( 277): Start proc app.processName for broadcast hostingNameStr: pid=11032 uid=10050 gids={3002}
07-06 20:48:44.175 D/AccountTypeManager( 1227): Registering 1 extension packages
07-06 20:48:44.265 D/PackageBroadcastService( 717): Received broadcast action=android.intent.action.PACKAGE_REMOVED and uri=org.gophotog.myclockapp
07-06 20:48:44.285 I/ActivityManager( 277): Start proc app.processName for broadcast hostingNameStr: pid=11046 uid=10013 gids={3003, 1015, 1023, 1007, 1006, 3002, 3001, 2001, 3006}
07-06 20:48:44.345 E/SMD ( 105): DCD OFF
07-06 20:48:44.465 I/MultiDex(11046): install
07-06 20:48:44.465 I/MultiDex(11046): MultiDexExtractor.load(/data/app/com.google.android.gms-2.apk, false)
07-06 20:48:44.475 I/MultiDex(11046): loading existing secondary dex files
07-06 20:48:44.475 I/MultiDex(11046): load found 1 secondary dex files
07-06 20:48:44.475 I/MultiDex(11046): install done
07-06 20:48:44.475 I/ActivityThread(11046): Pub com.google.android.gms.drive: com.google.android.gms.drive.data.sync.syncadapter.DatabaseNotificationContentProvider
07-06 20:48:44.485 E/ExternalAccountType( 1227): Unsupported attribute readOnly
07-06 20:48:44.505 I/ActivityManager( 277): No longer want app.processName (pid 4075): hidden #16
07-06 20:48:44.515 W/ActivityManager( 277): Scheduling restart of crashed service r.shortName in 5000ms
07-06 20:48:44.545 I/ActivityManager( 277): Start proc app.processName for service hostingNameStr: pid=11060 uid=1000 gids={3001, 3002, 1023, 1006, 1007, 3003, 1015, 1001, 3007}
07-06 20:48:44.625 I/FactoryTestApp(11060): [Class] FtClientCPO , [Method] onCreate , [Message] Create FtClientCPO service
07-06 20:48:44.625 D/FactoryTestApp(11060): [Class] XMLDataStorage , [Method] parseXML , [Message] is Live Demo : false
07-06 20:48:44.625 W/ActivityThread(11060): ClassLoader.getResources: The class loader returned by Thread.getContextClassLoader() may fail for processes that host multiple applications. You should explicitly specify a context class loader. For example: Thread.setContextClassLoader(getClass().getClassLoader());
07-06 20:48:44.635 I/ProviderInstaller(11046): Insert disabled by gate 'gms:security:enable_conscrypt_in_gms_application'
07-06 20:48:44.645 D/FactoryTestApp(11060): [Class] XMLDataStorage , [Method] parseXML , [Message] modelXML=sch-s738c.dat
07-06 20:48:44.645 D/FactoryTestApp(11060): [Class] XMLDataStorage , [Method] parseXML , [Message] deviceXML=amazing3gtrf.dat
07-06 20:48:44.645 D/FactoryTestApp(11060): [Class] XMLDataStorage , [Method] parseXML , [Message] nameXML=amazing3gtrf.dat
07-06 20:48:44.725 I/ActivityManager( 277): Start proc app.processName for broadcast hostingNameStr: pid=11073 uid=10039 gids={3003, 1015, 1023}
07-06 20:48:44.735 I/FactoryTestApp(11060): [Class] XMLDataStorage , [Method] parseAsset , [Message] Convert enc file to xml file: sch-s738c.dat
07-06 20:48:44.735 I/ActivityManager( 277): No longer want app.processName (pid 5595): hidden #16
07-06 20:48:44.835 D/BackupManagerService( 277): Received broadcast Intent { act=android.intent.action.PACKAGE_ADDED dat=package:org.gophotog.myclockapp flg=0x10000010 (has extras) }
07-06 20:48:44.835 V/BackupManagerService( 277): updatePackageParticipantsLocked: #1
07-06 20:48:44.915 D/FactoryTestApp(11060): [Class] XMLDataStorage , [Method] parseAsset , [Message] Decode base xml file: factory.dat
07-06 20:48:45.075 D/VolumePanel( 277): onVolumeChanged(streamType: 3, flags: 64)
07-06 20:48:45.085 V/AudioPolicyManagerBase( 111): getNewDevice() selected device 0
07-06 20:48:45.085 V/AudioPolicyManagerBase( 111): getDeviceForStrategy() from cache strategy 0, device 2
07-06 20:48:45.085 D/AudioService( 277): getStreamVolume(3)
07-06 20:48:45.085 V/AudioPolicyManagerBase( 111): getNewDevice() selected device 0
07-06 20:48:45.085 V/AudioPolicyManagerBase( 111): getDeviceForStrategy() from cache strategy 0, device 2
07-06 20:48:45.095 D/BackupManagerService( 277): Received broadcast Intent { act=android.intent.action.PACKAGE_REPLACED dat=package:org.gophotog.myclockapp flg=0x10000010 (has extras) }
07-06 20:48:45.095 V/BackupManagerService( 277): updatePackageParticipantsLocked: #1
07-06 20:48:45.135 I/ActivityManager( 277): No longer want app.processName (pid 6055): hidden #16
07-06 20:48:45.515 I/ActivityThread(11073): Pub com.google.android.finsky.QSBSuggestionsProvider2: com.google.android.finsky.providers.QSBSuggestionsProvider
07-06 20:48:45.525 I/ActivityThread(11073): Pub com.google.android.finsky.AppIconProvider: com.google.android.finsky.providers.AppIconProvider
07-06 20:48:45.525 W/ActivityManager( 277): Scheduling restart of crashed service r.shortName in 5000ms
07-06 20:48:45.525 W/ActivityManager( 277): Scheduling restart of crashed service r.shortName in 14999ms
07-06 20:48:45.545 D/FactoryTestApp(11060): [Class] XMLDataStorage , [Method] redefinitionById , [Message] id=MODEL_NAME
07-06 20:48:45.545 I/Adreno200-EGLSUB( 108): : Android Image
07-06 20:48:45.545 I/Adreno200-EGLSUB( 108): : RGBA_8888
07-06 20:48:45.545 I/ActivityThread(11073): Pub com.google.android.finsky.RecentSuggestionsProvider: com.google.android.finsky.providers.RecentSuggestionsProvider
07-06 20:48:45.555 D/FactoryTestApp(11060): [Class] XMLDataStorage , [Method] redefinitionById , [Message] id=MODEL_NUMBER
07-06 20:48:45.555 D/FactoryTestApp(11060): [Class] XMLDataStorage , [Method] redefinitionById , [Message] id=MODEL_HARDWARE_REVISION
07-06 20:48:45.555 D/FactoryTestApp(11060): [Class] XMLDataStorage , [Method] redefinitionById , [Message] id=MODEL_COMMUNICATION_MODE
07-06 20:48:45.565 D/FactoryTestApp(11060): [Class] XMLDataStorage , [Method] redefinitionById , [Message] id=CHIPSET_MANUFACTURE
07-06 20:48:45.565 D/FactoryTestApp(11060): [Class] XMLDataStorage , [Method] redefinitionById , [Message] id=CHIPSET_NAME
07-06 20:48:45.565 D/FactoryTestApp(11060): [Class] XMLDataStorage , [Method] redefinitionById , [Message] id=DEVICE_TYPE
07-06 20:48:45.565 D/FactoryTestApp(11060): [Class] XMLDataStorage , [Method] redefinitionById , [Message] id=PANEL_TYPE
07-06 20:48:45.565 D/FactoryTestApp(11060): [Class] XMLDataStorage , [Method] redefinitionById , [Message] id=TSP_MANUFACTURE
07-06 20:48:45.565 D/FactoryTestApp(11060): [Class] XMLDataStorage , [Method] redefinitionById , [Message] id=SENSOR_NAME_ACCELEROMETER
07-06 20:48:45.565 D/FactoryTestApp(11060): [Class] XMLDataStorage , [Method] redefinitionById , [Message] id=SENSOR_NAME_MAGNETIC
07-06 20:48:45.565 D/FactoryTestApp(11060): [Class] XMLDataStorage , [Method] redefinitionById , [Message] id=SENSOR_NAME_GYROSCOPE
07-06 20:48:45.575 D/FactoryTestApp(11060): [Class] XMLDataStorage , [Method] redefinitionById , [Message] id=REAR_CAMERA_TYPE
07-06 20:48:45.575 D/FactoryTestApp(11060): [Class] XMLDataStorage , [Method] redefinitionById , [Message] id=SPEAKER_COUNT
07-06 20:48:45.575 D/FactoryTestApp(11060): [Class] XMLDataStorage , [Method] redefinitionById , [Message] id=MIC_COUNT
07-06 20:48:45.575 D/FactoryTestApp(11060): [Class] XMLDataStorage , [Method] redefinitionById , [Message] id=SUPPORT_VIBRATOR
07-06 20:48:45.575 D/FactoryTestApp(11060): [Class] XMLDataStorage , [Method] redefinitionById , [Message] id=SUPPORT_LTE
07-06 20:48:45.585 D/FactoryTestApp(11060): [Class] XMLDataStorage , [Method] redefinitionById , [Message] id=SUPPORT_DMB
07-06 20:48:45.585 D/FactoryTestApp(11060): [Class] XMLDataStorage , [Method] redefinitionById , [Message] id=SUPPORT_QWERTY_KEY
07-06 20:48:45.585 D/FactoryTestApp(11060): [Class] XMLDataStorage , [Method] redefinitionById , [Message] id=SUPPORT_FRONT_CAMERA
07-06 20:48:45.595 D/FactoryTestApp(11060): [Class] XMLDataStorage , [Method] redefinitionById , [Message] id=SUPPORT_RCV
07-06 20:48:45.595 D/FactoryTestApp(11060): [Class] XMLDataStorage , [Method] redefinitionById , [Message] id=FACTORY_TEST_APO
07-06 20:48:45.605 D/FactoryTestApp(11060): [Class] XMLDataStorage , [Method] redefinitionById , [Message] id=SUPPORT_BOOST_MEDIASCAN
07-06 20:48:45.605 D/FactoryTestApp(11060): [Class] XMLDataStorage , [Method] redefinitionById , [Message] id=NEED_NOTI_AUDIO_MANAGER
07-06 20:48:45.605 D/FactoryTestApp(11060): [Class] XMLDataStorage , [Method] redefinitionById , [Message] id=FACTORY_TEST_PROTOCOL
07-06 20:48:45.605 D/FactoryTestApp(11060): [Class] XMLDataStorage , [Method] redefinitionById , [Message] id=KEY_TEST_VOLUME_UP
07-06 20:48:45.645 D/FactoryTestApp(11060): [Class] XMLDataStorage , [Method] redefinitionById , [Message] id=KEY_TEST_VOLUME_DOWN
07-06 20:48:45.655 D/FactoryTestApp(11060): [Class] XMLDataStorage , [Method] redefinitionById , [Message] id=KEY_TEST_POWER
07-06 20:48:45.665 D/AccountTypeManager( 1227): Registering extension package account type=com.google, dataSet=plus, packageName=com.google.android.apps.plus
07-06 20:48:45.695 D/FactoryTestApp(11060): [Class] XMLDataStorage , [Method] redefinitionById , [Message] id=KEY_TEST_MENU
07-06 20:48:45.715 D/FactoryTestApp(11060): [Class] XMLDataStorage , [Method] redefinitionById , [Message] id=KEY_TEST_HOME
07-06 20:48:45.735 I/AccountTypeManager( 1227): Loaded meta-data for 3 account types, 2 accounts in 1647ms(wall) 28ms(cpu)
07-06 20:48:45.745 D/FactoryTestApp(11060): [Class] XMLDataStorage , [Method] redefinitionById , [Message] id=KEY_TEST_BACK
07-06 20:48:45.745 D/Finsky (11073): [1] FinskyApp.onCreate: Initializing network with DFE https://android.clients.google.com/fdfe/
07-06 20:48:45.765 D/FactoryTestApp(11060): [Class] XMLDataStorage , [Method] redefinitionById , [Message] id=KEY_TEST_SEARCH
07-06 20:48:45.795 D/FactoryTestApp(11060): [Class] XMLDataStorage , [Method] redefinitionById , [Message] id=KEY_TEST_FOCUS
07-06 20:48:45.805 D/FactoryTestApp(11060): [Class] XMLDataStorage , [Method] redefinitionById , [Message] id=KEY_TEST_CAMERA
07-06 20:48:45.845 D/FactoryTestApp(11060): [Class] XMLDataStorage , [Method] redefinitionById , [Message] id=KEY_TEST_F1
07-06 20:48:45.855 W/dalvikvm(11073): VFY: unable to resolve static method 876: Landroid/provider/Settings$Global;.getInt (Landroid/content/ContentResolver;Ljava/lang/String;I)I
07-06 20:48:45.865 D/Finsky (11073): [1] DailyHygiene.goMakeHygieneIfDirty: No need to run daily hygiene.
07-06 20:48:45.875 D/FactoryTestApp(11060): [Class] XMLDataStorage , [Method] redefinitionById , [Message] id=KEY_TEST_VIEW_TABLE
07-06 20:48:45.895 D/FactoryTestApp(11060): [Class] XMLDataStorage , [Method] redefinitionById , [Message] id=KEY_TEST_TOUCH_KEY_ODER
07-06 20:48:45.905 W/dalvikvm(11073): VFY: unable to resolve virtual method 643: Landroid/net/ConnectivityManager;.isActiveNetworkMetered ()Z
07-06 20:48:45.905 D/FactoryTestApp(11060): [Class] XMLDataStorage , [Method] redefinitionById , [Message] id=IS_SIMPLE_TEST_ACC_SYSFS
07-06 20:48:45.915 D/FactoryTestApp(11060): [Class] XMLDataStorage , [Method] redefinitionById , [Message] id=IS_SENSOR_TEST_ACC_REVERSE
07-06 20:48:45.915 D/FactoryTestApp(11060): [Class] XMLDataStorage , [Method] redefinitionById , [Message] id=SENSOR_TEST_ACC_BIT
07-06 20:48:45.925 D/FactoryTestApp(11060): [Class] XMLDataStorage , [Method] redefinitionById , [Message] id=IS_PROXIMITY_TEST_MOTOR_FEEDBACK
07-06 20:48:45.925 D/FactoryTestApp(11060): [Class] XMLDataStorage , [Method] redefinitionById , [Message] id=IS_IRLED_TEST_SPLIT_COMMAND
07-06 20:48:45.935 D/FactoryTestApp(11060): [Class] XMLDataStorage , [Method] redefinitionById , [Message] id=AT_GPSSTEST
07-06 20:48:45.945 D/FactoryTestApp(11060): [Class] XMLDataStorage , [Method] redefinitionById , [Message] id=AT_BATTEST_RESET_WHEN_READ
07-06 20:48:45.945 D/FactoryTestApp(11060): [Class] XMLDataStorage , [Method] redefinitionById , [Message] id=SYS_INFO_FONT_SIZE
07-06 20:48:45.945 D/FactoryTestApp(11060): [Class] XMLDataStorage , [Method] redefinitionById , [Message] id=SYS_INFO_BG_COLOR
07-06 20:48:45.955 D/FactoryTestApp(11060): [Class] XMLDataStorage , [Method] redefinitionById , [Message] id=TSP_X_AXIS_CHANNEL
07-06 20:48:45.955 D/FactoryTestApp(11060): [Class] XMLDataStorage , [Method] redefinitionById , [Message] id=TSP_Y_AXIS_CHANNEL
07-06 20:48:45.965 D/FactoryTestApp(11060): [Class] XMLDataStorage , [Method] redefinitionById , [Message] id=TSP_SELFTEST_MIN
07-06 20:48:45.965 D/FactoryTestApp(11060): [Class] XMLDataStorage , [Method] redefinitionById , [Message] id=TSP_SELFTEST_MAX
07-06 20:48:45.975 D/FactoryTestApp(11060): [Class] XMLDataStorage , [Method] redefinitionById , [Message] id=TOUCH_KEY_SPEC_MAX
07-06 20:48:45.975 D/FactoryTestApp(11060): [Class] XMLDataStorage , [Method] redefinitionById , [Message] id=TOUCH_KEY_SPEC_MIN
07-06 20:48:45.985 D/FactoryTestApp(11060): [Class] XMLDataStorage , [Method] redefinitionById , [Message] id=BOOT_VERSION
07-06 20:48:45.985 D/FactoryTestApp(11060): [Class] XMLDataStorage , [Method] redefinitionById , [Message] id=PHONE_VERSION
07-06 20:48:45.995 D/FactoryTestApp(11060): [Class] XMLDataStorage , [Method] redefinitionById , [Message] id=BATTERY_VOLT
07-06 20:48:46.005 D/FactoryTestApp(11060): [Class] XMLDataStorage , [Method] redefinitionById , [Message] id=BATTERY_VOLT_AVER
07-06 20:48:46.005 D/FactoryTestApp(11060): [Class] XMLDataStorage , [Method] redefinitionById , [Message] id=TSP_COMMAND_CMD
07-06 20:48:46.015 D/FactoryTestApp(11060): [Class] XMLDataStorage , [Method] redefinitionById , [Message] id=TSP_COMMAND_STATUS
07-06 20:48:46.025 D/FactoryTestApp(11060): [Class] XMLDataStorage , [Method] redefinitionById , [Message] id=TSP_COMMAND_RESULT
07-06 20:48:46.035 D/FactoryTestApp(11060): [Class] XMLDataStorage , [Method] redefinitionById , [Message] id=LED_RED
07-06 20:48:46.035 D/FactoryTestApp(11060): [Class] XMLDataStorage , [Method] redefinitionById , [Message] id=LED_GREEN
07-06 20:48:46.045 D/FactoryTestApp(11060): [Class] XMLDataStorage , [Method] redefinitionById , [Message] id=LED_BLUE
07-06 20:48:46.055 D/FactoryTestApp(11060): [Class] XMLDataStorage , [Method] redefinitionById , [Message] id=BAROMETE_DELTA
07-06 20:48:46.065 D/FactoryTestApp(11060): [Class] XMLDataStorage , [Method] redefinitionById , [Message] id=BAROMETE_VENDOR
07-06 20:48:46.075 D/FactoryTestApp(11060): [Class] XMLDataStorage , [Method] redefinitionById , [Message] id=KEY_PRESSED_POWER
07-06 20:48:46.085 D/FactoryTestApp(11060): [Class] XMLDataStorage , [Method] redefinitionById , [Message] id=TOUCH_KEY_SENSITIVITY_OK
07-06 20:48:46.105 I/FactoryTestApp(11060): [Class] FtClientCPO , [Method] connectToSecPhoneService , [Message] Create sendMessenger - com.sec.phone.SecPhoneService
07-06 20:48:46.155 I/FactoryTestApp(11060): [Class] FtClientCPO , [Method] onCreate , [Message] mBroadcastReceiver registered
07-06 20:48:46.155 I/FactoryTestApp(11060): [Class] FtClientCPO , [Method] onBind , [Message] start
07-06 20:48:46.155 I/ActivityManager( 277): Start proc app.processName for service hostingNameStr: pid=11103 uid=10043 gids={3003}
07-06 20:48:46.165 D/FactoryTestApp(11060): [Class] FtClientCPO , [Method] onDestroy , [Message] Destroy FtClientCPO service
07-06 20:48:46.215 I/APO/CPO (11103): Can not find at_distributor. Decided CPO mode
07-06 20:48:46.225 I/FactoryTestApp(11060): [Class] FtClientCPO , [Method] onCreate , [Message] Create FtClientCPO service
07-06 20:48:46.225 I/FactoryTestApp(11060): [Class] XMLDataStorage , [Method] parsingXML , [Message] FtClient => XML data parsing was completed.
07-06 20:48:46.225 I/FactoryTestApp(11060): [Class] FtClientCPO , [Method] onCreate , [Message] FtClientCPO => XML data parsing was failed.
07-06 20:48:46.225 I/FactoryTestApp(11060): [Class] FtClientCPO , [Method] connectToSecPhoneService , [Message] Create sendMessenger - com.sec.phone.SecPhoneService
07-06 20:48:46.225 E/ActivityThread(11060): Service com.sec.factory.cporiented.FtClientCPO has leaked ServiceConnection com.sec.factory.cporiented.FtClientCPO$1@410fe998 that was originally bound here
07-06 20:48:46.225 E/ActivityThread(11060): android.app.ServiceConnectionLeaked: Service com.sec.factory.cporiented.FtClientCPO has leaked ServiceConnection com.sec.factory.cporiented.FtClientCPO$1@410fe998 that was originally bound here
07-06 20:48:46.225 E/ActivityThread(11060): at android.app.LoadedApk$ServiceDispatcher.(LoadedApk.java:936)
07-06 20:48:46.225 E/ActivityThread(11060): at android.app.LoadedApk.getServiceDispatcher(LoadedApk.java:830)
07-06 20:48:46.225 E/ActivityThread(11060): at android.app.ContextImpl.bindService(ContextImpl.java:1117)
07-06 20:48:46.225 E/ActivityThread(11060): at android.content.ContextWrapper.bindService(ContextWrapper.java:370)
07-06 20:48:46.225 E/ActivityThread(11060): at com.sec.factory.cporiented.FtClientCPO.connectToSecPhoneService(FtClientCPO.java:113)
07-06 20:48:46.225 E/ActivityThread(11060): at com.sec.factory.cporiented.FtClientCPO.onCreate(FtClientCPO.java:68)
07-06 20:48:46.225 E/ActivityThread(11060): at android.app.ActivityThread.handleCreateService(ActivityThread.java:2257)
07-06 20:48:46.225 E/ActivityThread(11060): at android.app.ActivityThread.access$1600(ActivityThread.java:123)
07-06 20:48:46.225 E/ActivityThread(11060): at android.app.ActivityThread$H.handleMessage(ActivityThread.java:1205)
07-06 20:48:46.225 E/ActivityThread(11060): at android.os.Handler.dispatchMessage(Handler.java:99)
07-06 20:48:46.225 E/ActivityThread(11060): at android.os.Looper.loop(Looper.java:137)
07-06 20:48:46.225 E/ActivityThread(11060): at android.app.ActivityThread.main(ActivityThread.java:4429)
07-06 20:48:46.225 E/ActivityThread(11060): at java.lang.reflect.Method.invokeNative(Native Method)
07-06 20:48:46.225 E/ActivityThread(11060): at java.lang.reflect.Method.invoke(Method.java:511)
07-06 20:48:46.225 E/ActivityThread(11060): at com.android.internal.os.ZygoteInit$MethodAndArgsCaller.run(ZygoteInit.java:3151)
07-06 20:48:46.225 E/ActivityThread(11060): at com.android.internal.os.ZygoteInit.main(ZygoteInit.java:2918)
07-06 20:48:46.225 E/ActivityThread(11060): at dalvik.system.NativeStart.main(Native Method)
07-06 20:48:46.245 I/FactoryTestApp(11060): [Class] FtClientCPO , [Method] onCreate , [Message] mBroadcastReceiver registered
07-06 20:48:46.265 I/FactoryTestApp(11060): [Class] FtClientCPO , [Method] onBind , [Message] start
07-06 20:48:46.265 I/FactoryTestApp(11060): [Class] FtClientCPO , [Method] onServiceConnected , [Message] connected done
07-06 20:48:46.265 D/FactoryTestApp(11060): [Class] ResponseWriterCPO , [Method] ResponseWriter , [Message] Create ResponseWriterCPO
07-06 20:48:46.265 D/FactoryTestApp(11060): [Class] AtParserCPO , [Method] registerAllHandler , [Message] Register IPC command handler
07-06 20:48:46.265 I/FactoryTestApp(11060): [Class] ModuleAudio , [Method] ModuleAudio , [Message] Create ModuleAudio
07-06 20:48:46.265 I/FactoryTestApp(11060): [Class] ModuleAudio , [Method] getSystemService , [Message] service=audio
07-06 20:48:46.285 D/FactoryTestApp(11060): [Class] Support , [Method] Values.getString , [Message] id=MODEL_COMMUNICATION_MODE, value=cdma
07-06 20:48:46.285 D/FactoryTestApp(11060): [Class] Support , [Method] Values.getBoolean , [Message] id=SUPPORT_PACKET_LOOPBACK, value=false
07-06 20:48:46.285 I/FactoryTestApp(11060): [Class] ModuleCommon , [Method] ModuleCommon , [Message] Create ModuleCommon
07-06 20:48:46.285 D/FactoryTestApp(11060): [Class] Support , [Method] Values.getString , [Message] id=CHIPSET_NAME, value=7x27
07-06 20:48:46.305 D/FactoryTestApp(11060): [Class] Support , [Method] Values.getString , [Message] id=CHIPSET_NAME, value=7x27
07-06 20:48:46.305 D/FactoryTestApp(11060): [Class] Support , [Method] Values.getString , [Message] id=CHIPSET_NAME, value=7x27
07-06 20:48:46.345 W/dalvikvm(11073): VFY: unable to resolve virtual method 383: Landroid/content/pm/PackageManager;.extendVerificationTimeout (IIJ)V
07-06 20:48:46.345 D/FactoryTestApp(11060): [Class] Support , [Method] Values.getString , [Message] id=EFS_FACTORYAPP_ROOT_PATH, value=/efs/FactoryApp/
07-06 20:48:46.355 I/FactoryTestApp(11060): [Class] ModuleCommunication , [Method] ModuleCommunication , [Message] Create ModuleCommunication
07-06 20:48:46.355 D/FactoryTestApp(11060): [Class] ModuleCommunication , [Method] registerReceiver , [Message] mContext=android.app.Application@410fd908
07-06 20:48:46.355 D/FactoryTestApp(11060): [Class] ModuleCommunication , [Method] registerReceiver , [Message] mContext=android.app.Application@410fd908
07-06 20:48:46.365 D/FactoryTestApp(11060): [Class] ModuleCommunication , [Method] registerReceiver , [Message] mContext=android.app.Application@410fd908
07-06 20:48:46.375 D/FactoryTestApp(11060): [Class] Support , [Method] Values.getInt , [Message] id=TSP_X_AXIS_CHANNEL, value=11
07-06 20:48:46.375 D/FactoryTestApp(11060): [Class] Support , [Method] Values.getInt , [Message] id=TSP_Y_AXIS_CHANNEL, value=17
07-06 20:48:46.385 I/FactoryTestApp(11060): [Class] ModuleDevice , [Method] ModuleDevice , [Message] Create ModuleDevice
07-06 20:48:46.385 D/FactoryTestApp(11060): [Class] Support , [Method] Values.getString , [Message] id=CHIPSET_NAME, value=7x27
07-06 20:48:46.385 D/FactoryTestApp(11060): [Class] Support , [Method] Values.getString , [Message] id=CHIPSET_NAME, value=7x27
07-06 20:48:46.385 D/FactoryTestApp(11060): [Class] Support , [Method] Values.getString , [Message] id=CHIPSET_NAME, value=7x27
07-06 20:48:46.395 I/FactoryTestApp(11060): [Class] ModuleDevice , [Method] getSystemService , [Message] service=vibrator
07-06 20:48:46.395 I/FactoryTestApp(11060): [Class] ModuleDevice , [Method] getSystemService , [Message] service=storage
07-06 20:48:46.405 I/ActivityManager( 277): No longer want app.processName (pid 9243): hidden #16
07-06 20:48:46.415 D/FactoryTestApp(11060): [Class] ModuleDevice , [Method] registerReceiver , [Message] mContext=android.app.Application@410fd908
07-06 20:48:46.415 I/FactoryTestApp(11060): [Class] ModuleDevice , [Method] ModuleDevice , [Message] registerReceiver OK
07-06 20:48:46.415 I/FactoryTestApp(11060): [Class] ModuleDevice , [Method] isMountedStorage , [Message] path : /mnt/extSdCard
07-06 20:48:46.415 I/FactoryTestApp(11060): [Class] ModuleDevice , [Method] isMountedStorage , [Message] Environment.MEDIA_MOUNTED : mounted
07-06 20:48:46.415 I/FactoryTestApp(11060): [Class] ModuleDevice , [Method] isMountedStorage , [Message] state : removed
07-06 20:48:46.425 I/FactoryTestApp(11060): [Class] ModuleDevice , [Method] isMountedStorage , [Message] StorageVolumes[type] is null
07-06 20:48:46.425 I/FactoryTestApp(11060): [Class] ModuleDevice , [Method] isMountedStorage , [Message] StorageVolumes[type] is null
07-06 20:48:46.425 I/FactoryTestApp(11060): [Class] ModuleDFT , [Method] ModuleDFT , [Message] Create ModuleDFT
07-06 20:48:46.425 I/FactoryTestApp(11060): [Class] ModulePower , [Method] ModulePower , [Message] Create ModulePower
07-06 20:48:46.435 I/FactoryTestApp(11060): [Class] ModuleSensor , [Method] ModuleSensor
07-06 20:48:46.435 D/FactoryTestApp(11060): [Class] Support , [Method] Values.getString , [Message] id=SENSOR_NAME_GYROSCOPE, value=
07-06 20:48:46.435 D/FactoryTestApp(11060): [Class] Support , [Method] Values.getString , [Message] id=SENSOR_NAME_MAGNETIC, value=
07-06 20:48:46.435 D/FactoryTestApp(11060): [Class] SensorCalculator , [Method] initialize
07-06 20:48:46.435 D/FactoryTestApp(11060): [Class] Support , [Method] Values.getString , [Message] id=SENSOR_NAME_ACCELEROMETER, value=
07-06 20:48:46.435 D/FactoryTestApp(11060): [Class] SensorSpec , [Method] SensorSpec , [Message] mFeature_Accelerometer :
07-06 20:48:46.435 D/FactoryTestApp(11060): [Class] SensorSpec , [Method] SensorSpec , [Message] mFeature_Magnetic :
07-06 20:48:46.435 D/FactoryTestApp(11060): [Class] SensorCalculator , [Method] specLog , [Message] null
07-06 20:48:46.445 D/FactoryTestApp(11060): [Class] SensorCalculator , [Method] specLog , [Message] null
07-06 20:48:46.445 D/FactoryTestApp(11060): [Class] SensorCalculator , [Method] specLog , [Message] null
07-06 20:48:46.445 D/FactoryTestApp(11060): [Class] SensorCalculator , [Method] specLog , [Message] null
07-06 20:48:46.445 D/FactoryTestApp(11060): [Class] SensorCalculator , [Method] specLog , [Message] null
07-06 20:48:46.455 I/FactoryTestApp(11060): [Class] ModuleTouchScreen , [Method] ModuleTouchScreen
07-06 20:48:46.465 I/FactoryTestApp(11060): [Class] ModuleTouchScreen , [Method] setTSPInfo
07-06 20:48:46.465 D/FactoryTestApp(11060): [Class] Support , [Method] Values.getString , [Message] id=TSP_MANUFACTURE, value=MELFAS
07-06 20:48:46.465 D/FactoryTestApp(11060): [Class] Support , [Method] Values.getString , [Message] id=PANEL_TYPE, value=TFT
07-06 20:48:46.465 D/FactoryTestApp(11060): [Class] Support , [Method] Values.getString , [Message] id=DEVICE_TYPE, value=phone
07-06 20:48:46.465 D/FactoryTestApp(11060): [Class] ModuleTouchScreen , [Method] setTSPInfo , [Message] mTSPVendorName : MELFAS
07-06 20:48:46.465 D/FactoryTestApp(11060): [Class] ModuleTouchScreen , [Method] setTSPInfo , [Message] mTSPPanelType : TFT
07-06 20:48:46.465 D/FactoryTestApp(11060): [Class] ModuleTouchScreen , [Method] setTSPInfo , [Message] mTSPDeviceType : phone
07-06 20:48:46.475 I/FactoryTestApp(11060): [Class] ModuleTouchScreen , [Method] setTSPConnectionSpec
07-06 20:48:46.475 D/FactoryTestApp(11060): [Class] Support , [Method] Values.getInt , [Message] id=TSP_SELFTEST_MIN, value=20204
07-06 20:48:46.495 D/FactoryTestApp(11060): [Class] Support , [Method] Values.getInt , [Message] id=TSP_SELFTEST_MAX, value=28884
07-06 20:48:46.495 D/FactoryTestApp(11060): [Class] Support , [Method] Values.getBoolean , [Message] id=FACTORY_TEST_APO, value=false
07-06 20:48:46.505 D/FactoryTestApp(11060): [Class] Support , [Method] Values.getString , [Message] id=FACTORY_TEST_PROTOCOL, value=NEW_DM
07-06 20:48:46.505 D/FactoryTestApp(11060): [Class] Support , [Method] Values.getString , [Message] id=CHIPSET_NAME, value=7x27
07-06 20:48:46.515 D/FactoryTestApp(11060): [Class] Support , [Method] Values.getString , [Message] id=CHIPSET_NAME, value=7x27
07-06 20:48:46.515 D/FactoryTestApp(11060): [Class] Support , [Method] Values.getString , [Message] id=CHIPSET_NAME, value=7x27
07-06 20:48:46.515 D/FactoryTestApp(11060): [Class] Support , [Method] Values.getString , [Message] id=CHIPSET_NAME, value=7x27
07-06 20:48:46.515 D/FactoryTestApp(11060): [Class] Support , [Method] Values.getString , [Message] id=CHIPSET_NAME_CP, value=#DEFAULT
07-06 20:48:46.525 D/FactoryTestApp(11060): [Class] Support , [Method] Values.getString , [Message] id=EFS_HW_PATH, value=/efs/FactoryApp/hw_ver
07-06 20:48:46.525 D/FactoryTestApp(11060): [Class] AtVersname , [Method] AtVersname , [Message] EFS_HW_PATHis already existed...
07-06 20:48:46.535 D/FactoryTestApp(11060): [Class] Support , [Method] Values.getString , [Message] id=CHIPSET_NAME, value=7x27
07-06 20:48:46.545 D/FactoryTestApp(11060): [Class] Support , [Method] Values.getString , [Message] id=CHIPSET_NAME, value=7x27
07-06 20:48:46.565 D/FactoryTestApp(11060): [Class] Support , [Method] Values.getString , [Message] id=SERIAL_NO, value=/efs/FactoryApp/serial_no
07-06 20:48:46.585 D/FactoryTestApp(11060): [Class] Support , [Method] Values.getString , [Message] id=BATTERY_VOLT_ADC_CAL, value=/sys/class/power_supply/battery/batt_vol_adc_cal
07-06 20:48:46.585 I/ActivityManager( 277): Start proc app.processName for broadcast hostingNameStr: pid=11119 uid=10024 gids={3003}
07-06 20:48:46.585 I/ActivityManager( 277): No longer want app.processName (pid 10513): hidden #16
07-06 20:48:46.595 D/SensorManager(11060): ====>>>>>Num Sensor: 1
07-06 20:48:46.595 D/SensorManager(11060): ====>>>>>Num Sensor: 0
07-06 20:48:46.605 D/FactoryTestApp(11060): [Class] Support , [Method] Values.getString , [Message] id=FACTORY_MODE, value=/efs/FactoryApp/factorymode
07-06 20:48:46.635 D/FactoryTestApp(11060): [Class] AtKstringb , [Method] AtKstringb , [Message] FACTORY_MODEis already existed...
07-06 20:48:46.635 D/FactoryTestApp(11060): [Class] Support , [Method] Values.getString , [Message] id=KEYSTRING_BLOCK, value=/efs/FactoryApp/keystr
07-06 20:48:46.655 D/FactoryTestApp(11060): [Class] AtKstringb , [Method] AtKstringb , [Message] KEYSTRING_BLOCKis already existed...
07-06 20:48:46.675 D/FactoryTestApp(11060): [Class] Support , [Method] Values.getBoolean , [Message] id=IS_TSP_STANDARD, value=true
07-06 20:48:46.685 D/FactoryTestApp(11060): [Class] Support , [Method] Values.getString , [Message] id=BAROMETE_DELTA, value=/efs/FactoryApp/baro_delta
07-06 20:48:46.695 I/ActivityThread(11119): Pub com.google.android.partnersetup.rlzprovider: com.google.android.partnersetup.RlzProvider
07-06 20:48:46.695 D/FactoryTestApp(11060): [Class] AtBaromete , [Method] AtBaromete , [Message] BAROMETE_DELTAis already existed...
07-06 20:48:46.715 I/ActivityThread(11119): Pub com.google.android.partnersetup.rlzappprovider: com.google.android.partnersetup.RlzAppProvider
07-06 20:48:46.875 D/PackageBroadcastService( 717): Received broadcast action=android.intent.action.PACKAGE_ADDED and uri=org.gophotog.myclockapp
07-06 20:48:47.115 W/PowerManagerService( 277): Timer 0x3->0x3|0x0
07-06 20:48:47.345 D/PackageBroadcastService( 717): Received broadcast action=android.intent.action.PACKAGE_REPLACED and uri=org.gophotog.myclockapp
07-06 20:48:47.345 E/SMD ( 105): DCD OFF
07-06 20:48:47.385 I/ActivityManager( 277): Start proc app.processName for broadcast hostingNameStr: pid=11141 uid=10030 gids={3003, 1015, 1023}
07-06 20:48:47.555 I/PeopleContactsSync( 717): CP2 sync disabled
07-06 20:48:47.575 I/PeopleContactsSync( 717): CP2 sync disabled
07-06 20:48:47.665 D/Finsky (11073): [1] 2.run: Loaded library for account: [t9fR9-wdggBqDU7apIl5Abm-Zn4]
07-06 20:48:47.665 D/Finsky (11073): [1] 2.run: Finished loading 1 libraries.
07-06 20:48:47.665 I/ActivityThread(11141): Pub com.google.android.apps.magazines.webdata: com.google.apps.dots.android.newsstand.provider.WebDataContentProvider
07-06 20:48:47.725 I/ActivityThread(11141): Pub com.google.android.apps.magazines: com.google.apps.dots.android.newsstand.provider.NSContentProvider
07-06 20:48:47.805 W/dalvikvm(11141): VFY: unable to resolve static method 6692: Landroid/webkit/WebView;.setWebContentsDebuggingEnabled (Z)V
07-06 20:48:47.825 I/ActivityManager( 277): No longer want app.processName (pid 531): hidden #16
07-06 20:48:47.845 W/ActivityManager( 277): Scheduling restart of crashed service r.shortName in 12685ms
07-06 20:48:47.855 W/dalvikvm(11141): VFY: unable to resolve virtual method 735: Landroid/content/res/Configuration;.getLayoutDirection ()I
07-06 20:48:47.895 I/ActivityManager( 277): Start proc app.processName for content provider hostingNameStr: pid=11156 uid=10016 gids={1015, 1023, 1024, 2001, 3003, 3007}
07-06 20:48:47.925 I/ActivityManager( 277): No longer want app.processName (pid 10383): hidden #16
07-06 20:48:47.945 I/ActivityThread(11156): Pub media: com.android.providers.media.MediaProvider
07-06 20:48:47.995 W/dalvikvm(11141): VFY: unable to resolve static method 1346: Landroid/os/Trace;.beginSection (Ljava/lang/String;)V
07-06 20:48:47.995 W/dalvikvm(11141): VFY: unable to resolve static method 1347: Landroid/os/Trace;.endSection ()V
07-06 20:48:48.005 W/dalvikvm(11141): VFY: unable to resolve static method 1347: Landroid/os/Trace;.endSection ()V
07-06 20:48:48.095 W/GAV2 (11141): Thread[main,5,main]: Need to call initialize() and be in fallback mode to start dispatch.
07-06 20:48:48.205 I/ActivityThread(11156): Pub downloads: com.android.providers.downloads.DownloadProvider
07-06 20:48:48.235 I/ActivityThread(11156): Pub drm: com.android.providers.drm.DrmProvider
07-06 20:48:48.235 I/DownloadManager(11156): in removeSpuriousFiles
07-06 20:48:48.285 W/dalvikvm(11141): VFY: unable to resolve virtual method 848: Landroid/graphics/Bitmap;.getAllocationByteCount ()I
07-06 20:48:48.285 W/dalvikvm(11141): VFY: unable to resolve virtual method 858: Landroid/graphics/Bitmap;.reconfigure (IILandroid/graphics/Bitmap$Config;)V
07-06 20:48:48.305 I/ActivityThread(11141): Pub com.google.android.apps.magazines.exported: com.google.apps.dots.android.newsstand.provider.ExportedContentProvider
07-06 20:48:48.325 I/NSApplication(11141): Starting up...
07-06 20:48:48.365 D/GCM ( 590): GcmService start Intent { act=com.google.android.gms.INITIALIZE flg=0x10 pkg=com.google.android.gms cmp=xxxx } com.google.android.gms.INITIALIZE
07-06 20:48:48.795 I/ActivityManager( 277): Start proc app.processName for broadcast hostingNameStr: pid=11186 uid=10025 gids={3003}
07-06 20:48:48.805 I/ActivityManager( 277): No longer want app.processName (pid 1661): hidden #16
07-06 20:48:48.865 D/Finsky (11073): [1] GmsCoreHelper.cleanupNlp: result=false type=4
07-06 20:48:48.885 I/ActivityThread(11186): Pub com.google.android.googlequicksearchbox.shortcuts: com.google.android.googlequicksearchbox.WebHistoryProvider
07-06 20:48:48.895 I/ActivityThread(11186): Pub com.google.android.googlequicksearchbox.google: com.google.android.googlequicksearchbox.google.GoogleSuggestionProvider
07-06 20:48:48.965 D/Finsky (11073): [1] RestoreTracker.stopServiceIfDone: Restore complete with 0 success and 0 failed.
07-06 20:48:48.965 I/ActivityManager( 277): No longer want app.processName (pid 1772): hidden #16
07-06 20:48:49.295 W/SignalStrength( 277): getCdmaLevel=3
07-06 20:48:49.295 W/SignalStrength( 277): getEvdoLevel=0
07-06 20:48:49.295 W/SignalStrength( 277): getCdmaLevel=3
07-06 20:48:49.295 W/SignalStrength( 277): getLevel=3
07-06 20:48:49.295 W/SignalStrength( 484): getCdmaLevel=3
07-06 20:48:49.295 W/SignalStrength( 484): getEvdoLevel=0
07-06 20:48:49.295 W/SignalStrength( 484): getCdmaLevel=3
07-06 20:48:49.295 W/SignalStrength( 484): getLevel=3
07-06 20:48:49.685 I/ActivityManager( 277): No longer want app.processName (pid 11006): hidden #16
07-06 20:48:49.755 I/ActivityManager( 277): START {intent.toShortString} from pid 11207
07-06 20:48:49.785 D/InputTransport( 277): Input channel constructed: ashmemFd=200, receivePipeFd=256, sendPipeFd=255
07-06 20:48:49.785 D/InputTransport( 277): Input channel constructed: ashmemFd=201, receivePipeFd=203, sendPipeFd=257
07-06 20:48:49.845 D/memalloc( 108): /dev/pmem: Allocated buffer base:0x415fe000 size:614400 offset:573440 fd:33
07-06 20:48:49.845 D/memalloc( 277): /dev/pmem: Mapped buffer base:0x5188a000 size:1187840 offset:573440 fd:261
07-06 20:48:49.915 I/Adreno200-EGLSUB( 108): : Android Image
07-06 20:48:49.915 I/Adreno200-EGLSUB( 108): : RGBA_8888
07-06 20:48:49.915 I/ActivityManager( 277): Start proc app.processName for activity hostingNameStr: pid=11219 uid=10062 gids={3003, 1007}
07-06 20:48:49.925 I/UsageStats( 277): Deleting usage file : usage-20140702
07-06 20:48:49.945 I/WindowManager( 277): SCREENLAYOUT_SIZE (1:small, 2:normal, 3:large, 4:xlarge) 2
07-06 20:48:49.945 V/WindowManager( 277): rotationForOrientationLw(orient=-1, last=0); user=0 mLidOpen=-1 mDockMode=0 mHdmiPlugged=false mAccelerometerDefault=1 sensorRotation=-1
07-06 20:48:50.125 D/MyClockApp.MyDigitalClock(11219): +MyDigitalClock(Content, AttributeSet)
07-06 20:48:50.125 D/MyClockApp.MyDigitalClock(11219): +initClock
07-06 20:48:50.145 D/MyClockApp.MyDigitalClock(11219): -initClock
07-06 20:48:50.145 D/MyClockApp.MyDigitalClock(11219): -MyDigitalClock(Content, AttributeSet)
07-06 20:48:50.145 D/MyClockApp(11219): +onStart
07-06 20:48:50.155 D/MyClockApp(11219): isAvailable: true
07-06 20:48:50.155 D/MyClockApp(11219): isConnected: true
07-06 20:48:50.155 D/MyClockApp(11219): isConnectedOrConnecting: true
07-06 20:48:50.155 D/MyClockApp(11219): isFailover: false
07-06 20:48:50.155 D/MyClockApp(11219): isRoaming: false
07-06 20:48:50.155 D/MyClockApp(11219): strExtra: null
07-06 20:48:50.155 D/MyClockApp(11219): strReason: null
07-06 20:48:50.155 D/MyClockApp(11219): iSubType: 0
07-06 20:48:50.155 D/MyClockApp(11219): strSubtypeName:
07-06 20:48:50.155 D/MyClockApp(11219): iType: 1
07-06 20:48:50.155 D/MyClockApp(11219): strType: WIFI
07-06 20:48:50.155 D/MyClockApp(11219): strString: NetworkInfo: type: WIFI[], state: CONNECTED/CONNECTED, reason: (unspecified), extra: (none), roaming: false, failover: false, isAvailable: true
07-06 20:48:50.175 D/MyClockApp.SntpClient(11219): +requestTime
07-06 20:48:50.175 D/memalloc( 573): /dev/pmem: Unmapping buffer base:0x5185d000 size:7372800 offset:6758400
07-06 20:48:50.175 D/memalloc( 573): /dev/pmem: Unmapping buffer base:0x50311000 size:1884160 offset:1269760
07-06 20:48:50.175 D/memalloc( 573): /dev/pmem: Unmapping buffer base:0x51f65000 size:6758400 offset:6144000
07-06 20:48:50.175 D/memalloc( 108): /dev/pmem: Freeing buffer base:0x41c70000 size:614400 offset:6758400 fd:45
07-06 20:48:50.175 D/memalloc( 108): /dev/pmem: Freeing buffer base:0x41734000 size:614400 offset:1269760 fd:48
07-06 20:48:50.295 D/MyClockApp.SntpClient(11219): -requestTime
07-06 20:48:50.295 D/MyClockApp(11219): iCtr: 0
07-06 20:48:50.305 D/MyClockApp(11219): lNtpTime: 1404694131131
07-06 20:48:50.305 D/MyClockApp(11219): lElapsedRealtime: 34693300
07-06 20:48:50.315 D/MyClockApp(11219): lNtptimeReference: 34693294
07-06 20:48:50.315 D/MyClockApp(11219): lSNTPTime: 0
07-06 20:48:50.315 D/MyClockApp(11219): +Datetime
07-06 20:48:50.315 D/MyClockApp(11219): Current time: Sun Jul 06 20:48:50 EDT 2014
07-06 20:48:50.335 D/MyClockApp(11219): -Datetime
07-06 20:48:50.335 D/MyClockApp(11219): +SNTPDatetime
07-06 20:48:50.335 D/MyClockApp(11219): lSNTPTime: 1404694131137
07-06 20:48:50.335 D/MyClockApp(11219): SNTP Current time: Sun Jul 06 20:48:51 EDT 2014
07-06 20:48:50.335 D/MyClockApp(11219): -SNTPDatetime
07-06 20:48:50.345 D/MyClockApp(11219): strStorageLocation: /data/data/org.gophotog.myclockapp/files
07-06 20:48:50.345 D/MyClockApp(11219): -onStart
07-06 20:48:50.345 E/SMD ( 105): DCD OFF
07-06 20:48:50.355 D/InputTransport( 277): Input channel constructed: ashmemFd=258, receivePipeFd=265, sendPipeFd=264
07-06 20:48:50.355 D/InputTransport( 277): Input channel constructed: ashmemFd=259, receivePipeFd=260, sendPipeFd=266
07-06 20:48:50.355 D/InputTransport( 277): Input channel destroyed: ashmemFd=259, receivePipeFd=260, sendPipeFd=266
07-06 20:48:50.365 D/InputTransport(11219): Input channel constructed: ashmemFd=42, receivePipeFd=43, sendPipeFd=44
07-06 20:48:50.365 D/MyClockApp.MyDigitalClock(11219): +onAttachedToWindow
07-06 20:48:50.365 D/MyClockApp.MyDigitalClock(11219): -onAttachedToWindow
07-06 20:48:50.405 D/PowerManagerService( 277): acquireWakeLock flags=0xa tag=KEEP_SCREEN_ON_FLAG uid=1000 pid=277 myUID=1000 myPID=277 myTID=581
07-06 20:48:50.465 I/Adreno200-EGLSUB(11219): : Format RGBA_8888.
07-06 20:48:50.465 D/memalloc( 108): /dev/pmem: Allocated buffer base:0x415fe000 size:614400 offset:6758400 fd:39
07-06 20:48:50.465 D/memalloc(11219): /dev/pmem: Mapped buffer base:0x5092d000 size:7372800 offset:6758400 fd:49
07-06 20:48:50.575 I/ActivityManager( 277): Start proc app.processName for service hostingNameStr: pid=11235 uid=10004 gids={3002, 3001}
07-06 20:48:50.595 D/PowerManagerService( 277): releaseWakeLockLocked flags=0x0 tag=KEEP_SCREEN_ON_FLAG myUID=1000 myPID=277 myTID=436
07-06 20:48:50.615 D/memalloc( 108): /dev/pmem: Freeing buffer base:0x41bda000 size:614400 offset:6144000 fd:30
07-06 20:48:50.725 D/memalloc( 108): /dev/pmem: Allocated buffer base:0x415fe000 size:614400 offset:6144000 fd:30
