07-06 20:33:59.965 W/SignalStrength( 484): getEvdoLevel=0
07-06 20:33:59.965 W/SignalStrength( 484): getCdmaLevel=2
07-06 20:33:59.965 W/SignalStrength( 484): getLevel=2
07-06 20:34:00.955 W/SignalStrength( 277): getCdmaLevel=3
07-06 20:34:00.955 W/SignalStrength( 277): getEvdoLevel=0
07-06 20:34:00.955 W/SignalStrength( 277): getCdmaLevel=3
07-06 20:34:00.955 W/SignalStrength( 277): getLevel=3
07-06 20:34:00.965 W/SignalStrength( 484): getCdmaLevel=3
07-06 20:34:00.965 W/SignalStrength( 484): getEvdoLevel=0
07-06 20:34:00.965 W/SignalStrength( 484): getCdmaLevel=3
07-06 20:34:00.965 W/SignalStrength( 484): getLevel=3
07-06 20:34:01.625 E/SMD ( 105): DCD OFF
07-06 20:34:04.625 E/SMD ( 105): DCD OFF
07-06 20:34:07.635 E/SMD ( 105): DCD OFF
07-06 20:34:09.965 W/SignalStrength( 277): getCdmaLevel=2
07-06 20:34:09.965 W/SignalStrength( 277): getEvdoLevel=0
07-06 20:34:09.965 W/SignalStrength( 277): getCdmaLevel=2
07-06 20:34:09.965 W/SignalStrength( 277): getLevel=2
07-06 20:34:09.965 W/SignalStrength( 484): getCdmaLevel=2
07-06 20:34:09.965 W/SignalStrength( 484): getEvdoLevel=0
07-06 20:34:09.965 W/SignalStrength( 484): getCdmaLevel=2
07-06 20:34:09.965 W/SignalStrength( 484): getLevel=2
07-06 20:34:10.635 E/SMD ( 105): DCD OFF
07-06 20:34:10.965 W/SignalStrength( 277): getCdmaLevel=3
07-06 20:34:10.965 W/SignalStrength( 277): getEvdoLevel=0
07-06 20:34:10.965 W/SignalStrength( 277): getCdmaLevel=3
07-06 20:34:10.965 W/SignalStrength( 277): getLevel=3
07-06 20:34:10.965 W/SignalStrength( 484): getCdmaLevel=3
07-06 20:34:10.965 W/SignalStrength( 484): getEvdoLevel=0
07-06 20:34:10.965 W/SignalStrength( 484): getCdmaLevel=3
07-06 20:34:10.975 W/SignalStrength( 484): getLevel=3
07-06 20:34:13.645 E/SMD ( 105): DCD OFF
07-06 20:34:16.645 E/SMD ( 105): DCD OFF
07-06 20:34:18.875 V/StatusBar.BatteryController( 484): status5batteryHealth 2
07-06 20:34:18.875 D/StatusBar.BatteryController( 484): mOldstatus5status 5
07-06 20:34:18.875 D/StatusBar.BatteryController( 484): now old status is 5
07-06 20:34:19.645 E/SMD ( 105): DCD OFF
07-06 20:34:22.645 E/SMD ( 105): DCD OFF
07-06 20:34:24.965 W/SignalStrength( 277): getCdmaLevel=2
07-06 20:34:24.965 W/SignalStrength( 277): getEvdoLevel=0
07-06 20:34:24.965 W/SignalStrength( 277): getCdmaLevel=2
07-06 20:34:24.965 W/SignalStrength( 277): getLevel=2
07-06 20:34:24.975 W/SignalStrength( 484): getCdmaLevel=2
07-06 20:34:24.975 W/SignalStrength( 484): getEvdoLevel=0
07-06 20:34:24.975 W/SignalStrength( 484): getCdmaLevel=2
07-06 20:34:24.975 W/SignalStrength( 484): getLevel=2
07-06 20:34:25.655 E/SMD ( 105): DCD OFF
07-06 20:34:28.655 E/SMD ( 105): DCD OFF
07-06 20:34:28.895 V/StatusBar.BatteryController( 484): status5batteryHealth 2
07-06 20:34:28.895 D/StatusBar.BatteryController( 484): mOldstatus5status 5
07-06 20:34:28.895 D/StatusBar.BatteryController( 484): now old status is 5
07-06 20:34:31.655 E/SMD ( 105): DCD OFF
07-06 20:34:31.965 W/SignalStrength( 277): getCdmaLevel=3
07-06 20:34:31.965 W/SignalStrength( 277): getEvdoLevel=0
07-06 20:34:31.965 W/SignalStrength( 277): getCdmaLevel=3
07-06 20:34:31.965 W/SignalStrength( 277): getLevel=3
07-06 20:34:31.975 W/SignalStrength( 484): getCdmaLevel=3
07-06 20:34:31.975 W/SignalStrength( 484): getEvdoLevel=0
07-06 20:34:31.975 W/SignalStrength( 484): getCdmaLevel=3
07-06 20:34:31.975 W/SignalStrength( 484): getLevel=3
07-06 20:34:34.655 E/SMD ( 105): DCD OFF
07-06 20:34:37.665 E/SMD ( 105): DCD OFF
07-06 20:34:40.665 E/SMD ( 105): DCD OFF
07-06 20:34:40.975 W/SignalStrength( 277): getCdmaLevel=2
07-06 20:34:40.975 W/SignalStrength( 277): getEvdoLevel=0
07-06 20:34:40.975 W/SignalStrength( 277): getCdmaLevel=2
07-06 20:34:40.975 W/SignalStrength( 277): getLevel=2
07-06 20:34:40.975 W/SignalStrength( 484): getCdmaLevel=2
07-06 20:34:40.985 W/SignalStrength( 484): getEvdoLevel=0
07-06 20:34:40.985 W/SignalStrength( 484): getCdmaLevel=2
07-06 20:34:40.985 W/SignalStrength( 484): getLevel=2
07-06 20:34:43.665 E/SMD ( 105): DCD OFF
07-06 20:34:46.665 E/SMD ( 105): DCD OFF
07-06 20:34:46.975 W/SignalStrength( 277): getCdmaLevel=3
07-06 20:34:46.975 W/SignalStrength( 277): getEvdoLevel=0
07-06 20:34:46.975 W/SignalStrength( 277): getCdmaLevel=3
07-06 20:34:46.975 W/SignalStrength( 277): getLevel=3
07-06 20:34:46.985 W/SignalStrength( 484): getCdmaLevel=3
07-06 20:34:46.985 W/SignalStrength( 484): getEvdoLevel=0
07-06 20:34:46.985 W/SignalStrength( 484): getCdmaLevel=3
07-06 20:34:46.985 W/SignalStrength( 484): getLevel=3
07-06 20:34:48.935 V/StatusBar.BatteryController( 484): status5batteryHealth 2
07-06 20:34:48.935 D/StatusBar.BatteryController( 484): mOldstatus5status 5
07-06 20:34:48.935 D/StatusBar.BatteryController( 484): now old status is 5
07-06 20:34:49.675 E/SMD ( 105): DCD OFF
07-06 20:34:52.675 E/SMD ( 105): DCD OFF
07-06 20:34:55.675 E/SMD ( 105): DCD OFF
07-06 20:34:58.675 E/SMD ( 105): DCD OFF
07-06 20:35:01.675 E/SMD ( 105): DCD OFF
07-06 20:35:04.685 E/SMD ( 105): DCD OFF
07-06 20:35:07.685 E/SMD ( 105): DCD OFF
07-06 20:35:08.965 V/StatusBar.BatteryController( 484): status5batteryHealth 2
07-06 20:35:08.965 D/StatusBar.BatteryController( 484): mOldstatus5status 5
07-06 20:35:08.965 D/StatusBar.BatteryController( 484): now old status is 5
07-06 20:35:10.685 E/SMD ( 105): DCD OFF
07-06 20:35:13.685 E/SMD ( 105): DCD OFF
07-06 20:35:16.695 E/SMD ( 105): DCD OFF
07-06 20:35:18.995 V/StatusBar.BatteryController( 484): status5batteryHealth 2
07-06 20:35:18.995 D/StatusBar.BatteryController( 484): mOldstatus5status 5
07-06 20:35:18.995 D/StatusBar.BatteryController( 484): now old status is 5
07-06 20:35:19.695 E/SMD ( 105): DCD OFF
07-06 20:35:22.695 E/SMD ( 105): DCD OFF
07-06 20:35:25.695 E/SMD ( 105): DCD OFF
07-06 20:35:28.525 D/GCM ( 590): Ignoring attempt to send heartbeat on dead connection.
07-06 20:35:28.705 E/SMD ( 105): DCD OFF
07-06 20:35:29.835 D/SensorManager( 754): registerListener :: handle = 0 name= BOSCH 3-axis Accelerometer delay= 10000 Listener= kvo@413cfd60
07-06 20:35:29.835 E/SensorManager( 754): thread start
07-06 20:35:29.835 E/SensorManager( 754): =======>>>Sensor Thread RUNNING <<<========
07-06 20:35:30.645 I/SensorManager( 754): Set normal delay = true
07-06 20:35:30.725 D/SensorManager( 754): unregisterListener:: disable all sensors for this listener, name = BOSCH 3-axis Accelerometer listener = kvo@413cfd60
07-06 20:35:30.755 I/GCoreUlr( 754): Received powerMode change from NLP: com.google.android.location.activity.LOW_POWER_MODE_ENABLED
07-06 20:35:30.755 I/GCoreUlr( 754): Starting service, intent=Intent { act=com.google.android.location.reporting.ACTION_UPDATE_ACTIVE_STATE cmp=xxxx }, extras=null
07-06 20:35:30.885 I/GCoreUlr( 754): Ensuring that reporting is active for [account#15#]
07-06 20:35:30.895 I/GCoreUlr( 754): Starting service, intent=Intent { act=com.google.android.location.reporting.ACTION_LOCATION_STATUS cmp=xxxx (has extras) }, extras=Bundle[{status=LocationStatus[cell status: STATUS_SUCCESSFUL, wifi status: STATUS_INVALID_SCAN, elapsed realtime ns: 237188000000]}]
07-06 20:35:31.705 E/SMD ( 105): DCD OFF
07-06 20:35:34.705 E/SMD ( 105): DCD OFF
07-06 20:35:37.705 E/SMD ( 105): DCD OFF
07-06 20:35:39.025 V/StatusBar.BatteryController( 484): status5batteryHealth 2
07-06 20:35:39.025 D/StatusBar.BatteryController( 484): mOldstatus5status 5
07-06 20:35:39.025 D/StatusBar.BatteryController( 484): now old status is 5
07-06 20:35:40.705 E/SMD ( 105): DCD OFF
07-06 20:35:43.715 E/SMD ( 105): DCD OFF
07-06 20:35:46.715 E/SMD ( 105): DCD OFF
07-06 20:35:49.045 V/StatusBar.BatteryController( 484): status5batteryHealth 2
07-06 20:35:49.055 D/StatusBar.BatteryController( 484): mOldstatus5status 5
07-06 20:35:49.055 D/StatusBar.BatteryController( 484): now old status is 5
07-06 20:35:49.715 E/SMD ( 105): DCD OFF
07-06 20:35:52.715 E/SMD ( 105): DCD OFF
07-06 20:35:53.545 D/Tethering( 277): interfaceLinkStateChanged wlan0, true
07-06 20:35:53.545 D/Tethering( 277): interfaceStatusChanged wlan0, true
07-06 20:35:55.725 E/SMD ( 105): DCD OFF
07-06 20:35:57.005 W/SignalStrength( 277): getCdmaLevel=2
07-06 20:35:57.005 W/SignalStrength( 277): getEvdoLevel=0
07-06 20:35:57.005 W/SignalStrength( 277): getCdmaLevel=2
07-06 20:35:57.005 W/SignalStrength( 277): getLevel=2
07-06 20:35:57.005 W/SignalStrength( 484): getCdmaLevel=2
07-06 20:35:57.005 W/SignalStrength( 484): getEvdoLevel=0
07-06 20:35:57.005 W/SignalStrength( 484): getCdmaLevel=2
07-06 20:35:57.005 W/SignalStrength( 484): getLevel=2
07-06 20:35:58.725 E/SMD ( 105): DCD OFF
07-06 20:36:00.015 W/SignalStrength( 277): getCdmaLevel=3
07-06 20:36:00.015 W/SignalStrength( 277): getEvdoLevel=0
07-06 20:36:00.015 W/SignalStrength( 277): getCdmaLevel=3
07-06 20:36:00.015 W/SignalStrength( 277): getLevel=3
07-06 20:36:00.055 W/SignalStrength( 484): getCdmaLevel=3
07-06 20:36:00.055 W/SignalStrength( 484): getEvdoLevel=0
07-06 20:36:00.055 W/SignalStrength( 484): getCdmaLevel=3
07-06 20:36:00.055 W/SignalStrength( 484): getLevel=3
07-06 20:36:01.725 E/SMD ( 105): DCD OFF
07-06 20:36:04.725 E/SMD ( 105): DCD OFF
07-06 20:36:07.735 E/SMD ( 105): DCD OFF
07-06 20:36:08.955 D/Tethering( 277): interfaceLinkStateChanged wlan0, true
07-06 20:36:08.955 D/Tethering( 277): interfaceStatusChanged wlan0, true
07-06 20:36:10.735 E/SMD ( 105): DCD OFF
07-06 20:36:13.735 E/SMD ( 105): DCD OFF
07-06 20:36:16.735 E/SMD ( 105): DCD OFF
07-06 20:36:19.735 E/SMD ( 105): DCD OFF
07-06 20:36:21.015 W/SignalStrength( 277): getCdmaLevel=2
07-06 20:36:21.015 W/SignalStrength( 277): getEvdoLevel=0
07-06 20:36:21.015 W/SignalStrength( 277): getCdmaLevel=2
07-06 20:36:21.015 W/SignalStrength( 277): getLevel=2
07-06 20:36:21.015 W/SignalStrength( 484): getCdmaLevel=2
07-06 20:36:21.015 W/SignalStrength( 484): getEvdoLevel=0
07-06 20:36:21.015 W/SignalStrength( 484): getCdmaLevel=2
07-06 20:36:21.015 W/SignalStrength( 484): getLevel=2
07-06 20:36:22.745 E/SMD ( 105): DCD OFF
07-06 20:36:25.745 E/SMD ( 105): DCD OFF
07-06 20:36:28.745 E/SMD ( 105): DCD OFF
07-06 20:36:29.135 V/StatusBar.BatteryController( 484): status5batteryHealth 2
07-06 20:36:29.135 D/StatusBar.BatteryController( 484): mOldstatus5status 5
07-06 20:36:29.135 D/StatusBar.BatteryController( 484): now old status is 5
07-06 20:36:31.745 E/SMD ( 105): DCD OFF
07-06 20:36:34.755 E/SMD ( 105): DCD OFF
07-06 20:36:36.015 W/SignalStrength( 277): getCdmaLevel=3
07-06 20:36:36.015 W/SignalStrength( 277): getEvdoLevel=0
07-06 20:36:36.015 W/SignalStrength( 277): getCdmaLevel=3
07-06 20:36:36.015 W/SignalStrength( 277): getLevel=3
07-06 20:36:36.015 W/SignalStrength( 484): getCdmaLevel=3
07-06 20:36:36.025 W/SignalStrength( 484): getEvdoLevel=0
07-06 20:36:36.025 W/SignalStrength( 484): getCdmaLevel=3
07-06 20:36:36.025 W/SignalStrength( 484): getLevel=3
07-06 20:36:37.755 E/SMD ( 105): DCD OFF
07-06 20:36:39.155 V/StatusBar.BatteryController( 484): status5batteryHealth 2
07-06 20:36:39.155 D/StatusBar.BatteryController( 484): mOldstatus5status 5
07-06 20:36:39.155 D/StatusBar.BatteryController( 484): now old status is 5
07-06 20:36:40.755 E/SMD ( 105): DCD OFF
07-06 20:36:42.315 D/Tethering( 277): interfaceLinkStateChanged wlan0, true
07-06 20:36:42.315 D/Tethering( 277): interfaceStatusChanged wlan0, true
07-06 20:36:43.755 E/SMD ( 105): DCD OFF
07-06 20:36:46.765 E/SMD ( 105): DCD OFF
07-06 20:36:47.325 D/Tethering( 277): interfaceLinkStateChanged wlan0, true
07-06 20:36:47.325 D/Tethering( 277): interfaceStatusChanged wlan0, true
07-06 20:36:49.025 W/SignalStrength( 277): getCdmaLevel=2
07-06 20:36:49.025 W/SignalStrength( 277): getEvdoLevel=0
07-06 20:36:49.025 W/SignalStrength( 277): getCdmaLevel=2
07-06 20:36:49.025 W/SignalStrength( 277): getLevel=2
07-06 20:36:49.025 W/SignalStrength( 484): getCdmaLevel=2
07-06 20:36:49.025 W/SignalStrength( 484): getEvdoLevel=0
07-06 20:36:49.025 W/SignalStrength( 484): getCdmaLevel=2
07-06 20:36:49.025 W/SignalStrength( 484): getLevel=2
07-06 20:36:49.765 E/SMD ( 105): DCD OFF
07-06 20:36:50.025 W/SignalStrength( 277): getCdmaLevel=3
07-06 20:36:50.025 W/SignalStrength( 277): getEvdoLevel=0
07-06 20:36:50.025 W/SignalStrength( 277): getCdmaLevel=3
07-06 20:36:50.025 W/SignalStrength( 277): getLevel=3
07-06 20:36:50.025 W/SignalStrength( 484): getCdmaLevel=3
07-06 20:36:50.025 W/SignalStrength( 484): getEvdoLevel=0
07-06 20:36:50.025 W/SignalStrength( 484): getCdmaLevel=3
07-06 20:36:50.025 W/SignalStrength( 484): getLevel=3
07-06 20:36:52.765 E/SMD ( 105): DCD OFF
07-06 20:36:55.765 E/SMD ( 105): DCD OFF
07-06 20:36:58.775 E/SMD ( 105): DCD OFF
07-06 20:37:01.775 E/SMD ( 105): DCD OFF
07-06 20:37:04.775 E/SMD ( 105): DCD OFF
07-06 20:37:07.775 E/SMD ( 105): DCD OFF
07-06 20:37:10.775 E/SMD ( 105): DCD OFF
07-06 20:37:13.785 E/SMD ( 105): DCD OFF
07-06 20:37:16.785 E/SMD ( 105): DCD OFF
07-06 20:37:19.225 V/StatusBar.BatteryController( 484): status5batteryHealth 2
07-06 20:37:19.225 D/StatusBar.BatteryController( 484): mOldstatus5status 5
07-06 20:37:19.225 D/StatusBar.BatteryController( 484): now old status is 5
07-06 20:37:19.785 E/SMD ( 105): DCD OFF
07-06 20:37:22.785 E/SMD ( 105): DCD OFF
07-06 20:37:25.795 E/SMD ( 105): DCD OFF
07-06 20:37:28.795 E/SMD ( 105): DCD OFF
07-06 20:37:29.255 V/StatusBar.BatteryController( 484): status5batteryHealth 2
07-06 20:37:29.255 D/StatusBar.BatteryController( 484): mOldstatus5status 5
07-06 20:37:29.255 D/StatusBar.BatteryController( 484): now old status is 5
07-06 20:37:30.035 W/SignalStrength( 277): getCdmaLevel=2
07-06 20:37:30.035 W/SignalStrength( 277): getEvdoLevel=0
07-06 20:37:30.035 W/SignalStrength( 277): getCdmaLevel=2
07-06 20:37:30.035 W/SignalStrength( 277): getLevel=2
07-06 20:37:30.045 W/SignalStrength( 484): getCdmaLevel=2
07-06 20:37:30.045 W/SignalStrength( 484): getEvdoLevel=0
07-06 20:37:30.045 W/SignalStrength( 484): getCdmaLevel=2
07-06 20:37:30.045 W/SignalStrength( 484): getLevel=2
07-06 20:37:31.035 W/SignalStrength( 277): getCdmaLevel=3
07-06 20:37:31.035 W/SignalStrength( 277): getEvdoLevel=0
07-06 20:37:31.035 W/SignalStrength( 277): getCdmaLevel=3
07-06 20:37:31.035 W/SignalStrength( 277): getLevel=3
07-06 20:37:31.045 W/SignalStrength( 484): getCdmaLevel=3
07-06 20:37:31.045 W/SignalStrength( 484): getEvdoLevel=0
07-06 20:37:31.045 W/SignalStrength( 484): getCdmaLevel=3
07-06 20:37:31.045 W/SignalStrength( 484): getLevel=3
07-06 20:37:31.795 E/SMD ( 105): DCD OFF
07-06 20:37:34.795 E/SMD ( 105): DCD OFF
07-06 20:37:37.805 E/SMD ( 105): DCD OFF
07-06 20:37:39.275 V/StatusBar.BatteryController( 484): status5batteryHealth 2
07-06 20:37:39.275 D/StatusBar.BatteryController( 484): mOldstatus5status 5
07-06 20:37:39.275 D/StatusBar.BatteryController( 484): now old status is 5
07-06 20:37:40.805 E/SMD ( 105): DCD OFF
07-06 20:37:43.805 E/SMD ( 105): DCD OFF
07-06 20:37:46.805 E/SMD ( 105): DCD OFF
07-06 20:37:49.285 V/StatusBar.BatteryController( 484): status5batteryHealth 2
07-06 20:37:49.285 D/StatusBar.BatteryController( 484): mOldstatus5status 5
07-06 20:37:49.285 D/StatusBar.BatteryController( 484): now old status is 5
07-06 20:37:49.805 E/SMD ( 105): DCD OFF
07-06 20:37:52.815 E/SMD ( 105): DCD OFF
07-06 20:37:55.815 E/SMD ( 105): DCD OFF
07-06 20:37:58.815 E/SMD ( 105): DCD OFF
07-06 20:38:01.815 E/SMD ( 105): DCD OFF
07-06 20:38:04.825 E/SMD ( 105): DCD OFF
07-06 20:38:07.825 E/SMD ( 105): DCD OFF
07-06 20:38:09.335 V/StatusBar.BatteryController( 484): status5batteryHealth 2
07-06 20:38:09.335 D/StatusBar.BatteryController( 484): mOldstatus5status 5
07-06 20:38:09.335 D/StatusBar.BatteryController( 484): now old status is 5
07-06 20:38:10.825 E/SMD ( 105): DCD OFF
07-06 20:38:13.825 E/SMD ( 105): DCD OFF
07-06 20:38:16.825 E/SMD ( 105): DCD OFF
07-06 20:38:19.835 E/SMD ( 105): DCD OFF
07-06 20:38:21.055 W/SignalStrength( 277): getCdmaLevel=2
07-06 20:38:21.055 W/SignalStrength( 277): getEvdoLevel=0
07-06 20:38:21.055 W/SignalStrength( 277): getCdmaLevel=2
07-06 20:38:21.055 W/SignalStrength( 277): getLevel=2
07-06 20:38:21.055 W/SignalStrength( 484): getCdmaLevel=2
07-06 20:38:21.055 W/SignalStrength( 484): getEvdoLevel=0
07-06 20:38:21.055 W/SignalStrength( 484): getCdmaLevel=2
07-06 20:38:21.055 W/SignalStrength( 484): getLevel=2
07-06 20:38:22.065 W/SignalStrength( 277): getCdmaLevel=3
07-06 20:38:22.065 W/SignalStrength( 277): getEvdoLevel=0
07-06 20:38:22.065 W/SignalStrength( 277): getCdmaLevel=3
07-06 20:38:22.065 W/SignalStrength( 277): getLevel=3
07-06 20:38:22.065 W/SignalStrength( 484): getCdmaLevel=3
07-06 20:38:22.065 W/SignalStrength( 484): getEvdoLevel=0
07-06 20:38:22.065 W/SignalStrength( 484): getCdmaLevel=3
07-06 20:38:22.065 W/SignalStrength( 484): getLevel=3
07-06 20:38:22.835 E/SMD ( 105): DCD OFF
07-06 20:38:25.835 E/SMD ( 105): DCD OFF
07-06 20:38:28.835 E/SMD ( 105): DCD OFF
07-06 20:38:29.065 D/SensorManager( 754): registerListener :: handle = 0 name= BOSCH 3-axis Accelerometer delay= 10000 Listener= kvo@412f32a8
07-06 20:38:29.065 E/SensorManager( 754): thread start
07-06 20:38:29.065 E/SensorManager( 754): =======>>>Sensor Thread RUNNING <<<========
07-06 20:38:29.375 V/StatusBar.BatteryController( 484): status5batteryHealth 2
07-06 20:38:29.375 D/StatusBar.BatteryController( 484): mOldstatus5status 5
07-06 20:38:29.375 D/StatusBar.BatteryController( 484): now old status is 5
07-06 20:38:29.775 I/SensorManager( 754): Set normal delay = true
07-06 20:38:29.855 D/SensorManager( 754): unregisterListener:: disable all sensors for this listener, name = BOSCH 3-axis Accelerometer listener = kvo@412f32a8
07-06 20:38:31.065 W/SignalStrength( 277): getCdmaLevel=2
07-06 20:38:31.065 W/SignalStrength( 277): getEvdoLevel=0
07-06 20:38:31.065 W/SignalStrength( 277): getCdmaLevel=2
07-06 20:38:31.065 W/SignalStrength( 277): getLevel=2
07-06 20:38:31.065 W/SignalStrength( 484): getCdmaLevel=2
07-06 20:38:31.065 W/SignalStrength( 484): getEvdoLevel=0
07-06 20:38:31.065 W/SignalStrength( 484): getCdmaLevel=2
07-06 20:38:31.065 W/SignalStrength( 484): getLevel=2
07-06 20:38:31.845 E/SMD ( 105): DCD OFF
07-06 20:38:32.065 W/SignalStrength( 277): getCdmaLevel=3
07-06 20:38:32.065 W/SignalStrength( 277): getEvdoLevel=0
07-06 20:38:32.065 W/SignalStrength( 277): getCdmaLevel=3
07-06 20:38:32.065 W/SignalStrength( 277): getLevel=3
07-06 20:38:32.065 W/SignalStrength( 484): getCdmaLevel=3
07-06 20:38:32.065 W/SignalStrength( 484): getEvdoLevel=0
07-06 20:38:32.065 W/SignalStrength( 484): getCdmaLevel=3
07-06 20:38:32.065 W/SignalStrength( 484): getLevel=3
07-06 20:38:34.845 E/SMD ( 105): DCD OFF
07-06 20:38:37.845 E/SMD ( 105): DCD OFF
07-06 20:38:39.395 V/StatusBar.BatteryController( 484): status5batteryHealth 2
07-06 20:38:39.395 D/StatusBar.BatteryController( 484): mOldstatus5status 5
07-06 20:38:39.395 D/StatusBar.BatteryController( 484): now old status is 5
07-06 20:38:39.405 E/WifiStateMachine( 277): set suspend optimizations failed!
07-06 20:38:39.915 E/WifiStateMachine( 277): set suspend optimizations failed!
07-06 20:38:40.845 E/SMD ( 105): DCD OFF
07-06 20:38:43.855 E/SMD ( 105): DCD OFF
07-06 20:38:45.065 W/SignalStrength( 277): getCdmaLevel=2
07-06 20:38:45.065 W/SignalStrength( 277): getEvdoLevel=0
07-06 20:38:45.065 W/SignalStrength( 277): getCdmaLevel=2
07-06 20:38:45.065 W/SignalStrength( 277): getLevel=2
07-06 20:38:45.075 W/SignalStrength( 484): getCdmaLevel=2
07-06 20:38:45.075 W/SignalStrength( 484): getEvdoLevel=0
07-06 20:38:45.075 W/SignalStrength( 484): getCdmaLevel=2
07-06 20:38:45.075 W/SignalStrength( 484): getLevel=2
07-06 20:38:46.855 E/SMD ( 105): DCD OFF
07-06 20:38:49.435 D/Tethering( 277): interfaceLinkStateChanged wlan0, true
07-06 20:38:49.435 D/Tethering( 277): interfaceStatusChanged wlan0, true
07-06 20:38:49.855 E/SMD ( 105): DCD OFF
07-06 20:38:52.855 E/SMD ( 105): DCD OFF
07-06 20:38:53.075 W/SignalStrength( 277): getCdmaLevel=3
07-06 20:38:53.075 W/SignalStrength( 277): getEvdoLevel=0
07-06 20:38:53.075 W/SignalStrength( 277): getCdmaLevel=3
07-06 20:38:53.075 W/SignalStrength( 277): getLevel=3
07-06 20:38:53.075 W/SignalStrength( 484): getCdmaLevel=3
07-06 20:38:53.075 W/SignalStrength( 484): getEvdoLevel=0
07-06 20:38:53.075 W/SignalStrength( 484): getCdmaLevel=3
07-06 20:38:53.075 W/SignalStrength( 484): getLevel=3
07-06 20:38:55.865 E/SMD ( 105): DCD OFF
07-06 20:38:58.865 E/SMD ( 105): DCD OFF
07-06 20:38:59.435 V/StatusBar.BatteryController( 484): status5batteryHealth 2
07-06 20:38:59.435 D/StatusBar.BatteryController( 484): mOldstatus5status 5
07-06 20:38:59.435 D/StatusBar.BatteryController( 484): now old status is 5
07-06 20:39:01.865 E/SMD ( 105): DCD OFF
07-06 20:39:02.075 W/SignalStrength( 277): getCdmaLevel=2
07-06 20:39:02.075 W/SignalStrength( 277): getEvdoLevel=0
07-06 20:39:02.075 W/SignalStrength( 277): getCdmaLevel=2
07-06 20:39:02.075 W/SignalStrength( 277): getLevel=2
07-06 20:39:02.085 W/SignalStrength( 484): getCdmaLevel=2
07-06 20:39:02.085 W/SignalStrength( 484): getEvdoLevel=0
07-06 20:39:02.085 W/SignalStrength( 484): getCdmaLevel=2
07-06 20:39:02.085 W/SignalStrength( 484): getLevel=2
07-06 20:39:04.865 E/SMD ( 105): DCD OFF
07-06 20:39:07.865 E/SMD ( 105): DCD OFF
07-06 20:39:09.075 W/SignalStrength( 277): getCdmaLevel=3
07-06 20:39:09.075 W/SignalStrength( 277): getEvdoLevel=0
07-06 20:39:09.075 W/SignalStrength( 277): getCdmaLevel=3
07-06 20:39:09.075 W/SignalStrength( 277): getLevel=3
07-06 20:39:09.085 W/SignalStrength( 484): getCdmaLevel=3
07-06 20:39:09.085 W/SignalStrength( 484): getEvdoLevel=0
07-06 20:39:09.085 W/SignalStrength( 484): getCdmaLevel=3
07-06 20:39:09.085 W/SignalStrength( 484): getLevel=3
07-06 20:39:09.455 V/StatusBar.BatteryController( 484): status5batteryHealth 2
07-06 20:39:09.455 D/StatusBar.BatteryController( 484): mOldstatus5status 5
07-06 20:39:09.455 D/StatusBar.BatteryController( 484): now old status is 5
07-06 20:39:10.875 E/SMD ( 105): DCD OFF
07-06 20:39:13.875 E/SMD ( 105): DCD OFF
07-06 20:39:16.085 W/SignalStrength( 277): getCdmaLevel=2
07-06 20:39:16.085 W/SignalStrength( 277): getEvdoLevel=0
07-06 20:39:16.085 W/SignalStrength( 277): getCdmaLevel=2
07-06 20:39:16.085 W/SignalStrength( 277): getLevel=2
07-06 20:39:16.085 W/SignalStrength( 484): getCdmaLevel=2
07-06 20:39:16.085 W/SignalStrength( 484): getEvdoLevel=0
07-06 20:39:16.085 W/SignalStrength( 484): getCdmaLevel=2
07-06 20:39:16.085 W/SignalStrength( 484): getLevel=2
07-06 20:39:16.875 E/SMD ( 105): DCD OFF
07-06 20:39:19.085 W/SignalStrength( 277): getCdmaLevel=3
07-06 20:39:19.085 W/SignalStrength( 277): getEvdoLevel=0
07-06 20:39:19.085 W/SignalStrength( 277): getCdmaLevel=3
07-06 20:39:19.085 W/SignalStrength( 277): getLevel=3
07-06 20:39:19.085 W/SignalStrength( 484): getCdmaLevel=3
07-06 20:39:19.085 W/SignalStrength( 484): getEvdoLevel=0
07-06 20:39:19.085 W/SignalStrength( 484): getCdmaLevel=3
07-06 20:39:19.085 W/SignalStrength( 484): getLevel=3
07-06 20:39:19.465 V/StatusBar.BatteryController( 484): status5batteryHealth 2
07-06 20:39:19.465 D/StatusBar.BatteryController( 484): mOldstatus5status 5
07-06 20:39:19.465 D/StatusBar.BatteryController( 484): now old status is 5
07-06 20:39:19.875 E/SMD ( 105): DCD OFF
07-06 20:39:22.885 E/SMD ( 105): DCD OFF
07-06 20:39:25.885 E/SMD ( 105): DCD OFF
07-06 20:39:27.085 W/SignalStrength( 277): getCdmaLevel=2
07-06 20:39:27.085 W/SignalStrength( 277): getEvdoLevel=0
07-06 20:39:27.085 W/SignalStrength( 277): getCdmaLevel=2
07-06 20:39:27.085 W/SignalStrength( 277): getLevel=2
07-06 20:39:27.085 W/SignalStrength( 484): getCdmaLevel=2
07-06 20:39:27.095 W/SignalStrength( 484): getEvdoLevel=0
07-06 20:39:27.095 W/SignalStrength( 484): getCdmaLevel=2
07-06 20:39:27.095 W/SignalStrength( 484): getLevel=2
07-06 20:39:28.885 E/SMD ( 105): DCD OFF
07-06 20:39:31.885 E/SMD ( 105): DCD OFF
07-06 20:39:34.895 E/SMD ( 105): DCD OFF
07-06 20:39:36.085 W/SignalStrength( 277): getCdmaLevel=3
07-06 20:39:36.085 W/SignalStrength( 277): getEvdoLevel=0
07-06 20:39:36.085 W/SignalStrength( 277): getCdmaLevel=3
07-06 20:39:36.085 W/SignalStrength( 277): getLevel=3
07-06 20:39:36.095 W/SignalStrength( 484): getCdmaLevel=3
07-06 20:39:36.095 W/SignalStrength( 484): getEvdoLevel=0
07-06 20:39:36.095 W/SignalStrength( 484): getCdmaLevel=3
07-06 20:39:36.095 W/SignalStrength( 484): getLevel=3
07-06 20:39:37.895 E/SMD ( 105): DCD OFF
07-06 20:39:39.515 V/StatusBar.BatteryController( 484): status5batteryHealth 2
07-06 20:39:39.515 D/StatusBar.BatteryController( 484): mOldstatus5status 5
07-06 20:39:39.515 D/StatusBar.BatteryController( 484): now old status is 5
07-06 20:39:40.895 E/SMD ( 105): DCD OFF
07-06 20:39:43.095 W/SignalStrength( 277): getCdmaLevel=2
07-06 20:39:43.095 W/SignalStrength( 277): getEvdoLevel=0
07-06 20:39:43.095 W/SignalStrength( 277): getCdmaLevel=2
07-06 20:39:43.095 W/SignalStrength( 277): getLevel=2
07-06 20:39:43.095 W/SignalStrength( 484): getCdmaLevel=2
07-06 20:39:43.095 W/SignalStrength( 484): getEvdoLevel=0
07-06 20:39:43.095 W/SignalStrength( 484): getCdmaLevel=2
07-06 20:39:43.095 W/SignalStrength( 484): getLevel=2
07-06 20:39:43.895 E/SMD ( 105): DCD OFF
07-06 20:39:44.095 W/SignalStrength( 277): getCdmaLevel=3
07-06 20:39:44.095 W/SignalStrength( 277): getEvdoLevel=0
07-06 20:39:44.095 W/SignalStrength( 277): getCdmaLevel=3
07-06 20:39:44.095 W/SignalStrength( 277): getLevel=3
07-06 20:39:44.095 W/SignalStrength( 484): getCdmaLevel=3
07-06 20:39:44.095 W/SignalStrength( 484): getEvdoLevel=0
07-06 20:39:44.095 W/SignalStrength( 484): getCdmaLevel=3
07-06 20:39:44.095 W/SignalStrength( 484): getLevel=3
07-06 20:39:44.105 V/BackupManagerService( 277): Running a backup pass
07-06 20:39:44.115 V/BackupManagerService( 277): Backup requested but nothing pending
07-06 20:39:46.905 E/SMD ( 105): DCD OFF
07-06 20:39:49.525 V/StatusBar.BatteryController( 484): status5batteryHealth 2
07-06 20:39:49.525 D/StatusBar.BatteryController( 484): mOldstatus5status 5
07-06 20:39:49.525 D/StatusBar.BatteryController( 484): now old status is 5
07-06 20:39:49.905 E/SMD ( 105): DCD OFF
07-06 20:39:52.905 E/SMD ( 105): DCD OFF
07-06 20:39:55.905 E/SMD ( 105): DCD OFF
07-06 20:39:58.905 E/SMD ( 105): DCD OFF
07-06 20:40:01.915 E/SMD ( 105): DCD OFF
07-06 20:40:04.915 E/SMD ( 105): DCD OFF
07-06 20:40:07.915 E/SMD ( 105): DCD OFF
07-06 20:40:09.585 V/StatusBar.BatteryController( 484): status5batteryHealth 2
07-06 20:40:09.585 D/StatusBar.BatteryController( 484): mOldstatus5status 5
07-06 20:40:09.585 D/StatusBar.BatteryController( 484): now old status is 5
07-06 20:40:10.915 E/SMD ( 105): DCD OFF
07-06 20:40:13.925 E/SMD ( 105): DCD OFF
07-06 20:40:16.925 E/SMD ( 105): DCD OFF
07-06 20:40:19.925 E/SMD ( 105): DCD OFF
07-06 20:40:22.925 E/SMD ( 105): DCD OFF
07-06 20:40:25.935 E/SMD ( 105): DCD OFF
07-06 20:40:28.935 E/SMD ( 105): DCD OFF
07-06 20:40:29.605 V/StatusBar.BatteryController( 484): status5batteryHealth 2
07-06 20:40:29.605 D/StatusBar.BatteryController( 484): mOldstatus5status 5
07-06 20:40:29.605 D/StatusBar.BatteryController( 484): now old status is 5
07-06 20:40:31.935 E/SMD ( 105): DCD OFF
07-06 20:40:34.115 W/SignalStrength( 277): getCdmaLevel=2
07-06 20:40:34.115 W/SignalStrength( 277): getEvdoLevel=0
07-06 20:40:34.115 W/SignalStrength( 277): getCdmaLevel=2
07-06 20:40:34.115 W/SignalStrength( 277): getLevel=2
07-06 20:40:34.115 W/SignalStrength( 484): getCdmaLevel=2
07-06 20:40:34.115 W/SignalStrength( 484): getEvdoLevel=0
07-06 20:40:34.115 W/SignalStrength( 484): getCdmaLevel=2
07-06 20:40:34.115 W/SignalStrength( 484): getLevel=2
07-06 20:40:34.935 E/SMD ( 105): DCD OFF
07-06 20:40:35.115 W/SignalStrength( 277): getCdmaLevel=3
07-06 20:40:35.115 W/SignalStrength( 277): getEvdoLevel=0
07-06 20:40:35.115 W/SignalStrength( 277): getCdmaLevel=3
07-06 20:40:35.115 W/SignalStrength( 277): getLevel=3
07-06 20:40:35.115 W/SignalStrength( 484): getCdmaLevel=3
07-06 20:40:35.115 W/SignalStrength( 484): getEvdoLevel=0
07-06 20:40:35.115 W/SignalStrength( 484): getCdmaLevel=3
07-06 20:40:35.115 W/SignalStrength( 484): getLevel=3
07-06 20:40:37.935 E/SMD ( 105): DCD OFF
07-06 20:40:39.625 V/StatusBar.BatteryController( 484): status5batteryHealth 2
07-06 20:40:39.625 D/StatusBar.BatteryController( 484): mOldstatus5status 5
07-06 20:40:39.625 D/StatusBar.BatteryController( 484): now old status is 5
07-06 20:40:40.945 E/SMD ( 105): DCD OFF
07-06 20:40:43.945 E/SMD ( 105): DCD OFF
07-06 20:40:44.115 W/SignalStrength( 277): getCdmaLevel=2
07-06 20:40:44.115 W/SignalStrength( 277): getEvdoLevel=0
07-06 20:40:44.115 W/SignalStrength( 277): getCdmaLevel=2
07-06 20:40:44.115 W/SignalStrength( 277): getLevel=2
07-06 20:40:44.115 W/SignalStrength( 484): getCdmaLevel=2
07-06 20:40:44.115 W/SignalStrength( 484): getEvdoLevel=0
07-06 20:40:44.115 W/SignalStrength( 484): getCdmaLevel=2
07-06 20:40:44.115 W/SignalStrength( 484): getLevel=2
07-06 20:40:45.115 W/SignalStrength( 277): getCdmaLevel=3
07-06 20:40:45.115 W/SignalStrength( 277): getEvdoLevel=0
07-06 20:40:45.115 W/SignalStrength( 277): getCdmaLevel=3
07-06 20:40:45.115 W/SignalStrength( 277): getLevel=3
07-06 20:40:45.115 W/SignalStrength( 484): getCdmaLevel=3
07-06 20:40:45.115 W/SignalStrength( 484): getEvdoLevel=0
07-06 20:40:45.115 W/SignalStrength( 484): getCdmaLevel=3
07-06 20:40:45.115 W/SignalStrength( 484): getLevel=3
07-06 20:40:46.945 E/SMD ( 105): DCD OFF
07-06 20:40:49.945 E/SMD ( 105): DCD OFF
07-06 20:40:52.955 E/SMD ( 105): DCD OFF
07-06 20:40:55.955 E/SMD ( 105): DCD OFF
07-06 20:40:58.955 E/SMD ( 105): DCD OFF
07-06 20:40:59.675 V/StatusBar.BatteryController( 484): status5batteryHealth 2
07-06 20:40:59.675 D/StatusBar.BatteryController( 484): mOldstatus5status 5
07-06 20:40:59.675 D/StatusBar.BatteryController( 484): now old status is 5
07-06 20:41:01.955 E/SMD ( 105): DCD OFF
07-06 20:41:04.965 E/SMD ( 105): DCD OFF
07-06 20:41:07.965 E/SMD ( 105): DCD OFF
07-06 20:41:09.685 V/StatusBar.BatteryController( 484): status5batteryHealth 2
07-06 20:41:09.685 D/StatusBar.BatteryController( 484): mOldstatus5status 5
07-06 20:41:09.685 D/StatusBar.BatteryController( 484): now old status is 5
07-06 20:41:10.125 W/SignalStrength( 277): getCdmaLevel=2
07-06 20:41:10.125 W/SignalStrength( 277): getEvdoLevel=0
07-06 20:41:10.125 W/SignalStrength( 277): getCdmaLevel=2
07-06 20:41:10.125 W/SignalStrength( 277): getLevel=2
07-06 20:41:10.125 W/SignalStrength( 484): getCdmaLevel=2
07-06 20:41:10.125 W/SignalStrength( 484): getEvdoLevel=0
07-06 20:41:10.125 W/SignalStrength( 484): getCdmaLevel=2
07-06 20:41:10.125 W/SignalStrength( 484): getLevel=2
07-06 20:41:10.965 E/SMD ( 105): DCD OFF
07-06 20:41:13.965 E/SMD ( 105): DCD OFF
07-06 20:41:16.965 E/SMD ( 105): DCD OFF
07-06 20:41:19.705 V/StatusBar.BatteryController( 484): status5batteryHealth 2
07-06 20:41:19.705 D/StatusBar.BatteryController( 484): mOldstatus5status 5
07-06 20:41:19.705 D/StatusBar.BatteryController( 484): now old status is 5
07-06 20:41:19.975 E/SMD ( 105): DCD OFF
07-06 20:41:22.975 E/SMD ( 105): DCD OFF
07-06 20:41:25.975 E/SMD ( 105): DCD OFF
07-06 20:41:28.975 E/SMD ( 105): DCD OFF
07-06 20:41:29.725 V/StatusBar.BatteryController( 484): status5batteryHealth 2
07-06 20:41:29.725 D/StatusBar.BatteryController( 484): mOldstatus5status 5
07-06 20:41:29.725 D/StatusBar.BatteryController( 484): now old status is 5
07-06 20:41:31.985 E/SMD ( 105): DCD OFF
07-06 20:41:33.135 W/SignalStrength( 277): getCdmaLevel=3
07-06 20:41:33.135 W/SignalStrength( 277): getEvdoLevel=0
07-06 20:41:33.135 W/SignalStrength( 277): getCdmaLevel=3
07-06 20:41:33.135 W/SignalStrength( 277): getLevel=3
07-06 20:41:33.135 W/SignalStrength( 484): getCdmaLevel=3
07-06 20:41:33.135 W/SignalStrength( 484): getEvdoLevel=0
07-06 20:41:33.135 W/SignalStrength( 484): getCdmaLevel=3
07-06 20:41:33.135 W/SignalStrength( 484): getLevel=3
07-06 20:41:34.015 E/WifiStateMachine( 277): set suspend optimizations failed!
07-06 20:41:34.065 D/SensorManager( 754): registerListener :: handle = 0 name= BOSCH 3-axis Accelerometer delay= 10000 Listener= kvo@412ce988
07-06 20:41:34.065 E/SensorManager( 754): thread start
07-06 20:41:34.065 E/SensorManager( 754): =======>>>Sensor Thread RUNNING <<<========
07-06 20:41:34.745 D/Tethering( 277): interfaceLinkStateChanged wlan0, true
07-06 20:41:34.745 D/Tethering( 277): interfaceStatusChanged wlan0, true
07-06 20:41:34.745 D/Tethering( 277): interfaceLinkStateChanged wlan0, true
07-06 20:41:34.745 D/Tethering( 277): interfaceStatusChanged wlan0, true
07-06 20:41:34.815 I/SensorManager( 754): Set normal delay = true
07-06 20:41:34.855 E/WifiStateMachine( 277): set suspend optimizations failed!
07-06 20:41:34.885 D/SensorManager( 754): unregisterListener:: disable all sensors for this listener, name = BOSCH 3-axis Accelerometer listener = kvo@412ce988
07-06 20:41:34.985 E/SMD ( 105): DCD OFF
07-06 20:41:35.035 I/GCoreUlr( 754): Successfully inserted location
07-06 20:41:35.035 I/GCoreUlr( 754): Not calling LocationReportingService, hasMoved: false, elapsed millis: 3240071, request: Phone
07-06 20:41:37.985 E/SMD ( 105): DCD OFF
07-06 20:41:39.745 V/StatusBar.BatteryController( 484): status5batteryHealth 2
07-06 20:41:39.745 D/StatusBar.BatteryController( 484): mOldstatus5status 5
07-06 20:41:39.745 D/StatusBar.BatteryController( 484): now old status is 5
07-06 20:41:40.135 W/SignalStrength( 277): getCdmaLevel=2
07-06 20:41:40.135 W/SignalStrength( 277): getEvdoLevel=0
07-06 20:41:40.135 W/SignalStrength( 277): getCdmaLevel=2
07-06 20:41:40.135 W/SignalStrength( 277): getLevel=2
07-06 20:41:40.135 W/SignalStrength( 484): getCdmaLevel=2
07-06 20:41:40.135 W/SignalStrength( 484): getEvdoLevel=0
07-06 20:41:40.135 W/SignalStrength( 484): getCdmaLevel=2
07-06 20:41:40.135 W/SignalStrength( 484): getLevel=2
07-06 20:41:40.985 E/SMD ( 105): DCD OFF
07-06 20:41:42.135 W/SignalStrength( 277): getCdmaLevel=3
07-06 20:41:42.135 W/SignalStrength( 277): getEvdoLevel=0
07-06 20:41:42.135 W/SignalStrength( 277): getCdmaLevel=3
07-06 20:41:42.135 W/SignalStrength( 277): getLevel=3
07-06 20:41:42.145 W/SignalStrength( 484): getCdmaLevel=3
07-06 20:41:42.145 W/SignalStrength( 484): getEvdoLevel=0
07-06 20:41:42.145 W/SignalStrength( 484): getCdmaLevel=3
07-06 20:41:42.145 W/SignalStrength( 484): getLevel=3
07-06 20:41:43.995 E/SMD ( 105): DCD OFF
07-06 20:41:46.995 E/SMD ( 105): DCD OFF
07-06 20:41:49.135 W/SignalStrength( 277): getCdmaLevel=2
07-06 20:41:49.135 W/SignalStrength( 277): getEvdoLevel=0
07-06 20:41:49.135 W/SignalStrength( 277): getCdmaLevel=2
07-06 20:41:49.135 W/SignalStrength( 277): getLevel=2
07-06 20:41:49.145 W/SignalStrength( 484): getCdmaLevel=2
07-06 20:41:49.145 W/SignalStrength( 484): getEvdoLevel=0
07-06 20:41:49.145 W/SignalStrength( 484): getCdmaLevel=2
07-06 20:41:49.145 W/SignalStrength( 484): getLevel=2
07-06 20:41:49.525 D/Tethering( 277): interfaceLinkStateChanged wlan0, true
07-06 20:41:49.525 D/Tethering( 277): interfaceStatusChanged wlan0, true
07-06 20:41:50.005 E/SMD ( 105): DCD OFF
07-06 20:41:53.005 E/SMD ( 105): DCD OFF
07-06 20:41:56.005 E/SMD ( 105): DCD OFF
07-06 20:41:59.015 E/SMD ( 105): DCD OFF
07-06 20:42:02.015 E/SMD ( 105): DCD OFF
07-06 20:42:05.015 E/SMD ( 105): DCD OFF
07-06 20:42:08.015 E/SMD ( 105): DCD OFF
07-06 20:42:09.805 V/StatusBar.BatteryController( 484): status5batteryHealth 2
07-06 20:42:09.805 D/StatusBar.BatteryController( 484): mOldstatus5status 5
07-06 20:42:09.805 D/StatusBar.BatteryController( 484): now old status is 5
07-06 20:42:11.025 E/SMD ( 105): DCD OFF
07-06 20:42:14.025 E/SMD ( 105): DCD OFF
07-06 20:42:17.025 E/SMD ( 105): DCD OFF
07-06 20:42:19.825 V/StatusBar.BatteryController( 484): status5batteryHealth 2
07-06 20:42:19.825 D/StatusBar.BatteryController( 484): mOldstatus5status 5
07-06 20:42:19.825 D/StatusBar.BatteryController( 484): now old status is 5
07-06 20:42:20.025 E/SMD ( 105): DCD OFF
07-06 20:42:23.035 E/SMD ( 105): DCD OFF
07-06 20:42:26.035 E/SMD ( 105): DCD OFF
07-06 20:42:29.035 E/SMD ( 105): DCD OFF
07-06 20:42:29.845 V/StatusBar.BatteryController( 484): status5batteryHealth 2
07-06 20:42:29.845 D/StatusBar.BatteryController( 484): mOldstatus5status 5
07-06 20:42:29.845 D/StatusBar.BatteryController( 484): now old status is 5
07-06 20:42:32.035 E/SMD ( 105): DCD OFF
07-06 20:42:35.045 E/SMD ( 105): DCD OFF
07-06 20:42:38.045 E/SMD ( 105): DCD OFF
07-06 20:42:41.045 E/SMD ( 105): DCD OFF
07-06 20:42:42.645 W/ThrottleService( 277): unable to find stats for iface rmnet0
07-06 20:42:44.045 E/SMD ( 105): DCD OFF
07-06 20:42:44.955 D/Tethering( 277): interfaceLinkStateChanged wlan0, true
07-06 20:42:44.955 D/Tethering( 277): interfaceStatusChanged wlan0, true
07-06 20:42:47.055 E/SMD ( 105): DCD OFF
07-06 20:42:49.965 D/Tethering( 277): interfaceLinkStateChanged wlan0, true
07-06 20:42:49.965 D/Tethering( 277): interfaceStatusChanged wlan0, true
07-06 20:42:50.055 E/SMD ( 105): DCD OFF
07-06 20:42:53.055 E/SMD ( 105): DCD OFF
07-06 20:42:56.055 E/SMD ( 105): DCD OFF
07-06 20:42:59.065 E/SMD ( 105): DCD OFF
07-06 20:42:59.905 V/StatusBar.BatteryController( 484): status5batteryHealth 2
07-06 20:42:59.905 D/StatusBar.BatteryController( 484): mOldstatus5status 5
07-06 20:42:59.905 D/StatusBar.BatteryController( 484): now old status is 5
07-06 20:43:02.065 E/SMD ( 105): DCD OFF
07-06 20:43:05.065 E/SMD ( 105): DCD OFF
07-06 20:43:08.065 E/SMD ( 105): DCD OFF
07-06 20:43:09.925 V/StatusBar.BatteryController( 484): status5batteryHealth 2
07-06 20:43:09.925 D/StatusBar.BatteryController( 484): mOldstatus5status 5
07-06 20:43:09.925 D/StatusBar.BatteryController( 484): now old status is 5
07-06 20:43:11.075 E/SMD ( 105): DCD OFF
07-06 20:43:14.075 E/SMD ( 105): DCD OFF
07-06 20:43:17.075 E/SMD ( 105): DCD OFF
07-06 20:43:20.075 E/SMD ( 105): DCD OFF
07-06 20:43:23.085 E/SMD ( 105): DCD OFF
07-06 20:43:24.175 W/SignalStrength( 277): getCdmaLevel=3
07-06 20:43:24.175 W/SignalStrength( 277): getEvdoLevel=0
07-06 20:43:24.175 W/SignalStrength( 277): getCdmaLevel=3
07-06 20:43:24.175 W/SignalStrength( 277): getLevel=3
07-06 20:43:24.185 W/SignalStrength( 484): getCdmaLevel=3
07-06 20:43:24.185 W/SignalStrength( 484): getEvdoLevel=0
07-06 20:43:24.185 W/SignalStrength( 484): getCdmaLevel=3
07-06 20:43:24.185 W/SignalStrength( 484): getLevel=3
07-06 20:43:26.085 E/SMD ( 105): DCD OFF
07-06 20:43:29.085 E/SMD ( 105): DCD OFF
07-06 20:43:32.085 E/SMD ( 105): DCD OFF
07-06 20:43:35.085 E/SMD ( 105): DCD OFF
07-06 20:43:38.095 E/SMD ( 105): DCD OFF
07-06 20:43:38.185 W/SignalStrength( 277): getCdmaLevel=2
07-06 20:43:38.185 W/SignalStrength( 277): getEvdoLevel=0
07-06 20:43:38.185 W/SignalStrength( 277): getCdmaLevel=2
07-06 20:43:38.185 W/SignalStrength( 277): getLevel=2
07-06 20:43:38.185 W/SignalStrength( 484): getCdmaLevel=2
07-06 20:43:38.185 W/SignalStrength( 484): getEvdoLevel=0
07-06 20:43:38.185 W/SignalStrength( 484): getCdmaLevel=2
07-06 20:43:38.185 W/SignalStrength( 484): getLevel=2
07-06 20:43:39.185 W/SignalStrength( 277): getCdmaLevel=3
07-06 20:43:39.185 W/SignalStrength( 277): getEvdoLevel=0
07-06 20:43:39.185 W/SignalStrength( 277): getCdmaLevel=3
07-06 20:43:39.185 W/SignalStrength( 277): getLevel=3
07-06 20:43:39.185 W/SignalStrength( 484): getCdmaLevel=3
07-06 20:43:39.195 W/SignalStrength( 484): getEvdoLevel=0
07-06 20:43:39.195 W/SignalStrength( 484): getCdmaLevel=3
07-06 20:43:39.195 W/SignalStrength( 484): getLevel=3
07-06 20:43:39.985 V/StatusBar.BatteryController( 484): status5batteryHealth 2
07-06 20:43:39.985 D/StatusBar.BatteryController( 484): mOldstatus5status 5
07-06 20:43:39.985 D/StatusBar.BatteryController( 484): now old status is 5
07-06 20:43:41.095 E/SMD ( 105): DCD OFF
07-06 20:43:44.095 E/SMD ( 105): DCD OFF
07-06 20:43:47.095 E/SMD ( 105): DCD OFF
07-06 20:43:48.185 W/SignalStrength( 277): getCdmaLevel=2
07-06 20:43:48.185 W/SignalStrength( 277): getEvdoLevel=0
07-06 20:43:48.185 W/SignalStrength( 277): getCdmaLevel=2
07-06 20:43:48.185 W/SignalStrength( 277): getLevel=2
07-06 20:43:48.195 W/SignalStrength( 484): getCdmaLevel=2
07-06 20:43:48.195 W/SignalStrength( 484): getEvdoLevel=0
07-06 20:43:48.195 W/SignalStrength( 484): getCdmaLevel=2
07-06 20:43:48.195 W/SignalStrength( 484): getLevel=2
07-06 20:43:50.015 V/StatusBar.BatteryController( 484): status5batteryHealth 2
07-06 20:43:50.015 D/StatusBar.BatteryController( 484): mOldstatus5status 5
07-06 20:43:50.015 D/StatusBar.BatteryController( 484): now old status is 5
07-06 20:43:50.095 E/SMD ( 105): DCD OFF
07-06 20:43:53.105 E/SMD ( 105): DCD OFF
07-06 20:43:56.105 E/SMD ( 105): DCD OFF
07-06 20:43:59.105 E/SMD ( 105): DCD OFF
07-06 20:44:02.115 E/SMD ( 105): DCD OFF
07-06 20:44:05.115 E/SMD ( 105): DCD OFF
07-06 20:44:08.115 E/SMD ( 105): DCD OFF
07-06 20:44:10.045 V/StatusBar.BatteryController( 484): status5batteryHealth 2
07-06 20:44:10.045 D/StatusBar.BatteryController( 484): mOldstatus5status 5
07-06 20:44:10.045 D/StatusBar.BatteryController( 484): now old status is 5
07-06 20:44:11.115 E/SMD ( 105): DCD OFF
07-06 20:44:14.125 E/SMD ( 105): DCD OFF
07-06 20:44:17.125 E/SMD ( 105): DCD OFF
07-06 20:44:20.065 V/StatusBar.BatteryController( 484): status5batteryHealth 2
07-06 20:44:20.065 D/StatusBar.BatteryController( 484): mOldstatus5status 5
07-06 20:44:20.065 D/StatusBar.BatteryController( 484): now old status is 5
07-06 20:44:20.125 E/SMD ( 105): DCD OFF
07-06 20:44:23.125 E/SMD ( 105): DCD OFF
07-06 20:44:26.125 E/SMD ( 105): DCD OFF
07-06 20:44:29.135 E/SMD ( 105): DCD OFF
07-06 20:44:32.135 E/SMD ( 105): DCD OFF
07-06 20:44:33.055 D/SensorManager( 754): registerListener :: handle = 0 name= BOSCH 3-axis Accelerometer delay= 10000 Listener= kvo@41143790
07-06 20:44:33.055 E/SensorManager( 754): thread start
07-06 20:44:33.055 E/SensorManager( 754): =======>>>Sensor Thread RUNNING <<<========
07-06 20:44:33.745 I/SensorManager( 754): Set normal delay = true
07-06 20:44:33.825 D/SensorManager( 754): unregisterListener:: disable all sensors for this listener, name = BOSCH 3-axis Accelerometer listener = kvo@41143790
07-06 20:44:35.135 E/SMD ( 105): DCD OFF
07-06 20:44:38.135 E/SMD ( 105): DCD OFF
07-06 20:44:40.105 V/StatusBar.BatteryController( 484): status5batteryHealth 2
07-06 20:44:40.105 D/StatusBar.BatteryController( 484): mOldstatus5status 5
07-06 20:44:40.105 D/StatusBar.BatteryController( 484): now old status is 5
07-06 20:44:41.145 E/SMD ( 105): DCD OFF
07-06 20:44:44.145 E/SMD ( 105): DCD OFF
07-06 20:44:47.145 E/SMD ( 105): DCD OFF
07-06 20:44:50.125 V/StatusBar.BatteryController( 484): status5batteryHealth 2
07-06 20:44:50.125 D/StatusBar.BatteryController( 484): mOldstatus5status 5
07-06 20:44:50.125 D/StatusBar.BatteryController( 484): now old status is 5
07-06 20:44:50.145 E/SMD ( 105): DCD OFF
07-06 20:44:53.155 E/SMD ( 105): DCD OFF
07-06 20:44:56.155 E/SMD ( 105): DCD OFF
07-06 20:44:59.155 E/SMD ( 105): DCD OFF
07-06 20:45:02.155 E/SMD ( 105): DCD OFF
07-06 20:45:05.155 E/SMD ( 105): DCD OFF
07-06 20:45:08.165 E/SMD ( 105): DCD OFF
07-06 20:45:10.165 V/StatusBar.BatteryController( 484): status5batteryHealth 2
07-06 20:45:10.165 D/StatusBar.BatteryController( 484): mOldstatus5status 5
07-06 20:45:10.165 D/StatusBar.BatteryController( 484): now old status is 5
07-06 20:45:11.165 E/SMD ( 105): DCD OFF
07-06 20:45:14.165 E/SMD ( 105): DCD OFF
07-06 20:45:17.165 E/SMD ( 105): DCD OFF
07-06 20:45:20.175 E/SMD ( 105): DCD OFF
07-06 20:45:23.175 E/SMD ( 105): DCD OFF
07-06 20:45:26.185 E/SMD ( 105): DCD OFF
07-06 20:45:29.185 E/SMD ( 105): DCD OFF
07-06 20:45:30.205 V/StatusBar.BatteryController( 484): status5batteryHealth 2
07-06 20:45:30.205 D/StatusBar.BatteryController( 484): mOldstatus5status 5
07-06 20:45:30.205 D/StatusBar.BatteryController( 484): now old status is 5
07-06 20:45:32.185 E/SMD ( 105): DCD OFF
07-06 20:45:32.225 W/SignalStrength( 277): getCdmaLevel=3
07-06 20:45:32.225 W/SignalStrength( 277): getEvdoLevel=0
07-06 20:45:32.225 W/SignalStrength( 277): getCdmaLevel=3
07-06 20:45:32.225 W/SignalStrength( 277): getLevel=3
07-06 20:45:32.225 W/SignalStrength( 484): getCdmaLevel=3
07-06 20:45:32.225 W/SignalStrength( 484): getEvdoLevel=0
07-06 20:45:32.225 W/SignalStrength( 484): getCdmaLevel=3
07-06 20:45:32.225 W/SignalStrength( 484): getLevel=3
07-06 20:45:35.185 E/SMD ( 105): DCD OFF
07-06 20:45:38.195 E/SMD ( 105): DCD OFF
07-06 20:45:41.195 E/SMD ( 105): DCD OFF
07-06 20:45:44.195 E/SMD ( 105): DCD OFF
07-06 20:45:47.195 E/SMD ( 105): DCD OFF
07-06 20:45:50.205 E/SMD ( 105): DCD OFF
07-06 20:45:50.245 V/StatusBar.BatteryController( 484): status5batteryHealth 2
07-06 20:45:50.245 D/StatusBar.BatteryController( 484): mOldstatus5status 5
07-06 20:45:50.245 D/StatusBar.BatteryController( 484): now old status is 5
07-06 20:45:51.235 W/SignalStrength( 277): getCdmaLevel=2
07-06 20:45:51.235 W/SignalStrength( 277): getEvdoLevel=0
07-06 20:45:51.235 W/SignalStrength( 277): getCdmaLevel=2
07-06 20:45:51.235 W/SignalStrength( 277): getLevel=2
07-06 20:45:51.235 W/SignalStrength( 484): getCdmaLevel=2
07-06 20:45:51.235 W/SignalStrength( 484): getEvdoLevel=0
07-06 20:45:51.235 W/SignalStrength( 484): getCdmaLevel=2
07-06 20:45:51.235 W/SignalStrength( 484): getLevel=2
07-06 20:45:52.235 W/SignalStrength( 277): getCdmaLevel=3
07-06 20:45:52.235 W/SignalStrength( 277): getEvdoLevel=0
07-06 20:45:52.235 W/SignalStrength( 277): getCdmaLevel=3
07-06 20:45:52.235 W/SignalStrength( 277): getLevel=3
07-06 20:45:52.235 W/SignalStrength( 484): getCdmaLevel=3
07-06 20:45:52.235 W/SignalStrength( 484): getEvdoLevel=0
07-06 20:45:52.235 W/SignalStrength( 484): getCdmaLevel=3
07-06 20:45:52.235 W/SignalStrength( 484): getLevel=3
07-06 20:45:53.205 E/SMD ( 105): DCD OFF
07-06 20:45:56.205 E/SMD ( 105): DCD OFF
07-06 20:45:59.205 E/SMD ( 105): DCD OFF
07-06 20:46:00.275 V/StatusBar.BatteryController( 484): status5batteryHealth 2
07-06 20:46:00.275 D/StatusBar.BatteryController( 484): mOldstatus5status 5
07-06 20:46:00.275 D/StatusBar.BatteryController( 484): now old status is 5
07-06 20:46:02.215 E/SMD ( 105): DCD OFF
07-06 20:46:05.215 E/SMD ( 105): DCD OFF
07-06 20:46:08.215 E/SMD ( 105): DCD OFF
07-06 20:46:11.215 E/SMD ( 105): DCD OFF
07-06 20:46:14.215 E/SMD ( 105): DCD OFF
07-06 20:46:17.225 E/SMD ( 105): DCD OFF
07-06 20:46:17.245 W/SignalStrength( 484): getCdmaLevel=2
07-06 20:46:17.245 W/SignalStrength( 484): getEvdoLevel=0
07-06 20:46:17.245 W/SignalStrength( 484): getCdmaLevel=2
07-06 20:46:17.245 W/SignalStrength( 484): getLevel=2
07-06 20:46:17.245 W/SignalStrength( 277): getCdmaLevel=2
07-06 20:46:17.245 W/SignalStrength( 277): getEvdoLevel=0
07-06 20:46:17.245 W/SignalStrength( 277): getCdmaLevel=2
07-06 20:46:17.245 W/SignalStrength( 277): getLevel=2
07-06 20:46:18.245 W/SignalStrength( 277): getCdmaLevel=3
07-06 20:46:18.245 W/SignalStrength( 277): getEvdoLevel=0
07-06 20:46:18.245 W/SignalStrength( 277): getCdmaLevel=3
07-06 20:46:18.245 W/SignalStrength( 277): getLevel=3
07-06 20:46:18.245 W/SignalStrength( 484): getCdmaLevel=3
07-06 20:46:18.245 W/SignalStrength( 484): getEvdoLevel=0
07-06 20:46:18.245 W/SignalStrength( 484): getCdmaLevel=3
07-06 20:46:18.245 W/SignalStrength( 484): getLevel=3
07-06 20:46:20.225 E/SMD ( 105): DCD OFF
07-06 20:46:20.305 V/StatusBar.BatteryController( 484): status5batteryHealth 2
07-06 20:46:20.305 D/StatusBar.BatteryController( 484): mOldstatus5status 5
07-06 20:46:20.305 D/StatusBar.BatteryController( 484): now old status is 5
07-06 20:46:23.225 E/SMD ( 105): DCD OFF
07-06 20:46:26.225 E/SMD ( 105): DCD OFF
07-06 20:46:29.235 E/SMD ( 105): DCD OFF
07-06 20:46:32.235 E/SMD ( 105): DCD OFF
07-06 20:46:35.235 E/SMD ( 105): DCD OFF
07-06 20:46:38.235 E/SMD ( 105): DCD OFF
07-06 20:46:41.245 E/SMD ( 105): DCD OFF
07-06 20:46:42.245 W/SignalStrength( 277): getCdmaLevel=2
07-06 20:46:42.245 W/SignalStrength( 277): getEvdoLevel=0
07-06 20:46:42.245 W/SignalStrength( 277): getCdmaLevel=2
07-06 20:46:42.245 W/SignalStrength( 277): getLevel=2
07-06 20:46:42.255 W/SignalStrength( 484): getCdmaLevel=2
07-06 20:46:42.255 W/SignalStrength( 484): getEvdoLevel=0
07-06 20:46:42.255 W/SignalStrength( 484): getCdmaLevel=2
07-06 20:46:42.255 W/SignalStrength( 484): getLevel=2
07-06 20:46:44.245 E/SMD ( 105): DCD OFF
07-06 20:46:44.255 W/SignalStrength( 484): getCdmaLevel=3
07-06 20:46:44.255 W/SignalStrength( 484): getEvdoLevel=0
07-06 20:46:44.255 W/SignalStrength( 484): getCdmaLevel=3
07-06 20:46:44.255 W/SignalStrength( 484): getLevel=3
07-06 20:46:44.255 W/SignalStrength( 277): getCdmaLevel=3
07-06 20:46:44.255 W/SignalStrength( 277): getEvdoLevel=0
07-06 20:46:44.255 W/SignalStrength( 277): getCdmaLevel=3
07-06 20:46:44.255 W/SignalStrength( 277): getLevel=3
07-06 20:46:47.245 E/SMD ( 105): DCD OFF
07-06 20:46:50.245 E/SMD ( 105): DCD OFF
07-06 20:46:53.255 E/SMD ( 105): DCD OFF
07-06 20:46:56.255 E/SMD ( 105): DCD OFF
07-06 20:46:59.255 E/SMD ( 105): DCD OFF
07-06 20:47:02.255 E/SMD ( 105): DCD OFF
07-06 20:47:05.265 E/SMD ( 105): DCD OFF
07-06 20:47:08.265 E/SMD ( 105): DCD OFF
07-06 20:47:11.265 E/SMD ( 105): DCD OFF
07-06 20:47:14.265 E/SMD ( 105): DCD OFF
07-06 20:47:16.265 W/SignalStrength( 277): getCdmaLevel=2
07-06 20:47:16.265 W/SignalStrength( 277): getEvdoLevel=0
07-06 20:47:16.265 W/SignalStrength( 277): getCdmaLevel=2
07-06 20:47:16.265 W/SignalStrength( 277): getLevel=2
07-06 20:47:16.265 W/SignalStrength( 484): getCdmaLevel=2
07-06 20:47:16.265 W/SignalStrength( 484): getEvdoLevel=0
07-06 20:47:16.265 W/SignalStrength( 484): getCdmaLevel=2
07-06 20:47:16.265 W/SignalStrength( 484): getLevel=2
07-06 20:47:17.265 E/SMD ( 105): DCD OFF
07-06 20:47:20.275 E/SMD ( 105): DCD OFF
07-06 20:47:20.425 V/StatusBar.BatteryController( 484): status5batteryHealth 2
07-06 20:47:20.425 D/StatusBar.BatteryController( 484): mOldstatus5status 5
07-06 20:47:20.425 D/StatusBar.BatteryController( 484): now old status is 5
07-06 20:47:21.265 W/SignalStrength( 277): getCdmaLevel=3
07-06 20:47:21.265 W/SignalStrength( 277): getEvdoLevel=0
07-06 20:47:21.265 W/SignalStrength( 277): getCdmaLevel=3
07-06 20:47:21.265 W/SignalStrength( 277): getLevel=3
07-06 20:47:21.265 W/SignalStrength( 484): getCdmaLevel=3
07-06 20:47:21.265 W/SignalStrength( 484): getEvdoLevel=0
