07-06 19:58:04.525 D/StatusBar.BatteryController( 484): now old status is 5
07-06 17:21:28.389 D/StatusBar.BatteryController( 484): now old status is 5
07-06 19:58:05.865 E/SMD ( 105): DCD OFF
07-06 17:21:48.429 V/StatusBar.BatteryController( 484): status5batteryHealth 2
07-06 19:58:08.865 E/SMD ( 105): DCD OFF
07-06 17:21:48.429 D/StatusBar.BatteryController( 484): mOldstatus5status 5
07-06 19:58:11.865 E/SMD ( 105): DCD OFF
07-06 17:21:48.429 D/StatusBar.BatteryController( 484): now old status is 5
07-06 19:58:14.865 E/SMD ( 105): DCD OFF
07-06 17:21:58.459 V/StatusBar.BatteryController( 484): status5batteryHealth 2
07-06 19:58:17.875 E/SMD ( 105): DCD OFF
07-06 17:21:58.459 D/StatusBar.BatteryController( 484): mOldstatus5status 5
07-06 19:58:20.875 E/SMD ( 105): DCD OFF
07-06 17:21:58.459 D/StatusBar.BatteryController( 484): now old status is 5
07-06 19:58:23.875 E/SMD ( 105): DCD OFF
07-06 17:22:18.499 V/StatusBar.BatteryController( 484): status5batteryHealth 2
07-06 19:58:26.875 E/SMD ( 105): DCD OFF
07-06 17:22:18.499 D/StatusBar.BatteryController( 484): mOldstatus5status 5
07-06 19:58:29.885 E/SMD ( 105): DCD OFF
07-06 17:22:18.499 D/StatusBar.BatteryController( 484): now old status is 5
07-06 19:58:32.885 E/SMD ( 105): DCD OFF
07-06 17:22:38.529 V/StatusBar.BatteryController( 484): status5batteryHealth 2
07-06 19:58:35.885 E/SMD ( 105): DCD OFF
07-06 17:22:38.529 D/StatusBar.BatteryController( 484): mOldstatus5status 5
07-06 19:58:38.885 E/SMD ( 105): DCD OFF
07-06 17:22:38.529 D/StatusBar.BatteryController( 484): now old status is 5
07-06 19:58:41.145 W/SignalStrength( 277): getCdmaLevel=3
07-06 17:22:41.479 W/ThrottleService( 277): unable to find stats for iface rmnet0
07-06 19:58:41.145 W/SignalStrength( 277): getEvdoLevel=0
07-06 17:22:48.549 V/StatusBar.BatteryController( 484): status5batteryHealth 2
07-06 19:58:41.145 W/SignalStrength( 277): getCdmaLevel=3
07-06 17:22:48.549 D/StatusBar.BatteryController( 484): mOldstatus5status 5
07-06 19:58:41.145 W/SignalStrength( 277): getLevel=3
07-06 17:22:48.549 D/StatusBar.BatteryController( 484): now old status is 5
07-06 19:58:41.155 W/SignalStrength( 484): getCdmaLevel=3
07-06 17:23:08.589 V/StatusBar.BatteryController( 484): status5batteryHealth 2
07-06 19:58:41.155 W/SignalStrength( 484): getEvdoLevel=0
07-06 17:23:08.589 D/StatusBar.BatteryController( 484): mOldstatus5status 5
07-06 19:58:41.155 W/SignalStrength( 484): getCdmaLevel=3
07-06 17:23:08.589 D/StatusBar.BatteryController( 484): now old status is 5
07-06 19:58:41.155 W/SignalStrength( 484): getLevel=3
07-06 17:23:18.609 V/StatusBar.BatteryController( 484): status5batteryHealth 2
07-06 19:58:41.895 E/SMD ( 105): DCD OFF
07-06 19:58:44.615 V/StatusBar.BatteryController( 484): status5batteryHealth 2
07-06 19:58:44.615 D/StatusBar.BatteryController( 484): mOldstatus5status 5
07-06 19:58:44.615 D/StatusBar.BatteryController( 484): now old status is 5
07-06 17:23:18.609 D/StatusBar.BatteryController( 484): mOldstatus5status 5
07-06 19:58:44.895 E/SMD ( 105): DCD OFF
07-06 17:23:18.609 D/StatusBar.BatteryController( 484): now old status is 5
07-06 19:58:47.895 E/SMD ( 105): DCD OFF
07-06 17:23:58.689 V/StatusBar.BatteryController( 484): status5batteryHealth 2
07-06 19:58:48.145 W/SignalStrength( 277): getCdmaLevel=2
07-06 17:23:58.689 D/StatusBar.BatteryController( 484): mOldstatus5status 5
07-06 19:58:48.145 W/SignalStrength( 277): getEvdoLevel=0
07-06 17:23:58.689 D/StatusBar.BatteryController( 484): now old status is 5
07-06 19:58:48.145 W/SignalStrength( 277): getCdmaLevel=2
07-06 17:24:08.709 V/StatusBar.BatteryController( 484): status5batteryHealth 2
07-06 19:58:48.145 W/SignalStrength( 277): getLevel=2
07-06 17:24:08.709 D/StatusBar.BatteryController( 484): mOldstatus5status 5
07-06 19:58:48.155 W/SignalStrength( 484): getCdmaLevel=2
07-06 17:24:08.709 D/StatusBar.BatteryController( 484): now old status is 5
07-06 19:58:48.155 W/SignalStrength( 484): getEvdoLevel=0
07-06 17:24:28.749 V/StatusBar.BatteryController( 484): status5batteryHealth 2
07-06 19:58:48.155 W/SignalStrength( 484): getCdmaLevel=2
07-06 17:24:28.749 D/StatusBar.BatteryController( 484): mOldstatus5status 5
07-06 19:58:48.155 W/SignalStrength( 484): getLevel=2
07-06 17:24:28.749 D/StatusBar.BatteryController( 484): now old status is 5
07-06 19:58:50.895 E/SMD ( 105): DCD OFF
07-06 17:24:38.779 V/StatusBar.BatteryController( 484): status5batteryHealth 2
07-06 19:58:53.895 E/SMD ( 105): DCD OFF
07-06 19:58:54.635 V/StatusBar.BatteryController( 484): status5batteryHealth 2
07-06 19:58:54.635 D/StatusBar.BatteryController( 484): mOldstatus5status 5
07-06 19:58:54.635 D/StatusBar.BatteryController( 484): now old status is 5
07-06 17:24:38.779 D/StatusBar.BatteryController( 484): mOldstatus5status 5
07-06 19:58:56.905 E/SMD ( 105): DCD OFF
07-06 17:24:38.779 D/StatusBar.BatteryController( 484): now old status is 5
07-06 19:58:59.905 E/SMD ( 105): DCD OFF
07-06 17:24:48.799 V/StatusBar.BatteryController( 484): status5batteryHealth 2
07-06 19:59:02.905 E/SMD ( 105): DCD OFF
07-06 17:24:48.799 D/StatusBar.BatteryController( 484): mOldstatus5status 5
07-06 19:59:05.905 E/SMD ( 105): DCD OFF
07-06 17:24:48.799 D/StatusBar.BatteryController( 484): now old status is 5
07-06 19:59:08.915 E/SMD ( 105): DCD OFF
07-06 17:24:58.809 V/StatusBar.BatteryController( 484): status5batteryHealth 2
07-06 19:59:11.915 E/SMD ( 105): DCD OFF
07-06 19:59:14.675 V/StatusBar.BatteryController( 484): status5batteryHealth 2
07-06 19:59:14.675 D/StatusBar.BatteryController( 484): mOldstatus5status 5
07-06 19:59:14.675 D/StatusBar.BatteryController( 484): now old status is 5
07-06 17:24:58.809 D/StatusBar.BatteryController( 484): mOldstatus5status 5
07-06 19:59:14.915 E/SMD ( 105): DCD OFF
07-06 17:24:58.809 D/StatusBar.BatteryController( 484): now old status is 5
07-06 19:59:17.915 E/SMD ( 105): DCD OFF
07-06 17:25:48.909 V/StatusBar.BatteryController( 484): status5batteryHealth 2
07-06 19:59:20.925 E/SMD ( 105): DCD OFF
07-06 17:25:48.909 D/StatusBar.BatteryController( 484): mOldstatus5status 5
07-06 19:59:23.925 E/SMD ( 105): DCD OFF
07-06 17:25:48.909 D/StatusBar.BatteryController( 484): now old status is 5
07-06 19:59:26.925 E/SMD ( 105): DCD OFF
07-06 17:25:55.979 V/StatusBar.BatteryController( 484): status5batteryHealth 2
07-06 19:59:29.845 D/SensorManager( 754): registerListener :: handle = 0 name= BOSCH 3-axis Accelerometer delay= 10000 Listener= kvo@41170ae0
07-06 17:25:55.979 D/StatusBar.BatteryController( 484): mOldstatus5status 5
07-06 19:59:29.845 E/SensorManager( 754): thread start
07-06 17:25:55.979 D/StatusBar.BatteryController( 484): now old status is 5
07-06 19:59:29.845 E/SensorManager( 754): =======>>>Sensor Thread RUNNING <<<========
07-06 17:25:56.219 D/BatteryService( 277): CHARGER :: mBatteryStatus = 3
07-06 19:59:29.925 E/SMD ( 105): DCD OFF
07-06 17:26:02.239 W/PowerManagerService( 277): Timer 0x3->0x3|0x3
07-06 19:59:30.555 I/SensorManager( 754): Set normal delay = true
07-06 17:26:21.569 V/WindowOrientationListener( 277): nearestRotation : 0 Angle: 7 tilt: 4
07-06 19:59:30.635 D/SensorManager( 754): unregisterListener:: disable all sensors for this listener, name = BOSCH 3-axis Accelerometer listener = kvo@41170ae0
07-06 17:26:30.939 V/WindowOrientationListener( 277): nearestRotation : 0 Angle: 354 tilt: 11
07-06 19:59:30.665 I/GCoreUlr( 754): Received powerMode change from NLP: com.google.android.location.activity.LOW_POWER_MODE_ENABLED
07-06 17:26:40.049 V/WindowOrientationListener( 277): nearestRotation : 0 Angle: 354 tilt: 4
07-06 19:59:30.665 I/GCoreUlr( 754): Starting service, intent=Intent { act=com.google.android.location.reporting.ACTION_UPDATE_ACTIVE_STATE cmp=xxxx }, extras=null
07-06 17:26:48.839 V/WindowOrientationListener( 277): Proposed rotation changed! proposedRotation=1, oldProposedRotation=-1currentRotation = 0
07-06 19:59:30.715 I/GCoreUlr( 754): Ensuring that reporting is active for [account#15#]
07-06 17:26:48.839 V/WindowManager( 277): rotationForOrientationLw(orient=-1, last=0); user=0 mLidOpen=-1 mDockMode=0 mHdmiPlugged=false mAccelerometerDefault=1 sensorRotation=1
07-06 19:59:30.715 I/GCoreUlr( 754): Starting service, intent=Intent { act=com.google.android.location.reporting.ACTION_LOCATION_STATUS cmp=xxxx (has extras) }, extras=Bundle[{status=LocationStatus[cell status: STATUS_SUCCESSFUL, wifi status: STATUS_INVALID_SCAN, elapsed realtime ns: 237188000000]}]
07-06 17:26:48.919 I/ActivityManager( 277): Config changed: {1.0 310mcc0mnc en_US layoutdir=0 sw320dp w480dp h295dp nrml land finger -keyb/v/h -nav/h s.6}
07-06 19:59:32.925 E/SMD ( 105): DCD OFF
07-06 19:59:34.715 V/StatusBar.BatteryController( 484): status5batteryHealth 2
07-06 19:59:34.715 D/StatusBar.BatteryController( 484): mOldstatus5status 5
07-06 19:59:34.715 D/StatusBar.BatteryController( 484): now old status is 5
07-06 17:26:49.029 D/PowerManagerService( 277): releaseWakeLockLocked flags=0x0 tag=KEEP_SCREEN_ON_FLAG myUID=1000 myPID=277 myTID=569
07-06 19:59:35.935 E/SMD ( 105): DCD OFF
07-06 17:26:49.559 D/PowerManagerService( 277): acquireWakeLock flags=0xa tag=KEEP_SCREEN_ON_FLAG uid=1000 pid=277 myUID=1000 myPID=277 myTID=569
07-06 19:59:38.935 E/SMD ( 105): DCD OFF
07-06 17:26:50.109 V/WindowManager( 277): rotationForOrientationLw(orient=-1, last=1); user=0 mLidOpen=-1 mDockMode=0 mHdmiPlugged=false mAccelerometerDefault=1 sensorRotation=-1
07-06 19:59:41.935 E/SMD ( 105): DCD OFF
07-06 19:59:44.725 V/StatusBar.BatteryController( 484): status5batteryHealth 2
07-06 19:59:44.735 D/StatusBar.BatteryController( 484): mOldstatus5status 5
07-06 19:59:44.735 D/StatusBar.BatteryController( 484): now old status is 5
07-06 17:26:50.689 V/WindowOrientationListener( 277): Proposed rotation changed! proposedRotation=0, oldProposedRotation=-1currentRotation = 1
07-06 19:59:44.935 E/SMD ( 105): DCD OFF
07-06 17:26:50.689 V/WindowManager( 277): rotationForOrientationLw(orient=-1, last=1); user=0 mLidOpen=-1 mDockMode=0 mHdmiPlugged=false mAccelerometerDefault=1 sensorRotation=0
07-06 19:59:47.945 E/SMD ( 105): DCD OFF
07-06 17:26:50.719 I/ActivityManager( 277): Config changed: {1.0 310mcc0mnc en_US layoutdir=0 sw320dp w320dp h455dp nrml port finger -keyb/v/h -nav/h s.7}
07-06 19:59:49.165 W/SignalStrength( 277): getCdmaLevel=3
07-06 17:26:50.809 D/PowerManagerService( 277): releaseWakeLockLocked flags=0x0 tag=KEEP_SCREEN_ON_FLAG myUID=1000 myPID=277 myTID=287
07-06 19:59:49.165 W/SignalStrength( 277): getEvdoLevel=0
07-06 17:26:50.899 V/WindowOrientationListener( 277): nearestRotation : 0 Angle: 2 tilt: 57
07-06 19:59:49.165 W/SignalStrength( 277): getCdmaLevel=3
07-06 17:26:51.179 D/PowerManagerService( 277): acquireWakeLock flags=0xa tag=KEEP_SCREEN_ON_FLAG uid=1000 pid=277 myUID=1000 myPID=277 myTID=533
07-06 19:59:49.165 W/SignalStrength( 277): getLevel=3
07-06 17:26:51.709 V/WindowManager( 277): rotationForOrientationLw(orient=-1, last=0); user=0 mLidOpen=-1 mDockMode=0 mHdmiPlugged=false mAccelerometerDefault=1 sensorRotation=0
07-06 19:59:49.175 W/SignalStrength( 484): getCdmaLevel=3
07-06 17:26:56.819 W/PowerManagerService( 277): Timer 0x3->0x3|0x3
07-06 19:59:49.175 W/SignalStrength( 484): getEvdoLevel=0
07-06 17:27:06.299 V/WindowOrientationListener( 277): nearestRotation : 0 Angle: 346 tilt: 33
07-06 19:59:49.175 W/SignalStrength( 484): getCdmaLevel=3
07-06 17:27:43.659 D/BatteryService( 277): CHARGER :: mBatteryStatus = 2
07-06 19:59:49.175 W/SignalStrength( 484): getLevel=3
07-06 17:27:43.659 E/NotificationService( 277): Ignoring notification with icon==0: Notification(contentView=null vibrate=null,sound=system/media/audio/ui/Charger_Connection.ogg,defaults=0x0,flags=0x0)
07-06 19:59:50.945 E/SMD ( 105): DCD OFF
07-06 17:27:43.679 V/StatusBar.BatteryController( 484): status2batteryHealth 2
07-06 19:59:53.945 E/SMD ( 105): DCD OFF
07-06 19:59:54.745 V/StatusBar.BatteryController( 484): status5batteryHealth 2
07-06 19:59:54.745 D/StatusBar.BatteryController( 484): mOldstatus5status 5
07-06 19:59:54.745 D/StatusBar.BatteryController( 484): now old status is 5
07-06 17:27:43.679 D/StatusBar.BatteryController( 484): mOldstatus5status 2
07-06 19:59:56.945 E/SMD ( 105): DCD OFF
07-06 17:27:43.679 D/StatusBar.BatteryController( 484): now old status is 2
07-06 19:59:57.165 W/SignalStrength( 277): getCdmaLevel=2
07-06 17:27:43.679 W/PowerUI ( 484): unknown intent: Intent { act=android.intent.action.ACTION_POWER_CONNECTED flg=0x10000010 }
07-06 19:59:57.175 W/SignalStrength( 484): getCdmaLevel=2
07-06 17:27:43.749 W/BatteryStats( 277): updateBatterySysfs...
07-06 19:59:57.175 W/SignalStrength( 484): getEvdoLevel=0
07-06 17:27:43.749 W/BatteryStats( 277): updateSysfs...
07-06 19:59:57.175 W/SignalStrength( 484): getCdmaLevel=2
07-06 17:27:44.139 V/UsbDeviceManager( 277): USB UEVENT: {USB_STATE=CONNECTED, SUBSYSTEM=android_usb, DEVPATH=/devices/virtual/android_usb/android0, SEQNUM=5665, ACTION=change}
07-06 19:59:57.175 W/SignalStrength( 484): getLevel=2
07-06 17:27:44.139 D/UsbDeviceManager( 277): handleMessage -> MSG_UPDATE_STATE connected = 1,configured = 0
07-06 19:59:57.175 W/SignalStrength( 277): getEvdoLevel=0
07-06 17:27:44.139 D/UsbDeviceManager( 277): updateUsbNotification mConnected = true, mConnected = true, mCurrentFunctions = mtp,adb, mUsbNotificationId = 0
07-06 19:59:57.175 W/SignalStrength( 277): getCdmaLevel=2
07-06 17:27:44.159 D/UsbDeviceManager( 277): updateAdbNotification : mAdbEnabled = true, mConnected = true, mAdbNotificationShown = false
07-06 19:59:57.175 W/SignalStrength( 277): getLevel=2
07-06 17:27:44.159 D/UsbDeviceManager( 277): don't notify adb
07-06 19:59:59.955 E/SMD ( 105): DCD OFF
07-06 17:27:44.159 D/UsbDeviceManager( 277): sending intent : ACTION_USB_STATE : connected = true, configured = false, functions = mtp,adb
07-06 20:00:02.955 E/SMD ( 105): DCD OFF
07-06 20:00:04.775 V/StatusBar.BatteryController( 484): status5batteryHealth 2
07-06 20:00:04.775 D/StatusBar.BatteryController( 484): mOldstatus5status 5
07-06 20:00:04.775 D/StatusBar.BatteryController( 484): now old status is 5
07-06 17:27:44.289 V/UsbDeviceManager( 277): USB UEVENT: {USB_STATE=CONFIGURED, SUBSYSTEM=android_usb, DEVPATH=/devices/virtual/android_usb/android0, SEQNUM=5668, ACTION=change}
07-06 20:00:05.955 E/SMD ( 105): DCD OFF
07-06 17:27:44.289 D/UsbDeviceManager( 277): handleMessage -> MSG_UPDATE_STATE connected = 1,configured = 1
07-06 20:00:08.955 E/SMD ( 105): DCD OFF
07-06 17:27:44.289 D/UsbDeviceManager( 277): updateUsbNotification mConnected = true, mConnected = true, mCurrentFunctions = mtp,adb, mUsbNotificationId = 17040450
07-06 20:00:11.955 E/SMD ( 105): DCD OFF
07-06 20:00:14.795 V/StatusBar.BatteryController( 484): status5batteryHealth 2
07-06 20:00:14.795 D/StatusBar.BatteryController( 484): mOldstatus5status 5
07-06 20:00:14.795 D/StatusBar.BatteryController( 484): now old status is 5
07-06 17:27:44.289 D/UsbDeviceManager( 277): updateAdbNotification : mAdbEnabled = true, mConnected = true, mAdbNotificationShown = false
07-06 20:00:14.965 E/SMD ( 105): DCD OFF
07-06 17:27:44.289 D/UsbDeviceManager( 277): don't notify adb
07-06 20:00:17.965 E/SMD ( 105): DCD OFF
07-06 17:27:44.289 D/UsbDeviceManager( 277): sending intent : ACTION_USB_STATE : connected = true, configured = true, functions = mtp,adb
07-06 20:00:20.965 E/SMD ( 105): DCD OFF
07-06 17:27:44.599 W/BatteryStats( 277): updateBatterySysfs...
07-06 20:00:23.965 E/SMD ( 105): DCD OFF
07-06 20:00:24.805 V/StatusBar.BatteryController( 484): status5batteryHealth 2
07-06 20:00:24.815 D/StatusBar.BatteryController( 484): mOldstatus5status 5
07-06 20:00:24.815 D/StatusBar.BatteryController( 484): now old status is 5
07-06 17:27:44.599 W/BatteryStats( 277): updateSysfs...
07-06 20:00:26.975 E/SMD ( 105): DCD OFF
07-06 17:27:49.679 W/PowerManagerService( 277): Timer 0x3->0x3|0x3
07-06 20:00:29.975 E/SMD ( 105): DCD OFF
07-06 17:27:50.599 V/StatusBar.BatteryController( 484): status2batteryHealth 2
07-06 20:00:32.975 E/SMD ( 105): DCD OFF
07-06 17:27:50.599 D/StatusBar.BatteryController( 484): mOldstatus2status 2
07-06 20:00:34.185 W/SignalStrength( 277): getCdmaLevel=3
07-06 17:27:50.599 D/StatusBar.BatteryController( 484): now old status is 2
07-06 20:00:34.185 W/SignalStrength( 277): getEvdoLevel=0
07-06 17:28:00.619 V/StatusBar.BatteryController( 484): status2batteryHealth 2
07-06 20:00:34.185 W/SignalStrength( 277): getCdmaLevel=3
07-06 17:28:00.619 D/StatusBar.BatteryController( 484): mOldstatus2status 2
07-06 20:00:34.185 W/SignalStrength( 277): getLevel=3
07-06 17:28:00.619 D/StatusBar.BatteryController( 484): now old status is 2
07-06 20:00:34.195 W/SignalStrength( 484): getCdmaLevel=3
07-06 17:28:10.619 D/BatteryService( 277): CHARGER :: mBatteryStatus = 5
07-06 20:00:34.195 W/SignalStrength( 484): getEvdoLevel=0
07-06 17:28:10.629 V/StatusBar.BatteryController( 484): status5batteryHealth 2
07-06 20:00:34.195 W/SignalStrength( 484): getCdmaLevel=3
07-06 17:28:10.629 D/StatusBar.BatteryController( 484): mOldstatus2status 5
07-06 20:00:34.195 W/SignalStrength( 484): getLevel=3
07-06 17:28:10.629 D/StatusBar.BatteryController( 484): now old status is 5
07-06 20:00:35.975 E/SMD ( 105): DCD OFF
07-06 17:28:20.649 V/StatusBar.BatteryController( 484): status5batteryHealth 2
07-06 20:00:38.985 E/SMD ( 105): DCD OFF
07-06 17:28:20.649 D/StatusBar.BatteryController( 484): mOldstatus5status 5
07-06 20:00:41.985 E/SMD ( 105): DCD OFF
07-06 17:28:20.649 D/StatusBar.BatteryController( 484): now old status is 5
07-06 20:00:43.185 W/SignalStrength( 277): getCdmaLevel=2
07-06 17:28:30.679 V/StatusBar.BatteryController( 484): status5batteryHealth 2
07-06 20:00:43.185 W/SignalStrength( 277): getEvdoLevel=0
07-06 17:28:30.679 D/StatusBar.BatteryController( 484): mOldstatus5status 5
07-06 20:00:43.185 W/SignalStrength( 277): getCdmaLevel=2
07-06 17:28:30.679 D/StatusBar.BatteryController( 484): now old status is 5
07-06 20:00:43.195 W/SignalStrength( 484): getCdmaLevel=2
07-06 17:28:40.699 V/StatusBar.BatteryController( 484): status5batteryHealth 2
07-06 20:00:43.195 W/SignalStrength( 484): getEvdoLevel=0
07-06 17:28:40.699 D/StatusBar.BatteryController( 484): mOldstatus5status 5
07-06 20:00:43.195 W/SignalStrength( 484): getCdmaLevel=2
07-06 17:28:40.699 D/StatusBar.BatteryController( 484): now old status is 5
07-06 20:00:43.195 W/SignalStrength( 484): getLevel=2
07-06 17:28:50.709 V/StatusBar.BatteryController( 484): status5batteryHealth 2
07-06 20:00:43.195 W/SignalStrength( 277): getLevel=2
07-06 17:28:50.709 D/StatusBar.BatteryController( 484): mOldstatus5status 5
07-06 20:00:44.195 W/SignalStrength( 484): getCdmaLevel=3
07-06 17:28:50.709 D/StatusBar.BatteryController( 484): now old status is 5
07-06 20:00:44.195 W/SignalStrength( 484): getEvdoLevel=0
07-06 17:29:00.739 V/StatusBar.BatteryController( 484): status5batteryHealth 2
07-06 20:00:44.195 W/SignalStrength( 484): getCdmaLevel=3
07-06 17:29:00.739 D/StatusBar.BatteryController( 484): mOldstatus5status 5
07-06 20:00:44.195 W/SignalStrength( 484): getLevel=3
07-06 17:29:00.739 D/StatusBar.BatteryController( 484): now old status is 5
07-06 20:00:44.195 W/SignalStrength( 277): getCdmaLevel=3
07-06 17:29:20.779 V/StatusBar.BatteryController( 484): status5batteryHealth 2
07-06 20:00:44.195 W/SignalStrength( 277): getEvdoLevel=0
07-06 17:29:20.779 D/StatusBar.BatteryController( 484): mOldstatus5status 5
07-06 20:00:44.195 W/SignalStrength( 277): getCdmaLevel=3
07-06 17:29:20.779 D/StatusBar.BatteryController( 484): now old status is 5
07-06 20:00:44.195 W/SignalStrength( 277): getLevel=3
07-06 17:29:30.799 V/StatusBar.BatteryController( 484): status5batteryHealth 2
07-06 20:00:44.985 E/SMD ( 105): DCD OFF
07-06 17:29:30.799 D/StatusBar.BatteryController( 484): mOldstatus5status 5
07-06 20:00:47.985 E/SMD ( 105): DCD OFF
07-06 17:29:30.799 D/StatusBar.BatteryController( 484): now old status is 5
07-06 20:00:50.985 E/SMD ( 105): DCD OFF
07-06 17:29:40.809 V/StatusBar.BatteryController( 484): status5batteryHealth 2
07-06 20:00:53.195 W/SignalStrength( 277): getCdmaLevel=2
07-06 17:29:40.809 D/StatusBar.BatteryController( 484): mOldstatus5status 5
07-06 20:00:53.195 W/SignalStrength( 277): getEvdoLevel=0
07-06 17:29:40.809 D/StatusBar.BatteryController( 484): now old status is 5
07-06 20:00:53.195 W/SignalStrength( 277): getCdmaLevel=2
07-06 17:29:50.829 V/StatusBar.BatteryController( 484): status5batteryHealth 2
07-06 20:00:53.195 W/SignalStrength( 277): getLevel=2
07-06 17:29:50.829 D/StatusBar.BatteryController( 484): mOldstatus5status 5
07-06 20:00:53.195 W/SignalStrength( 484): getCdmaLevel=2
07-06 17:29:50.829 D/StatusBar.BatteryController( 484): now old status is 5
07-06 20:00:53.195 W/SignalStrength( 484): getEvdoLevel=0
07-06 17:30:10.869 V/StatusBar.BatteryController( 484): status5batteryHealth 2
07-06 20:00:53.195 W/SignalStrength( 484): getCdmaLevel=2
07-06 17:30:10.879 D/StatusBar.BatteryController( 484): mOldstatus5status 5
07-06 20:00:53.195 W/SignalStrength( 484): getLevel=2
07-06 17:30:10.879 D/StatusBar.BatteryController( 484): now old status is 5
07-06 20:00:54.005 E/SMD ( 105): DCD OFF
07-06 20:00:54.865 V/StatusBar.BatteryController( 484): status5batteryHealth 2
07-06 20:00:54.865 D/StatusBar.BatteryController( 484): mOldstatus5status 5
07-06 20:00:54.865 D/StatusBar.BatteryController( 484): now old status is 5
07-06 17:30:20.889 V/StatusBar.BatteryController( 484): status5batteryHealth 2
07-06 20:00:57.005 E/SMD ( 105): DCD OFF
07-06 17:30:20.889 D/StatusBar.BatteryController( 484): mOldstatus5status 5
07-06 20:01:00.005 E/SMD ( 105): DCD OFF
07-06 17:30:20.889 D/StatusBar.BatteryController( 484): now old status is 5
07-06 20:01:01.195 W/SignalStrength( 277): getCdmaLevel=3
07-06 17:30:30.919 V/StatusBar.BatteryController( 484): status5batteryHealth 2
07-06 20:01:01.195 W/SignalStrength( 277): getEvdoLevel=0
07-06 17:30:30.919 D/StatusBar.BatteryController( 484): mOldstatus5status 5
07-06 20:01:01.195 W/SignalStrength( 277): getCdmaLevel=3
07-06 17:30:30.919 D/StatusBar.BatteryController( 484): now old status is 5
07-06 20:01:01.195 W/SignalStrength( 277): getLevel=3
07-06 17:30:50.949 V/StatusBar.BatteryController( 484): status5batteryHealth 2
07-06 20:01:01.205 W/SignalStrength( 484): getCdmaLevel=3
07-06 17:30:50.949 D/StatusBar.BatteryController( 484): mOldstatus5status 5
07-06 20:01:01.205 W/SignalStrength( 484): getEvdoLevel=0
07-06 17:30:50.949 D/StatusBar.BatteryController( 484): now old status is 5
07-06 20:01:01.205 W/SignalStrength( 484): getCdmaLevel=3
07-06 17:31:00.969 V/StatusBar.BatteryController( 484): status5batteryHealth 2
07-06 20:01:01.205 W/SignalStrength( 484): getLevel=3
07-06 17:31:00.969 D/StatusBar.BatteryController( 484): mOldstatus5status 5
07-06 20:01:03.015 E/SMD ( 105): DCD OFF
07-06 17:31:00.969 D/StatusBar.BatteryController( 484): now old status is 5
07-06 20:01:06.015 E/SMD ( 105): DCD OFF
07-06 17:31:21.009 V/StatusBar.BatteryController( 484): status5batteryHealth 2
07-06 20:01:08.195 W/SignalStrength( 277): getCdmaLevel=2
07-06 17:31:21.009 D/StatusBar.BatteryController( 484): mOldstatus5status 5
07-06 20:01:08.195 W/SignalStrength( 277): getEvdoLevel=0
07-06 17:31:21.009 D/StatusBar.BatteryController( 484): now old status is 5
07-06 20:01:08.195 W/SignalStrength( 277): getCdmaLevel=2
07-06 17:31:26.039 I/PowerManagerService( 277): Ulight 3->7|0
07-06 20:01:08.195 W/SignalStrength( 277): getLevel=2
07-06 17:31:26.039 D/PowerManagerService( 277): setLightBrightness : mButtonLight : 148
07-06 20:01:08.205 W/SignalStrength( 484): getCdmaLevel=2
07-06 17:31:28.789 V/WindowOrientationListener( 277): nearestRotation : 0 Angle: 7 tilt: 60
07-06 20:01:08.205 W/SignalStrength( 484): getEvdoLevel=0
07-06 17:31:30.569 I/ActivityManager( 277): START {intent.toShortString} from pid 277
07-06 20:01:08.205 W/SignalStrength( 484): getCdmaLevel=2
07-06 17:31:30.609 V/WindowManager( 277): rotationForOrientationLw(orient=5, last=0); user=0 mLidOpen=-1 mDockMode=0 mHdmiPlugged=false mAccelerometerDefault=1 sensorRotation=-1
07-06 20:01:08.205 W/SignalStrength( 484): getLevel=2
07-06 17:31:30.649 I/UsageStats( 277): Deleting usage file : usage-20140703
07-06 20:01:09.015 E/SMD ( 105): DCD OFF
07-06 17:31:30.679 W/InputManagerService( 277): Focus gain on non-focused client com.android.internal.view.IInputMethodClient$Stub$Proxy@4174b7c0 (uid=10062 pid=11219)
07-06 20:01:12.015 E/SMD ( 105): DCD OFF
07-06 20:01:14.905 V/StatusBar.BatteryController( 484): status5batteryHealth 2
07-06 20:01:14.915 D/StatusBar.BatteryController( 484): mOldstatus5status 5
07-06 20:01:14.915 D/StatusBar.BatteryController( 484): now old status is 5
07-06 17:31:30.769 D/PowerManagerService( 277): releaseWakeLockLocked flags=0x0 tag=KEEP_SCREEN_ON_FLAG myUID=1000 myPID=277 myTID=1573
07-06 20:01:15.025 E/SMD ( 105): DCD OFF
07-06 17:31:31.029 V/StatusBar.BatteryController( 484): status5batteryHealth 2
07-06 20:01:18.025 E/SMD ( 105): DCD OFF
07-06 17:31:31.029 D/StatusBar.BatteryController( 484): mOldstatus5status 5
07-06 20:01:21.025 E/SMD ( 105): DCD OFF
07-06 17:31:31.029 D/StatusBar.BatteryController( 484): now old status is 5
07-06 20:01:24.025 E/SMD ( 105): DCD OFF
07-06 17:31:33.669 I/ActivityManager( 277): START {intent.toShortString} from pid 573
07-06 20:01:27.035 E/SMD ( 105): DCD OFF
07-06 17:31:33.719 I/UsageStats( 277): No package stats for pkg:com.android.launcher
07-06 20:01:30.035 E/SMD ( 105): DCD OFF
07-06 17:31:33.759 I/ActivityManager( 277): Start proc app.processName for activity hostingNameStr: pid=11519 uid=1000 gids={3001, 3002, 1023, 1006, 1007, 3003, 1015, 1001, 3007}
07-06 20:01:33.035 E/SMD ( 105): DCD OFF
07-06 20:01:34.945 V/StatusBar.BatteryController( 484): status5batteryHealth 2
07-06 20:01:34.955 D/StatusBar.BatteryController( 484): mOldstatus5status 5
07-06 20:01:34.955 D/StatusBar.BatteryController( 484): now old status is 5
07-06 17:31:33.829 W/InputManagerService( 277): Window already focused, ignoring focus gain of: com.android.internal.view.IInputMethodClient$Stub$Proxy@417f9590
07-06 20:01:36.035 E/SMD ( 105): DCD OFF
07-06 17:31:33.839 V/WindowManager( 277): rotationForOrientationLw(orient=-1, last=0); user=0 mLidOpen=-1 mDockMode=0 mHdmiPlugged=false mAccelerometerDefault=1 sensorRotation=-1
07-06 20:01:39.045 E/SMD ( 105): DCD OFF
07-06 17:31:39.059 I/ActivityManager( 277): START {intent.toShortString} from pid 11519
07-06 20:01:42.045 E/SMD ( 105): DCD OFF
07-06 20:01:44.975 V/StatusBar.BatteryController( 484): status5batteryHealth 2
07-06 20:01:44.975 D/StatusBar.BatteryController( 484): mOldstatus5status 5
07-06 20:01:44.975 D/StatusBar.BatteryController( 484): now old status is 5
07-06 17:31:39.179 D/ActivityManager( 277): Trying to launch applicationName
07-06 20:01:45.045 E/SMD ( 105): DCD OFF
07-06 17:31:39.329 D/VoldCmdListener( 98): cryptfs cryptocomplete
07-06 20:01:48.045 E/SMD ( 105): DCD OFF
07-06 17:31:39.329 E/Cryptfs ( 98): not running with encryption, aborting
07-06 20:01:51.055 E/SMD ( 105): DCD OFF
07-06 17:31:44.789 W/PowerManagerService( 277): Timer 0x7->0x3|0x0
07-06 20:01:54.055 E/SMD ( 105): DCD OFF
07-06 20:01:54.985 V/StatusBar.BatteryController( 484): status5batteryHealth 2
07-06 20:01:54.985 D/StatusBar.BatteryController( 484): mOldstatus5status 5
07-06 20:01:54.985 D/StatusBar.BatteryController( 484): now old status is 5
07-06 17:31:44.789 I/PowerManagerService( 277): Ulight 7->3|0
07-06 20:01:57.055 E/SMD ( 105): DCD OFF
07-06 17:31:44.789 D/PowerManagerService( 277): setLightBrightness : mButtonLight : 0
07-06 20:02:00.055 E/SMD ( 105): DCD OFF
07-06 17:31:51.109 I/PowerManagerService( 277): Ulight 3->7|0
07-06 20:02:03.055 E/SMD ( 105): DCD OFF
07-06 20:02:05.035 V/StatusBar.BatteryController( 484): status5batteryHealth 2
07-06 20:02:05.035 D/StatusBar.BatteryController( 484): mOldstatus5status 5
07-06 20:02:05.035 D/StatusBar.BatteryController( 484): now old status is 5
07-06 17:31:51.109 D/PowerManagerService( 277): setLightBrightness : mButtonLight : 148
07-06 20:02:06.065 E/SMD ( 105): DCD OFF
07-06 17:31:51.259 I/ActivityManager( 277): START {intent.toShortString} from pid 277
07-06 20:02:09.065 E/SMD ( 105): DCD OFF
07-06 17:31:51.439 V/WindowManager( 277): rotationForOrientationLw(orient=5, last=0); user=0 mLidOpen=-1 mDockMode=0 mHdmiPlugged=false mAccelerometerDefault=1 sensorRotation=-1
07-06 20:02:12.065 E/SMD ( 105): DCD OFF
07-06 17:31:51.539 W/InputManagerService( 277): Starting input on non-focused client com.android.internal.view.IInputMethodClient$Stub$Proxy@416c7418 (uid=1000 pid=11519)
07-06 20:02:15.065 E/SMD ( 105): DCD OFF
07-06 17:31:54.959 I/ActivityManager( 277): START {intent.toShortString} from pid 573
07-06 20:02:18.075 E/SMD ( 105): DCD OFF
07-06 17:31:55.099 V/WindowManager( 277): rotationForOrientationLw(orient=-1, last=0); user=0 mLidOpen=-1 mDockMode=0 mHdmiPlugged=false mAccelerometerDefault=1 sensorRotation=-1
07-06 20:02:21.075 E/SMD ( 105): DCD OFF
07-06 17:31:55.339 D/PowerManagerService( 277): acquireWakeLock flags=0xa tag=KEEP_SCREEN_ON_FLAG uid=1000 pid=277 myUID=1000 myPID=277 myTID=288
07-06 20:02:24.075 E/SMD ( 105): DCD OFF
07-06 20:02:25.045 V/StatusBar.BatteryController( 484): status5batteryHealth 2
07-06 20:02:25.045 D/StatusBar.BatteryController( 484): mOldstatus5status 5
07-06 20:02:25.045 D/StatusBar.BatteryController( 484): now old status is 5
07-06 17:32:00.749 W/PowerManagerService( 277): Timer 0x7->0x3|0x3
07-06 20:02:27.075 E/SMD ( 105): DCD OFF
07-06 17:32:00.749 I/PowerManagerService( 277): Ulight 7->3|0
07-06 20:02:28.235 W/SignalStrength( 484): getCdmaLevel=3
07-06 17:32:00.749 D/PowerManagerService( 277): setLightBrightness : mButtonLight : 0
07-06 20:02:28.235 W/SignalStrength( 484): getEvdoLevel=0
07-06 17:32:01.089 V/StatusBar.BatteryController( 484): status5batteryHealth 2
07-06 20:02:28.235 W/SignalStrength( 484): getCdmaLevel=3
07-06 17:32:01.089 D/StatusBar.BatteryController( 484): mOldstatus5status 5
07-06 20:02:28.235 W/SignalStrength( 484): getLevel=3
07-06 17:32:01.089 D/StatusBar.BatteryController( 484): now old status is 5
07-06 20:02:28.235 W/SignalStrength( 277): getCdmaLevel=3
07-06 17:32:11.109 V/StatusBar.BatteryController( 484): status5batteryHealth 2
07-06 20:02:28.235 W/SignalStrength( 277): getEvdoLevel=0
07-06 17:32:11.109 D/StatusBar.BatteryController( 484): mOldstatus5status 5
07-06 20:02:28.235 W/SignalStrength( 277): getCdmaLevel=3
07-06 17:32:11.109 D/StatusBar.BatteryController( 484): now old status is 5
07-06 20:02:28.235 W/SignalStrength( 277): getLevel=3
07-06 17:32:31.159 V/StatusBar.BatteryController( 484): status5batteryHealth 2
07-06 20:02:28.815 D/SensorManager( 754): registerListener :: handle = 0 name= BOSCH 3-axis Accelerometer delay= 10000 Listener= kvo@413875a0
07-06 17:32:31.159 D/StatusBar.BatteryController( 484): mOldstatus5status 5
07-06 20:02:28.815 E/SensorManager( 754): thread start
07-06 17:32:31.159 D/StatusBar.BatteryController( 484): now old status is 5
07-06 20:02:28.815 E/SensorManager( 754): =======>>>Sensor Thread RUNNING <<<========
07-06 17:32:41.169 V/StatusBar.BatteryController( 484): status5batteryHealth 2
07-06 20:02:29.525 I/SensorManager( 754): Set normal delay = true
07-06 17:32:41.169 D/StatusBar.BatteryController( 484): mOldstatus5status 5
07-06 20:02:29.605 D/SensorManager( 754): unregisterListener:: disable all sensors for this listener, name = BOSCH 3-axis Accelerometer listener = kvo@413875a0
07-06 17:32:41.169 D/StatusBar.BatteryController( 484): now old status is 5
07-06 20:02:30.085 E/SMD ( 105): DCD OFF
07-06 17:32:41.479 W/ThrottleService( 277): unable to find stats for iface rmnet0
07-06 20:02:33.085 E/SMD ( 105): DCD OFF
07-06 20:02:35.065 V/StatusBar.BatteryController( 484): status5batteryHealth 2
07-06 20:02:35.065 D/StatusBar.BatteryController( 484): mOldstatus5status 5
07-06 20:02:35.065 D/StatusBar.BatteryController( 484): now old status is 5
07-06 17:33:11.229 V/StatusBar.BatteryController( 484): status5batteryHealth 2
07-06 20:02:35.085 E/WifiStateMachine( 277): set suspend optimizations failed!
07-06 17:33:11.229 D/StatusBar.BatteryController( 484): mOldstatus5status 5
07-06 20:02:35.235 W/SignalStrength( 277): getCdmaLevel=2
07-06 17:33:11.229 D/StatusBar.BatteryController( 484): now old status is 5
07-06 20:02:35.235 W/SignalStrength( 277): getEvdoLevel=0
07-06 17:33:21.249 V/StatusBar.BatteryController( 484): status5batteryHealth 2
07-06 20:02:35.235 W/SignalStrength( 277): getCdmaLevel=2
07-06 17:33:21.249 D/StatusBar.BatteryController( 484): mOldstatus5status 5
07-06 20:02:35.235 W/SignalStrength( 277): getLevel=2
07-06 17:33:21.249 D/StatusBar.BatteryController( 484): now old status is 5
07-06 20:02:35.235 W/SignalStrength( 484): getCdmaLevel=2
07-06 17:33:31.269 V/StatusBar.BatteryController( 484): status5batteryHealth 2
07-06 20:02:35.235 W/SignalStrength( 484): getEvdoLevel=0
07-06 17:33:31.269 D/StatusBar.BatteryController( 484): mOldstatus5status 5
07-06 20:02:35.235 W/SignalStrength( 484): getCdmaLevel=2
07-06 17:33:31.269 D/StatusBar.BatteryController( 484): now old status is 5
07-06 20:02:35.235 W/SignalStrength( 484): getLevel=2
07-06 17:33:41.289 V/StatusBar.BatteryController( 484): status5batteryHealth 2
07-06 20:02:35.565 E/WifiStateMachine( 277): set suspend optimizations failed!
07-06 17:33:41.289 D/StatusBar.BatteryController( 484): mOldstatus5status 5
07-06 20:02:36.085 E/SMD ( 105): DCD OFF
07-06 17:33:41.289 D/StatusBar.BatteryController( 484): now old status is 5
07-06 20:02:39.085 E/SMD ( 105): DCD OFF
07-06 17:33:51.309 V/StatusBar.BatteryController( 484): status5batteryHealth 2
07-06 20:02:42.095 E/SMD ( 105): DCD OFF
07-06 20:02:42.625 W/ThrottleService( 277): unable to find stats for iface rmnet0
07-06 20:02:45.085 V/StatusBar.BatteryController( 484): status5batteryHealth 2
07-06 20:02:45.085 D/StatusBar.BatteryController( 484): mOldstatus5status 5
07-06 20:02:45.085 D/StatusBar.BatteryController( 484): now old status is 5
07-06 17:33:51.309 D/StatusBar.BatteryController( 484): mOldstatus5status 5
07-06 20:02:45.095 E/SMD ( 105): DCD OFF
07-06 17:33:51.309 D/StatusBar.BatteryController( 484): now old status is 5
07-06 20:02:45.115 D/Tethering( 277): interfaceLinkStateChanged wlan0, true
07-06 17:34:01.329 V/StatusBar.BatteryController( 484): status5batteryHealth 2
07-06 20:02:45.115 D/Tethering( 277): interfaceStatusChanged wlan0, true
07-06 17:34:01.329 D/StatusBar.BatteryController( 484): mOldstatus5status 5
07-06 20:02:48.095 E/SMD ( 105): DCD OFF
07-06 17:34:01.329 D/StatusBar.BatteryController( 484): now old status is 5
07-06 20:02:51.095 E/SMD ( 105): DCD OFF
07-06 17:34:11.349 V/StatusBar.BatteryController( 484): status5batteryHealth 2
07-06 20:02:54.105 E/SMD ( 105): DCD OFF
07-06 20:02:55.105 V/StatusBar.BatteryController( 484): status5batteryHealth 2
07-06 20:02:55.105 D/StatusBar.BatteryController( 484): mOldstatus5status 5
07-06 20:02:55.105 D/StatusBar.BatteryController( 484): now old status is 5
07-06 17:34:11.349 D/StatusBar.BatteryController( 484): mOldstatus5status 5
07-06 20:02:57.105 E/SMD ( 105): DCD OFF
07-06 17:34:11.349 D/StatusBar.BatteryController( 484): now old status is 5
07-06 20:03:00.105 E/SMD ( 105): DCD OFF
07-06 17:34:21.369 V/StatusBar.BatteryController( 484): status5batteryHealth 2
07-06 20:03:03.105 E/SMD ( 105): DCD OFF
07-06 17:34:21.369 D/StatusBar.BatteryController( 484): mOldstatus5status 5
07-06 20:03:06.105 E/SMD ( 105): DCD OFF
07-06 17:34:21.369 D/StatusBar.BatteryController( 484): now old status is 5
07-06 20:03:09.115 E/SMD ( 105): DCD OFF
07-06 17:34:51.439 V/StatusBar.BatteryController( 484): status5batteryHealth 2
07-06 20:03:12.115 E/SMD ( 105): DCD OFF
07-06 17:34:51.439 D/StatusBar.BatteryController( 484): mOldstatus5status 5
07-06 20:03:15.115 E/SMD ( 105): DCD OFF
07-06 20:03:15.145 V/StatusBar.BatteryController( 484): status5batteryHealth 2
07-06 20:03:15.145 D/StatusBar.BatteryController( 484): mOldstatus5status 5
07-06 20:03:15.145 D/StatusBar.BatteryController( 484): now old status is 5
07-06 17:34:51.439 D/StatusBar.BatteryController( 484): now old status is 5
07-06 20:03:18.115 E/SMD ( 105): DCD OFF
07-06 20:03:21.125 E/SMD ( 105): DCD OFF
07-06 20:03:24.125 E/SMD ( 105): DCD OFF
07-06 20:03:27.125 E/SMD ( 105): DCD OFF
07-06 20:03:30.125 E/SMD ( 105): DCD OFF
07-06 20:03:33.135 E/SMD ( 105): DCD OFF
07-06 20:03:35.185 V/StatusBar.BatteryController( 484): status5batteryHealth 2
07-06 20:03:35.185 D/StatusBar.BatteryController( 484): mOldstatus5status 5
07-06 20:03:35.185 D/StatusBar.BatteryController( 484): now old status is 5
07-06 20:03:36.135 E/SMD ( 105): DCD OFF
07-06 20:03:39.135 E/SMD ( 105): DCD OFF
07-06 20:03:42.135 E/SMD ( 105): DCD OFF
07-06 20:03:45.145 E/SMD ( 105): DCD OFF
07-06 20:03:45.205 V/StatusBar.BatteryController( 484): status5batteryHealth 2
07-06 20:03:45.205 D/StatusBar.BatteryController( 484): mOldstatus5status 5
07-06 20:03:45.205 D/StatusBar.BatteryController( 484): now old status is 5
07-06 20:03:48.145 E/SMD ( 105): DCD OFF
07-06 20:03:51.145 E/SMD ( 105): DCD OFF
07-06 20:03:54.145 E/SMD ( 105): DCD OFF
07-06 20:03:55.265 W/SignalStrength( 277): getCdmaLevel=3
07-06 20:03:55.265 W/SignalStrength( 277): getEvdoLevel=0
07-06 20:03:55.265 W/SignalStrength( 277): getCdmaLevel=3
07-06 20:03:55.265 W/SignalStrength( 277): getLevel=3
07-06 20:03:55.265 W/SignalStrength( 484): getCdmaLevel=3
07-06 20:03:55.265 W/SignalStrength( 484): getEvdoLevel=0
07-06 20:03:55.265 W/SignalStrength( 484): getCdmaLevel=3
07-06 20:03:55.265 W/SignalStrength( 484): getLevel=3
07-06 20:03:57.155 E/SMD ( 105): DCD OFF
07-06 20:04:00.155 E/SMD ( 105): DCD OFF
07-06 20:04:02.265 W/SignalStrength( 277): getCdmaLevel=2
07-06 20:04:02.265 W/SignalStrength( 277): getEvdoLevel=0
07-06 20:04:02.265 W/SignalStrength( 277): getCdmaLevel=2
07-06 20:04:02.265 W/SignalStrength( 277): getLevel=2
07-06 20:04:02.265 W/SignalStrength( 484): getCdmaLevel=2
07-06 20:04:02.265 W/SignalStrength( 484): getEvdoLevel=0
07-06 20:04:02.265 W/SignalStrength( 484): getCdmaLevel=2
07-06 20:04:02.265 W/SignalStrength( 484): getLevel=2
07-06 20:04:03.155 E/SMD ( 105): DCD OFF
07-06 20:04:05.245 V/StatusBar.BatteryController( 484): status5batteryHealth 2
07-06 20:04:05.245 D/StatusBar.BatteryController( 484): mOldstatus5status 5
07-06 20:04:05.245 D/StatusBar.BatteryController( 484): now old status is 5
07-06 20:04:06.155 E/SMD ( 105): DCD OFF
07-06 20:04:09.165 E/SMD ( 105): DCD OFF
07-06 20:04:12.165 E/SMD ( 105): DCD OFF
07-06 20:04:15.165 E/SMD ( 105): DCD OFF
07-06 20:04:18.165 E/SMD ( 105): DCD OFF
07-06 20:04:21.175 E/SMD ( 105): DCD OFF
07-06 20:04:24.175 E/SMD ( 105): DCD OFF
07-06 20:04:27.175 E/SMD ( 105): DCD OFF
07-06 20:04:30.175 E/SMD ( 105): DCD OFF
07-06 20:04:33.185 E/SMD ( 105): DCD OFF
07-06 20:04:35.305 V/StatusBar.BatteryController( 484): status5batteryHealth 2
07-06 20:04:35.305 D/StatusBar.BatteryController( 484): mOldstatus5status 5
07-06 20:04:35.305 D/StatusBar.BatteryController( 484): now old status is 5
07-06 20:04:36.185 E/SMD ( 105): DCD OFF
07-06 20:04:39.185 E/SMD ( 105): DCD OFF
07-06 20:04:42.185 E/SMD ( 105): DCD OFF
07-06 20:04:45.185 E/SMD ( 105): DCD OFF
07-06 20:04:48.195 E/SMD ( 105): DCD OFF
07-06 20:04:51.195 E/SMD ( 105): DCD OFF
07-06 20:04:54.195 E/SMD ( 105): DCD OFF
07-06 20:04:55.285 W/SignalStrength( 277): getCdmaLevel=3
07-06 20:04:55.285 W/SignalStrength( 277): getEvdoLevel=0
07-06 20:04:55.285 W/SignalStrength( 277): getCdmaLevel=3
07-06 20:04:55.285 W/SignalStrength( 277): getLevel=3
07-06 20:04:55.295 W/SignalStrength( 484): getCdmaLevel=3
07-06 20:04:55.295 W/SignalStrength( 484): getEvdoLevel=0
07-06 20:04:55.295 W/SignalStrength( 484): getCdmaLevel=3
07-06 20:04:55.295 W/SignalStrength( 484): getLevel=3
07-06 20:04:55.345 V/StatusBar.BatteryController( 484): status5batteryHealth 2
07-06 20:04:55.345 D/StatusBar.BatteryController( 484): mOldstatus5status 5
07-06 20:04:55.345 D/StatusBar.BatteryController( 484): now old status is 5
07-06 20:04:57.195 E/SMD ( 105): DCD OFF
07-06 20:05:00.205 E/SMD ( 105): DCD OFF
07-06 20:05:03.205 E/SMD ( 105): DCD OFF
07-06 20:05:05.365 V/StatusBar.BatteryController( 484): status5batteryHealth 2
07-06 20:05:05.365 D/StatusBar.BatteryController( 484): mOldstatus5status 5
07-06 20:05:05.365 D/StatusBar.BatteryController( 484): now old status is 5
07-06 20:05:06.205 E/SMD ( 105): DCD OFF
07-06 20:05:09.205 E/SMD ( 105): DCD OFF
07-06 20:05:09.295 W/SignalStrength( 277): getCdmaLevel=2
07-06 20:05:09.295 W/SignalStrength( 277): getEvdoLevel=0
07-06 20:05:09.295 W/SignalStrength( 277): getCdmaLevel=2
07-06 20:05:09.295 W/SignalStrength( 277): getLevel=2
07-06 20:05:09.295 W/SignalStrength( 484): getCdmaLevel=2
07-06 20:05:09.305 W/SignalStrength( 484): getEvdoLevel=0
07-06 20:05:09.305 W/SignalStrength( 484): getCdmaLevel=2
07-06 20:05:09.305 W/SignalStrength( 484): getLevel=2
07-06 20:05:12.215 E/SMD ( 105): DCD OFF
07-06 20:05:15.215 E/SMD ( 105): DCD OFF
07-06 20:05:15.295 W/SignalStrength( 277): getCdmaLevel=3
07-06 20:05:15.295 W/SignalStrength( 277): getEvdoLevel=0
07-06 20:05:15.295 W/SignalStrength( 277): getCdmaLevel=3
07-06 20:05:15.295 W/SignalStrength( 277): getLevel=3
07-06 20:05:15.305 W/SignalStrength( 484): getCdmaLevel=3
07-06 20:05:15.305 W/SignalStrength( 484): getEvdoLevel=0
07-06 20:05:15.305 W/SignalStrength( 484): getCdmaLevel=3
07-06 20:05:15.305 W/SignalStrength( 484): getLevel=3
07-06 20:05:15.385 V/StatusBar.BatteryController( 484): status5batteryHealth 2
07-06 20:05:15.385 D/StatusBar.BatteryController( 484): mOldstatus5status 5
07-06 20:05:15.385 D/StatusBar.BatteryController( 484): now old status is 5
07-06 20:05:18.215 E/SMD ( 105): DCD OFF
07-06 20:05:21.215 E/SMD ( 105): DCD OFF
07-06 20:05:24.225 E/SMD ( 105): DCD OFF
07-06 20:05:27.225 E/SMD ( 105): DCD OFF
07-06 20:05:28.335 D/GCM ( 590): Ignoring attempt to send heartbeat on dead connection.
07-06 20:05:30.225 E/SMD ( 105): DCD OFF
07-06 20:05:33.225 E/SMD ( 105): DCD OFF
07-06 20:05:33.355 D/Tethering( 277): interfaceLinkStateChanged wlan0, true
07-06 20:05:33.355 D/Tethering( 277): interfaceStatusChanged wlan0, true
07-06 20:05:33.965 E/WifiStateMachine( 277): set suspend optimizations failed!
07-06 20:05:34.015 D/SensorManager( 754): registerListener :: handle = 0 name= BOSCH 3-axis Accelerometer delay= 10000 Listener= kvo@41434ce0
07-06 20:05:34.015 E/SensorManager( 754): thread start
07-06 20:05:34.015 E/SensorManager( 754): =======>>>Sensor Thread RUNNING <<<========
07-06 20:05:34.705 I/SensorManager( 754): Set normal delay = true
07-06 20:05:34.725 D/Tethering( 277): interfaceLinkStateChanged wlan0, true
07-06 20:05:34.725 D/Tethering( 277): interfaceStatusChanged wlan0, true
07-06 20:05:34.725 D/Tethering( 277): interfaceLinkStateChanged wlan0, true
07-06 20:05:34.725 D/Tethering( 277): interfaceStatusChanged wlan0, true
07-06 20:05:34.775 E/WifiStateMachine( 277): set suspend optimizations failed!
07-06 20:05:34.795 D/SensorManager( 754): unregisterListener:: disable all sensors for this listener, name = BOSCH 3-axis Accelerometer listener = kvo@41434ce0
07-06 20:05:34.945 I/GCoreUlr( 754): Successfully inserted location
07-06 20:05:34.945 I/GCoreUlr( 754): Not calling LocationReportingService, hasMoved: false, elapsed millis: 1079983, request: Phone
07-06 20:05:35.425 V/StatusBar.BatteryController( 484): status5batteryHealth 2
07-06 20:05:35.425 D/StatusBar.BatteryController( 484): mOldstatus5status 5
07-06 20:05:35.425 D/StatusBar.BatteryController( 484): now old status is 5
07-06 20:05:36.235 E/SMD ( 105): DCD OFF
07-06 20:05:38.435 D/Tethering( 277): interfaceLinkStateChanged wlan0, true
07-06 20:05:38.435 D/Tethering( 277): interfaceStatusChanged wlan0, true
07-06 20:05:39.235 E/SMD ( 105): DCD OFF
07-06 20:05:40.305 W/SignalStrength( 277): getCdmaLevel=2
07-06 20:05:40.305 W/SignalStrength( 277): getEvdoLevel=0
07-06 20:05:40.305 W/SignalStrength( 277): getCdmaLevel=2
07-06 20:05:40.305 W/SignalStrength( 277): getLevel=2
07-06 20:05:40.315 W/SignalStrength( 484): getCdmaLevel=2
07-06 20:05:40.315 W/SignalStrength( 484): getEvdoLevel=0
07-06 20:05:40.315 W/SignalStrength( 484): getCdmaLevel=2
07-06 20:05:40.315 W/SignalStrength( 484): getLevel=2
07-06 20:05:41.305 W/SignalStrength( 277): getCdmaLevel=3
07-06 20:05:41.305 W/SignalStrength( 277): getEvdoLevel=0
07-06 20:05:41.305 W/SignalStrength( 277): getCdmaLevel=3
07-06 20:05:41.305 W/SignalStrength( 277): getLevel=3
07-06 20:05:41.315 W/SignalStrength( 484): getCdmaLevel=3
07-06 20:05:41.315 W/SignalStrength( 484): getEvdoLevel=0
07-06 20:05:41.315 W/SignalStrength( 484): getCdmaLevel=3
07-06 20:05:41.315 W/SignalStrength( 484): getLevel=3
07-06 20:05:42.235 E/SMD ( 105): DCD OFF
07-06 20:05:45.235 E/SMD ( 105): DCD OFF
07-06 20:05:45.455 V/StatusBar.BatteryController( 484): status5batteryHealth 2
07-06 20:05:45.455 D/StatusBar.BatteryController( 484): mOldstatus5status 5
07-06 20:05:45.455 D/StatusBar.BatteryController( 484): now old status is 5
07-06 20:05:48.235 E/SMD ( 105): DCD OFF
07-06 20:05:51.245 E/SMD ( 105): DCD OFF
07-06 20:05:54.245 E/SMD ( 105): DCD OFF
07-06 20:05:57.245 E/SMD ( 105): DCD OFF
07-06 20:06:00.245 E/SMD ( 105): DCD OFF
07-06 20:06:03.255 E/SMD ( 105): DCD OFF
07-06 20:06:05.505 V/StatusBar.BatteryController( 484): status5batteryHealth 2
07-06 20:06:05.505 D/StatusBar.BatteryController( 484): mOldstatus5status 5
07-06 20:06:05.505 D/StatusBar.BatteryController( 484): now old status is 5
07-06 20:06:06.255 E/SMD ( 105): DCD OFF
07-06 20:06:09.255 E/SMD ( 105): DCD OFF
07-06 20:06:12.255 E/SMD ( 105): DCD OFF
07-06 20:06:15.265 E/SMD ( 105): DCD OFF
07-06 20:06:15.515 V/StatusBar.BatteryController( 484): status5batteryHealth 2
07-06 20:06:15.515 D/StatusBar.BatteryController( 484): mOldstatus5status 5
07-06 20:06:15.515 D/StatusBar.BatteryController( 484): now old status is 5
07-06 20:06:18.265 E/SMD ( 105): DCD OFF
07-06 20:06:21.265 E/SMD ( 105): DCD OFF
07-06 20:06:24.265 E/SMD ( 105): DCD OFF
07-06 20:06:27.275 E/SMD ( 105): DCD OFF
07-06 20:06:30.275 E/SMD ( 105): DCD OFF
07-06 20:06:33.275 E/SMD ( 105): DCD OFF
07-06 20:06:36.275 E/SMD ( 105): DCD OFF
07-06 20:06:39.275 E/SMD ( 105): DCD OFF
07-06 20:06:42.285 E/SMD ( 105): DCD OFF
07-06 20:06:45.285 E/SMD ( 105): DCD OFF
07-06 20:06:45.635 D/Tethering( 277): interfaceLinkStateChanged wlan0, true
07-06 20:06:45.635 D/Tethering( 277): interfaceStatusChanged wlan0, true
07-06 20:06:48.285 E/SMD ( 105): DCD OFF
07-06 20:06:51.285 E/SMD ( 105): DCD OFF
07-06 20:06:54.295 E/SMD ( 105): DCD OFF
07-06 20:06:55.585 V/StatusBar.BatteryController( 484): status5batteryHealth 2
07-06 20:06:55.585 D/StatusBar.BatteryController( 484): mOldstatus5status 5
07-06 20:06:55.585 D/StatusBar.BatteryController( 484): now old status is 5
07-06 20:06:57.295 E/SMD ( 105): DCD OFF
07-06 20:07:00.295 E/SMD ( 105): DCD OFF
07-06 20:07:00.335 W/SignalStrength( 277): getCdmaLevel=2
07-06 20:07:00.335 W/SignalStrength( 277): getEvdoLevel=0
07-06 20:07:00.335 W/SignalStrength( 277): getCdmaLevel=2
07-06 20:07:00.335 W/SignalStrength( 277): getLevel=2
07-06 20:07:00.345 W/SignalStrength( 484): getCdmaLevel=2
07-06 20:07:00.345 W/SignalStrength( 484): getEvdoLevel=0
07-06 20:07:00.345 W/SignalStrength( 484): getCdmaLevel=2
07-06 20:07:00.345 W/SignalStrength( 484): getLevel=2
07-06 20:07:03.295 E/SMD ( 105): DCD OFF
07-06 20:07:06.305 E/SMD ( 105): DCD OFF
07-06 20:07:09.305 E/SMD ( 105): DCD OFF
07-06 20:07:12.305 E/SMD ( 105): DCD OFF
07-06 20:07:13.335 W/SignalStrength( 277): getCdmaLevel=3
07-06 20:07:13.335 W/SignalStrength( 277): getEvdoLevel=0
07-06 20:07:13.335 W/SignalStrength( 277): getCdmaLevel=3
07-06 20:07:13.335 W/SignalStrength( 277): getLevel=3
07-06 20:07:13.345 W/SignalStrength( 484): getCdmaLevel=3
07-06 20:07:13.345 W/SignalStrength( 484): getEvdoLevel=0
07-06 20:07:13.345 W/SignalStrength( 484): getCdmaLevel=3
07-06 20:07:13.345 W/SignalStrength( 484): getLevel=3
07-06 20:07:15.305 E/SMD ( 105): DCD OFF
07-06 20:07:18.315 E/SMD ( 105): DCD OFF
07-06 20:07:21.315 E/SMD ( 105): DCD OFF
07-06 20:07:21.345 W/SignalStrength( 277): getCdmaLevel=2
07-06 20:07:21.345 W/SignalStrength( 277): getEvdoLevel=0
07-06 20:07:21.345 W/SignalStrength( 277): getCdmaLevel=2
07-06 20:07:21.345 W/SignalStrength( 277): getLevel=2
07-06 20:07:21.345 W/SignalStrength( 484): getCdmaLevel=2
07-06 20:07:21.345 W/SignalStrength( 484): getEvdoLevel=0
07-06 20:07:21.345 W/SignalStrength( 484): getCdmaLevel=2
07-06 20:07:21.345 W/SignalStrength( 484): getLevel=2
07-06 20:07:24.315 E/SMD ( 105): DCD OFF
07-06 20:07:25.645 V/StatusBar.BatteryController( 484): status5batteryHealth 2
07-06 20:07:25.645 D/StatusBar.BatteryController( 484): mOldstatus5status 5
07-06 20:07:25.645 D/StatusBar.BatteryController( 484): now old status is 5
07-06 20:07:27.315 E/SMD ( 105): DCD OFF
07-06 20:07:30.325 E/SMD ( 105): DCD OFF
07-06 20:07:33.325 E/SMD ( 105): DCD OFF
07-06 20:07:35.665 V/StatusBar.BatteryController( 484): status5batteryHealth 2
07-06 20:07:35.675 D/StatusBar.BatteryController( 484): mOldstatus5status 5
07-06 20:07:35.675 D/StatusBar.BatteryController( 484): now old status is 5
07-06 20:07:36.325 E/SMD ( 105): DCD OFF
07-06 20:07:39.325 E/SMD ( 105): DCD OFF
07-06 20:07:42.335 E/SMD ( 105): DCD OFF
07-06 20:07:45.335 E/SMD ( 105): DCD OFF
07-06 20:07:45.685 V/StatusBar.BatteryController( 484): status5batteryHealth 2
07-06 20:07:45.685 D/StatusBar.BatteryController( 484): mOldstatus5status 5
07-06 20:07:45.695 D/StatusBar.BatteryController( 484): now old status is 5
07-06 20:07:48.335 E/SMD ( 105): DCD OFF
07-06 20:07:51.335 E/SMD ( 105): DCD OFF
07-06 20:07:54.345 E/SMD ( 105): DCD OFF
07-06 20:07:56.355 W/SignalStrength( 277): getCdmaLevel=3
07-06 20:07:56.355 W/SignalStrength( 277): getEvdoLevel=0
07-06 20:07:56.355 W/SignalStrength( 277): getCdmaLevel=3
07-06 20:07:56.355 W/SignalStrength( 277): getLevel=3
07-06 20:07:56.355 W/SignalStrength( 484): getCdmaLevel=3
07-06 20:07:56.355 W/SignalStrength( 484): getEvdoLevel=0
07-06 20:07:56.355 W/SignalStrength( 484): getCdmaLevel=3
