07-06 18:04:02.099 D/memalloc( 108): /dev/pmem: Freeing buffer base:0x418d8000 size:614400 offset:2990080 fd:54
07-06 18:04:02.099 D/InputTransport(11219): Input channel destroyed: ashmemFd=44, receivePipeFd=47, sendPipeFd=48
07-06 18:04:02.099 D/PowerManagerService( 277): releaseWakeLockLocked flags=0x0 tag=KEEP_SCREEN_ON_FLAG myUID=1000 myPID=277 myTID=581
07-06 18:04:02.119 D/InputTransport( 277): Input channel constructed: ashmemFd=54, receivePipeFd=261, sendPipeFd=256
07-06 18:04:02.119 D/InputTransport( 277): Input channel constructed: ashmemFd=204, receivePipeFd=238, sendPipeFd=262
07-06 18:04:02.129 D/InputTransport( 277): Input channel destroyed: ashmemFd=204, receivePipeFd=238, sendPipeFd=262
07-06 18:04:02.149 D/MyClockApp.MyDigitalClock(11219): +MyDigitalClock(Content, AttributeSet)
07-06 18:04:02.149 D/MyClockApp.MyDigitalClock(11219): +initClock
07-06 18:04:02.159 D/InputTransport( 484): Input channel constructed: ashmemFd=89, receivePipeFd=90, sendPipeFd=91
07-06 18:04:02.159 D/InputTransport( 277): Input channel destroyed: ashmemFd=57, receivePipeFd=259, sendPipeFd=258
07-06 18:04:02.159 D/InputTransport( 484): Input channel destroyed: ashmemFd=86, receivePipeFd=87, sendPipeFd=88
07-06 18:04:02.179 D/MyClockApp.MyDigitalClock(11219): -initClock
07-06 18:04:02.179 D/MyClockApp.MyDigitalClock(11219): -MyDigitalClock(Content, AttributeSet)
07-06 18:04:02.179 D/MyClockApp(11219): +onStart
07-06 18:04:02.179 D/MyClockApp(11219): isAvailable: true
07-06 18:04:02.179 D/MyClockApp(11219): isConnected: true
07-06 18:04:02.179 D/MyClockApp(11219): isConnectedOrConnecting: true
07-06 18:04:02.179 D/MyClockApp(11219): isFailover: false
07-06 18:04:02.179 D/MyClockApp(11219): isRoaming: false
07-06 18:04:02.179 D/MyClockApp(11219): strExtra: null
07-06 18:04:02.179 D/MyClockApp(11219): strReason: null
07-06 18:04:02.179 D/MyClockApp(11219): iSubType: 0
07-06 18:04:02.179 D/MyClockApp(11219): strSubtypeName:
07-06 18:04:02.179 D/MyClockApp(11219): iType: 1
07-06 18:04:02.179 D/MyClockApp(11219): strType: WIFI
07-06 18:04:02.179 D/MyClockApp(11219): strString: NetworkInfo: type: WIFI[], state: CONNECTED/CONNECTED, reason: (unspecified), extra: (none), roaming: false, failover: false, isAvailable: true
07-06 18:04:02.189 D/memalloc( 108): /dev/pmem: Allocated buffer base:0x415fe000 size:32768 offset:573440 fd:27
07-06 18:04:02.189 D/memalloc( 108): /dev/pmem: Freeing buffer base:0x41bda000 size:20480 offset:6144000 fd:39
07-06 18:04:02.199 D/memalloc( 484): /dev/pmem: Unmapping buffer base:0x50508000 size:6164480 offset:6144000
07-06 18:04:02.199 D/memalloc( 484): /dev/pmem: Mapped buffer base:0x50239000 size:606208 offset:573440 fd:60
07-06 18:04:02.199 I/Adreno200-EGLSUB( 108): : Android Image
07-06 18:04:02.199 I/Adreno200-EGLSUB( 108): : RGB_565
07-06 18:04:02.269 D/memalloc( 108): /dev/pmem: Allocated buffer base:0x415fe000 size:552960 offset:6144000 fd:30
07-06 18:04:02.269 D/memalloc( 108): /dev/pmem: Freeing buffer base:0x41c75000 size:573440 offset:6778880 fd:33
07-06 18:04:02.279 D/memalloc( 484): /dev/pmem: Unmapping buffer base:0x52073000 size:7352320 offset:6778880
07-06 18:04:02.279 D/memalloc( 484): /dev/pmem: Mapped buffer base:0x502cd000 size:6696960 offset:6144000 fd:50
07-06 18:04:02.369 I/Adreno200-EGLSUB( 108): : Android Image
07-06 18:04:02.369 I/Adreno200-EGLSUB( 108): : RGBA_8888
07-06 18:04:02.389 D/MyClockApp.SntpClient(11219): +requestTime
07-06 18:04:02.509 D/MyClockApp.SntpClient(11219): -requestTime
07-06 18:04:02.509 D/MyClockApp(11219): iCtr: 0
07-06 18:04:02.509 D/MyClockApp(11219): lNtpTime: 1404702244668
07-06 18:04:02.509 D/MyClockApp(11219): lElapsedRealtime: 42806742
07-06 18:04:02.509 D/MyClockApp(11219): lNtptimeReference: 42806741
07-06 18:04:02.509 D/MyClockApp(11219): lSNTPTime: 1404700317368
07-06 18:04:02.509 D/MyClockApp(11219): +Datetime
07-06 18:04:02.509 D/MyClockApp(11219): Current time: Sun Jul 06 18:04:02 EDT 2014
07-06 18:04:02.509 D/MyClockApp(11219): -Datetime
07-06 18:04:02.509 D/MyClockApp(11219): +SNTPDatetime
07-06 18:04:02.509 D/MyClockApp(11219): lSNTPTime: 1404702244669
07-06 18:04:02.509 D/MyClockApp(11219): SNTP Current time: Sun Jul 06 23:04:04 EDT 2014
07-06 18:04:02.509 D/MyClockApp(11219): -SNTPDatetime
07-06 18:04:02.519 D/MyClockApp(11219): strStorageLocation: /data/data/org.gophotog.myclockapp/files
07-06 18:04:02.519 D/MyClockApp(11219): -onStart
07-06 18:04:02.529 D/InputTransport( 277): Input channel constructed: ashmemFd=57, receivePipeFd=259, sendPipeFd=258
07-06 18:04:02.529 D/InputTransport( 277): Input channel constructed: ashmemFd=204, receivePipeFd=238, sendPipeFd=262
07-06 18:04:02.539 D/InputTransport( 277): Input channel destroyed: ashmemFd=204, receivePipeFd=238, sendPipeFd=262
07-06 18:04:02.539 D/InputTransport(11219): Input channel constructed: ashmemFd=44, receivePipeFd=47, sendPipeFd=48
07-06 18:04:02.549 D/MyClockApp.MyDigitalClock(11219): +onAttachedToWindow
07-06 18:04:02.549 D/MyClockApp.MyDigitalClock(11219): -onAttachedToWindow
07-06 18:04:02.579 I/Adreno200-EGLSUB(11219): : Format RGBA_8888.
07-06 18:04:02.579 D/memalloc( 108): /dev/pmem: Allocated buffer base:0x415fe000 size:614400 offset:6696960 fd:33
07-06 18:04:02.579 D/memalloc(11219): /dev/pmem: Mapped buffer base:0x51b56000 size:7311360 offset:6696960 fd:43
07-06 18:04:02.579 D/PowerManagerService( 277): acquireWakeLock flags=0xa tag=KEEP_SCREEN_ON_FLAG uid=1000 pid=277 myUID=1000 myPID=277 myTID=277
07-06 18:04:02.619 D/memalloc( 108): /dev/pmem: Allocated buffer base:0x415fe000 size:614400 offset:1146880 fd:39
07-06 18:04:02.619 D/memalloc(11219): /dev/pmem: Mapped buffer base:0x5127e000 size:1761280 offset:1146880 fd:51
07-06 18:04:02.619 I/Adreno200-EGLSUB( 108): : Android Image
07-06 18:04:02.619 I/Adreno200-EGLSUB( 108): : RGBA_8888
07-06 18:04:02.769 D/memalloc( 108): /dev/pmem: Allocated buffer base:0x415fe000 size:614400 offset:1761280 fd:42
07-06 18:04:02.779 I/Adreno200-EGLSUB( 108): : Android Image
07-06 18:04:02.779 I/Adreno200-EGLSUB( 108): : RGBA_8888
07-06 18:04:02.779 D/memalloc(11219): /dev/pmem: Mapped buffer base:0x5142c000 size:2375680 offset:1761280 fd:54
07-06 18:04:03.119 V/WindowManager( 277): rotationForOrientationLw(orient=-1, last=1); user=0 mLidOpen=-1 mDockMode=0 mHdmiPlugged=false mAccelerometerDefault=1 sensorRotation=1
07-06 18:04:03.439 E/SMD ( 105): DCD OFF
07-06 18:04:03.769 I/Adreno200-EGLSUB( 108): : Android Image
07-06 18:04:03.769 I/Adreno200-EGLSUB( 108): : RGBA_8888
07-06 18:04:03.999 V/WindowOrientationListener( 277): Proposed rotation changed! proposedRotation=0, oldProposedRotation=-1currentRotation = 1
07-06 18:04:03.999 V/WindowManager( 277): rotationForOrientationLw(orient=-1, last=1); user=0 mLidOpen=-1 mDockMode=0 mHdmiPlugged=false mAccelerometerDefault=1 sensorRotation=0
07-06 18:04:04.009 I/InputReader( 277): Reconfiguring input devices. changes=0x00000004
07-06 18:04:04.009 I/InputReader( 277): Device reconfigured: id=3, name='sec_touchscreen', surface size is now 320x480, mode is 1
07-06 18:04:04.029 I/WindowManager( 277): SCREENLAYOUT_SIZE (1:small, 2:normal, 3:large, 4:xlarge) 2
07-06 18:04:04.029 I/ActivityManager( 277): Config changed: {1.0 310mcc0mnc en_US layoutdir=0 sw320dp w320dp h455dp nrml port finger -keyb/v/h -nav/h s.9}
07-06 18:04:04.049 D/memalloc( 108): /dev/pmem: Allocated buffer base:0x415fe000 size:32768 offset:7311360 fd:45
07-06 18:04:04.049 D/memalloc( 108): /dev/pmem: Freeing buffer base:0x41711000 size:20480 offset:1126400 fd:48
07-06 18:04:04.049 D/memalloc( 484): /dev/pmem: Unmapping buffer base:0x4fef5000 size:1146880 offset:1126400
07-06 18:04:04.049 D/memalloc( 484): /dev/pmem: Mapped buffer base:0x52073000 size:7344128 offset:7311360 fd:66
07-06 18:04:04.059 I/Adreno200-EGLSUB( 108): : Android Image
07-06 18:04:04.059 I/Adreno200-EGLSUB( 108): : RGB_565
07-06 18:04:04.099 D/MyClockApp.MyDigitalClock(11219): +onDetachedFromWindow
07-06 18:04:04.099 D/MyClockApp.MyDigitalClock(11219): -onDetachedFromWindow
07-06 18:04:04.099 D/memalloc(11219): /dev/pmem: Unmapping buffer base:0x51b56000 size:7311360 offset:6696960
07-06 18:04:04.099 D/memalloc(11219): /dev/pmem: Unmapping buffer base:0x5127e000 size:1761280 offset:1146880
07-06 18:04:04.109 D/memalloc(11219): /dev/pmem: Unmapping buffer base:0x5142c000 size:2375680 offset:1761280
07-06 18:04:04.109 D/memalloc( 108): /dev/pmem: Freeing buffer base:0x41c61000 size:614400 offset:6696960 fd:33
07-06 18:04:04.109 D/memalloc( 108): /dev/pmem: Freeing buffer base:0x41716000 size:614400 offset:1146880 fd:39
07-06 18:04:04.129 D/InputTransport( 277): Input channel destroyed: ashmemFd=57, receivePipeFd=259, sendPipeFd=258
07-06 18:04:04.129 D/memalloc( 108): /dev/pmem: Freeing buffer base:0x417ac000 size:614400 offset:1761280 fd:42
07-06 18:04:04.129 D/InputTransport( 277): Input channel constructed: ashmemFd=57, receivePipeFd=259, sendPipeFd=258
07-06 18:04:04.129 D/InputTransport( 277): Input channel constructed: ashmemFd=204, receivePipeFd=238, sendPipeFd=262
07-06 18:04:04.129 D/InputTransport( 277): Input channel destroyed: ashmemFd=204, receivePipeFd=238, sendPipeFd=262
07-06 18:04:04.129 D/InputTransport( 484): Input channel constructed: ashmemFd=86, receivePipeFd=87, sendPipeFd=88
07-06 18:04:04.129 D/PowerManagerService( 277): releaseWakeLockLocked flags=0x0 tag=KEEP_SCREEN_ON_FLAG myUID=1000 myPID=277 myTID=277
07-06 18:04:04.139 D/InputTransport( 277): Input channel destroyed: ashmemFd=54, receivePipeFd=261, sendPipeFd=256
07-06 18:04:04.139 D/InputTransport( 484): Input channel destroyed: ashmemFd=89, receivePipeFd=90, sendPipeFd=91
07-06 18:04:04.149 D/InputTransport(11219): Input channel destroyed: ashmemFd=44, receivePipeFd=47, sendPipeFd=48
07-06 18:04:04.269 D/MyClockApp.MyDigitalClock(11219): +MyDigitalClock(Content, AttributeSet)
07-06 18:04:04.279 D/MyClockApp.MyDigitalClock(11219): +initClock
07-06 18:04:04.289 D/MyClockApp.MyDigitalClock(11219): -initClock
07-06 18:04:04.289 D/MyClockApp.MyDigitalClock(11219): -MyDigitalClock(Content, AttributeSet)
07-06 18:04:04.289 D/MyClockApp(11219): +onStart
07-06 18:04:04.299 D/MyClockApp(11219): isAvailable: true
07-06 18:04:04.299 D/MyClockApp(11219): isConnected: true
07-06 18:04:04.299 D/MyClockApp(11219): isConnectedOrConnecting: true
07-06 18:04:04.299 D/MyClockApp(11219): isFailover: false
07-06 18:04:04.299 D/MyClockApp(11219): isRoaming: false
07-06 18:04:04.299 D/MyClockApp(11219): strExtra: null
07-06 18:04:04.299 D/MyClockApp(11219): strReason: null
07-06 18:04:04.299 D/MyClockApp(11219): iSubType: 0
07-06 18:04:04.299 D/MyClockApp(11219): strSubtypeName:
07-06 18:04:04.299 D/MyClockApp(11219): iType: 1
07-06 18:04:04.299 D/MyClockApp(11219): strType: WIFI
07-06 18:04:04.299 D/MyClockApp(11219): strString: NetworkInfo: type: WIFI[], state: CONNECTED/CONNECTED, reason: (unspecified), extra: (none), roaming: false, failover: false, isAvailable: true
07-06 18:04:04.309 D/memalloc( 108): /dev/pmem: Allocated buffer base:0x415fe000 size:20480 offset:7344128 fd:33
07-06 18:04:04.309 D/memalloc( 108): /dev/pmem: Freeing buffer base:0x4168a000 size:32768 offset:573440 fd:27
07-06 18:04:04.309 D/memalloc( 484): /dev/pmem: Unmapping buffer base:0x50239000 size:606208 offset:573440
07-06 18:04:04.309 D/memalloc( 484): /dev/pmem: Mapped buffer base:0x52774000 size:7364608 offset:7344128 fd:60
07-06 18:04:04.309 I/Adreno200-EGLSUB( 108): : Android Image
07-06 18:04:04.309 I/Adreno200-EGLSUB( 108): : RGB_565
07-06 18:04:04.349 D/MyClockApp.SntpClient(11219): +requestTime
07-06 18:04:04.449 D/MyClockApp.SntpClient(11219): -requestTime
07-06 18:04:04.449 D/MyClockApp(11219): iCtr: 0
07-06 18:04:04.449 D/MyClockApp(11219): lNtpTime: 1404702246622
07-06 18:04:04.449 D/MyClockApp(11219): lElapsedRealtime: 42808687
07-06 18:04:04.449 D/MyClockApp(11219): lNtptimeReference: 42808686
07-06 18:04:04.449 D/MyClockApp(11219): lSNTPTime: 1404702244669
07-06 18:04:04.449 D/MyClockApp(11219): +Datetime
07-06 18:04:04.449 D/MyClockApp(11219): Current time: Sun Jul 06 18:04:04 EDT 2014
07-06 18:04:04.459 D/MyClockApp(11219): -Datetime
07-06 18:04:04.459 D/MyClockApp(11219): +SNTPDatetime
07-06 18:04:04.459 D/MyClockApp(11219): lSNTPTime: 1404702246623
07-06 18:04:04.469 D/MyClockApp(11219): SNTP Current time: Sun Jul 06 23:04:06 EDT 2014
07-06 18:04:04.469 D/MyClockApp(11219): -SNTPDatetime
07-06 18:04:04.469 D/MyClockApp(11219): strStorageLocation: /data/data/org.gophotog.myclockapp/files
07-06 18:04:04.469 D/MyClockApp(11219): -onStart
07-06 18:04:04.489 D/InputTransport( 277): Input channel constructed: ashmemFd=54, receivePipeFd=261, sendPipeFd=256
07-06 18:04:04.489 D/InputTransport( 277): Input channel constructed: ashmemFd=204, receivePipeFd=238, sendPipeFd=262
07-06 18:04:04.489 D/InputTransport( 277): Input channel destroyed: ashmemFd=204, receivePipeFd=238, sendPipeFd=262
07-06 18:04:04.489 D/InputTransport(11219): Input channel constructed: ashmemFd=44, receivePipeFd=47, sendPipeFd=48
07-06 18:04:04.489 D/MyClockApp.MyDigitalClock(11219): +onAttachedToWindow
07-06 18:04:04.499 D/MyClockApp.MyDigitalClock(11219): -onAttachedToWindow
07-06 18:04:04.519 I/Adreno200-EGLSUB(11219): : Format RGBA_8888.
07-06 18:04:04.519 D/memalloc( 108): /dev/pmem: Allocated buffer base:0x415fe000 size:614400 offset:6696960 fd:27
07-06 18:04:04.519 D/PowerManagerService( 277): acquireWakeLock flags=0xa tag=KEEP_SCREEN_ON_FLAG uid=1000 pid=277 myUID=1000 myPID=277 myTID=533
07-06 18:04:04.529 D/memalloc(11219): /dev/pmem: Mapped buffer base:0x51b56000 size:7311360 offset:6696960 fd:43
07-06 18:04:04.549 D/memalloc( 108): /dev/pmem: Allocated buffer base:0x415fe000 size:614400 offset:573440 fd:39
07-06 18:04:04.549 D/memalloc(11219): /dev/pmem: Mapped buffer base:0x50d41000 size:1187840 offset:573440 fd:51
07-06 18:04:04.559 I/Adreno200-EGLSUB( 108): : Android Image
07-06 18:04:04.559 I/Adreno200-EGLSUB( 108): : RGBA_8888
07-06 18:04:04.789 D/memalloc( 108): /dev/pmem: Allocated buffer base:0x415fe000 size:614400 offset:1187840 fd:42
07-06 18:04:04.789 I/Adreno200-EGLSUB( 108): : Android Image
07-06 18:04:04.789 I/Adreno200-EGLSUB( 108): : RGBA_8888
07-06 18:04:04.799 D/memalloc(11219): /dev/pmem: Mapped buffer base:0x5127e000 size:1802240 offset:1187840 fd:54
07-06 18:04:04.809 V/WindowOrientationListener( 277): nearestRotation : 0 Angle: 354 tilt: 36
07-06 18:04:04.939 V/StatusBar.BatteryController( 484): status5batteryHealth 2
07-06 18:04:04.939 D/StatusBar.BatteryController( 484): mOldstatus5status 5
07-06 18:04:04.939 D/StatusBar.BatteryController( 484): now old status is 5
07-06 18:04:05.049 D/memalloc( 108): /dev/pmem: Allocated buffer base:0x415fe000 size:20480 offset:1802240 fd:48
07-06 18:04:05.049 D/memalloc( 108): /dev/pmem: Freeing buffer base:0x41cf7000 size:32768 offset:7311360 fd:45
07-06 18:04:05.049 D/memalloc( 484): /dev/pmem: Unmapping buffer base:0x52073000 size:7344128 offset:7311360
07-06 18:04:05.049 D/memalloc( 484): /dev/pmem: Mapped buffer base:0x50930000 size:1822720 offset:1802240 fd:66
07-06 18:04:05.049 V/WindowManager( 277): rotationForOrientationLw(orient=-1, last=0); user=0 mLidOpen=-1 mDockMode=0 mHdmiPlugged=false mAccelerometerDefault=1 sensorRotation=0
07-06 18:04:05.059 I/Adreno200-EGLSUB( 108): : Android Image
07-06 18:04:05.059 I/Adreno200-EGLSUB( 108): : RGB_565
07-06 18:04:05.769 I/Adreno200-EGLSUB( 108): : Android Image
07-06 18:04:05.769 I/Adreno200-EGLSUB( 108): : RGBA_8888
07-06 18:04:06.439 E/SMD ( 105): DCD OFF
07-06 18:04:09.439 E/SMD ( 105): DCD OFF
07-06 18:04:10.139 W/PowerManagerService( 277): Timer 0x3->0x3|0x3
07-06 18:04:12.439 E/SMD ( 105): DCD OFF
07-06 18:04:14.159 W/SignalStrength( 277): getCdmaLevel=3
07-06 18:04:14.159 W/SignalStrength( 277): getEvdoLevel=0
07-06 18:04:14.159 W/SignalStrength( 277): getCdmaLevel=3
07-06 18:04:14.159 W/SignalStrength( 277): getLevel=3
07-06 18:04:14.169 W/SignalStrength( 484): getCdmaLevel=3
07-06 18:04:14.169 W/SignalStrength( 484): getEvdoLevel=0
07-06 18:04:14.169 W/SignalStrength( 484): getCdmaLevel=3
07-06 18:04:14.169 W/SignalStrength( 484): getLevel=3
07-06 18:04:14.809 V/WindowOrientationListener( 277): nearestRotation : 0 Angle: 358 tilt: 27
07-06 18:04:14.949 V/StatusBar.BatteryController( 484): status5batteryHealth 2
07-06 18:04:14.949 D/StatusBar.BatteryController( 484): mOldstatus5status 5
07-06 18:04:14.949 D/StatusBar.BatteryController( 484): now old status is 5
07-06 18:04:15.449 E/SMD ( 105): DCD OFF
07-06 18:04:17.419 D/Tethering( 277): interfaceLinkStateChanged wlan0, true
07-06 18:04:17.419 D/Tethering( 277): interfaceStatusChanged wlan0, true
07-06 18:04:18.449 E/SMD ( 105): DCD OFF
07-06 18:04:20.159 W/SignalStrength( 277): getCdmaLevel=2
07-06 18:04:20.159 W/SignalStrength( 277): getEvdoLevel=0
07-06 18:04:20.159 W/SignalStrength( 277): getCdmaLevel=2
07-06 18:04:20.159 W/SignalStrength( 277): getLevel=2
07-06 18:04:20.169 W/SignalStrength( 484): getCdmaLevel=2
07-06 18:04:20.169 W/SignalStrength( 484): getEvdoLevel=0
07-06 18:04:20.169 W/SignalStrength( 484): getCdmaLevel=2
07-06 18:04:20.169 W/SignalStrength( 484): getLevel=2
07-06 18:04:21.159 W/SignalStrength( 277): getCdmaLevel=3
07-06 18:04:21.159 W/SignalStrength( 277): getEvdoLevel=0
07-06 18:04:21.159 W/SignalStrength( 277): getCdmaLevel=3
07-06 18:04:21.159 W/SignalStrength( 277): getLevel=3
07-06 18:04:21.169 W/SignalStrength( 484): getCdmaLevel=3
07-06 18:04:21.169 W/SignalStrength( 484): getEvdoLevel=0
07-06 18:04:21.169 W/SignalStrength( 484): getCdmaLevel=3
07-06 18:04:21.169 W/SignalStrength( 484): getLevel=3
07-06 18:04:21.449 E/SMD ( 105): DCD OFF
07-06 18:04:24.449 E/SMD ( 105): DCD OFF
07-06 18:04:24.969 V/StatusBar.BatteryController( 484): status5batteryHealth 2
07-06 18:04:24.969 D/StatusBar.BatteryController( 484): mOldstatus5status 5
07-06 18:04:24.969 D/StatusBar.BatteryController( 484): now old status is 5
07-06 18:04:27.159 W/SignalStrength( 277): getCdmaLevel=2
07-06 18:04:27.159 W/SignalStrength( 277): getEvdoLevel=0
07-06 18:04:27.159 W/SignalStrength( 277): getCdmaLevel=2
07-06 18:04:27.159 W/SignalStrength( 277): getLevel=2
07-06 18:04:27.169 W/SignalStrength( 484): getCdmaLevel=2
07-06 18:04:27.169 W/SignalStrength( 484): getEvdoLevel=0
07-06 18:04:27.169 W/SignalStrength( 484): getCdmaLevel=2
07-06 18:04:27.179 W/SignalStrength( 484): getLevel=2
07-06 18:04:27.459 E/SMD ( 105): DCD OFF
07-06 18:04:30.169 W/SignalStrength( 277): getCdmaLevel=1
07-06 18:04:30.169 W/SignalStrength( 277): getEvdoLevel=0
07-06 18:04:30.169 W/SignalStrength( 277): getCdmaLevel=1
07-06 18:04:30.169 W/SignalStrength( 277): getLevel=1
07-06 18:04:30.169 W/SignalStrength( 484): getCdmaLevel=1
07-06 18:04:30.179 W/SignalStrength( 484): getEvdoLevel=0
07-06 18:04:30.179 W/SignalStrength( 484): getCdmaLevel=1
07-06 18:04:30.179 W/SignalStrength( 484): getLevel=1
07-06 18:04:30.459 E/SMD ( 105): DCD OFF
07-06 18:04:31.169 W/SignalStrength( 277): getCdmaLevel=2
07-06 18:04:31.169 W/SignalStrength( 277): getEvdoLevel=0
07-06 18:04:31.169 W/SignalStrength( 277): getCdmaLevel=2
07-06 18:04:31.169 W/SignalStrength( 277): getLevel=2
07-06 18:04:31.169 W/SignalStrength( 484): getCdmaLevel=2
07-06 18:04:31.169 W/SignalStrength( 484): getEvdoLevel=0
07-06 18:04:31.169 W/SignalStrength( 484): getCdmaLevel=2
07-06 18:04:31.169 W/SignalStrength( 484): getLevel=2
07-06 18:04:33.459 E/SMD ( 105): DCD OFF
07-06 18:04:34.989 V/StatusBar.BatteryController( 484): status5batteryHealth 2
07-06 18:04:34.989 D/StatusBar.BatteryController( 484): mOldstatus5status 5
07-06 18:04:34.989 D/StatusBar.BatteryController( 484): now old status is 5
07-06 18:04:36.459 E/SMD ( 105): DCD OFF
07-06 18:04:39.469 E/SMD ( 105): DCD OFF
07-06 18:04:42.469 E/SMD ( 105): DCD OFF
07-06 18:04:45.469 E/SMD ( 105): DCD OFF
07-06 18:04:48.469 E/SMD ( 105): DCD OFF
07-06 18:04:51.479 E/SMD ( 105): DCD OFF
07-06 18:04:54.469 E/SMD ( 105): DCD OFF
07-06 18:04:55.029 V/StatusBar.BatteryController( 484): status5batteryHealth 2
07-06 18:04:55.029 D/StatusBar.BatteryController( 484): mOldstatus5status 5
07-06 18:04:55.029 D/StatusBar.BatteryController( 484): now old status is 5
07-06 18:04:57.479 E/SMD ( 105): DCD OFF
07-06 18:05:00.029 D/memalloc( 108): /dev/pmem: Allocated buffer base:0x415fe000 size:573440 offset:1822720 fd:45
07-06 18:05:00.029 D/memalloc( 108): /dev/pmem: Freeing buffer base:0x41bda000 size:552960 offset:6144000 fd:30
07-06 18:05:00.039 D/memalloc( 484): /dev/pmem: Unmapping buffer base:0x502cd000 size:6696960 offset:6144000
07-06 18:05:00.039 D/memalloc( 484): /dev/pmem: Mapped buffer base:0x50239000 size:2396160 offset:1822720 fd:50
07-06 18:05:00.039 I/Adreno200-EGLSUB( 108): : Android Image
07-06 18:05:00.039 I/Adreno200-EGLSUB( 108): : RGBA_8888
07-06 18:05:00.479 E/SMD ( 105): DCD OFF
07-06 18:05:03.479 E/SMD ( 105): DCD OFF
07-06 18:05:06.479 E/SMD ( 105): DCD OFF
07-06 18:05:09.489 E/SMD ( 105): DCD OFF
07-06 18:05:12.489 E/SMD ( 105): DCD OFF
07-06 18:05:15.069 V/StatusBar.BatteryController( 484): status5batteryHealth 2
07-06 18:05:15.069 D/StatusBar.BatteryController( 484): mOldstatus5status 5
07-06 18:05:15.069 D/StatusBar.BatteryController( 484): now old status is 5
07-06 18:05:15.489 E/SMD ( 105): DCD OFF
07-06 18:05:18.499 E/SMD ( 105): DCD OFF
07-06 18:05:21.499 E/SMD ( 105): DCD OFF
07-06 18:05:24.499 E/SMD ( 105): DCD OFF
07-06 18:05:27.499 E/SMD ( 105): DCD OFF
07-06 18:05:30.509 E/SMD ( 105): DCD OFF
07-06 18:05:33.509 E/SMD ( 105): DCD OFF
07-06 18:05:35.109 V/StatusBar.BatteryController( 484): status5batteryHealth 2
07-06 18:05:35.109 D/StatusBar.BatteryController( 484): mOldstatus5status 5
07-06 18:05:35.109 D/StatusBar.BatteryController( 484): now old status is 5
07-06 18:05:36.509 E/SMD ( 105): DCD OFF
07-06 18:05:39.509 E/SMD ( 105): DCD OFF
07-06 18:05:42.519 E/SMD ( 105): DCD OFF
07-06 18:05:45.519 E/SMD ( 105): DCD OFF
07-06 18:05:46.559 D/GCM ( 590): Ignoring attempt to send heartbeat on dead connection.
07-06 18:05:48.519 E/SMD ( 105): DCD OFF
07-06 18:05:51.519 E/SMD ( 105): DCD OFF
07-06 18:05:54.529 E/SMD ( 105): DCD OFF
07-06 18:05:55.149 V/StatusBar.BatteryController( 484): status5batteryHealth 2
07-06 18:05:55.149 D/StatusBar.BatteryController( 484): mOldstatus5status 5
07-06 18:05:55.149 D/StatusBar.BatteryController( 484): now old status is 5
07-06 18:05:56.589 D/Tethering( 277): interfaceLinkStateChanged wlan0, true
07-06 18:05:56.589 D/Tethering( 277): interfaceStatusChanged wlan0, true
07-06 18:05:57.519 E/SMD ( 105): DCD OFF
07-06 18:06:00.529 E/SMD ( 105): DCD OFF
07-06 18:06:03.529 E/SMD ( 105): DCD OFF
07-06 18:06:05.169 V/StatusBar.BatteryController( 484): status5batteryHealth 2
07-06 18:06:05.169 D/StatusBar.BatteryController( 484): mOldstatus5status 5
07-06 18:06:05.169 D/StatusBar.BatteryController( 484): now old status is 5
07-06 18:06:06.529 E/SMD ( 105): DCD OFF
07-06 18:06:09.529 E/SMD ( 105): DCD OFF
07-06 18:06:12.539 E/SMD ( 105): DCD OFF
07-06 18:06:15.189 V/StatusBar.BatteryController( 484): status5batteryHealth 2
07-06 18:06:15.189 D/StatusBar.BatteryController( 484): mOldstatus5status 5
07-06 18:06:15.189 D/StatusBar.BatteryController( 484): now old status is 5
07-06 18:06:15.539 E/SMD ( 105): DCD OFF
07-06 18:06:18.539 E/SMD ( 105): DCD OFF
07-06 18:06:21.549 E/SMD ( 105): DCD OFF
07-06 18:06:24.549 E/SMD ( 105): DCD OFF
07-06 18:06:25.209 V/StatusBar.BatteryController( 484): status5batteryHealth 2
07-06 18:06:25.209 D/StatusBar.BatteryController( 484): mOldstatus5status 5
07-06 18:06:25.209 D/StatusBar.BatteryController( 484): now old status is 5
07-06 18:06:26.249 D/SensorManager( 754): registerListener :: handle = 0 name= BOSCH 3-axis Accelerometer delay= 10000 Listener= kvo@4116ebc0
07-06 18:06:26.249 E/SensorManager( 754): thread start
07-06 18:06:26.249 E/SensorManager( 754): =======>>>Sensor Thread RUNNING <<<========
07-06 18:06:26.959 I/SensorManager( 754): Set normal delay = true
07-06 18:06:27.039 D/SensorManager( 754): unregisterListener:: disable all sensors for this listener, name = BOSCH 3-axis Accelerometer listener = kvo@4116ebc0
07-06 18:06:27.549 E/SMD ( 105): DCD OFF
07-06 18:06:30.549 E/SMD ( 105): DCD OFF
07-06 18:06:33.559 E/SMD ( 105): DCD OFF
07-06 18:06:35.229 V/StatusBar.BatteryController( 484): status5batteryHealth 2
07-06 18:06:35.229 D/StatusBar.BatteryController( 484): mOldstatus5status 5
07-06 18:06:35.229 D/StatusBar.BatteryController( 484): now old status is 5
07-06 18:06:36.559 E/SMD ( 105): DCD OFF
07-06 18:06:39.559 E/SMD ( 105): DCD OFF
07-06 18:06:42.559 E/SMD ( 105): DCD OFF
07-06 18:06:45.569 E/SMD ( 105): DCD OFF
07-06 18:06:48.569 E/SMD ( 105): DCD OFF
07-06 18:06:51.569 E/SMD ( 105): DCD OFF
07-06 18:06:54.569 E/SMD ( 105): DCD OFF
07-06 18:06:55.269 V/StatusBar.BatteryController( 484): status5batteryHealth 2
07-06 18:06:55.269 D/StatusBar.BatteryController( 484): mOldstatus5status 5
07-06 18:06:55.269 D/StatusBar.BatteryController( 484): now old status is 5
07-06 18:06:57.569 E/SMD ( 105): DCD OFF
07-06 18:07:00.579 E/SMD ( 105): DCD OFF
07-06 18:07:03.579 E/SMD ( 105): DCD OFF
07-06 18:07:06.579 E/SMD ( 105): DCD OFF
07-06 18:07:09.579 E/SMD ( 105): DCD OFF
07-06 18:07:12.589 E/SMD ( 105): DCD OFF
07-06 18:07:15.589 E/SMD ( 105): DCD OFF
07-06 18:07:18.589 E/SMD ( 105): DCD OFF
07-06 18:07:21.589 E/SMD ( 105): DCD OFF
07-06 18:07:24.599 E/SMD ( 105): DCD OFF
07-06 18:07:25.329 V/StatusBar.BatteryController( 484): status5batteryHealth 2
07-06 18:07:25.329 D/StatusBar.BatteryController( 484): mOldstatus5status 5
07-06 18:07:25.329 D/StatusBar.BatteryController( 484): now old status is 5
07-06 18:07:27.599 E/SMD ( 105): DCD OFF
07-06 18:07:30.599 E/SMD ( 105): DCD OFF
07-06 18:07:33.599 E/SMD ( 105): DCD OFF
07-06 18:07:36.609 E/SMD ( 105): DCD OFF
07-06 18:07:39.609 E/SMD ( 105): DCD OFF
07-06 18:07:42.609 E/SMD ( 105): DCD OFF
07-06 18:07:45.609 E/SMD ( 105): DCD OFF
07-06 18:07:48.609 E/SMD ( 105): DCD OFF
07-06 18:07:51.619 E/SMD ( 105): DCD OFF
07-06 18:07:54.619 E/SMD ( 105): DCD OFF
07-06 18:07:55.389 V/StatusBar.BatteryController( 484): status5batteryHealth 2
07-06 18:07:55.389 D/StatusBar.BatteryController( 484): mOldstatus5status 5
07-06 18:07:55.389 D/StatusBar.BatteryController( 484): now old status is 5
07-06 18:07:57.619 E/SMD ( 105): DCD OFF
07-06 18:08:00.619 E/SMD ( 105): DCD OFF
07-06 18:08:03.629 E/SMD ( 105): DCD OFF
07-06 18:08:05.409 V/StatusBar.BatteryController( 484): status5batteryHealth 2
07-06 18:08:05.409 D/StatusBar.BatteryController( 484): mOldstatus5status 5
07-06 18:08:05.409 D/StatusBar.BatteryController( 484): now old status is 5
07-06 18:08:06.629 E/SMD ( 105): DCD OFF
07-06 18:08:09.629 E/SMD ( 105): DCD OFF
07-06 18:08:12.629 E/SMD ( 105): DCD OFF
07-06 18:08:15.639 E/SMD ( 105): DCD OFF
07-06 18:08:18.639 E/SMD ( 105): DCD OFF
07-06 18:08:21.639 E/SMD ( 105): DCD OFF
07-06 18:08:24.639 E/SMD ( 105): DCD OFF
07-06 18:08:25.449 V/StatusBar.BatteryController( 484): status5batteryHealth 2
07-06 18:08:25.449 D/StatusBar.BatteryController( 484): mOldstatus5status 5
07-06 18:08:25.449 D/StatusBar.BatteryController( 484): now old status is 5
07-06 18:08:27.639 E/SMD ( 105): DCD OFF
07-06 18:08:30.649 E/SMD ( 105): DCD OFF
07-06 18:08:33.649 E/SMD ( 105): DCD OFF
07-06 18:08:35.469 V/StatusBar.BatteryController( 484): status5batteryHealth 2
07-06 18:08:35.469 D/StatusBar.BatteryController( 484): mOldstatus5status 5
07-06 18:08:35.469 D/StatusBar.BatteryController( 484): now old status is 5
07-06 18:08:36.649 E/SMD ( 105): DCD OFF
07-06 18:08:39.659 E/SMD ( 105): DCD OFF
07-06 18:08:42.659 E/SMD ( 105): DCD OFF
07-06 18:08:45.659 E/SMD ( 105): DCD OFF
07-06 18:08:48.659 E/SMD ( 105): DCD OFF
07-06 18:08:51.669 E/SMD ( 105): DCD OFF
07-06 18:08:54.669 E/SMD ( 105): DCD OFF
07-06 18:08:57.239 W/PowerManagerService( 277): Timer 0x3->0x1|0x3
07-06 18:08:57.669 E/SMD ( 105): DCD OFF
07-06 18:09:00.669 E/SMD ( 105): DCD OFF
07-06 18:09:03.679 E/SMD ( 105): DCD OFF
07-06 18:09:04.239 W/PowerManagerService( 277): Timer 0x3->0x0|0x3
07-06 18:09:04.239 E/PowerManagerService( 277): CurLock p:3 mPS:3
07-06 18:09:04.239 W/PowerManagerService( 277): type=SCREEN_BRIGHT_WAKE_LOCK 'KEEP_SCREEN_ON_FLAG' active (minState=3) activeT=299721
07-06 18:09:06.679 E/SMD ( 105): DCD OFF
07-06 18:09:09.679 E/SMD ( 105): DCD OFF
07-06 18:09:12.679 E/SMD ( 105): DCD OFF
07-06 18:09:15.559 V/StatusBar.BatteryController( 484): status5batteryHealth 2
07-06 18:09:15.559 D/StatusBar.BatteryController( 484): mOldstatus5status 5
07-06 18:09:15.559 D/StatusBar.BatteryController( 484): now old status is 5
07-06 18:09:15.679 E/SMD ( 105): DCD OFF
07-06 18:09:18.679 E/SMD ( 105): DCD OFF
07-06 18:09:21.689 E/SMD ( 105): DCD OFF
07-06 18:09:24.689 E/SMD ( 105): DCD OFF
07-06 18:09:25.209 D/SensorManager( 754): registerListener :: handle = 0 name= BOSCH 3-axis Accelerometer delay= 10000 Listener= kvo@411a6860
07-06 18:09:25.209 E/SensorManager( 754): thread start
07-06 18:09:25.219 E/SensorManager( 754): =======>>>Sensor Thread RUNNING <<<========
07-06 18:09:25.579 V/StatusBar.BatteryController( 484): status5batteryHealth 2
07-06 18:09:25.579 D/StatusBar.BatteryController( 484): mOldstatus5status 5
07-06 18:09:25.579 D/StatusBar.BatteryController( 484): now old status is 5
07-06 18:09:25.939 I/SensorManager( 754): Set normal delay = true
07-06 18:09:26.019 D/SensorManager( 754): unregisterListener:: disable all sensors for this listener, name = BOSCH 3-axis Accelerometer listener = kvo@411a6860
07-06 18:09:27.689 E/SMD ( 105): DCD OFF
07-06 18:09:30.689 E/SMD ( 105): DCD OFF
07-06 18:09:33.699 E/SMD ( 105): DCD OFF
07-06 18:09:36.699 E/SMD ( 105): DCD OFF
07-06 18:09:39.699 E/SMD ( 105): DCD OFF
07-06 18:09:42.699 E/SMD ( 105): DCD OFF
07-06 18:09:45.619 V/StatusBar.BatteryController( 484): status5batteryHealth 2
07-06 18:09:45.619 D/StatusBar.BatteryController( 484): mOldstatus5status 5
07-06 18:09:45.619 D/StatusBar.BatteryController( 484): now old status is 5
07-06 18:09:45.709 E/SMD ( 105): DCD OFF
07-06 18:09:48.709 E/SMD ( 105): DCD OFF
07-06 18:09:51.709 E/SMD ( 105): DCD OFF
07-06 18:09:54.709 E/SMD ( 105): DCD OFF
07-06 18:09:55.639 V/StatusBar.BatteryController( 484): status5batteryHealth 2
07-06 18:09:55.639 D/StatusBar.BatteryController( 484): mOldstatus5status 5
07-06 18:09:55.639 D/StatusBar.BatteryController( 484): now old status is 5
07-06 18:09:57.719 E/SMD ( 105): DCD OFF
07-06 18:10:00.719 E/SMD ( 105): DCD OFF
07-06 18:10:03.719 E/SMD ( 105): DCD OFF
07-06 18:10:06.719 E/SMD ( 105): DCD OFF
07-06 18:10:09.729 E/SMD ( 105): DCD OFF
07-06 18:10:12.729 E/SMD ( 105): DCD OFF
07-06 18:10:15.729 E/SMD ( 105): DCD OFF
07-06 18:10:18.729 E/SMD ( 105): DCD OFF
07-06 18:10:21.729 E/SMD ( 105): DCD OFF
07-06 18:10:24.729 E/SMD ( 105): DCD OFF
07-06 18:10:25.699 V/StatusBar.BatteryController( 484): status5batteryHealth 2
07-06 18:10:25.699 D/StatusBar.BatteryController( 484): mOldstatus5status 5
07-06 18:10:25.699 D/StatusBar.BatteryController( 484): now old status is 5
07-06 18:10:27.739 E/SMD ( 105): DCD OFF
07-06 18:10:30.739 E/SMD ( 105): DCD OFF
07-06 18:10:33.739 E/SMD ( 105): DCD OFF
07-06 18:10:35.719 V/StatusBar.BatteryController( 484): status5batteryHealth 2
07-06 18:10:35.719 D/StatusBar.BatteryController( 484): mOldstatus5status 5
07-06 18:10:35.719 D/StatusBar.BatteryController( 484): now old status is 5
07-06 18:10:36.749 E/SMD ( 105): DCD OFF
07-06 18:10:39.749 E/SMD ( 105): DCD OFF
07-06 18:10:42.749 E/SMD ( 105): DCD OFF
07-06 18:10:45.739 V/StatusBar.BatteryController( 484): status5batteryHealth 2
07-06 18:10:45.739 D/StatusBar.BatteryController( 484): mOldstatus5status 5
07-06 18:10:45.739 D/StatusBar.BatteryController( 484): now old status is 5
07-06 18:10:45.749 E/SMD ( 105): DCD OFF
07-06 18:10:48.749 E/SMD ( 105): DCD OFF
07-06 18:10:51.759 E/SMD ( 105): DCD OFF
07-06 18:10:54.759 E/SMD ( 105): DCD OFF
07-06 18:10:57.769 E/SMD ( 105): DCD OFF
07-06 18:11:00.769 E/SMD ( 105): DCD OFF
07-06 18:11:03.769 E/SMD ( 105): DCD OFF
07-06 18:11:05.769 V/StatusBar.BatteryController( 484): status5batteryHealth 2
07-06 18:11:05.769 D/StatusBar.BatteryController( 484): mOldstatus5status 5
07-06 18:11:05.769 D/StatusBar.BatteryController( 484): now old status is 5
07-06 18:11:06.779 E/SMD ( 105): DCD OFF
07-06 18:11:09.779 E/SMD ( 105): DCD OFF
07-06 18:11:12.779 E/SMD ( 105): DCD OFF
07-06 18:11:15.789 E/SMD ( 105): DCD OFF
07-06 18:11:18.789 E/SMD ( 105): DCD OFF
07-06 18:11:21.789 E/SMD ( 105): DCD OFF
07-06 18:11:24.789 E/SMD ( 105): DCD OFF
07-06 18:11:27.789 E/SMD ( 105): DCD OFF
07-06 18:11:30.799 E/SMD ( 105): DCD OFF
07-06 18:11:31.329 W/SignalStrength( 277): getCdmaLevel=2
07-06 18:11:31.329 W/SignalStrength( 277): getEvdoLevel=0
07-06 18:11:31.329 W/SignalStrength( 277): getCdmaLevel=2
07-06 18:11:31.329 W/SignalStrength( 277): getLevel=2
07-06 18:11:31.339 W/SignalStrength( 484): getCdmaLevel=2
07-06 18:11:31.339 W/SignalStrength( 484): getEvdoLevel=0
07-06 18:11:31.339 W/SignalStrength( 484): getCdmaLevel=2
07-06 18:11:31.339 W/SignalStrength( 484): getLevel=2
07-06 18:11:33.799 E/SMD ( 105): DCD OFF
07-06 18:11:35.829 V/StatusBar.BatteryController( 484): status5batteryHealth 2
07-06 18:11:35.829 D/StatusBar.BatteryController( 484): mOldstatus5status 5
07-06 18:11:35.829 D/StatusBar.BatteryController( 484): now old status is 5
07-06 18:11:36.799 E/SMD ( 105): DCD OFF
07-06 18:11:38.329 W/SignalStrength( 277): getCdmaLevel=2
07-06 18:11:38.329 W/SignalStrength( 277): getEvdoLevel=0
07-06 18:11:38.329 W/SignalStrength( 277): getCdmaLevel=2
07-06 18:11:38.329 W/SignalStrength( 277): getLevel=2
07-06 18:11:38.339 W/SignalStrength( 484): getCdmaLevel=2
07-06 18:11:38.339 W/SignalStrength( 484): getEvdoLevel=0
07-06 18:11:38.339 W/SignalStrength( 484): getCdmaLevel=2
07-06 18:11:38.339 W/SignalStrength( 484): getLevel=2
07-06 18:11:39.799 E/SMD ( 105): DCD OFF
07-06 18:11:42.809 E/SMD ( 105): DCD OFF
07-06 18:11:45.809 E/SMD ( 105): DCD OFF
07-06 18:11:48.809 E/SMD ( 105): DCD OFF
07-06 18:11:51.819 E/SMD ( 105): DCD OFF
07-06 18:11:53.759 D/Tethering( 277): interfaceLinkStateChanged wlan0, true
07-06 18:11:53.759 D/Tethering( 277): interfaceStatusChanged wlan0, true
07-06 18:11:54.819 E/SMD ( 105): DCD OFF
07-06 18:11:55.869 V/StatusBar.BatteryController( 484): status5batteryHealth 2
07-06 18:11:55.869 D/StatusBar.BatteryController( 484): mOldstatus5status 5
07-06 18:11:55.869 D/StatusBar.BatteryController( 484): now old status is 5
07-06 18:11:57.819 E/SMD ( 105): DCD OFF
07-06 18:12:00.819 E/SMD ( 105): DCD OFF
07-06 18:12:03.819 E/SMD ( 105): DCD OFF
07-06 18:12:06.819 E/SMD ( 105): DCD OFF
07-06 18:12:09.829 E/SMD ( 105): DCD OFF
07-06 18:12:12.829 E/SMD ( 105): DCD OFF
07-06 18:12:15.829 E/SMD ( 105): DCD OFF
07-06 18:12:15.909 V/StatusBar.BatteryController( 484): status5batteryHealth 2
07-06 18:12:15.909 D/StatusBar.BatteryController( 484): mOldstatus5status 5
07-06 18:12:15.909 D/StatusBar.BatteryController( 484): now old status is 5
07-06 18:12:18.839 E/SMD ( 105): DCD OFF
07-06 18:12:21.839 E/SMD ( 105): DCD OFF
07-06 18:12:24.189 D/SensorManager( 754): registerListener :: handle = 0 name= BOSCH 3-axis Accelerometer delay= 10000 Listener= kvo@41147058
07-06 18:12:24.199 E/SensorManager( 754): thread start
07-06 18:12:24.199 E/SensorManager( 754): =======>>>Sensor Thread RUNNING <<<========
07-06 18:12:24.839 E/SMD ( 105): DCD OFF
07-06 18:12:24.899 I/SensorManager( 754): Set normal delay = true
07-06 18:12:24.979 D/SensorManager( 754): unregisterListener:: disable all sensors for this listener, name = BOSCH 3-axis Accelerometer listener = kvo@41147058
07-06 18:12:25.929 V/StatusBar.BatteryController( 484): status5batteryHealth 2
07-06 18:12:25.929 D/StatusBar.BatteryController( 484): mOldstatus5status 5
07-06 18:12:25.929 D/StatusBar.BatteryController( 484): now old status is 5
07-06 18:12:27.839 E/SMD ( 105): DCD OFF
07-06 18:12:30.849 E/SMD ( 105): DCD OFF
07-06 18:12:33.849 E/SMD ( 105): DCD OFF
07-06 18:12:36.849 E/SMD ( 105): DCD OFF
07-06 18:12:39.849 E/SMD ( 105): DCD OFF
07-06 18:12:41.509 W/ThrottleService( 277): unable to find stats for iface rmnet0
07-06 18:12:42.859 E/SMD ( 105): DCD OFF
07-06 18:12:45.859 E/SMD ( 105): DCD OFF
07-06 18:12:48.859 E/SMD ( 105): DCD OFF
07-06 18:12:51.859 E/SMD ( 105): DCD OFF
07-06 18:12:54.869 E/SMD ( 105): DCD OFF
07-06 18:12:57.869 E/SMD ( 105): DCD OFF
07-06 18:13:00.869 E/SMD ( 105): DCD OFF
07-06 18:13:03.869 E/SMD ( 105): DCD OFF
07-06 18:13:06.869 E/SMD ( 105): DCD OFF
07-06 18:13:09.879 E/SMD ( 105): DCD OFF
07-06 18:13:12.879 E/SMD ( 105): DCD OFF
07-06 18:13:15.879 E/SMD ( 105): DCD OFF
07-06 18:13:18.879 E/SMD ( 105): DCD OFF
07-06 18:13:21.889 E/SMD ( 105): DCD OFF
07-06 18:13:24.889 E/SMD ( 105): DCD OFF
07-06 18:13:27.889 E/SMD ( 105): DCD OFF
07-06 18:13:30.899 E/SMD ( 105): DCD OFF
07-06 18:13:33.899 E/SMD ( 105): DCD OFF
07-06 18:13:36.069 V/StatusBar.BatteryController( 484): status5batteryHealth 2
07-06 18:13:36.069 D/StatusBar.BatteryController( 484): mOldstatus5status 5
07-06 18:13:36.069 D/StatusBar.BatteryController( 484): now old status is 5
07-06 18:13:36.089 E/WifiStateMachine( 277): set suspend optimizations failed!
07-06 18:13:36.789 E/WifiStateMachine( 277): set suspend optimizations failed!
07-06 18:13:36.899 E/SMD ( 105): DCD OFF
07-06 18:13:39.899 E/SMD ( 105): DCD OFF
07-06 18:13:42.899 E/SMD ( 105): DCD OFF
07-06 18:13:45.909 E/SMD ( 105): DCD OFF
07-06 18:13:46.089 V/StatusBar.BatteryController( 484): status5batteryHealth 2
07-06 18:13:46.089 D/StatusBar.BatteryController( 484): mOldstatus5status 5
07-06 18:13:46.089 D/StatusBar.BatteryController( 484): now old status is 5
07-06 18:13:48.909 E/SMD ( 105): DCD OFF
07-06 18:13:51.119 D/Tethering( 277): interfaceLinkStateChanged wlan0, true
07-06 18:13:51.119 D/Tethering( 277): interfaceStatusChanged wlan0, true
07-06 18:13:51.909 E/SMD ( 105): DCD OFF
07-06 18:13:54.909 E/SMD ( 105): DCD OFF
07-06 18:13:56.109 V/StatusBar.BatteryController( 484): status5batteryHealth 2
07-06 18:13:56.109 D/StatusBar.BatteryController( 484): mOldstatus5status 5
07-06 18:13:56.109 D/StatusBar.BatteryController( 484): now old status is 5
07-06 18:13:57.919 E/SMD ( 105): DCD OFF
07-06 18:14:00.919 E/SMD ( 105): DCD OFF
07-06 18:14:03.919 E/SMD ( 105): DCD OFF
07-06 18:14:06.129 V/StatusBar.BatteryController( 484): status5batteryHealth 2
07-06 18:14:06.129 D/StatusBar.BatteryController( 484): mOldstatus5status 5
07-06 18:14:06.129 D/StatusBar.BatteryController( 484): now old status is 5
07-06 18:14:06.929 E/SMD ( 105): DCD OFF
07-06 18:14:09.919 E/SMD ( 105): DCD OFF
07-06 18:14:12.929 E/SMD ( 105): DCD OFF
07-06 18:14:15.929 E/SMD ( 105): DCD OFF
07-06 18:14:18.929 E/SMD ( 105): DCD OFF
07-06 18:14:21.929 E/SMD ( 105): DCD OFF
07-06 18:14:24.939 E/SMD ( 105): DCD OFF
07-06 18:14:27.939 E/SMD ( 105): DCD OFF
07-06 18:14:30.939 E/SMD ( 105): DCD OFF
07-06 18:14:33.949 E/SMD ( 105): DCD OFF
07-06 18:14:36.189 V/StatusBar.BatteryController( 484): status5batteryHealth 2
07-06 18:14:36.189 D/StatusBar.BatteryController( 484): mOldstatus5status 5
07-06 18:14:36.189 D/StatusBar.BatteryController( 484): now old status is 5
07-06 18:14:36.949 E/SMD ( 105): DCD OFF
07-06 18:14:39.949 E/SMD ( 105): DCD OFF
07-06 18:14:42.949 E/SMD ( 105): DCD OFF
07-06 18:14:45.959 E/SMD ( 105): DCD OFF
07-06 18:14:46.209 V/StatusBar.BatteryController( 484): status5batteryHealth 2
07-06 18:14:46.209 D/StatusBar.BatteryController( 484): mOldstatus5status 5
07-06 18:14:46.209 D/StatusBar.BatteryController( 484): now old status is 5
07-06 18:14:48.959 E/SMD ( 105): DCD OFF
07-06 18:14:51.959 E/SMD ( 105): DCD OFF
07-06 18:14:54.959 E/SMD ( 105): DCD OFF
07-06 18:14:56.229 V/StatusBar.BatteryController( 484): status5batteryHealth 2
07-06 18:14:56.229 D/StatusBar.BatteryController( 484): mOldstatus5status 5
07-06 18:14:56.229 D/StatusBar.BatteryController( 484): now old status is 5
07-06 18:14:57.969 E/SMD ( 105): DCD OFF
07-06 18:15:00.969 E/SMD ( 105): DCD OFF
07-06 18:15:03.589 I/ActivityManager( 277): Start proc app.processName for content provider hostingNameStr: pid=11640 uid=10006 gids={1006, 3003, 1015, 1023}
07-06 18:15:03.599 I/ActivityManager( 277): No longer want app.processName (pid 6264): hidden #16
07-06 18:15:03.649 I/ActivityThread(11640): Pub com.android.browser;browser: com.android.browser.provider.BrowserProvider2
07-06 18:15:03.659 I/ActivityThread(11640): Pub com.android.browser.home: com.android.browser.homepages.HomeProvider
07-06 18:15:03.659 I/ActivityThread(11640): Pub com.android.browser.snapshots: com.android.browser.provider.SnapshotProvider
07-06 18:15:03.969 E/SMD ( 105): DCD OFF
07-06 18:15:06.249 V/StatusBar.BatteryController( 484): status5batteryHealth 2
07-06 18:15:06.249 D/StatusBar.BatteryController( 484): mOldstatus5status 5
07-06 18:15:06.249 D/StatusBar.BatteryController( 484): now old status is 5
07-06 18:15:06.969 E/SMD ( 105): DCD OFF
07-06 18:15:09.969 E/SMD ( 105): DCD OFF
07-06 18:15:12.969 E/SMD ( 105): DCD OFF
07-06 18:15:13.299 D/Tethering( 277): interfaceLinkStateChanged wlan0, true
07-06 18:15:13.299 D/Tethering( 277): interfaceStatusChanged wlan0, true
07-06 18:15:14.499 D/Tethering( 277): interfaceLinkStateChanged wlan0, true
07-06 18:15:14.499 D/Tethering( 277): interfaceStatusChanged wlan0, true
07-06 18:15:15.979 E/SMD ( 105): DCD OFF
07-06 18:15:18.979 E/SMD ( 105): DCD OFF
07-06 18:15:21.989 E/SMD ( 105): DCD OFF
07-06 18:15:24.989 E/SMD ( 105): DCD OFF
07-06 18:15:26.299 V/StatusBar.BatteryController( 484): status5batteryHealth 2
07-06 18:15:26.299 D/StatusBar.BatteryController( 484): mOldstatus5status 5
07-06 18:15:26.299 D/StatusBar.BatteryController( 484): now old status is 5
07-06 18:15:27.999 E/SMD ( 105): DCD OFF
07-06 18:15:29.469 E/WifiStateMachine( 277): set suspend optimizations failed!
07-06 18:15:29.489 D/SensorManager( 754): registerListener :: handle = 0 name= BOSCH 3-axis Accelerometer delay= 10000 Listener= kvo@414c65b8
07-06 18:15:29.489 E/SensorManager( 754): thread start
07-06 18:15:29.489 E/SensorManager( 754): =======>>>Sensor Thread RUNNING <<<========
07-06 18:15:30.179 D/Tethering( 277): interfaceLinkStateChanged wlan0, true
07-06 18:15:30.179 D/Tethering( 277): interfaceStatusChanged wlan0, true
07-06 18:15:30.189 D/Tethering( 277): interfaceLinkStateChanged wlan0, true
07-06 18:15:30.189 D/Tethering( 277): interfaceStatusChanged wlan0, true
07-06 18:15:30.349 I/SensorManager( 754): Set normal delay = true
07-06 18:15:30.429 D/SensorManager( 754): unregisterListener:: disable all sensors for this listener, name = BOSCH 3-axis Accelerometer listener = kvo@414c65b8
07-06 18:15:30.449 E/WifiStateMachine( 277): set suspend optimizations failed!
07-06 18:15:30.459 I/GCoreUlr( 754): Received powerMode change from NLP: com.google.android.location.activity.LOW_POWER_MODE_ENABLED
07-06 18:15:30.459 I/GCoreUlr( 754): Starting service, intent=Intent { act=com.google.android.location.reporting.ACTION_UPDATE_ACTIVE_STATE cmp=xxxx }, extras=null
07-06 18:15:30.609 I/GCoreUlr( 754): Successfully inserted location
07-06 18:15:30.609 I/GCoreUlr( 754): Not calling LocationReportingService, hasMoved: false, elapsed millis: 2340327, request: Phone
07-06 18:15:30.659 I/GCoreUlr( 754): Ensuring that reporting is active for [account#15#]
07-06 18:15:30.659 I/GCoreUlr( 754): Starting service, intent=Intent { act=com.google.android.location.reporting.ACTION_LOCATION_STATUS cmp=xxxx (has extras) }, extras=Bundle[{status=LocationStatus[cell status: STATUS_SUCCESSFUL, wifi status: STATUS_SUCCESSFUL, elapsed realtime ns: 37497984000000]}]
07-06 18:15:30.999 E/SMD ( 105): DCD OFF
07-06 18:15:33.999 E/SMD ( 105): DCD OFF
07-06 18:15:36.319 V/StatusBar.BatteryController( 484): status5batteryHealth 2
07-06 18:15:36.319 D/StatusBar.BatteryController( 484): mOldstatus5status 5
07-06 18:15:36.319 D/StatusBar.BatteryController( 484): now old status is 5
07-06 18:15:36.999 E/SMD ( 105): DCD OFF
07-06 18:15:39.999 E/SMD ( 105): DCD OFF
07-06 18:15:43.009 E/SMD ( 105): DCD OFF
07-06 18:15:46.009 E/SMD ( 105): DCD OFF
07-06 18:15:46.339 V/StatusBar.BatteryController( 484): status5batteryHealth 2
07-06 18:15:46.339 D/StatusBar.BatteryController( 484): mOldstatus5status 5
07-06 18:15:46.339 D/StatusBar.BatteryController( 484): now old status is 5
07-06 18:15:49.009 E/SMD ( 105): DCD OFF
07-06 18:15:52.009 E/SMD ( 105): DCD OFF
07-06 18:15:55.019 E/SMD ( 105): DCD OFF
07-06 18:15:56.359 V/StatusBar.BatteryController( 484): status5batteryHealth 2
07-06 18:15:56.359 D/StatusBar.BatteryController( 484): mOldstatus5status 5
07-06 18:15:56.359 D/StatusBar.BatteryController( 484): now old status is 5
07-06 18:15:58.019 E/SMD ( 105): DCD OFF
07-06 18:16:00.359 D/Tethering( 277): interfaceLinkStateChanged wlan0, true
07-06 18:16:00.359 D/Tethering( 277): interfaceStatusChanged wlan0, true
07-06 18:16:01.019 E/SMD ( 105): DCD OFF
07-06 18:16:04.029 E/SMD ( 105): DCD OFF
07-06 18:16:06.379 V/StatusBar.BatteryController( 484): status5batteryHealth 2
07-06 18:16:06.379 D/StatusBar.BatteryController( 484): mOldstatus5status 5
07-06 18:16:06.379 D/StatusBar.BatteryController( 484): now old status is 5
07-06 18:16:07.029 E/SMD ( 105): DCD OFF
07-06 18:16:10.359 E/SMD ( 105): DCD OFF
07-06 18:16:13.359 E/SMD ( 105): DCD OFF
07-06 18:16:16.359 E/SMD ( 105): DCD OFF
07-06 18:16:16.719 V/StatusBar.BatteryController( 484): status5batteryHealth 2
07-06 18:16:16.719 D/StatusBar.BatteryController( 484): mOldstatus5status 5
07-06 18:16:16.719 D/StatusBar.BatteryController( 484): now old status is 5
07-06 18:16:19.369 E/SMD ( 105): DCD OFF
07-06 18:16:22.369 E/SMD ( 105): DCD OFF
07-06 18:16:24.049 D/Tethering( 277): interfaceLinkStateChanged wlan0, true
07-06 18:16:24.049 D/Tethering( 277): interfaceStatusChanged wlan0, true
07-06 18:16:25.369 E/SMD ( 105): DCD OFF
07-06 18:16:28.369 E/SMD ( 105): DCD OFF
07-06 18:16:31.379 E/SMD ( 105): DCD OFF
07-06 18:16:34.379 E/SMD ( 105): DCD OFF
07-06 18:16:37.379 E/SMD ( 105): DCD OFF
07-06 18:16:40.379 E/SMD ( 105): DCD OFF
07-06 18:16:43.379 E/SMD ( 105): DCD OFF
07-06 18:16:46.379 E/SMD ( 105): DCD OFF
07-06 18:16:49.389 E/SMD ( 105): DCD OFF
07-06 18:16:52.389 E/SMD ( 105): DCD OFF
07-06 18:16:55.389 E/SMD ( 105): DCD OFF
07-06 18:16:58.399 E/SMD ( 105): DCD OFF
07-06 18:17:01.399 E/SMD ( 105): DCD OFF
07-06 18:17:04.399 E/SMD ( 105): DCD OFF
07-06 18:17:06.829 V/StatusBar.BatteryController( 484): status5batteryHealth 2
07-06 18:17:06.829 D/StatusBar.BatteryController( 484): mOldstatus5status 5
07-06 18:17:06.829 D/StatusBar.BatteryController( 484): now old status is 5
07-06 18:17:07.399 E/SMD ( 105): DCD OFF
07-06 18:17:10.409 E/SMD ( 105): DCD OFF
07-06 18:17:12.769 D/Tethering( 277): interfaceLinkStateChanged wlan0, true
07-06 18:17:12.769 D/Tethering( 277): interfaceStatusChanged wlan0, true
07-06 18:17:13.399 E/SMD ( 105): DCD OFF
07-06 18:17:16.409 E/SMD ( 105): DCD OFF
07-06 18:17:16.839 V/StatusBar.BatteryController( 484): status5batteryHealth 2
07-06 18:17:16.839 D/StatusBar.BatteryController( 484): mOldstatus5status 5
07-06 18:17:16.839 D/StatusBar.BatteryController( 484): now old status is 5
07-06 18:17:17.779 D/Tethering( 277): interfaceLinkStateChanged wlan0, true
07-06 18:17:17.779 D/Tethering( 277): interfaceStatusChanged wlan0, true
07-06 18:17:19.409 E/SMD ( 105): DCD OFF
07-06 18:17:22.409 E/SMD ( 105): DCD OFF
07-06 18:17:25.409 E/SMD ( 105): DCD OFF
07-06 18:17:26.869 V/StatusBar.BatteryController( 484): status5batteryHealth 2
07-06 18:17:26.869 D/StatusBar.BatteryController( 484): mOldstatus5status 5
07-06 18:17:26.869 D/StatusBar.BatteryController( 484): now old status is 5
07-06 18:17:28.419 E/SMD ( 105): DCD OFF
07-06 18:17:31.419 E/SMD ( 105): DCD OFF
07-06 18:17:34.419 E/SMD ( 105): DCD OFF
07-06 18:17:36.889 V/StatusBar.BatteryController( 484): status5batteryHealth 2
07-06 18:17:36.889 D/StatusBar.BatteryController( 484): mOldstatus5status 5
07-06 18:17:36.889 D/StatusBar.BatteryController( 484): now old status is 5
07-06 18:17:37.419 E/SMD ( 105): DCD OFF
07-06 18:17:40.419 E/SMD ( 105): DCD OFF
07-06 18:17:43.429 E/SMD ( 105): DCD OFF
07-06 18:17:46.429 E/SMD ( 105): DCD OFF
07-06 18:17:47.159 D/Tethering( 277): interfaceLinkStateChanged wlan0, true
07-06 18:17:47.159 D/Tethering( 277): interfaceStatusChanged wlan0, true
07-06 18:17:49.429 E/SMD ( 105): DCD OFF
07-06 18:17:52.439 E/SMD ( 105): DCD OFF
07-06 18:17:55.439 E/SMD ( 105): DCD OFF