07-06 20:20:29.205 E/SensorManager( 754): thread start
07-06 20:20:29.205 E/SensorManager( 754): =======>>>Sensor Thread RUNNING <<<========
07-06 20:20:29.895 I/SensorManager( 754): Set normal delay = true
07-06 20:20:29.975 D/SensorManager( 754): unregisterListener:: disable all sensors for this listener, name = BOSCH 3-axis Accelerometer listener = kvo@413d8d40
07-06 20:20:30.975 E/SMD ( 105): DCD OFF
07-06 20:20:33.425 D/Tethering( 277): interfaceLinkStateChanged wlan0, true
07-06 20:20:33.425 D/Tethering( 277): interfaceStatusChanged wlan0, true
07-06 20:20:33.975 E/SMD ( 105): DCD OFF
07-06 20:20:35.645 W/SignalStrength( 277): getCdmaLevel=2
07-06 20:20:35.645 W/SignalStrength( 277): getEvdoLevel=0
07-06 20:20:35.645 W/SignalStrength( 277): getCdmaLevel=2
07-06 20:20:35.645 W/SignalStrength( 277): getLevel=2
07-06 20:20:35.655 W/SignalStrength( 484): getCdmaLevel=2
07-06 20:20:35.655 W/SignalStrength( 484): getEvdoLevel=0
07-06 20:20:35.655 W/SignalStrength( 484): getCdmaLevel=2
07-06 20:20:35.655 W/SignalStrength( 484): getLevel=2
07-06 20:20:35.675 E/WifiStateMachine( 277): set suspend optimizations failed!
07-06 20:20:36.475 E/WifiStateMachine( 277): set suspend optimizations failed!
07-06 20:20:36.645 W/SignalStrength( 277): getCdmaLevel=3
07-06 20:20:36.645 W/SignalStrength( 277): getEvdoLevel=0
07-06 20:20:36.645 W/SignalStrength( 277): getCdmaLevel=3
07-06 20:20:36.645 W/SignalStrength( 277): getLevel=3
07-06 20:20:36.655 W/SignalStrength( 484): getCdmaLevel=3
07-06 20:20:36.655 W/SignalStrength( 484): getEvdoLevel=0
07-06 20:20:36.655 W/SignalStrength( 484): getCdmaLevel=3
07-06 20:20:36.655 W/SignalStrength( 484): getLevel=3
07-06 20:20:36.975 E/SMD ( 105): DCD OFF
07-06 20:20:39.975 E/SMD ( 105): DCD OFF
07-06 20:20:42.985 E/SMD ( 105): DCD OFF
07-06 20:20:43.525 D/Tethering( 277): interfaceLinkStateChanged wlan0, true
07-06 20:20:43.525 D/Tethering( 277): interfaceStatusChanged wlan0, true
07-06 20:20:45.985 E/SMD ( 105): DCD OFF
07-06 20:20:47.245 V/StatusBar.BatteryController( 484): status5batteryHealth 2
07-06 20:20:47.245 D/StatusBar.BatteryController( 484): mOldstatus5status 5
07-06 20:20:47.245 D/StatusBar.BatteryController( 484): now old status is 5
07-06 20:20:48.985 E/SMD ( 105): DCD OFF
07-06 20:20:49.655 W/SignalStrength( 277): getCdmaLevel=2
07-06 20:20:49.655 W/SignalStrength( 277): getEvdoLevel=0
07-06 20:20:49.655 W/SignalStrength( 277): getCdmaLevel=2
07-06 20:20:49.655 W/SignalStrength( 277): getLevel=2
07-06 20:20:49.665 W/SignalStrength( 484): getCdmaLevel=2
07-06 20:20:49.665 W/SignalStrength( 484): getEvdoLevel=0
07-06 20:20:49.665 W/SignalStrength( 484): getCdmaLevel=2
07-06 20:20:49.665 W/SignalStrength( 484): getLevel=2
07-06 20:20:51.985 E/SMD ( 105): DCD OFF
07-06 20:20:54.995 E/SMD ( 105): DCD OFF
07-06 20:20:58.005 E/SMD ( 105): DCD OFF
07-06 20:21:01.005 E/SMD ( 105): DCD OFF
07-06 20:21:04.005 E/SMD ( 105): DCD OFF
07-06 20:21:07.015 E/SMD ( 105): DCD OFF
07-06 20:21:10.015 E/SMD ( 105): DCD OFF
07-06 20:21:13.015 E/SMD ( 105): DCD OFF
07-06 20:21:16.015 E/SMD ( 105): DCD OFF
07-06 20:21:19.025 E/SMD ( 105): DCD OFF
07-06 20:21:22.025 E/SMD ( 105): DCD OFF
07-06 20:21:25.025 E/SMD ( 105): DCD OFF
07-06 20:21:27.325 V/StatusBar.BatteryController( 484): status5batteryHealth 2
07-06 20:21:27.325 D/StatusBar.BatteryController( 484): mOldstatus5status 5
07-06 20:21:27.325 D/StatusBar.BatteryController( 484): now old status is 5
07-06 20:21:28.025 E/SMD ( 105): DCD OFF
07-06 20:21:31.035 E/SMD ( 105): DCD OFF
07-06 20:21:34.035 E/SMD ( 105): DCD OFF
07-06 20:21:37.035 E/SMD ( 105): DCD OFF
07-06 20:21:37.345 V/StatusBar.BatteryController( 484): status5batteryHealth 2
07-06 20:21:37.345 D/StatusBar.BatteryController( 484): mOldstatus5status 5
07-06 20:21:37.345 D/StatusBar.BatteryController( 484): now old status is 5
07-06 20:21:38.945 I/EventLogService( 717): Aggregate from 1404690698780 (log), 1404690698780 (data)
07-06 20:21:39.675 W/SignalStrength( 277): getCdmaLevel=3
07-06 20:21:39.675 W/SignalStrength( 277): getEvdoLevel=0
07-06 20:21:39.675 W/SignalStrength( 277): getCdmaLevel=3
07-06 20:21:39.675 W/SignalStrength( 277): getLevel=3
07-06 20:21:39.675 W/SignalStrength( 484): getCdmaLevel=3
07-06 20:21:39.675 W/SignalStrength( 484): getEvdoLevel=0
07-06 20:21:39.675 W/SignalStrength( 484): getCdmaLevel=3
07-06 20:21:39.675 W/SignalStrength( 484): getLevel=3
07-06 20:21:40.035 E/SMD ( 105): DCD OFF
07-06 20:21:43.045 E/SMD ( 105): DCD OFF
07-06 20:21:46.045 E/SMD ( 105): DCD OFF
07-06 20:21:47.675 W/SignalStrength( 277): getCdmaLevel=2
07-06 20:21:47.675 W/SignalStrength( 277): getEvdoLevel=0
07-06 20:21:47.675 W/SignalStrength( 277): getCdmaLevel=2
07-06 20:21:47.675 W/SignalStrength( 277): getLevel=2
07-06 20:21:47.685 W/SignalStrength( 484): getCdmaLevel=2
07-06 20:21:47.685 W/SignalStrength( 484): getEvdoLevel=0
07-06 20:21:47.685 W/SignalStrength( 484): getCdmaLevel=2
07-06 20:21:47.685 W/SignalStrength( 484): getLevel=2
07-06 20:21:48.675 W/SignalStrength( 277): getCdmaLevel=3
07-06 20:21:48.675 W/SignalStrength( 277): getEvdoLevel=0
07-06 20:21:48.675 W/SignalStrength( 277): getCdmaLevel=3
07-06 20:21:48.675 W/SignalStrength( 277): getLevel=3
07-06 20:21:48.685 W/SignalStrength( 484): getCdmaLevel=3
07-06 20:21:48.685 W/SignalStrength( 484): getEvdoLevel=0
07-06 20:21:48.685 W/SignalStrength( 484): getCdmaLevel=3
07-06 20:21:48.685 W/SignalStrength( 484): getLevel=3
07-06 20:21:49.045 E/SMD ( 105): DCD OFF
07-06 20:21:52.045 E/SMD ( 105): DCD OFF
07-06 20:21:55.055 E/SMD ( 105): DCD OFF
07-06 20:21:55.685 W/SignalStrength( 277): getCdmaLevel=2
07-06 20:21:55.685 W/SignalStrength( 277): getEvdoLevel=0
07-06 20:21:55.685 W/SignalStrength( 277): getCdmaLevel=2
07-06 20:21:55.685 W/SignalStrength( 277): getLevel=2
07-06 20:21:55.685 W/SignalStrength( 484): getCdmaLevel=2
07-06 20:21:55.685 W/SignalStrength( 484): getEvdoLevel=0
07-06 20:21:55.685 W/SignalStrength( 484): getCdmaLevel=2
07-06 20:21:55.685 W/SignalStrength( 484): getLevel=2
07-06 20:21:58.055 E/SMD ( 105): DCD OFF
07-06 20:22:01.055 E/SMD ( 105): DCD OFF
07-06 20:22:04.055 E/SMD ( 105): DCD OFF
07-06 20:22:07.055 E/SMD ( 105): DCD OFF
07-06 20:22:07.405 V/StatusBar.BatteryController( 484): status5batteryHealth 2
07-06 20:22:07.405 D/StatusBar.BatteryController( 484): mOldstatus5status 5
07-06 20:22:07.405 D/StatusBar.BatteryController( 484): now old status is 5
07-06 20:22:10.065 E/SMD ( 105): DCD OFF
07-06 20:22:13.065 E/SMD ( 105): DCD OFF
07-06 20:22:13.685 W/SignalStrength( 277): getCdmaLevel=2
07-06 20:22:13.685 W/SignalStrength( 277): getEvdoLevel=0
07-06 20:22:13.685 W/SignalStrength( 277): getCdmaLevel=2
07-06 20:22:13.685 W/SignalStrength( 277): getLevel=2
07-06 20:22:13.695 W/SignalStrength( 484): getCdmaLevel=2
07-06 20:22:13.695 W/SignalStrength( 484): getEvdoLevel=0
07-06 20:22:13.695 W/SignalStrength( 484): getCdmaLevel=2
07-06 20:22:13.695 W/SignalStrength( 484): getLevel=2
07-06 20:22:14.685 W/SignalStrength( 277): getCdmaLevel=3
07-06 20:22:14.685 W/SignalStrength( 277): getEvdoLevel=0
07-06 20:22:14.685 W/SignalStrength( 277): getCdmaLevel=3
07-06 20:22:14.685 W/SignalStrength( 277): getLevel=3
07-06 20:22:14.695 W/SignalStrength( 484): getCdmaLevel=3
07-06 20:22:14.695 W/SignalStrength( 484): getEvdoLevel=0
07-06 20:22:14.695 W/SignalStrength( 484): getCdmaLevel=3
07-06 20:22:14.695 W/SignalStrength( 484): getLevel=3
07-06 20:22:16.065 E/SMD ( 105): DCD OFF
07-06 20:22:17.425 V/StatusBar.BatteryController( 484): status5batteryHealth 2
07-06 20:22:17.425 D/StatusBar.BatteryController( 484): mOldstatus5status 5
07-06 20:22:17.425 D/StatusBar.BatteryController( 484): now old status is 5
07-06 20:22:19.065 E/SMD ( 105): DCD OFF
07-06 20:22:22.075 E/SMD ( 105): DCD OFF
07-06 20:22:25.075 E/SMD ( 105): DCD OFF
07-06 20:22:27.445 V/StatusBar.BatteryController( 484): status5batteryHealth 2
07-06 20:22:27.445 D/StatusBar.BatteryController( 484): mOldstatus5status 5
07-06 20:22:27.445 D/StatusBar.BatteryController( 484): now old status is 5
07-06 20:22:27.695 W/SignalStrength( 277): getCdmaLevel=2
07-06 20:22:27.695 W/SignalStrength( 277): getEvdoLevel=0
07-06 20:22:27.695 W/SignalStrength( 277): getCdmaLevel=2
07-06 20:22:27.695 W/SignalStrength( 277): getLevel=2
07-06 20:22:27.695 W/SignalStrength( 484): getCdmaLevel=2
07-06 20:22:27.695 W/SignalStrength( 484): getEvdoLevel=0
07-06 20:22:27.695 W/SignalStrength( 484): getCdmaLevel=2
07-06 20:22:27.695 W/SignalStrength( 484): getLevel=2
07-06 20:22:28.075 E/SMD ( 105): DCD OFF
07-06 20:22:31.075 E/SMD ( 105): DCD OFF
07-06 20:22:34.085 E/SMD ( 105): DCD OFF
07-06 20:22:37.085 E/SMD ( 105): DCD OFF
07-06 20:22:40.085 E/SMD ( 105): DCD OFF
07-06 20:22:42.635 W/ThrottleService( 277): unable to find stats for iface rmnet0
07-06 20:22:43.085 E/SMD ( 105): DCD OFF
07-06 20:22:46.095 E/SMD ( 105): DCD OFF
07-06 20:22:47.485 V/StatusBar.BatteryController( 484): status5batteryHealth 2
07-06 20:22:47.485 D/StatusBar.BatteryController( 484): mOldstatus5status 5
07-06 20:22:47.485 D/StatusBar.BatteryController( 484): now old status is 5
07-06 20:22:49.095 E/SMD ( 105): DCD OFF
07-06 20:22:51.705 W/SignalStrength( 277): getCdmaLevel=2
07-06 20:22:51.705 W/SignalStrength( 277): getEvdoLevel=0
07-06 20:22:51.705 W/SignalStrength( 277): getCdmaLevel=2
07-06 20:22:51.705 W/SignalStrength( 277): getLevel=2
07-06 20:22:51.705 W/SignalStrength( 484): getCdmaLevel=2
07-06 20:22:51.705 W/SignalStrength( 484): getEvdoLevel=0
07-06 20:22:51.705 W/SignalStrength( 484): getCdmaLevel=2
07-06 20:22:51.705 W/SignalStrength( 484): getLevel=2
07-06 20:22:52.095 E/SMD ( 105): DCD OFF
07-06 20:22:55.095 E/SMD ( 105): DCD OFF
07-06 20:22:57.505 V/StatusBar.BatteryController( 484): status5batteryHealth 2
07-06 20:22:57.505 D/StatusBar.BatteryController( 484): mOldstatus5status 5
07-06 20:22:57.505 D/StatusBar.BatteryController( 484): now old status is 5
07-06 20:22:58.095 E/SMD ( 105): DCD OFF
07-06 20:23:01.105 E/SMD ( 105): DCD OFF
07-06 20:23:04.105 E/SMD ( 105): DCD OFF
07-06 20:23:07.105 E/SMD ( 105): DCD OFF
07-06 20:23:07.525 V/StatusBar.BatteryController( 484): status5batteryHealth 2
07-06 20:23:07.525 D/StatusBar.BatteryController( 484): mOldstatus5status 5
07-06 20:23:07.525 D/StatusBar.BatteryController( 484): now old status is 5
07-06 20:23:10.105 E/SMD ( 105): DCD OFF
07-06 20:23:12.705 W/SignalStrength( 277): getCdmaLevel=3
07-06 20:23:12.705 W/SignalStrength( 277): getEvdoLevel=0
07-06 20:23:12.705 W/SignalStrength( 277): getCdmaLevel=3
07-06 20:23:12.705 W/SignalStrength( 277): getLevel=3
07-06 20:23:12.715 W/SignalStrength( 484): getCdmaLevel=3
07-06 20:23:12.715 W/SignalStrength( 484): getEvdoLevel=0
07-06 20:23:12.715 W/SignalStrength( 484): getCdmaLevel=3
07-06 20:23:12.715 W/SignalStrength( 484): getLevel=3
07-06 20:23:13.115 E/SMD ( 105): DCD OFF
07-06 20:23:16.115 E/SMD ( 105): DCD OFF
07-06 20:23:16.715 W/SignalStrength( 277): getCdmaLevel=2
07-06 20:23:16.715 W/SignalStrength( 277): getEvdoLevel=0
07-06 20:23:16.715 W/SignalStrength( 277): getCdmaLevel=2
07-06 20:23:16.715 W/SignalStrength( 277): getLevel=2
07-06 20:23:16.715 W/SignalStrength( 484): getCdmaLevel=2
07-06 20:23:16.715 W/SignalStrength( 484): getEvdoLevel=0
07-06 20:23:16.715 W/SignalStrength( 484): getCdmaLevel=2
07-06 20:23:16.715 W/SignalStrength( 484): getLevel=2
07-06 20:23:17.545 V/StatusBar.BatteryController( 484): status5batteryHealth 2
07-06 20:23:17.545 D/StatusBar.BatteryController( 484): mOldstatus5status 5
07-06 20:23:17.545 D/StatusBar.BatteryController( 484): now old status is 5
07-06 20:23:19.115 E/SMD ( 105): DCD OFF
07-06 20:23:22.125 E/SMD ( 105): DCD OFF
07-06 20:23:25.125 E/SMD ( 105): DCD OFF
07-06 20:23:28.125 E/SMD ( 105): DCD OFF
07-06 20:23:31.125 E/SMD ( 105): DCD OFF
07-06 20:23:33.985 E/WifiStateMachine( 277): set suspend optimizations failed!
07-06 20:23:34.025 D/SensorManager( 754): registerListener :: handle = 0 name= BOSCH 3-axis Accelerometer delay= 10000 Listener= kvo@41394840
07-06 20:23:34.025 E/SensorManager( 754): thread start
07-06 20:23:34.025 E/SensorManager( 754): =======>>>Sensor Thread RUNNING <<<========
07-06 20:23:34.135 E/SMD ( 105): DCD OFF
07-06 20:23:34.725 I/SensorManager( 754): Set normal delay = true
07-06 20:23:34.735 D/Tethering( 277): interfaceLinkStateChanged wlan0, true
07-06 20:23:34.735 D/Tethering( 277): interfaceStatusChanged wlan0, true
07-06 20:23:34.735 D/Tethering( 277): interfaceLinkStateChanged wlan0, true
07-06 20:23:34.735 D/Tethering( 277): interfaceStatusChanged wlan0, true
07-06 20:23:34.795 E/WifiStateMachine( 277): set suspend optimizations failed!
07-06 20:23:34.815 D/SensorManager( 754): unregisterListener:: disable all sensors for this listener, name = BOSCH 3-axis Accelerometer listener = kvo@41394840
07-06 20:23:34.835 I/GCoreUlr( 754): Received powerMode change from NLP: com.google.android.location.activity.LOW_POWER_MODE_ENABLED
07-06 20:23:34.835 I/GCoreUlr( 754): Starting service, intent=Intent { act=com.google.android.location.reporting.ACTION_UPDATE_ACTIVE_STATE cmp=xxxx }, extras=null
07-06 20:23:35.115 I/GCoreUlr( 754): Successfully inserted location
07-06 20:23:35.125 I/GCoreUlr( 754): Not calling LocationReportingService, hasMoved: false, elapsed millis: 2160154, request: Phone
07-06 20:23:35.175 I/GCoreUlr( 754): Ensuring that reporting is active for [account#15#]
07-06 20:23:35.185 I/GCoreUlr( 754): Starting service, intent=Intent { act=com.google.android.location.reporting.ACTION_LOCATION_STATUS cmp=xxxx (has extras) }, extras=Bundle[{status=LocationStatus[cell status: STATUS_SUCCESSFUL, wifi status: STATUS_INVALID_SCAN, elapsed realtime ns: 237188000000]}]
07-06 20:23:37.135 E/SMD ( 105): DCD OFF
07-06 20:23:40.135 E/SMD ( 105): DCD OFF
07-06 20:23:43.135 E/SMD ( 105): DCD OFF
07-06 20:23:46.145 E/SMD ( 105): DCD OFF
07-06 20:23:49.145 E/SMD ( 105): DCD OFF
07-06 20:23:52.145 E/SMD ( 105): DCD OFF
07-06 20:23:55.145 E/SMD ( 105): DCD OFF
07-06 20:23:57.635 V/StatusBar.BatteryController( 484): status5batteryHealth 2
07-06 20:23:57.635 D/StatusBar.BatteryController( 484): mOldstatus5status 5
07-06 20:23:57.635 D/StatusBar.BatteryController( 484): now old status is 5
07-06 20:23:58.155 E/SMD ( 105): DCD OFF
07-06 20:24:01.155 E/SMD ( 105): DCD OFF
07-06 20:24:04.155 E/SMD ( 105): DCD OFF
07-06 20:24:07.155 E/SMD ( 105): DCD OFF
07-06 20:24:09.735 W/SignalStrength( 277): getCdmaLevel=3
07-06 20:24:09.735 W/SignalStrength( 277): getEvdoLevel=0
07-06 20:24:09.735 W/SignalStrength( 277): getCdmaLevel=3
07-06 20:24:09.735 W/SignalStrength( 277): getLevel=3
07-06 20:24:09.735 W/SignalStrength( 484): getCdmaLevel=3
07-06 20:24:09.735 W/SignalStrength( 484): getEvdoLevel=0
07-06 20:24:09.735 W/SignalStrength( 484): getCdmaLevel=3
07-06 20:24:09.735 W/SignalStrength( 484): getLevel=3
07-06 20:24:10.165 E/SMD ( 105): DCD OFF
07-06 20:24:10.735 W/SignalStrength( 277): getCdmaLevel=3
07-06 20:24:10.735 W/SignalStrength( 277): getEvdoLevel=0
07-06 20:24:10.735 W/SignalStrength( 277): getCdmaLevel=3
07-06 20:24:10.735 W/SignalStrength( 277): getLevel=3
07-06 20:24:10.735 W/SignalStrength( 484): getCdmaLevel=3
07-06 20:24:10.735 W/SignalStrength( 484): getEvdoLevel=0
07-06 20:24:10.735 W/SignalStrength( 484): getCdmaLevel=3
07-06 20:24:10.735 W/SignalStrength( 484): getLevel=3
07-06 20:24:13.165 E/SMD ( 105): DCD OFF
07-06 20:24:16.165 E/SMD ( 105): DCD OFF
07-06 20:24:16.735 W/SignalStrength( 277): getCdmaLevel=3
07-06 20:24:16.735 W/SignalStrength( 277): getEvdoLevel=0
07-06 20:24:16.735 W/SignalStrength( 277): getCdmaLevel=3
07-06 20:24:16.735 W/SignalStrength( 277): getLevel=3
07-06 20:24:16.735 W/SignalStrength( 484): getCdmaLevel=3
07-06 20:24:16.735 W/SignalStrength( 484): getEvdoLevel=0
07-06 20:24:16.735 W/SignalStrength( 484): getCdmaLevel=3
07-06 20:24:16.735 W/SignalStrength( 484): getLevel=3
07-06 20:24:17.675 V/StatusBar.BatteryController( 484): status5batteryHealth 2
07-06 20:24:17.675 D/StatusBar.BatteryController( 484): mOldstatus5status 5
07-06 20:24:17.675 D/StatusBar.BatteryController( 484): now old status is 5
07-06 20:24:19.165 E/SMD ( 105): DCD OFF
07-06 20:24:21.735 W/SignalStrength( 277): getCdmaLevel=2
07-06 20:24:21.735 W/SignalStrength( 277): getEvdoLevel=0
07-06 20:24:21.735 W/SignalStrength( 277): getCdmaLevel=2
07-06 20:24:21.735 W/SignalStrength( 277): getLevel=2
07-06 20:24:21.745 W/SignalStrength( 484): getCdmaLevel=2
07-06 20:24:21.745 W/SignalStrength( 484): getEvdoLevel=0
07-06 20:24:21.745 W/SignalStrength( 484): getCdmaLevel=2
07-06 20:24:21.745 W/SignalStrength( 484): getLevel=2
07-06 20:24:22.165 E/SMD ( 105): DCD OFF
07-06 20:24:25.175 E/SMD ( 105): DCD OFF
07-06 20:24:28.175 E/SMD ( 105): DCD OFF
07-06 20:24:31.175 E/SMD ( 105): DCD OFF
07-06 20:24:34.175 E/SMD ( 105): DCD OFF
07-06 20:24:37.185 E/SMD ( 105): DCD OFF
07-06 20:24:37.715 V/StatusBar.BatteryController( 484): status5batteryHealth 2
07-06 20:24:37.715 D/StatusBar.BatteryController( 484): mOldstatus5status 5
07-06 20:24:37.715 D/StatusBar.BatteryController( 484): now old status is 5
07-06 20:24:37.745 W/SignalStrength( 277): getCdmaLevel=3
07-06 20:24:37.745 W/SignalStrength( 277): getEvdoLevel=0
07-06 20:24:37.745 W/SignalStrength( 277): getCdmaLevel=3
07-06 20:24:37.745 W/SignalStrength( 277): getLevel=3
07-06 20:24:37.745 W/SignalStrength( 484): getCdmaLevel=3
07-06 20:24:37.745 W/SignalStrength( 484): getEvdoLevel=0
07-06 20:24:37.745 W/SignalStrength( 484): getCdmaLevel=3
07-06 20:24:37.745 W/SignalStrength( 484): getLevel=3
07-06 20:24:40.185 E/SMD ( 105): DCD OFF
07-06 20:24:43.185 E/SMD ( 105): DCD OFF
07-06 20:24:46.185 E/SMD ( 105): DCD OFF
07-06 20:24:46.565 D/Tethering( 277): interfaceLinkStateChanged wlan0, true
07-06 20:24:46.565 D/Tethering( 277): interfaceStatusChanged wlan0, true
07-06 20:24:49.185 E/SMD ( 105): DCD OFF
07-06 20:24:52.195 E/SMD ( 105): DCD OFF
07-06 20:24:55.195 E/SMD ( 105): DCD OFF
07-06 20:24:57.745 V/StatusBar.BatteryController( 484): status5batteryHealth 2
07-06 20:24:57.745 D/StatusBar.BatteryController( 484): mOldstatus5status 5
07-06 20:24:57.745 D/StatusBar.BatteryController( 484): now old status is 5
07-06 20:24:58.195 E/SMD ( 105): DCD OFF
07-06 20:25:01.205 E/SMD ( 105): DCD OFF
07-06 20:25:04.205 E/SMD ( 105): DCD OFF
07-06 20:25:07.205 E/SMD ( 105): DCD OFF
07-06 20:25:07.755 W/SignalStrength( 277): getCdmaLevel=2
07-06 20:25:07.755 W/SignalStrength( 277): getEvdoLevel=0
07-06 20:25:07.755 W/SignalStrength( 277): getCdmaLevel=2
07-06 20:25:07.755 W/SignalStrength( 277): getLevel=2
07-06 20:25:07.765 W/SignalStrength( 484): getCdmaLevel=2
07-06 20:25:07.765 W/SignalStrength( 484): getEvdoLevel=0
07-06 20:25:07.765 W/SignalStrength( 484): getCdmaLevel=2
07-06 20:25:07.765 W/SignalStrength( 484): getLevel=2
07-06 20:25:07.785 V/StatusBar.BatteryController( 484): status5batteryHealth 2
07-06 20:25:07.785 D/StatusBar.BatteryController( 484): mOldstatus5status 5
07-06 20:25:07.785 D/StatusBar.BatteryController( 484): now old status is 5
07-06 20:25:10.205 E/SMD ( 105): DCD OFF
07-06 20:25:13.205 E/SMD ( 105): DCD OFF
07-06 20:25:13.755 W/SignalStrength( 277): getCdmaLevel=3
07-06 20:25:13.755 W/SignalStrength( 277): getEvdoLevel=0
07-06 20:25:13.755 W/SignalStrength( 277): getCdmaLevel=3
07-06 20:25:13.755 W/SignalStrength( 277): getLevel=3
07-06 20:25:13.755 W/SignalStrength( 484): getCdmaLevel=3
07-06 20:25:13.755 W/SignalStrength( 484): getEvdoLevel=0
07-06 20:25:13.755 W/SignalStrength( 484): getCdmaLevel=3
07-06 20:25:13.755 W/SignalStrength( 484): getLevel=3
07-06 20:25:16.215 E/SMD ( 105): DCD OFF
07-06 20:25:19.215 E/SMD ( 105): DCD OFF
07-06 20:25:22.215 E/SMD ( 105): DCD OFF
07-06 20:25:22.755 W/SignalStrength( 277): getCdmaLevel=2
07-06 20:25:22.755 W/SignalStrength( 277): getEvdoLevel=0
07-06 20:25:22.755 W/SignalStrength( 277): getCdmaLevel=2
07-06 20:25:22.755 W/SignalStrength( 277): getLevel=2
07-06 20:25:22.765 W/SignalStrength( 484): getCdmaLevel=2
07-06 20:25:22.765 W/SignalStrength( 484): getEvdoLevel=0
07-06 20:25:22.765 W/SignalStrength( 484): getCdmaLevel=2
07-06 20:25:22.765 W/SignalStrength( 484): getLevel=2
07-06 20:25:25.215 E/SMD ( 105): DCD OFF
07-06 20:25:28.225 E/SMD ( 105): DCD OFF
07-06 20:25:31.225 E/SMD ( 105): DCD OFF
07-06 20:25:34.225 E/SMD ( 105): DCD OFF
07-06 20:25:37.025 I/GCoreUlr( 754): WorldUpdater received intent Intent { act=com.google.android.location.reporting.ACTION_UPDATE_WORLD flg=0x4 cmp=xxxx (has extras) } with receiverAction null
07-06 20:25:37.105 D/SyncManager( 277): setSyncAutomatically: , provider com.google.android.location.reporting -> true
07-06 20:25:37.105 D/SyncManager( 277): setSyncAutomatically: already set to true, doing nothing
07-06 20:25:37.225 E/SMD ( 105): DCD OFF
07-06 20:25:37.245 I/GCoreUlr( 754): Ensuring that reporting is active for [account#15#]
07-06 20:25:37.245 I/GCoreUlr( 754): Starting service, intent=Intent { act=com.google.android.location.reporting.ACTION_LOCATION_STATUS cmp=xxxx (has extras) }, extras=Bundle[{status=LocationStatus[cell status: STATUS_SUCCESSFUL, wifi status: STATUS_INVALID_SCAN, elapsed realtime ns: 237188000000]}]
07-06 20:25:37.265 I/AdsMeasurementBroadcastReceiver( 717): Reporting settings might have changed, alerting AdsMeasurementService
07-06 20:25:37.265 D/AdsMeasurementBroadcastReceiver( 717): Unauthorized to start the main service
07-06 20:25:37.825 V/StatusBar.BatteryController( 484): status5batteryHealth 2
07-06 20:25:37.825 D/StatusBar.BatteryController( 484): mOldstatus5status 5
07-06 20:25:37.825 D/StatusBar.BatteryController( 484): now old status is 5
07-06 20:25:40.225 E/SMD ( 105): DCD OFF
07-06 20:25:43.235 E/SMD ( 105): DCD OFF
07-06 20:25:46.235 E/SMD ( 105): DCD OFF
07-06 20:25:46.765 W/SignalStrength( 277): getCdmaLevel=3
07-06 20:25:46.765 W/SignalStrength( 277): getEvdoLevel=0
07-06 20:25:46.765 W/SignalStrength( 277): getCdmaLevel=3
07-06 20:25:46.765 W/SignalStrength( 277): getLevel=3
07-06 20:25:46.775 W/SignalStrength( 484): getCdmaLevel=3
07-06 20:25:46.775 W/SignalStrength( 484): getEvdoLevel=0
07-06 20:25:46.775 W/SignalStrength( 484): getCdmaLevel=3
07-06 20:25:46.775 W/SignalStrength( 484): getLevel=3
07-06 20:25:47.845 V/StatusBar.BatteryController( 484): status5batteryHealth 2
07-06 20:25:47.845 D/StatusBar.BatteryController( 484): mOldstatus5status 5
07-06 20:25:47.845 D/StatusBar.BatteryController( 484): now old status is 5
07-06 20:25:49.235 E/SMD ( 105): DCD OFF
07-06 20:25:52.235 E/SMD ( 105): DCD OFF
07-06 20:25:53.775 W/SignalStrength( 484): getCdmaLevel=2
07-06 20:25:53.775 W/SignalStrength( 484): getEvdoLevel=0
07-06 20:25:53.775 W/SignalStrength( 484): getCdmaLevel=2
07-06 20:25:53.775 W/SignalStrength( 484): getLevel=2
07-06 20:25:53.775 W/SignalStrength( 277): getCdmaLevel=2
07-06 20:25:53.775 W/SignalStrength( 277): getEvdoLevel=0
07-06 20:25:53.775 W/SignalStrength( 277): getCdmaLevel=2
07-06 20:25:53.775 W/SignalStrength( 277): getLevel=2
07-06 20:25:55.245 E/SMD ( 105): DCD OFF
07-06 20:25:58.245 E/SMD ( 105): DCD OFF
07-06 20:25:59.775 W/SignalStrength( 277): getCdmaLevel=3
07-06 20:25:59.775 W/SignalStrength( 277): getEvdoLevel=0
07-06 20:25:59.775 W/SignalStrength( 277): getCdmaLevel=3
07-06 20:25:59.775 W/SignalStrength( 277): getLevel=3
07-06 20:25:59.785 W/SignalStrength( 484): getCdmaLevel=3
07-06 20:25:59.785 W/SignalStrength( 484): getEvdoLevel=0
07-06 20:25:59.785 W/SignalStrength( 484): getCdmaLevel=3
07-06 20:25:59.785 W/SignalStrength( 484): getLevel=3
07-06 20:26:01.245 E/SMD ( 105): DCD OFF
07-06 20:26:04.245 E/SMD ( 105): DCD OFF
07-06 20:26:07.255 E/SMD ( 105): DCD OFF
07-06 20:26:07.885 V/StatusBar.BatteryController( 484): status5batteryHealth 2
07-06 20:26:07.885 D/StatusBar.BatteryController( 484): mOldstatus5status 5
07-06 20:26:07.885 D/StatusBar.BatteryController( 484): now old status is 5
07-06 20:26:10.255 E/SMD ( 105): DCD OFF
07-06 20:26:13.255 E/SMD ( 105): DCD OFF
07-06 20:26:13.775 W/SignalStrength( 277): getCdmaLevel=2
07-06 20:26:13.775 W/SignalStrength( 277): getEvdoLevel=0
07-06 20:26:13.775 W/SignalStrength( 277): getCdmaLevel=2
07-06 20:26:13.775 W/SignalStrength( 277): getLevel=2
07-06 20:26:13.785 W/SignalStrength( 484): getCdmaLevel=2
07-06 20:26:13.785 W/SignalStrength( 484): getEvdoLevel=0
07-06 20:26:13.785 W/SignalStrength( 484): getCdmaLevel=2
07-06 20:26:13.785 W/SignalStrength( 484): getLevel=2
07-06 20:26:16.255 E/SMD ( 105): DCD OFF
07-06 20:26:17.905 V/StatusBar.BatteryController( 484): status5batteryHealth 2
07-06 20:26:17.905 D/StatusBar.BatteryController( 484): mOldstatus5status 5
07-06 20:26:17.905 D/StatusBar.BatteryController( 484): now old status is 5
07-06 20:26:19.265 E/SMD ( 105): DCD OFF
07-06 20:26:22.265 E/SMD ( 105): DCD OFF
07-06 20:26:25.265 E/SMD ( 105): DCD OFF
07-06 20:26:28.265 E/SMD ( 105): DCD OFF
07-06 20:26:31.275 E/SMD ( 105): DCD OFF
07-06 20:26:32.985 D/SensorManager( 754): registerListener :: handle = 0 name= BOSCH 3-axis Accelerometer delay= 10000 Listener= kvo@413e30d8
07-06 20:26:32.985 E/SensorManager( 754): thread start
07-06 20:26:32.985 E/SensorManager( 754): =======>>>Sensor Thread RUNNING <<<========
07-06 20:26:33.675 I/SensorManager( 754): Set normal delay = true
07-06 20:26:33.755 D/SensorManager( 754): unregisterListener:: disable all sensors for this listener, name = BOSCH 3-axis Accelerometer listener = kvo@413e30d8
07-06 20:26:34.275 E/SMD ( 105): DCD OFF
07-06 20:26:35.785 W/SignalStrength( 277): getCdmaLevel=3
07-06 20:26:35.785 W/SignalStrength( 277): getEvdoLevel=0
07-06 20:26:35.785 W/SignalStrength( 277): getCdmaLevel=3
07-06 20:26:35.785 W/SignalStrength( 277): getLevel=3
07-06 20:26:35.795 W/SignalStrength( 484): getCdmaLevel=3
07-06 20:26:35.795 W/SignalStrength( 484): getEvdoLevel=0
07-06 20:26:35.795 W/SignalStrength( 484): getCdmaLevel=3
07-06 20:26:35.795 W/SignalStrength( 484): getLevel=3
07-06 20:26:37.275 E/SMD ( 105): DCD OFF
07-06 20:26:37.945 V/StatusBar.BatteryController( 484): status5batteryHealth 2
07-06 20:26:37.945 D/StatusBar.BatteryController( 484): mOldstatus5status 5
07-06 20:26:37.945 D/StatusBar.BatteryController( 484): now old status is 5
07-06 20:26:40.275 E/SMD ( 105): DCD OFF
07-06 20:26:43.275 E/SMD ( 105): DCD OFF
07-06 20:26:46.285 E/SMD ( 105): DCD OFF
07-06 20:26:49.285 E/SMD ( 105): DCD OFF
07-06 20:26:52.285 E/SMD ( 105): DCD OFF
07-06 20:26:55.285 E/SMD ( 105): DCD OFF
07-06 20:26:57.985 V/StatusBar.BatteryController( 484): status5batteryHealth 2
07-06 20:26:57.985 D/StatusBar.BatteryController( 484): mOldstatus5status 5
07-06 20:26:57.985 D/StatusBar.BatteryController( 484): now old status is 5
07-06 20:26:58.295 E/SMD ( 105): DCD OFF
07-06 20:26:59.795 W/SignalStrength( 277): getCdmaLevel=2
07-06 20:26:59.795 W/SignalStrength( 277): getEvdoLevel=0
07-06 20:26:59.795 W/SignalStrength( 277): getCdmaLevel=2
07-06 20:26:59.795 W/SignalStrength( 277): getLevel=2
07-06 20:26:59.805 W/SignalStrength( 484): getCdmaLevel=2
07-06 20:26:59.805 W/SignalStrength( 484): getEvdoLevel=0
07-06 20:26:59.805 W/SignalStrength( 484): getCdmaLevel=2
07-06 20:26:59.805 W/SignalStrength( 484): getLevel=2
07-06 20:27:01.295 E/SMD ( 105): DCD OFF
07-06 20:27:04.295 E/SMD ( 105): DCD OFF
07-06 20:27:07.295 E/SMD ( 105): DCD OFF
07-06 20:27:08.015 V/StatusBar.BatteryController( 484): status5batteryHealth 2
07-06 20:27:08.015 D/StatusBar.BatteryController( 484): mOldstatus5status 5
07-06 20:27:08.015 D/StatusBar.BatteryController( 484): now old status is 5
07-06 20:27:10.305 E/SMD ( 105): DCD OFF
07-06 20:27:13.305 E/SMD ( 105): DCD OFF
07-06 20:27:16.305 E/SMD ( 105): DCD OFF
07-06 20:27:19.305 E/SMD ( 105): DCD OFF
07-06 20:27:22.315 E/SMD ( 105): DCD OFF
07-06 20:27:25.315 E/SMD ( 105): DCD OFF
07-06 20:27:28.045 V/StatusBar.BatteryController( 484): status5batteryHealth 2
07-06 20:27:28.045 D/StatusBar.BatteryController( 484): mOldstatus5status 5
07-06 20:27:28.045 D/StatusBar.BatteryController( 484): now old status is 5
07-06 20:27:28.315 E/SMD ( 105): DCD OFF
07-06 20:27:31.315 E/SMD ( 105): DCD OFF
07-06 20:27:34.315 E/SMD ( 105): DCD OFF
07-06 20:27:37.325 E/SMD ( 105): DCD OFF
07-06 20:27:40.325 E/SMD ( 105): DCD OFF
07-06 20:27:43.325 E/SMD ( 105): DCD OFF
07-06 20:27:46.325 E/SMD ( 105): DCD OFF
07-06 20:27:46.815 W/SignalStrength( 277): getCdmaLevel=3
07-06 20:27:46.815 W/SignalStrength( 277): getEvdoLevel=0
07-06 20:27:46.815 W/SignalStrength( 277): getCdmaLevel=3
07-06 20:27:46.815 W/SignalStrength( 277): getLevel=3
07-06 20:27:46.815 W/SignalStrength( 484): getCdmaLevel=3
07-06 20:27:46.815 W/SignalStrength( 484): getEvdoLevel=0
07-06 20:27:46.815 W/SignalStrength( 484): getCdmaLevel=3
07-06 20:27:46.815 W/SignalStrength( 484): getLevel=3
07-06 20:27:48.085 V/StatusBar.BatteryController( 484): status5batteryHealth 2
07-06 20:27:48.085 D/StatusBar.BatteryController( 484): mOldstatus5status 5
07-06 20:27:48.085 D/StatusBar.BatteryController( 484): now old status is 5
07-06 20:27:49.335 E/SMD ( 105): DCD OFF
07-06 20:27:51.815 W/SignalStrength( 277): getCdmaLevel=2
07-06 20:27:51.815 W/SignalStrength( 277): getEvdoLevel=0
07-06 20:27:51.815 W/SignalStrength( 277): getCdmaLevel=2
07-06 20:27:51.815 W/SignalStrength( 277): getLevel=2
07-06 20:27:51.825 W/SignalStrength( 484): getCdmaLevel=2
07-06 20:27:51.825 W/SignalStrength( 484): getEvdoLevel=0
07-06 20:27:51.825 W/SignalStrength( 484): getCdmaLevel=2
07-06 20:27:51.825 W/SignalStrength( 484): getLevel=2
07-06 20:27:52.335 E/SMD ( 105): DCD OFF
07-06 20:27:55.335 E/SMD ( 105): DCD OFF
07-06 20:27:58.105 V/StatusBar.BatteryController( 484): status5batteryHealth 2
07-06 20:27:58.105 D/StatusBar.BatteryController( 484): mOldstatus5status 5
07-06 20:27:58.105 D/StatusBar.BatteryController( 484): now old status is 5
07-06 20:27:58.335 E/SMD ( 105): DCD OFF
07-06 20:27:58.815 W/SignalStrength( 277): getCdmaLevel=3
07-06 20:27:58.815 W/SignalStrength( 277): getEvdoLevel=0
07-06 20:27:58.815 W/SignalStrength( 277): getCdmaLevel=3
07-06 20:27:58.815 W/SignalStrength( 277): getLevel=3
07-06 20:27:58.825 W/SignalStrength( 484): getCdmaLevel=3
07-06 20:27:58.825 W/SignalStrength( 484): getEvdoLevel=0
07-06 20:27:58.825 W/SignalStrength( 484): getCdmaLevel=3
07-06 20:27:58.825 W/SignalStrength( 484): getLevel=3
07-06 20:28:01.345 E/SMD ( 105): DCD OFF
07-06 20:28:04.345 E/SMD ( 105): DCD OFF
07-06 20:28:07.345 E/SMD ( 105): DCD OFF
07-06 20:28:08.125 V/StatusBar.BatteryController( 484): status5batteryHealth 2
07-06 20:28:08.125 D/StatusBar.BatteryController( 484): mOldstatus5status 5
07-06 20:28:08.125 D/StatusBar.BatteryController( 484): now old status is 5
07-06 20:28:10.345 E/SMD ( 105): DCD OFF
07-06 20:28:13.355 E/SMD ( 105): DCD OFF
07-06 20:28:16.355 E/SMD ( 105): DCD OFF
07-06 20:28:18.145 V/StatusBar.BatteryController( 484): status5batteryHealth 2
07-06 20:28:18.145 D/StatusBar.BatteryController( 484): mOldstatus5status 5
07-06 20:28:18.145 D/StatusBar.BatteryController( 484): now old status is 5
07-06 20:28:19.355 E/SMD ( 105): DCD OFF
07-06 20:28:22.355 E/SMD ( 105): DCD OFF
07-06 20:28:25.355 E/SMD ( 105): DCD OFF
07-06 20:28:26.825 W/SignalStrength( 277): getCdmaLevel=2
07-06 20:28:26.835 W/SignalStrength( 277): getEvdoLevel=0
07-06 20:28:26.835 W/SignalStrength( 277): getCdmaLevel=2
07-06 20:28:26.835 W/SignalStrength( 277): getLevel=2
07-06 20:28:26.835 W/SignalStrength( 484): getCdmaLevel=2
07-06 20:28:26.835 W/SignalStrength( 484): getEvdoLevel=0
07-06 20:28:26.835 W/SignalStrength( 484): getCdmaLevel=2
07-06 20:28:26.845 W/SignalStrength( 484): getLevel=2
07-06 20:28:27.835 W/SignalStrength( 277): getCdmaLevel=3
07-06 20:28:27.835 W/SignalStrength( 277): getEvdoLevel=0
07-06 20:28:27.835 W/SignalStrength( 277): getCdmaLevel=3
07-06 20:28:27.835 W/SignalStrength( 277): getLevel=3
07-06 20:28:27.835 W/SignalStrength( 484): getCdmaLevel=3
07-06 20:28:27.835 W/SignalStrength( 484): getEvdoLevel=0
07-06 20:28:27.835 W/SignalStrength( 484): getCdmaLevel=3
07-06 20:28:27.835 W/SignalStrength( 484): getLevel=3
07-06 20:28:28.365 E/SMD ( 105): DCD OFF
07-06 20:28:31.365 E/SMD ( 105): DCD OFF
07-06 20:28:34.365 E/SMD ( 105): DCD OFF
07-06 20:28:37.365 E/SMD ( 105): DCD OFF
07-06 20:28:40.375 E/SMD ( 105): DCD OFF
07-06 20:28:43.375 E/SMD ( 105): DCD OFF
07-06 20:28:46.375 E/SMD ( 105): DCD OFF
07-06 20:28:48.205 V/StatusBar.BatteryController( 484): status5batteryHealth 2
07-06 20:28:48.205 D/StatusBar.BatteryController( 484): mOldstatus5status 5
07-06 20:28:48.205 D/StatusBar.BatteryController( 484): now old status is 5
07-06 20:28:49.375 E/SMD ( 105): DCD OFF
07-06 20:28:52.385 E/SMD ( 105): DCD OFF
07-06 20:28:55.385 E/SMD ( 105): DCD OFF
07-06 20:28:58.225 V/StatusBar.BatteryController( 484): status5batteryHealth 2
07-06 20:28:58.225 D/StatusBar.BatteryController( 484): mOldstatus5status 5
07-06 20:28:58.225 D/StatusBar.BatteryController( 484): now old status is 5
07-06 20:28:58.385 E/SMD ( 105): DCD OFF
07-06 20:29:01.385 E/SMD ( 105): DCD OFF
07-06 20:29:04.395 E/SMD ( 105): DCD OFF
07-06 20:29:07.395 E/SMD ( 105): DCD OFF
07-06 20:29:08.245 V/StatusBar.BatteryController( 484): status5batteryHealth 2
07-06 20:29:08.245 D/StatusBar.BatteryController( 484): mOldstatus5status 5
07-06 20:29:08.245 D/StatusBar.BatteryController( 484): now old status is 5
07-06 20:29:10.395 E/SMD ( 105): DCD OFF
07-06 20:29:13.395 E/SMD ( 105): DCD OFF
07-06 20:29:16.405 E/SMD ( 105): DCD OFF
07-06 20:29:17.845 W/SignalStrength( 277): getCdmaLevel=2
07-06 20:29:17.845 W/SignalStrength( 277): getEvdoLevel=0
07-06 20:29:17.845 W/SignalStrength( 277): getCdmaLevel=2
07-06 20:29:17.845 W/SignalStrength( 277): getLevel=2
07-06 20:29:17.855 W/SignalStrength( 484): getCdmaLevel=2
07-06 20:29:17.855 W/SignalStrength( 484): getEvdoLevel=0
07-06 20:29:17.855 W/SignalStrength( 484): getCdmaLevel=2
07-06 20:29:17.855 W/SignalStrength( 484): getLevel=2
07-06 20:29:19.405 E/SMD ( 105): DCD OFF
07-06 20:29:19.845 W/SignalStrength( 277): getCdmaLevel=3
07-06 20:29:19.855 W/SignalStrength( 484): getCdmaLevel=3
07-06 20:29:19.855 W/SignalStrength( 484): getEvdoLevel=0
07-06 20:29:19.855 W/SignalStrength( 484): getCdmaLevel=3
07-06 20:29:19.855 W/SignalStrength( 484): getLevel=3
07-06 20:29:19.855 W/SignalStrength( 277): getEvdoLevel=0
07-06 20:29:19.855 W/SignalStrength( 277): getCdmaLevel=3
07-06 20:29:19.855 W/SignalStrength( 277): getLevel=3
07-06 20:29:22.405 E/SMD ( 105): DCD OFF
07-06 20:29:25.405 E/SMD ( 105): DCD OFF
07-06 20:29:28.405 E/SMD ( 105): DCD OFF
07-06 20:29:31.415 E/SMD ( 105): DCD OFF
07-06 20:29:31.925 D/SensorManager( 754): registerListener :: handle = 0 name= BOSCH 3-axis Accelerometer delay= 10000 Listener= kvo@4145ad50
07-06 20:29:31.925 E/SensorManager( 754): thread start
07-06 20:29:31.925 E/SensorManager( 754): =======>>>Sensor Thread RUNNING <<<========
07-06 20:29:32.635 I/SensorManager( 754): Set normal delay = true
07-06 20:29:32.715 D/SensorManager( 754): unregisterListener:: disable all sensors for this listener, name = BOSCH 3-axis Accelerometer listener = kvo@4145ad50
07-06 20:29:34.415 E/SMD ( 105): DCD OFF
07-06 20:29:37.415 E/SMD ( 105): DCD OFF
07-06 20:29:40.415 E/SMD ( 105): DCD OFF
07-06 20:29:43.425 E/SMD ( 105): DCD OFF
07-06 20:29:46.425 E/SMD ( 105): DCD OFF
07-06 20:29:48.325 V/StatusBar.BatteryController( 484): status5batteryHealth 2
07-06 20:29:48.325 D/StatusBar.BatteryController( 484): mOldstatus5status 5
07-06 20:29:48.325 D/StatusBar.BatteryController( 484): now old status is 5
07-06 20:29:49.425 E/SMD ( 105): DCD OFF
07-06 20:29:52.425 E/SMD ( 105): DCD OFF
07-06 20:29:55.435 E/SMD ( 105): DCD OFF
07-06 20:29:58.345 V/StatusBar.BatteryController( 484): status5batteryHealth 2
07-06 20:29:58.345 D/StatusBar.BatteryController( 484): mOldstatus5status 5
07-06 20:29:58.345 D/StatusBar.BatteryController( 484): now old status is 5
07-06 20:29:58.435 E/SMD ( 105): DCD OFF
07-06 20:30:01.435 E/SMD ( 105): DCD OFF
07-06 20:30:04.435 E/SMD ( 105): DCD OFF
07-06 20:30:07.445 E/SMD ( 105): DCD OFF
07-06 20:30:10.445 E/SMD ( 105): DCD OFF
07-06 20:30:13.445 E/SMD ( 105): DCD OFF
07-06 20:30:16.445 E/SMD ( 105): DCD OFF
07-06 20:30:19.445 E/SMD ( 105): DCD OFF
07-06 20:30:22.455 E/SMD ( 105): DCD OFF
07-06 20:30:24.875 W/SignalStrength( 277): getCdmaLevel=2
07-06 20:30:24.875 W/SignalStrength( 277): getEvdoLevel=0
07-06 20:30:24.875 W/SignalStrength( 277): getCdmaLevel=2
07-06 20:30:24.875 W/SignalStrength( 277): getLevel=2
07-06 20:30:24.885 W/SignalStrength( 484): getCdmaLevel=2
07-06 20:30:24.885 W/SignalStrength( 484): getEvdoLevel=0
07-06 20:30:24.885 W/SignalStrength( 484): getCdmaLevel=2
07-06 20:30:24.885 W/SignalStrength( 484): getLevel=2
07-06 20:30:25.455 E/SMD ( 105): DCD OFF
07-06 20:30:25.875 W/SignalStrength( 277): getCdmaLevel=3
07-06 20:30:25.875 W/SignalStrength( 277): getEvdoLevel=0
07-06 20:30:25.875 W/SignalStrength( 277): getCdmaLevel=3
07-06 20:30:25.875 W/SignalStrength( 277): getLevel=3
07-06 20:30:25.875 W/SignalStrength( 484): getCdmaLevel=3
07-06 20:30:25.875 W/SignalStrength( 484): getEvdoLevel=0
07-06 20:30:25.875 W/SignalStrength( 484): getCdmaLevel=3
07-06 20:30:25.875 W/SignalStrength( 484): getLevel=3
07-06 20:30:28.455 E/SMD ( 105): DCD OFF
07-06 20:30:31.455 E/SMD ( 105): DCD OFF
07-06 20:30:34.465 E/SMD ( 105): DCD OFF
07-06 20:30:37.465 E/SMD ( 105): DCD OFF
07-06 20:30:38.425 V/StatusBar.BatteryController( 484): status5batteryHealth 2
07-06 20:30:38.425 D/StatusBar.BatteryController( 484): mOldstatus5status 5
07-06 20:30:38.425 D/StatusBar.BatteryController( 484): now old status is 5
07-06 20:30:39.885 W/SignalStrength( 277): getCdmaLevel=2
07-06 20:30:39.885 W/SignalStrength( 277): getEvdoLevel=0
07-06 20:30:39.885 W/SignalStrength( 277): getCdmaLevel=2
07-06 20:30:39.885 W/SignalStrength( 277): getLevel=2
07-06 20:30:39.885 W/SignalStrength( 484): getCdmaLevel=2
07-06 20:30:39.885 W/SignalStrength( 484): getEvdoLevel=0
07-06 20:30:39.885 W/SignalStrength( 484): getCdmaLevel=2
07-06 20:30:39.885 W/SignalStrength( 484): getLevel=2
07-06 20:30:40.465 E/SMD ( 105): DCD OFF
07-06 20:30:40.885 W/SignalStrength( 277): getCdmaLevel=3
07-06 20:30:40.885 W/SignalStrength( 277): getEvdoLevel=0
07-06 20:30:40.885 W/SignalStrength( 277): getCdmaLevel=3
07-06 20:30:40.885 W/SignalStrength( 277): getLevel=3
07-06 20:30:40.885 W/SignalStrength( 484): getCdmaLevel=3
07-06 20:30:40.885 W/SignalStrength( 484): getEvdoLevel=0
07-06 20:30:40.885 W/SignalStrength( 484): getCdmaLevel=3
07-06 20:30:40.885 W/SignalStrength( 484): getLevel=3
07-06 20:30:43.465 E/SMD ( 105): DCD OFF
07-06 20:30:46.475 E/SMD ( 105): DCD OFF
07-06 20:30:49.475 E/SMD ( 105): DCD OFF
07-06 20:30:50.885 W/SignalStrength( 277): getCdmaLevel=2
07-06 20:30:50.885 W/SignalStrength( 277): getEvdoLevel=0
07-06 20:30:50.885 W/SignalStrength( 277): getCdmaLevel=2
07-06 20:30:50.885 W/SignalStrength( 277): getLevel=2
07-06 20:30:50.885 W/SignalStrength( 484): getCdmaLevel=2
07-06 20:30:50.885 W/SignalStrength( 484): getEvdoLevel=0
07-06 20:30:50.885 W/SignalStrength( 484): getCdmaLevel=2
07-06 20:30:50.885 W/SignalStrength( 484): getLevel=2
07-06 20:30:51.885 W/SignalStrength( 277): getCdmaLevel=3
07-06 20:30:51.885 W/SignalStrength( 277): getEvdoLevel=0
07-06 20:30:51.885 W/SignalStrength( 277): getCdmaLevel=3
07-06 20:30:51.885 W/SignalStrength( 277): getLevel=3
07-06 20:30:51.895 W/SignalStrength( 484): getCdmaLevel=3
07-06 20:30:51.895 W/SignalStrength( 484): getEvdoLevel=0
07-06 20:30:51.895 W/SignalStrength( 484): getCdmaLevel=3
07-06 20:30:51.895 W/SignalStrength( 484): getLevel=3
07-06 20:30:52.475 E/SMD ( 105): DCD OFF
07-06 20:30:55.475 E/SMD ( 105): DCD OFF
07-06 20:30:58.485 E/SMD ( 105): DCD OFF
07-06 20:31:01.485 E/SMD ( 105): DCD OFF
07-06 20:31:04.485 E/SMD ( 105): DCD OFF
07-06 20:31:07.485 E/SMD ( 105): DCD OFF
07-06 20:31:08.485 V/StatusBar.BatteryController( 484): status5batteryHealth 2
07-06 20:31:08.485 D/StatusBar.BatteryController( 484): mOldstatus5status 5
07-06 20:31:08.485 D/StatusBar.BatteryController( 484): now old status is 5
07-06 20:31:10.485 E/SMD ( 105): DCD OFF
07-06 20:31:13.495 E/SMD ( 105): DCD OFF
07-06 20:31:16.495 E/SMD ( 105): DCD OFF
07-06 20:31:19.495 E/SMD ( 105): DCD OFF
07-06 20:31:22.495 E/SMD ( 105): DCD OFF
07-06 20:31:25.505 E/SMD ( 105): DCD OFF
07-06 20:31:28.505 E/SMD ( 105): DCD OFF
07-06 20:31:28.535 V/StatusBar.BatteryController( 484): status5batteryHealth 2
07-06 20:31:28.535 D/StatusBar.BatteryController( 484): mOldstatus5status 5
07-06 20:31:28.535 D/StatusBar.BatteryController( 484): now old status is 5
07-06 20:31:31.505 E/SMD ( 105): DCD OFF
07-06 20:31:34.505 E/SMD ( 105): DCD OFF
07-06 20:31:37.515 E/SMD ( 105): DCD OFF
07-06 20:31:38.545 V/StatusBar.BatteryController( 484): status5batteryHealth 2
07-06 20:31:38.545 D/StatusBar.BatteryController( 484): mOldstatus5status 5
07-06 20:31:38.545 D/StatusBar.BatteryController( 484): now old status is 5
07-06 20:31:40.515 E/SMD ( 105): DCD OFF
07-06 20:31:41.905 W/SignalStrength( 277): getCdmaLevel=2
07-06 20:31:41.905 W/SignalStrength( 277): getEvdoLevel=0
07-06 20:31:41.905 W/SignalStrength( 277): getCdmaLevel=2
07-06 20:31:41.905 W/SignalStrength( 277): getLevel=2
07-06 20:31:41.905 W/SignalStrength( 484): getCdmaLevel=2
07-06 20:31:41.905 W/SignalStrength( 484): getEvdoLevel=0
07-06 20:31:41.905 W/SignalStrength( 484): getCdmaLevel=2
07-06 20:31:41.905 W/SignalStrength( 484): getLevel=2
07-06 20:31:42.905 W/SignalStrength( 277): getCdmaLevel=3
07-06 20:31:42.905 W/SignalStrength( 277): getEvdoLevel=0
07-06 20:31:42.905 W/SignalStrength( 277): getCdmaLevel=3
07-06 20:31:42.905 W/SignalStrength( 277): getLevel=3
07-06 20:31:42.915 W/SignalStrength( 484): getCdmaLevel=3
07-06 20:31:42.915 W/SignalStrength( 484): getEvdoLevel=0
07-06 20:31:42.915 W/SignalStrength( 484): getCdmaLevel=3
07-06 20:31:42.915 W/SignalStrength( 484): getLevel=3
07-06 20:31:43.515 E/SMD ( 105): DCD OFF
07-06 20:31:46.515 E/SMD ( 105): DCD OFF
07-06 20:31:48.575 V/StatusBar.BatteryController( 484): status5batteryHealth 2
07-06 20:31:48.575 D/StatusBar.BatteryController( 484): mOldstatus5status 5
07-06 20:31:48.575 D/StatusBar.BatteryController( 484): now old status is 5
07-06 20:31:49.515 E/SMD ( 105): DCD OFF
07-06 20:31:52.525 E/SMD ( 105): DCD OFF
07-06 20:31:55.525 E/SMD ( 105): DCD OFF
07-06 20:31:58.525 E/SMD ( 105): DCD OFF
07-06 20:32:01.525 E/SMD ( 105): DCD OFF
07-06 20:32:04.535 E/SMD ( 105): DCD OFF
07-06 20:32:07.535 E/SMD ( 105): DCD OFF
07-06 20:32:10.535 E/SMD ( 105): DCD OFF
07-06 20:32:11.915 W/SignalStrength( 277): getCdmaLevel=2
07-06 20:32:11.915 W/SignalStrength( 277): getEvdoLevel=0
07-06 20:32:11.915 W/SignalStrength( 277): getCdmaLevel=2
07-06 20:32:11.915 W/SignalStrength( 277): getLevel=2
07-06 20:32:11.925 W/SignalStrength( 484): getCdmaLevel=2
07-06 20:32:11.925 W/SignalStrength( 484): getEvdoLevel=0
07-06 20:32:11.925 W/SignalStrength( 484): getCdmaLevel=2
07-06 20:32:11.925 W/SignalStrength( 484): getLevel=2
07-06 20:32:13.535 E/SMD ( 105): DCD OFF
07-06 20:32:16.545 E/SMD ( 105): DCD OFF
07-06 20:32:18.625 V/StatusBar.BatteryController( 484): status5batteryHealth 2
07-06 20:32:18.625 D/StatusBar.BatteryController( 484): mOldstatus5status 5
07-06 20:32:18.625 D/StatusBar.BatteryController( 484): now old status is 5
07-06 20:32:19.545 E/SMD ( 105): DCD OFF
07-06 20:32:22.545 E/SMD ( 105): DCD OFF
07-06 20:32:25.545 E/SMD ( 105): DCD OFF
07-06 20:32:28.555 E/SMD ( 105): DCD OFF
07-06 20:32:30.885 D/SensorManager( 754): registerListener :: handle = 0 name= BOSCH 3-axis Accelerometer delay= 10000 Listener= kvo@41443690
07-06 20:32:30.885 E/SensorManager( 754): thread start
07-06 20:32:30.885 E/SensorManager( 754): =======>>>Sensor Thread RUNNING <<<========
07-06 20:32:31.555 E/SMD ( 105): DCD OFF
07-06 20:32:31.585 I/SensorManager( 754): Set normal delay = true
07-06 20:32:31.665 D/SensorManager( 754): unregisterListener:: disable all sensors for this listener, name = BOSCH 3-axis Accelerometer listener = kvo@41443690
07-06 20:32:34.555 E/SMD ( 105): DCD OFF
07-06 20:32:37.555 E/SMD ( 105): DCD OFF
07-06 20:32:38.925 W/SignalStrength( 277): getCdmaLevel=3
07-06 20:32:38.925 W/SignalStrength( 277): getEvdoLevel=0
07-06 20:32:38.925 W/SignalStrength( 277): getCdmaLevel=3
07-06 20:32:38.925 W/SignalStrength( 277): getLevel=3
07-06 20:32:38.925 W/SignalStrength( 484): getCdmaLevel=3
07-06 20:32:38.925 W/SignalStrength( 484): getEvdoLevel=0
07-06 20:32:38.925 W/SignalStrength( 484): getCdmaLevel=3
07-06 20:32:38.925 W/SignalStrength( 484): getLevel=3
07-06 20:32:40.555 E/SMD ( 105): DCD OFF
07-06 20:32:42.645 W/ThrottleService( 277): unable to find stats for iface rmnet0
07-06 20:32:43.565 E/SMD ( 105): DCD OFF
07-06 20:32:46.565 E/SMD ( 105): DCD OFF
07-06 20:32:48.695 V/StatusBar.BatteryController( 484): status5batteryHealth 2
07-06 20:32:48.695 D/StatusBar.BatteryController( 484): mOldstatus5status 5
07-06 20:32:48.695 D/StatusBar.BatteryController( 484): now old status is 5
07-06 20:32:49.565 E/SMD ( 105): DCD OFF
07-06 20:32:52.565 E/SMD ( 105): DCD OFF
07-06 20:32:55.575 E/SMD ( 105): DCD OFF
07-06 20:32:57.935 W/SignalStrength( 277): getCdmaLevel=2
07-06 20:32:57.935 W/SignalStrength( 277): getEvdoLevel=0
07-06 20:32:57.935 W/SignalStrength( 277): getCdmaLevel=2
07-06 20:32:57.935 W/SignalStrength( 277): getLevel=2
07-06 20:32:57.935 W/SignalStrength( 484): getCdmaLevel=2
07-06 20:32:57.935 W/SignalStrength( 484): getEvdoLevel=0
07-06 20:32:57.935 W/SignalStrength( 484): getCdmaLevel=2
07-06 20:32:57.935 W/SignalStrength( 484): getLevel=2
07-06 20:32:58.575 E/SMD ( 105): DCD OFF
07-06 20:33:01.575 E/SMD ( 105): DCD OFF
07-06 20:33:04.575 E/SMD ( 105): DCD OFF
07-06 20:33:04.935 W/SignalStrength( 277): getCdmaLevel=3
07-06 20:33:04.935 W/SignalStrength( 277): getEvdoLevel=0
07-06 20:33:04.935 W/SignalStrength( 277): getCdmaLevel=3
07-06 20:33:04.935 W/SignalStrength( 277): getLevel=3
07-06 20:33:04.945 W/SignalStrength( 484): getCdmaLevel=3
07-06 20:33:04.945 W/SignalStrength( 484): getEvdoLevel=0
07-06 20:33:04.945 W/SignalStrength( 484): getCdmaLevel=3
07-06 20:33:04.945 W/SignalStrength( 484): getLevel=3
07-06 20:33:07.585 E/SMD ( 105): DCD OFF
07-06 20:33:10.585 E/SMD ( 105): DCD OFF
07-06 20:33:13.585 E/SMD ( 105): DCD OFF
07-06 20:33:16.585 E/SMD ( 105): DCD OFF
07-06 20:33:18.745 V/StatusBar.BatteryController( 484): status5batteryHealth 2
07-06 20:33:18.745 D/StatusBar.BatteryController( 484): mOldstatus5status 5
07-06 20:33:18.745 D/StatusBar.BatteryController( 484): now old status is 5
07-06 20:33:19.595 E/SMD ( 105): DCD OFF
07-06 20:33:22.595 E/SMD ( 105): DCD OFF
07-06 20:33:23.945 W/SignalStrength( 277): getCdmaLevel=2
07-06 20:33:23.945 W/SignalStrength( 277): getEvdoLevel=0
07-06 20:33:23.945 W/SignalStrength( 277): getCdmaLevel=2
07-06 20:33:23.945 W/SignalStrength( 277): getLevel=2
07-06 20:33:23.945 W/SignalStrength( 484): getCdmaLevel=2
07-06 20:33:23.945 W/SignalStrength( 484): getEvdoLevel=0
07-06 20:33:23.945 W/SignalStrength( 484): getCdmaLevel=2
07-06 20:33:23.945 W/SignalStrength( 484): getLevel=2
07-06 20:33:24.945 W/SignalStrength( 277): getCdmaLevel=3
07-06 20:33:24.945 W/SignalStrength( 277): getEvdoLevel=0
07-06 20:33:24.945 W/SignalStrength( 277): getCdmaLevel=3
07-06 20:33:24.945 W/SignalStrength( 277): getLevel=3
07-06 20:33:24.945 W/SignalStrength( 484): getCdmaLevel=3
07-06 20:33:24.945 W/SignalStrength( 484): getEvdoLevel=0
07-06 20:33:24.945 W/SignalStrength( 484): getCdmaLevel=3
07-06 20:33:24.945 W/SignalStrength( 484): getLevel=3
07-06 20:33:25.595 E/SMD ( 105): DCD OFF
07-06 20:33:28.595 E/SMD ( 105): DCD OFF
07-06 20:33:28.775 V/StatusBar.BatteryController( 484): status5batteryHealth 2
07-06 20:33:28.775 D/StatusBar.BatteryController( 484): mOldstatus5status 5
07-06 20:33:28.775 D/StatusBar.BatteryController( 484): now old status is 5
07-06 20:33:31.605 E/SMD ( 105): DCD OFF
07-06 20:33:33.945 W/SignalStrength( 277): getCdmaLevel=2
07-06 20:33:33.945 W/SignalStrength( 277): getEvdoLevel=0
07-06 20:33:33.945 W/SignalStrength( 277): getCdmaLevel=2
07-06 20:33:33.945 W/SignalStrength( 277): getLevel=2
07-06 20:33:33.955 W/SignalStrength( 484): getCdmaLevel=2
07-06 20:33:33.955 W/SignalStrength( 484): getEvdoLevel=0
07-06 20:33:33.955 W/SignalStrength( 484): getCdmaLevel=2
07-06 20:33:33.955 W/SignalStrength( 484): getLevel=2
07-06 20:33:34.605 E/SMD ( 105): DCD OFF
07-06 20:33:37.605 E/SMD ( 105): DCD OFF
07-06 20:33:38.795 V/StatusBar.BatteryController( 484): status5batteryHealth 2
07-06 20:33:38.795 D/StatusBar.BatteryController( 484): mOldstatus5status 5
07-06 20:33:38.795 D/StatusBar.BatteryController( 484): now old status is 5
07-06 20:33:40.605 E/SMD ( 105): DCD OFF
07-06 20:33:43.605 E/SMD ( 105): DCD OFF
07-06 20:33:46.615 E/SMD ( 105): DCD OFF
07-06 20:33:48.805 V/StatusBar.BatteryController( 484): status5batteryHealth 2
07-06 20:33:48.805 D/StatusBar.BatteryController( 484): mOldstatus5status 5
07-06 20:33:48.805 D/StatusBar.BatteryController( 484): now old status is 5
07-06 20:33:49.615 E/SMD ( 105): DCD OFF
07-06 20:33:50.955 W/SignalStrength( 277): getCdmaLevel=3
07-06 20:33:50.955 W/SignalStrength( 277): getEvdoLevel=0
07-06 20:33:50.955 W/SignalStrength( 277): getCdmaLevel=3
07-06 20:33:50.955 W/SignalStrength( 277): getLevel=3
07-06 20:33:50.965 W/SignalStrength( 484): getCdmaLevel=3
07-06 20:33:50.965 W/SignalStrength( 484): getEvdoLevel=0
07-06 20:33:50.965 W/SignalStrength( 484): getCdmaLevel=3
07-06 20:33:50.965 W/SignalStrength( 484): getLevel=3
07-06 20:33:52.615 E/SMD ( 105): DCD OFF
07-06 20:33:55.615 E/SMD ( 105): DCD OFF
07-06 20:33:58.625 E/SMD ( 105): DCD OFF
07-06 20:33:58.835 V/StatusBar.BatteryController( 484): status5batteryHealth 2
07-06 20:33:58.835 D/StatusBar.BatteryController( 484): mOldstatus5status 5
07-06 20:33:58.835 D/StatusBar.BatteryController( 484): now old status is 5
07-06 20:33:59.955 W/SignalStrength( 277): getCdmaLevel=2
07-06 20:33:59.955 W/SignalStrength( 277): getEvdoLevel=0
07-06 20:33:59.955 W/SignalStrength( 277): getCdmaLevel=2
07-06 20:33:59.955 W/SignalStrength( 277): getLevel=2
07-06 20:33:59.965 W/SignalStrength( 484): getCdmaLevel=2
