07-06 16:14:28.589 D/SensorManager( 754): unregisterListener:: disable all sensors for this listener, name = BOSCH 3-axis Accelerometer listener = kvo@412a2140
07-06 16:14:44.669 W/SignalStrength( 277): getCdmaLevel=2
07-06 16:14:44.669 W/SignalStrength( 277): getEvdoLevel=0
07-06 16:14:44.669 W/SignalStrength( 277): getCdmaLevel=2
07-06 16:14:44.669 W/SignalStrength( 277): getLevel=2
07-06 16:14:44.669 W/SignalStrength( 484): getCdmaLevel=2
07-06 16:14:44.669 W/SignalStrength( 484): getEvdoLevel=0
07-06 16:14:44.669 W/SignalStrength( 484): getCdmaLevel=2
07-06 16:14:44.669 W/SignalStrength( 484): getLevel=2
07-06 16:14:44.689 E/WifiStateMachine( 277): set suspend optimizations failed!
07-06 16:14:44.739 D/Tethering( 277): interfaceLinkStateChanged wlan0, true
07-06 16:14:44.739 D/Tethering( 277): interfaceStatusChanged wlan0, true
07-06 16:14:44.749 D/Tethering( 277): interfaceLinkStateChanged wlan0, true
07-06 16:14:44.749 D/Tethering( 277): interfaceStatusChanged wlan0, true
07-06 16:14:44.749 D/Tethering( 277): interfaceLinkStateChanged wlan0, true
07-06 16:14:44.749 D/Tethering( 277): interfaceStatusChanged wlan0, true
07-06 16:14:44.749 D/Tethering( 277): interfaceLinkStateChanged wlan0, true
07-06 16:14:44.749 D/Tethering( 277): interfaceStatusChanged wlan0, true
07-06 16:14:44.749 I/wpa_supplicant( 1023): Associated with 00.D3.8E
07-06 16:14:44.769 I/wpa_supplicant( 1023): CTRL-EVENT-CONNECTED - Connection to 00.D3.8E completed (reauth) [id=0 id_str=]
07-06 16:14:44.779 D/Tethering( 277): interfaceLinkStateChanged wlan0, true
07-06 16:14:44.779 D/Tethering( 277): interfaceStatusChanged wlan0, true
07-06 16:14:44.779 D/Tethering( 277): interfaceLinkStateChanged wlan0, true
07-06 16:14:44.779 D/Tethering( 277): interfaceStatusChanged wlan0, true
07-06 16:14:46.259 W/System.err( 754): javax.net.ssl.SSLException: Read error: ssl=0x1a6f648: I/O error during system call, Connection reset by peer
07-06 16:14:46.309 W/System.err( 754): at org.apache.harmony.xnet.provider.jsse.NativeCrypto.SSL_read(Native Method)
07-06 16:14:46.309 W/System.err( 754): at org.apache.harmony.xnet.provider.jsse.OpenSSLSocketImpl$SSLInputStream.read(OpenSSLSocketImpl.java:671)
07-06 16:14:46.309 W/System.err( 754): at libcore.io.Streams.readSingleByte(Streams.java:41)
07-06 16:14:46.309 W/System.err( 754): at org.apache.harmony.xnet.provider.jsse.OpenSSLSocketImpl$SSLInputStream.read(OpenSSLSocketImpl.java:655)
07-06 16:14:46.309 W/System.err( 754): at libcore.io.Streams.readAsciiLine(Streams.java:201)
07-06 16:14:46.319 W/System.err( 754): at libcore.net.http.HttpEngine.readResponseHeaders(HttpEngine.java:544)
07-06 16:14:46.319 W/System.err( 754): at libcore.net.http.HttpEngine.readResponse(HttpEngine.java:784)
07-06 16:14:46.319 W/System.err( 754): at libcore.net.http.HttpURLConnectionImpl.getResponse(HttpURLConnectionImpl.java:274)
07-06 16:14:46.319 W/System.err( 754): at libcore.net.http.HttpURLConnectionImpl.getResponseCode(HttpURLConnectionImpl.java:479)
07-06 16:14:46.319 W/System.err( 754): at libcore.net.http.HttpsURLConnectionImpl.getResponseCode(HttpsURLConnectionImpl.java:133)
07-06 16:14:46.319 W/System.err( 754): at gaz.a(SourceFile:714)
07-06 16:14:46.319 W/System.err( 754): at gaz.c(SourceFile:693)
07-06 16:14:46.319 W/System.err( 754): at gaz.execute(SourceFile:601)
07-06 16:14:46.319 W/System.err( 754): at xt.execute(SourceFile:365)
07-06 16:14:46.319 W/System.err( 754): at xt.execute(SourceFile:447)
07-06 16:14:46.319 W/System.err( 754): at nop.g(SourceFile:126)
07-06 16:14:46.319 W/System.err( 754): at nop.c(SourceFile:172)
07-06 16:14:46.319 W/System.err( 754): at pdr.run(SourceFile:418)
07-06 16:14:46.329 W/System.err( 754): at pdq.b(SourceFile:224)
07-06 16:14:46.329 W/System.err( 754): at pdq.run(SourceFile:198)
07-06 16:14:46.329 W/System.err( 754): at npq.run(SourceFile:96)
07-06 16:14:46.389 E/WifiStateMachine( 277): set suspend optimizations failed!
07-06 16:14:54.719 D/Tethering( 277): interfaceLinkStateChanged wlan0, true
07-06 16:14:54.719 D/Tethering( 277): interfaceStatusChanged wlan0, true
07-06 16:15:24.679 W/SignalStrength( 277): getCdmaLevel=2
07-06 16:15:24.679 W/SignalStrength( 277): getEvdoLevel=0
07-06 16:15:24.679 W/SignalStrength( 277): getCdmaLevel=2
07-06 16:15:24.679 W/SignalStrength( 277): getLevel=2
07-06 16:15:24.689 W/SignalStrength( 484): getCdmaLevel=2
07-06 16:15:24.689 W/SignalStrength( 484): getEvdoLevel=0
07-06 16:15:24.689 W/SignalStrength( 484): getCdmaLevel=2
07-06 16:15:24.689 W/SignalStrength( 484): getLevel=2
07-06 16:16:46.719 W/SignalStrength( 484): getCdmaLevel=2
07-06 16:16:46.719 W/SignalStrength( 484): getEvdoLevel=0
07-06 16:16:46.719 W/SignalStrength( 484): getCdmaLevel=2
07-06 16:16:46.719 W/SignalStrength( 484): getLevel=2
07-06 16:16:46.719 W/SignalStrength( 277): getCdmaLevel=2
07-06 16:16:46.719 W/SignalStrength( 277): getEvdoLevel=0
07-06 16:16:46.719 W/SignalStrength( 277): getCdmaLevel=2
07-06 16:16:46.719 W/SignalStrength( 277): getLevel=2
07-06 16:17:32.819 E/WifiStateMachine( 277): set suspend optimizations failed!
07-06 16:17:32.849 D/SensorManager( 754): registerListener :: handle = 0 name= BOSCH 3-axis Accelerometer delay= 10000 Listener= kvo@411bffd8
07-06 16:17:32.849 E/SensorManager( 754): thread start
07-06 16:17:32.849 E/SensorManager( 754): =======>>>Sensor Thread RUNNING <<<========
07-06 16:17:33.529 D/Tethering( 277): interfaceLinkStateChanged wlan0, true
07-06 16:17:33.529 D/Tethering( 277): interfaceStatusChanged wlan0, true
07-06 16:17:33.529 D/Tethering( 277): interfaceLinkStateChanged wlan0, true
07-06 16:17:33.529 D/Tethering( 277): interfaceStatusChanged wlan0, true
07-06 16:17:33.579 E/WifiStateMachine( 277): set suspend optimizations failed!
07-06 16:17:33.589 I/SensorManager( 754): Set normal delay = true
07-06 16:17:33.659 D/SensorManager( 754): unregisterListener:: disable all sensors for this listener, name = BOSCH 3-axis Accelerometer listener = kvo@411bffd8
07-06 16:17:33.709 I/GCoreUlr( 754): Successfully inserted location
07-06 16:17:33.709 I/GCoreUlr( 754): Not calling LocationReportingService, hasMoved: false, elapsed millis: 1079986, request: Phone
07-06 16:18:10.749 W/SignalStrength( 277): getCdmaLevel=2
07-06 16:18:10.749 W/SignalStrength( 277): getEvdoLevel=0
07-06 16:18:10.749 W/SignalStrength( 277): getCdmaLevel=2
07-06 16:18:10.749 W/SignalStrength( 277): getLevel=2
07-06 16:18:10.749 W/SignalStrength( 484): getCdmaLevel=2
07-06 16:18:10.749 W/SignalStrength( 484): getEvdoLevel=0
07-06 16:18:10.749 W/SignalStrength( 484): getCdmaLevel=2
07-06 16:18:10.749 W/SignalStrength( 484): getLevel=2
07-06 16:18:47.769 W/SignalStrength( 277): getCdmaLevel=2
07-06 16:18:47.769 W/SignalStrength( 277): getEvdoLevel=0
07-06 16:18:47.769 W/SignalStrength( 277): getCdmaLevel=2
07-06 16:18:47.769 W/SignalStrength( 277): getLevel=2
07-06 16:18:47.769 W/SignalStrength( 484): getCdmaLevel=2
07-06 16:18:47.769 W/SignalStrength( 484): getEvdoLevel=0
07-06 16:18:47.769 W/SignalStrength( 484): getCdmaLevel=2
07-06 16:18:47.769 W/SignalStrength( 484): getLevel=2
07-06 16:19:05.129 I/APO/CPO (11354): Can not find at_distributor. Decided CPO mode
07-06 16:19:05.209 I/FactoryTestApp(11368): [Class] FtClientCPO , [Method] onCreate , [Message] Create FtClientCPO service
07-06 16:19:05.209 D/FactoryTestApp(11368): [Class] XMLDataStorage , [Method] parseXML , [Message] is Live Demo : false
07-06 16:19:05.209 D/FactoryTestApp(11368): [Class] XMLDataStorage , [Method] parseXML , [Message] modelXML=sch-s738c.dat
07-06 16:19:05.209 D/FactoryTestApp(11368): [Class] XMLDataStorage , [Method] parseXML , [Message] deviceXML=amazing3gtrf.dat
07-06 16:19:05.209 D/FactoryTestApp(11368): [Class] XMLDataStorage , [Method] parseXML , [Message] nameXML=amazing3gtrf.dat
07-06 16:19:05.219 I/FactoryTestApp(11368): [Class] XMLDataStorage , [Method] parseAsset , [Message] Convert enc file to xml file: sch-s738c.dat
07-06 16:19:05.279 D/FactoryTestApp(11368): [Class] XMLDataStorage , [Method] parseAsset , [Message] Decode base xml file: factory.dat
07-06 16:19:05.499 D/FactoryTestApp(11368): [Class] XMLDataStorage , [Method] redefinitionById , [Message] id=MODEL_NAME
07-06 16:19:05.499 D/FactoryTestApp(11368): [Class] XMLDataStorage , [Method] redefinitionById , [Message] id=MODEL_NUMBER
07-06 16:19:05.499 D/FactoryTestApp(11368): [Class] XMLDataStorage , [Method] redefinitionById , [Message] id=MODEL_HARDWARE_REVISION
07-06 16:19:05.499 D/FactoryTestApp(11368): [Class] XMLDataStorage , [Method] redefinitionById , [Message] id=MODEL_COMMUNICATION_MODE
07-06 16:19:05.499 D/FactoryTestApp(11368): [Class] XMLDataStorage , [Method] redefinitionById , [Message] id=CHIPSET_MANUFACTURE
07-06 16:19:05.499 D/FactoryTestApp(11368): [Class] XMLDataStorage , [Method] redefinitionById , [Message] id=CHIPSET_NAME
07-06 16:19:05.499 D/FactoryTestApp(11368): [Class] XMLDataStorage , [Method] redefinitionById , [Message] id=DEVICE_TYPE
07-06 16:19:05.499 D/FactoryTestApp(11368): [Class] XMLDataStorage , [Method] redefinitionById , [Message] id=PANEL_TYPE
07-06 16:19:05.499 D/FactoryTestApp(11368): [Class] XMLDataStorage , [Method] redefinitionById , [Message] id=TSP_MANUFACTURE
07-06 16:19:05.499 D/FactoryTestApp(11368): [Class] XMLDataStorage , [Method] redefinitionById , [Message] id=SENSOR_NAME_ACCELEROMETER
07-06 16:19:05.499 D/FactoryTestApp(11368): [Class] XMLDataStorage , [Method] redefinitionById , [Message] id=SENSOR_NAME_MAGNETIC
07-06 16:19:05.499 D/FactoryTestApp(11368): [Class] XMLDataStorage , [Method] redefinitionById , [Message] id=SENSOR_NAME_GYROSCOPE
07-06 16:19:05.499 D/FactoryTestApp(11368): [Class] XMLDataStorage , [Method] redefinitionById , [Message] id=REAR_CAMERA_TYPE
07-06 16:19:05.499 D/FactoryTestApp(11368): [Class] XMLDataStorage , [Method] redefinitionById , [Message] id=SPEAKER_COUNT
07-06 16:19:05.499 D/FactoryTestApp(11368): [Class] XMLDataStorage , [Method] redefinitionById , [Message] id=MIC_COUNT
07-06 16:19:05.499 D/FactoryTestApp(11368): [Class] XMLDataStorage , [Method] redefinitionById , [Message] id=SUPPORT_VIBRATOR
07-06 16:19:05.499 D/FactoryTestApp(11368): [Class] XMLDataStorage , [Method] redefinitionById , [Message] id=SUPPORT_LTE
07-06 16:19:05.499 D/FactoryTestApp(11368): [Class] XMLDataStorage , [Method] redefinitionById , [Message] id=SUPPORT_DMB
07-06 16:19:05.499 D/FactoryTestApp(11368): [Class] XMLDataStorage , [Method] redefinitionById , [Message] id=SUPPORT_QWERTY_KEY
07-06 16:19:05.509 D/FactoryTestApp(11368): [Class] XMLDataStorage , [Method] redefinitionById , [Message] id=SUPPORT_FRONT_CAMERA
07-06 16:19:05.509 D/FactoryTestApp(11368): [Class] XMLDataStorage , [Method] redefinitionById , [Message] id=SUPPORT_RCV
07-06 16:19:05.509 D/FactoryTestApp(11368): [Class] XMLDataStorage , [Method] redefinitionById , [Message] id=FACTORY_TEST_APO
07-06 16:19:05.509 D/FactoryTestApp(11368): [Class] XMLDataStorage , [Method] redefinitionById , [Message] id=SUPPORT_BOOST_MEDIASCAN
07-06 16:19:05.509 D/FactoryTestApp(11368): [Class] XMLDataStorage , [Method] redefinitionById , [Message] id=NEED_NOTI_AUDIO_MANAGER
07-06 16:19:05.509 D/FactoryTestApp(11368): [Class] XMLDataStorage , [Method] redefinitionById , [Message] id=FACTORY_TEST_PROTOCOL
07-06 16:19:05.509 D/FactoryTestApp(11368): [Class] XMLDataStorage , [Method] redefinitionById , [Message] id=KEY_TEST_VOLUME_UP
07-06 16:19:05.519 D/FactoryTestApp(11368): [Class] XMLDataStorage , [Method] redefinitionById , [Message] id=KEY_TEST_VOLUME_DOWN
07-06 16:19:05.529 D/FactoryTestApp(11368): [Class] XMLDataStorage , [Method] redefinitionById , [Message] id=KEY_TEST_POWER
07-06 16:19:05.539 D/FactoryTestApp(11368): [Class] XMLDataStorage , [Method] redefinitionById , [Message] id=KEY_TEST_MENU
07-06 16:19:05.549 D/FactoryTestApp(11368): [Class] XMLDataStorage , [Method] redefinitionById , [Message] id=KEY_TEST_HOME
07-06 16:19:05.559 D/FactoryTestApp(11368): [Class] XMLDataStorage , [Method] redefinitionById , [Message] id=KEY_TEST_BACK
07-06 16:19:05.569 D/FactoryTestApp(11368): [Class] XMLDataStorage , [Method] redefinitionById , [Message] id=KEY_TEST_SEARCH
07-06 16:19:05.589 D/FactoryTestApp(11368): [Class] XMLDataStorage , [Method] redefinitionById , [Message] id=KEY_TEST_FOCUS
07-06 16:19:05.599 D/FactoryTestApp(11368): [Class] XMLDataStorage , [Method] redefinitionById , [Message] id=KEY_TEST_CAMERA
07-06 16:19:05.609 D/FactoryTestApp(11368): [Class] XMLDataStorage , [Method] redefinitionById , [Message] id=KEY_TEST_F1
07-06 16:19:05.619 D/FactoryTestApp(11368): [Class] XMLDataStorage , [Method] redefinitionById , [Message] id=KEY_TEST_VIEW_TABLE
07-06 16:19:05.629 D/FactoryTestApp(11368): [Class] XMLDataStorage , [Method] redefinitionById , [Message] id=KEY_TEST_TOUCH_KEY_ODER
07-06 16:19:05.629 D/FactoryTestApp(11368): [Class] XMLDataStorage , [Method] redefinitionById , [Message] id=IS_SIMPLE_TEST_ACC_SYSFS
07-06 16:19:05.639 D/FactoryTestApp(11368): [Class] XMLDataStorage , [Method] redefinitionById , [Message] id=IS_SENSOR_TEST_ACC_REVERSE
07-06 16:19:05.639 D/FactoryTestApp(11368): [Class] XMLDataStorage , [Method] redefinitionById , [Message] id=SENSOR_TEST_ACC_BIT
07-06 16:19:05.639 D/FactoryTestApp(11368): [Class] XMLDataStorage , [Method] redefinitionById , [Message] id=IS_PROXIMITY_TEST_MOTOR_FEEDBACK
07-06 16:19:05.649 D/FactoryTestApp(11368): [Class] XMLDataStorage , [Method] redefinitionById , [Message] id=IS_IRLED_TEST_SPLIT_COMMAND
07-06 16:19:05.649 D/FactoryTestApp(11368): [Class] XMLDataStorage , [Method] redefinitionById , [Message] id=AT_GPSSTEST
07-06 16:19:05.649 D/FactoryTestApp(11368): [Class] XMLDataStorage , [Method] redefinitionById , [Message] id=AT_BATTEST_RESET_WHEN_READ
07-06 16:19:05.659 D/FactoryTestApp(11368): [Class] XMLDataStorage , [Method] redefinitionById , [Message] id=SYS_INFO_FONT_SIZE
07-06 16:19:05.659 D/FactoryTestApp(11368): [Class] XMLDataStorage , [Method] redefinitionById , [Message] id=SYS_INFO_BG_COLOR
07-06 16:19:05.669 D/FactoryTestApp(11368): [Class] XMLDataStorage , [Method] redefinitionById , [Message] id=TSP_X_AXIS_CHANNEL
07-06 16:19:05.669 D/FactoryTestApp(11368): [Class] XMLDataStorage , [Method] redefinitionById , [Message] id=TSP_Y_AXIS_CHANNEL
07-06 16:19:05.669 D/FactoryTestApp(11368): [Class] XMLDataStorage , [Method] redefinitionById , [Message] id=TSP_SELFTEST_MIN
07-06 16:19:05.679 D/FactoryTestApp(11368): [Class] XMLDataStorage , [Method] redefinitionById , [Message] id=TSP_SELFTEST_MAX
07-06 16:19:05.679 D/FactoryTestApp(11368): [Class] XMLDataStorage , [Method] redefinitionById , [Message] id=TOUCH_KEY_SPEC_MAX
07-06 16:19:05.689 D/FactoryTestApp(11368): [Class] XMLDataStorage , [Method] redefinitionById , [Message] id=TOUCH_KEY_SPEC_MIN
07-06 16:19:05.689 D/FactoryTestApp(11368): [Class] XMLDataStorage , [Method] redefinitionById , [Message] id=BOOT_VERSION
07-06 16:19:05.699 D/FactoryTestApp(11368): [Class] XMLDataStorage , [Method] redefinitionById , [Message] id=PHONE_VERSION
07-06 16:19:05.699 D/FactoryTestApp(11368): [Class] XMLDataStorage , [Method] redefinitionById , [Message] id=BATTERY_VOLT
07-06 16:19:05.709 D/FactoryTestApp(11368): [Class] XMLDataStorage , [Method] redefinitionById , [Message] id=BATTERY_VOLT_AVER
07-06 16:19:05.709 D/FactoryTestApp(11368): [Class] XMLDataStorage , [Method] redefinitionById , [Message] id=TSP_COMMAND_CMD
07-06 16:19:05.719 D/FactoryTestApp(11368): [Class] XMLDataStorage , [Method] redefinitionById , [Message] id=TSP_COMMAND_STATUS
07-06 16:19:05.719 D/FactoryTestApp(11368): [Class] XMLDataStorage , [Method] redefinitionById , [Message] id=TSP_COMMAND_RESULT
07-06 16:19:05.729 D/FactoryTestApp(11368): [Class] XMLDataStorage , [Method] redefinitionById , [Message] id=LED_RED
07-06 16:19:05.739 D/FactoryTestApp(11368): [Class] XMLDataStorage , [Method] redefinitionById , [Message] id=LED_GREEN
07-06 16:19:05.739 D/FactoryTestApp(11368): [Class] XMLDataStorage , [Method] redefinitionById , [Message] id=LED_BLUE
07-06 16:19:05.749 D/FactoryTestApp(11368): [Class] XMLDataStorage , [Method] redefinitionById , [Message] id=BAROMETE_DELTA
07-06 16:19:05.759 D/FactoryTestApp(11368): [Class] XMLDataStorage , [Method] redefinitionById , [Message] id=BAROMETE_VENDOR
07-06 16:19:05.769 D/FactoryTestApp(11368): [Class] XMLDataStorage , [Method] redefinitionById , [Message] id=KEY_PRESSED_POWER
07-06 16:19:05.779 D/FactoryTestApp(11368): [Class] XMLDataStorage , [Method] redefinitionById , [Message] id=TOUCH_KEY_SENSITIVITY_OK
07-06 16:19:05.789 I/FactoryTestApp(11368): [Class] FtClientCPO , [Method] connectToSecPhoneService , [Message] Create sendMessenger - com.sec.phone.SecPhoneService
07-06 16:19:05.799 I/FactoryTestApp(11368): [Class] FtClientCPO , [Method] onCreate , [Message] mBroadcastReceiver registered
07-06 16:19:05.799 I/FactoryTestApp(11368): [Class] FtClientCPO , [Method] onBind , [Message] start
07-06 16:19:05.809 I/FactoryTestApp(11368): [Class] FtClientCPO , [Method] onServiceConnected , [Message] connected done
07-06 16:19:05.809 D/FactoryTestApp(11368): [Class] ResponseWriterCPO , [Method] ResponseWriter , [Message] Create ResponseWriterCPO
07-06 16:19:05.809 D/FactoryTestApp(11368): [Class] AtParserCPO , [Method] registerAllHandler , [Message] Register IPC command handler
07-06 16:19:05.819 I/FactoryTestApp(11368): [Class] ModuleAudio , [Method] ModuleAudio , [Message] Create ModuleAudio
07-06 16:19:05.819 I/FactoryTestApp(11368): [Class] ModuleAudio , [Method] getSystemService , [Message] service=audio
07-06 16:19:05.819 D/FactoryTestApp(11368): [Class] Support , [Method] Values.getString , [Message] id=MODEL_COMMUNICATION_MODE, value=cdma
07-06 16:19:05.819 D/FactoryTestApp(11368): [Class] Support , [Method] Values.getBoolean , [Message] id=SUPPORT_PACKET_LOOPBACK, value=false
07-06 16:19:05.819 I/FactoryTestApp(11368): [Class] ModuleCommon , [Method] ModuleCommon , [Message] Create ModuleCommon
07-06 16:19:05.829 D/FactoryTestApp(11368): [Class] Support , [Method] Values.getString , [Message] id=CHIPSET_NAME, value=7x27
07-06 16:19:05.829 D/FactoryTestApp(11368): [Class] Support , [Method] Values.getString , [Message] id=CHIPSET_NAME, value=7x27
07-06 16:19:05.829 D/FactoryTestApp(11368): [Class] Support , [Method] Values.getString , [Message] id=CHIPSET_NAME, value=7x27
07-06 16:19:05.839 D/FactoryTestApp(11368): [Class] Support , [Method] Values.getString , [Message] id=EFS_FACTORYAPP_ROOT_PATH, value=/efs/FactoryApp/
07-06 16:19:05.839 I/FactoryTestApp(11368): [Class] ModuleCommunication , [Method] ModuleCommunication , [Message] Create ModuleCommunication
07-06 16:19:05.839 D/FactoryTestApp(11368): [Class] ModuleCommunication , [Method] registerReceiver , [Message] mContext=android.app.Application@410fede0
07-06 16:19:05.849 D/FactoryTestApp(11368): [Class] ModuleCommunication , [Method] registerReceiver , [Message] mContext=android.app.Application@410fede0
07-06 16:19:05.849 D/FactoryTestApp(11368): [Class] ModuleCommunication , [Method] registerReceiver , [Message] mContext=android.app.Application@410fede0
07-06 16:19:05.859 D/FactoryTestApp(11368): [Class] Support , [Method] Values.getInt , [Message] id=TSP_X_AXIS_CHANNEL, value=11
07-06 16:19:05.859 D/FactoryTestApp(11368): [Class] Support , [Method] Values.getInt , [Message] id=TSP_Y_AXIS_CHANNEL, value=17
07-06 16:19:05.859 I/FactoryTestApp(11368): [Class] ModuleDevice , [Method] ModuleDevice , [Message] Create ModuleDevice
07-06 16:19:05.859 D/FactoryTestApp(11368): [Class] Support , [Method] Values.getString , [Message] id=CHIPSET_NAME, value=7x27
07-06 16:19:05.859 D/FactoryTestApp(11368): [Class] Support , [Method] Values.getString , [Message] id=CHIPSET_NAME, value=7x27
07-06 16:19:05.859 D/FactoryTestApp(11368): [Class] Support , [Method] Values.getString , [Message] id=CHIPSET_NAME, value=7x27
07-06 16:19:05.859 I/FactoryTestApp(11368): [Class] ModuleDevice , [Method] getSystemService , [Message] service=vibrator
07-06 16:19:05.859 I/FactoryTestApp(11368): [Class] ModuleDevice , [Method] getSystemService , [Message] service=storage
07-06 16:19:05.869 D/FactoryTestApp(11368): [Class] ModuleDevice , [Method] registerReceiver , [Message] mContext=android.app.Application@410fede0
07-06 16:19:05.869 I/FactoryTestApp(11368): [Class] ModuleDevice , [Method] ModuleDevice , [Message] registerReceiver OK
07-06 16:19:05.869 I/FactoryTestApp(11368): [Class] ModuleDevice , [Method] isMountedStorage , [Message] path : /mnt/extSdCard
07-06 16:19:05.869 I/FactoryTestApp(11368): [Class] ModuleDevice , [Method] isMountedStorage , [Message] Environment.MEDIA_MOUNTED : mounted
07-06 16:19:05.869 I/FactoryTestApp(11368): [Class] ModuleDevice , [Method] isMountedStorage , [Message] state : removed
07-06 16:19:05.869 I/FactoryTestApp(11368): [Class] ModuleDevice , [Method] isMountedStorage , [Message] StorageVolumes[type] is null
07-06 16:19:05.869 I/FactoryTestApp(11368): [Class] ModuleDevice , [Method] isMountedStorage , [Message] StorageVolumes[type] is null
07-06 16:19:05.869 I/FactoryTestApp(11368): [Class] ModuleDFT , [Method] ModuleDFT , [Message] Create ModuleDFT
07-06 16:19:05.869 I/FactoryTestApp(11368): [Class] ModulePower , [Method] ModulePower , [Message] Create ModulePower
07-06 16:19:05.869 I/FactoryTestApp(11368): [Class] ModuleSensor , [Method] ModuleSensor
07-06 16:19:05.869 D/FactoryTestApp(11368): [Class] Support , [Method] Values.getString , [Message] id=SENSOR_NAME_GYROSCOPE, value=
07-06 16:19:05.879 D/FactoryTestApp(11368): [Class] Support , [Method] Values.getString , [Message] id=SENSOR_NAME_MAGNETIC, value=
07-06 16:19:05.879 D/FactoryTestApp(11368): [Class] SensorCalculator , [Method] initialize
07-06 16:19:05.879 D/FactoryTestApp(11368): [Class] Support , [Method] Values.getString , [Message] id=SENSOR_NAME_ACCELEROMETER, value=
07-06 16:19:05.879 D/FactoryTestApp(11368): [Class] SensorSpec , [Method] SensorSpec , [Message] mFeature_Accelerometer :
07-06 16:19:05.879 D/FactoryTestApp(11368): [Class] SensorSpec , [Method] SensorSpec , [Message] mFeature_Magnetic :
07-06 16:19:05.879 D/FactoryTestApp(11368): [Class] SensorCalculator , [Method] specLog , [Message] null
07-06 16:19:05.879 D/FactoryTestApp(11368): [Class] SensorCalculator , [Method] specLog , [Message] null
07-06 16:19:05.879 D/FactoryTestApp(11368): [Class] SensorCalculator , [Method] specLog , [Message] null
07-06 16:19:05.879 D/FactoryTestApp(11368): [Class] SensorCalculator , [Method] specLog , [Message] null
07-06 16:19:05.879 D/FactoryTestApp(11368): [Class] SensorCalculator , [Method] specLog , [Message] null
07-06 16:19:05.879 I/FactoryTestApp(11368): [Class] ModuleTouchScreen , [Method] ModuleTouchScreen
07-06 16:19:05.879 I/FactoryTestApp(11368): [Class] ModuleTouchScreen , [Method] setTSPInfo
07-06 16:19:05.879 D/FactoryTestApp(11368): [Class] Support , [Method] Values.getString , [Message] id=TSP_MANUFACTURE, value=MELFAS
07-06 16:19:05.879 D/FactoryTestApp(11368): [Class] Support , [Method] Values.getString , [Message] id=PANEL_TYPE, value=TFT
07-06 16:19:05.879 D/FactoryTestApp(11368): [Class] Support , [Method] Values.getString , [Message] id=DEVICE_TYPE, value=phone
07-06 16:19:05.879 D/FactoryTestApp(11368): [Class] ModuleTouchScreen , [Method] setTSPInfo , [Message] mTSPVendorName : MELFAS
07-06 16:19:05.879 D/FactoryTestApp(11368): [Class] ModuleTouchScreen , [Method] setTSPInfo , [Message] mTSPPanelType : TFT
07-06 16:19:05.879 D/FactoryTestApp(11368): [Class] ModuleTouchScreen , [Method] setTSPInfo , [Message] mTSPDeviceType : phone
07-06 16:19:05.879 I/FactoryTestApp(11368): [Class] ModuleTouchScreen , [Method] setTSPConnectionSpec
07-06 16:19:05.879 D/FactoryTestApp(11368): [Class] Support , [Method] Values.getInt , [Message] id=TSP_SELFTEST_MIN, value=20204
07-06 16:19:05.889 D/FactoryTestApp(11368): [Class] Support , [Method] Values.getInt , [Message] id=TSP_SELFTEST_MAX, value=28884
07-06 16:19:05.889 D/FactoryTestApp(11368): [Class] Support , [Method] Values.getBoolean , [Message] id=FACTORY_TEST_APO, value=false
07-06 16:19:05.889 D/FactoryTestApp(11368): [Class] Support , [Method] Values.getString , [Message] id=FACTORY_TEST_PROTOCOL, value=NEW_DM
07-06 16:19:05.889 D/FactoryTestApp(11368): [Class] Support , [Method] Values.getString , [Message] id=CHIPSET_NAME, value=7x27
07-06 16:19:05.889 D/FactoryTestApp(11368): [Class] Support , [Method] Values.getString , [Message] id=CHIPSET_NAME, value=7x27
07-06 16:19:05.889 D/FactoryTestApp(11368): [Class] Support , [Method] Values.getString , [Message] id=CHIPSET_NAME, value=7x27
07-06 16:19:05.889 D/FactoryTestApp(11368): [Class] Support , [Method] Values.getString , [Message] id=CHIPSET_NAME, value=7x27
07-06 16:19:05.889 D/FactoryTestApp(11368): [Class] Support , [Method] Values.getString , [Message] id=CHIPSET_NAME_CP, value=#DEFAULT
07-06 16:19:05.899 D/FactoryTestApp(11368): [Class] Support , [Method] Values.getString , [Message] id=EFS_HW_PATH, value=/efs/FactoryApp/hw_ver
07-06 16:19:05.899 D/FactoryTestApp(11368): [Class] AtVersname , [Method] AtVersname , [Message] EFS_HW_PATHis already existed...
07-06 16:19:05.899 D/FactoryTestApp(11368): [Class] Support , [Method] Values.getString , [Message] id=CHIPSET_NAME, value=7x27
07-06 16:19:05.899 D/FactoryTestApp(11368): [Class] Support , [Method] Values.getString , [Message] id=CHIPSET_NAME, value=7x27
07-06 16:19:05.909 D/FactoryTestApp(11368): [Class] Support , [Method] Values.getString , [Message] id=SERIAL_NO, value=/efs/FactoryApp/serial_no
07-06 16:19:05.909 D/FactoryTestApp(11368): [Class] Support , [Method] Values.getString , [Message] id=BATTERY_VOLT_ADC_CAL, value=/sys/class/power_supply/battery/batt_vol_adc_cal
07-06 16:19:05.919 D/SensorManager(11368): ====>>>>>Num Sensor: 1
07-06 16:19:05.919 D/SensorManager(11368): ====>>>>>Num Sensor: 0
07-06 16:19:05.919 D/FactoryTestApp(11368): [Class] Support , [Method] Values.getString , [Message] id=FACTORY_MODE, value=/efs/FactoryApp/factorymode
07-06 16:19:05.929 D/FactoryTestApp(11368): [Class] AtKstringb , [Method] AtKstringb , [Message] FACTORY_MODEis already existed...
07-06 16:19:05.929 D/FactoryTestApp(11368): [Class] Support , [Method] Values.getString , [Message] id=KEYSTRING_BLOCK, value=/efs/FactoryApp/keystr
07-06 16:19:05.929 D/FactoryTestApp(11368): [Class] AtKstringb , [Method] AtKstringb , [Message] KEYSTRING_BLOCKis already existed...
07-06 16:19:05.929 D/FactoryTestApp(11368): [Class] Support , [Method] Values.getBoolean , [Message] id=IS_TSP_STANDARD, value=true
07-06 16:19:05.939 D/FactoryTestApp(11368): [Class] Support , [Method] Values.getString , [Message] id=BAROMETE_DELTA, value=/efs/FactoryApp/baro_delta
07-06 16:19:05.939 D/FactoryTestApp(11368): [Class] AtBaromete , [Method] AtBaromete , [Message] BAROMETE_DELTAis already existed...
07-06 16:19:34.289 E/WifiStateMachine( 277): set suspend optimizations failed!
07-06 16:19:34.329 D/Tethering( 277): interfaceLinkStateChanged wlan0, true
07-06 16:19:34.329 D/Tethering( 277): interfaceStatusChanged wlan0, true
07-06 16:19:34.329 D/Tethering( 277): interfaceLinkStateChanged wlan0, true
07-06 16:19:34.329 D/Tethering( 277): interfaceStatusChanged wlan0, true
07-06 16:19:34.329 I/wpa_supplicant( 1023): Associated with 00.D3.8E
07-06 16:19:34.329 I/wpa_supplicant( 1023): CTRL-EVENT-CONNECTED - Connection to 00.D3.8E completed (reauth) [id=0 id_str=]
07-06 16:19:34.339 D/Tethering( 277): interfaceLinkStateChanged wlan0, true
07-06 16:19:34.339 D/Tethering( 277): interfaceStatusChanged wlan0, true
07-06 16:19:34.339 D/Tethering( 277): interfaceLinkStateChanged wlan0, true
07-06 16:19:34.339 D/Tethering( 277): interfaceStatusChanged wlan0, true
07-06 16:19:34.339 D/Tethering( 277): interfaceLinkStateChanged wlan0, true
07-06 16:19:34.339 D/Tethering( 277): interfaceStatusChanged wlan0, true
07-06 16:19:34.339 D/Tethering( 277): interfaceLinkStateChanged wlan0, true
07-06 16:19:34.339 D/Tethering( 277): interfaceStatusChanged wlan0, true
07-06 16:19:37.929 E/WifiStateMachine( 277): set suspend optimizations failed!
07-06 16:19:38.779 W/SignalStrength( 277): getCdmaLevel=2
07-06 16:19:38.779 W/SignalStrength( 277): getEvdoLevel=0
07-06 16:19:38.779 W/SignalStrength( 277): getCdmaLevel=2
07-06 16:19:38.779 W/SignalStrength( 277): getLevel=2
07-06 16:19:38.779 W/SignalStrength( 484): getCdmaLevel=2
07-06 16:19:38.779 W/SignalStrength( 484): getEvdoLevel=0
07-06 16:19:38.779 W/SignalStrength( 484): getCdmaLevel=2
07-06 16:19:38.779 W/SignalStrength( 484): getLevel=2
07-06 16:19:49.309 D/Tethering( 277): interfaceLinkStateChanged wlan0, true
07-06 16:19:49.309 D/Tethering( 277): interfaceStatusChanged wlan0, true
07-06 16:20:07.789 W/SignalStrength( 277): getCdmaLevel=2
07-06 16:20:07.789 W/SignalStrength( 277): getEvdoLevel=0
07-06 16:20:07.789 W/SignalStrength( 277): getCdmaLevel=2
07-06 16:20:07.789 W/SignalStrength( 277): getLevel=2
07-06 16:20:07.799 W/SignalStrength( 484): getCdmaLevel=2
07-06 16:20:07.799 W/SignalStrength( 484): getEvdoLevel=0
07-06 16:20:07.799 W/SignalStrength( 484): getCdmaLevel=2
07-06 16:20:07.799 W/SignalStrength( 484): getLevel=2
07-06 16:20:30.129 D/GCM ( 590): Ignoring attempt to send heartbeat on dead connection.
07-06 16:20:31.849 D/SensorManager( 754): registerListener :: handle = 0 name= BOSCH 3-axis Accelerometer delay= 10000 Listener= kvo@413a1f60
07-06 16:20:31.859 E/SensorManager( 754): thread start
07-06 16:20:31.859 E/SensorManager( 754): =======>>>Sensor Thread RUNNING <<<========
07-06 16:20:32.539 I/SensorManager( 754): Set normal delay = true
07-06 16:20:32.619 D/SensorManager( 754): unregisterListener:: disable all sensors for this listener, name = BOSCH 3-axis Accelerometer listener = kvo@413a1f60
07-06 16:20:35.179 I/wpa_supplicant( 1023): Associated with 00.D3.8E
07-06 16:20:35.179 I/wpa_supplicant( 1023): CTRL-EVENT-CONNECTED - Connection to 00.D3.8E completed (reauth) [id=0 id_str=]
07-06 16:20:35.189 D/Tethering( 277): interfaceLinkStateChanged wlan0, true
07-06 16:20:35.189 D/Tethering( 277): interfaceStatusChanged wlan0, true
07-06 16:20:35.189 D/Tethering( 277): interfaceLinkStateChanged wlan0, true
07-06 16:20:35.189 D/Tethering( 277): interfaceStatusChanged wlan0, true
07-06 16:20:35.189 D/Tethering( 277): interfaceLinkStateChanged wlan0, true
07-06 16:20:35.189 D/Tethering( 277): interfaceStatusChanged wlan0, true
07-06 16:20:35.189 D/Tethering( 277): interfaceLinkStateChanged wlan0, true
07-06 16:20:35.189 D/Tethering( 277): interfaceStatusChanged wlan0, true
07-06 16:20:35.189 D/Tethering( 277): interfaceLinkStateChanged wlan0, true
07-06 16:20:35.189 D/Tethering( 277): interfaceStatusChanged wlan0, true
07-06 16:20:35.189 D/Tethering( 277): interfaceLinkStateChanged wlan0, true
07-06 16:20:35.189 D/Tethering( 277): interfaceStatusChanged wlan0, true
07-06 16:20:52.809 W/SignalStrength( 277): getCdmaLevel=2
07-06 16:20:52.809 W/SignalStrength( 277): getEvdoLevel=0
07-06 16:20:52.809 W/SignalStrength( 277): getCdmaLevel=2
07-06 16:20:52.809 W/SignalStrength( 277): getLevel=2
07-06 16:20:52.809 W/SignalStrength( 484): getCdmaLevel=2
07-06 16:20:52.809 W/SignalStrength( 484): getEvdoLevel=0
07-06 16:20:52.809 W/SignalStrength( 484): getCdmaLevel=2
07-06 16:20:52.809 W/SignalStrength( 484): getLevel=2
07-06 16:20:55.159 D/Tethering( 277): interfaceLinkStateChanged wlan0, true
07-06 16:20:55.159 D/Tethering( 277): interfaceStatusChanged wlan0, true
07-06 16:21:29.539 W/GamesSyncAdapter( 717): User is not G+ enabled. Aborting sync
07-06 16:21:33.819 W/SignalStrength( 277): getCdmaLevel=2
07-06 16:21:33.819 W/SignalStrength( 277): getEvdoLevel=0
07-06 16:21:33.819 W/SignalStrength( 277): getCdmaLevel=2
07-06 16:21:33.819 W/SignalStrength( 277): getLevel=2
07-06 16:21:33.829 W/SignalStrength( 484): getCdmaLevel=2
07-06 16:21:33.829 W/SignalStrength( 484): getEvdoLevel=0
07-06 16:21:33.829 W/SignalStrength( 484): getCdmaLevel=2
07-06 16:21:33.829 W/SignalStrength( 484): getLevel=2
07-06 16:22:14.839 W/SignalStrength( 277): getCdmaLevel=2
07-06 16:22:14.839 W/SignalStrength( 277): getEvdoLevel=0
07-06 16:22:14.839 W/SignalStrength( 277): getCdmaLevel=2
07-06 16:22:14.839 W/SignalStrength( 277): getLevel=2
07-06 16:22:14.839 W/SignalStrength( 484): getCdmaLevel=2
07-06 16:22:14.839 W/SignalStrength( 484): getEvdoLevel=0
07-06 16:22:14.839 W/SignalStrength( 484): getCdmaLevel=2
07-06 16:22:14.839 W/SignalStrength( 484): getLevel=2
07-06 16:22:55.849 W/SignalStrength( 277): getCdmaLevel=2
07-06 16:22:55.849 W/SignalStrength( 277): getEvdoLevel=0
07-06 16:22:55.849 W/SignalStrength( 277): getCdmaLevel=2
07-06 16:22:55.849 W/SignalStrength( 277): getLevel=2
07-06 16:22:55.859 W/SignalStrength( 484): getCdmaLevel=2
07-06 16:22:55.859 W/SignalStrength( 484): getEvdoLevel=0
07-06 16:22:55.859 W/SignalStrength( 484): getCdmaLevel=2
07-06 16:22:55.859 W/SignalStrength( 484): getLevel=2
07-06 16:23:30.809 D/SensorManager( 754): registerListener :: handle = 0 name= BOSCH 3-axis Accelerometer delay= 10000 Listener= kvo@4128cfa0
07-06 16:23:30.809 E/SensorManager( 754): thread start
07-06 16:23:30.809 E/SensorManager( 754): =======>>>Sensor Thread RUNNING <<<========
07-06 16:23:31.489 I/SensorManager( 754): Set normal delay = true
07-06 16:23:31.569 D/SensorManager( 754): unregisterListener:: disable all sensors for this listener, name = BOSCH 3-axis Accelerometer listener = kvo@4128cfa0
07-06 16:23:31.599 I/GCoreUlr( 754): Received powerMode change from NLP: com.google.android.location.activity.LOW_POWER_MODE_ENABLED
07-06 16:23:31.599 I/GCoreUlr( 754): Starting service, intent=Intent { act=com.google.android.location.reporting.ACTION_UPDATE_ACTIVE_STATE cmp=xxxx }, extras=null
07-06 16:23:31.649 I/GCoreUlr( 754): Ensuring that reporting is active for [account#15#]
07-06 16:23:31.649 I/GCoreUlr( 754): Starting service, intent=Intent { act=com.google.android.location.reporting.ACTION_LOCATION_STATUS cmp=xxxx (has extras) }, extras=Bundle[{status=LocationStatus[cell status: STATUS_SUCCESSFUL, wifi status: STATUS_INVALID_SCAN, elapsed realtime ns: 237188000000]}]
07-06 16:23:45.919 I/wpa_supplicant( 1023): Associated with 00.D3.8E
07-06 16:23:45.929 D/Tethering( 277): interfaceLinkStateChanged wlan0, true
07-06 16:23:45.929 D/Tethering( 277): interfaceStatusChanged wlan0, true
07-06 16:23:45.929 D/Tethering( 277): interfaceLinkStateChanged wlan0, true
07-06 16:23:45.929 D/Tethering( 277): interfaceStatusChanged wlan0, true
07-06 16:23:45.939 I/wpa_supplicant( 1023): CTRL-EVENT-CONNECTED - Connection to 00.D3.8E completed (reauth) [id=0 id_str=]
07-06 16:23:45.939 D/Tethering( 277): interfaceLinkStateChanged wlan0, true
07-06 16:23:45.939 D/Tethering( 277): interfaceStatusChanged wlan0, true
07-06 16:23:45.939 D/Tethering( 277): interfaceLinkStateChanged wlan0, true
07-06 16:23:45.939 D/Tethering( 277): interfaceStatusChanged wlan0, true
07-06 16:23:45.939 D/Tethering( 277): interfaceLinkStateChanged wlan0, true
07-06 16:23:45.939 D/Tethering( 277): interfaceStatusChanged wlan0, true
07-06 16:23:45.949 D/Tethering( 277): interfaceLinkStateChanged wlan0, true
07-06 16:23:45.959 D/Tethering( 277): interfaceStatusChanged wlan0, true
07-06 16:23:55.909 D/Tethering( 277): interfaceLinkStateChanged wlan0, true
07-06 16:23:55.909 D/Tethering( 277): interfaceStatusChanged wlan0, true
07-06 16:25:35.789 I/GCoreUlr( 754): WorldUpdater received intent Intent { act=com.google.android.location.reporting.ACTION_UPDATE_WORLD flg=0x4 cmp=xxxx (has extras) } with receiverAction null
07-06 16:25:35.939 D/SyncManager( 277): setSyncAutomatically: , provider com.google.android.location.reporting -> true
07-06 16:25:35.939 D/SyncManager( 277): setSyncAutomatically: already set to true, doing nothing
07-06 16:25:36.099 I/GCoreUlr( 754): Ensuring that reporting is active for [account#15#]
07-06 16:25:36.109 I/GCoreUlr( 754): Starting service, intent=Intent { act=com.google.android.location.reporting.ACTION_LOCATION_STATUS cmp=xxxx (has extras) }, extras=Bundle[{status=LocationStatus[cell status: STATUS_SUCCESSFUL, wifi status: STATUS_INVALID_SCAN, elapsed realtime ns: 237188000000]}]
07-06 16:25:36.119 I/AdsMeasurementBroadcastReceiver( 717): Reporting settings might have changed, alerting AdsMeasurementService
07-06 16:25:36.119 D/AdsMeasurementBroadcastReceiver( 717): Unauthorized to start the main service
07-06 16:25:43.919 W/SignalStrength( 277): getCdmaLevel=2
07-06 16:25:43.919 W/SignalStrength( 277): getEvdoLevel=0
07-06 16:25:43.919 W/SignalStrength( 277): getCdmaLevel=2
07-06 16:25:43.919 W/SignalStrength( 277): getLevel=2
07-06 16:25:43.919 W/SignalStrength( 484): getCdmaLevel=2
07-06 16:25:43.919 W/SignalStrength( 484): getEvdoLevel=0
07-06 16:25:43.919 W/SignalStrength( 484): getCdmaLevel=2
07-06 16:25:43.919 W/SignalStrength( 484): getLevel=2
07-06 16:26:29.919 D/SensorManager( 754): registerListener :: handle = 0 name= BOSCH 3-axis Accelerometer delay= 10000 Listener= kvo@411be560
07-06 16:26:29.919 E/SensorManager( 754): thread start
07-06 16:26:29.919 E/SensorManager( 754): =======>>>Sensor Thread RUNNING <<<========
07-06 16:26:30.629 I/SensorManager( 754): Set normal delay = true
07-06 16:26:30.709 D/SensorManager( 754): unregisterListener:: disable all sensors for this listener, name = BOSCH 3-axis Accelerometer listener = kvo@411be560
07-06 16:29:03.989 W/SignalStrength( 277): getCdmaLevel=2
07-06 16:29:03.989 W/SignalStrength( 277): getEvdoLevel=0
07-06 16:29:03.989 W/SignalStrength( 277): getCdmaLevel=2
07-06 16:29:03.989 W/SignalStrength( 277): getLevel=2
07-06 16:29:03.999 W/SignalStrength( 484): getCdmaLevel=2
07-06 16:29:03.999 W/SignalStrength( 484): getEvdoLevel=0
07-06 16:29:03.999 W/SignalStrength( 484): getCdmaLevel=2
07-06 16:29:03.999 W/SignalStrength( 484): getLevel=2
07-06 16:29:28.879 D/SensorManager( 754): registerListener :: handle = 0 name= BOSCH 3-axis Accelerometer delay= 10000 Listener= kvo@41311fe0
07-06 16:29:28.879 E/SensorManager( 754): thread start
07-06 16:29:28.879 E/SensorManager( 754): =======>>>Sensor Thread RUNNING <<<========
07-06 16:29:29.589 I/SensorManager( 754): Set normal delay = true
07-06 16:29:29.669 D/SensorManager( 754): unregisterListener:: disable all sensors for this listener, name = BOSCH 3-axis Accelerometer listener = kvo@41311fe0
07-06 16:29:46.009 W/SignalStrength( 277): getCdmaLevel=2
07-06 16:29:46.009 W/SignalStrength( 277): getEvdoLevel=0
07-06 16:29:46.009 W/SignalStrength( 277): getCdmaLevel=2
07-06 16:29:46.009 W/SignalStrength( 277): getLevel=2
07-06 16:29:46.009 W/SignalStrength( 484): getCdmaLevel=2
07-06 16:29:46.009 W/SignalStrength( 484): getEvdoLevel=0
07-06 16:29:46.019 W/SignalStrength( 484): getCdmaLevel=2
07-06 16:29:46.019 W/SignalStrength( 484): getLevel=2
07-06 16:30:26.019 W/SignalStrength( 277): getCdmaLevel=2
07-06 16:30:26.019 W/SignalStrength( 277): getEvdoLevel=0
07-06 16:30:26.019 W/SignalStrength( 277): getCdmaLevel=2
07-06 16:30:26.019 W/SignalStrength( 277): getLevel=2
07-06 16:30:26.029 W/SignalStrength( 484): getCdmaLevel=2
07-06 16:30:26.029 W/SignalStrength( 484): getEvdoLevel=0
07-06 16:30:26.029 W/SignalStrength( 484): getCdmaLevel=2
07-06 16:30:26.029 W/SignalStrength( 484): getLevel=2
07-06 16:32:27.849 D/SensorManager( 754): registerListener :: handle = 0 name= BOSCH 3-axis Accelerometer delay= 10000 Listener= kvo@412a1480
07-06 16:32:27.849 E/SensorManager( 754): thread start
07-06 16:32:27.849 E/SensorManager( 754): =======>>>Sensor Thread RUNNING <<<========
07-06 16:32:28.559 I/SensorManager( 754): Set normal delay = true
07-06 16:32:28.639 D/SensorManager( 754): unregisterListener:: disable all sensors for this listener, name = BOSCH 3-axis Accelerometer listener = kvo@412a1480
07-06 16:32:42.569 E/WifiStateMachine( 277): set suspend optimizations failed!
07-06 16:32:42.629 D/Tethering( 277): interfaceLinkStateChanged wlan0, true
07-06 16:32:42.629 D/Tethering( 277): interfaceStatusChanged wlan0, true
07-06 16:32:42.629 I/wpa_supplicant( 1023): Associated with 00.D3.8E
07-06 16:32:42.629 D/Tethering( 277): interfaceLinkStateChanged wlan0, true
07-06 16:32:42.629 D/Tethering( 277): interfaceStatusChanged wlan0, true
07-06 16:32:42.629 D/Tethering( 277): interfaceLinkStateChanged wlan0, true
07-06 16:32:42.629 D/Tethering( 277): interfaceStatusChanged wlan0, true
07-06 16:32:42.629 D/Tethering( 277): interfaceLinkStateChanged wlan0, true
07-06 16:32:42.629 D/Tethering( 277): interfaceStatusChanged wlan0, true
07-06 16:32:42.639 I/wpa_supplicant( 1023): CTRL-EVENT-CONNECTED - Connection to 00.D3.8E completed (reauth) [id=0 id_str=]
07-06 16:32:42.639 D/Tethering( 277): interfaceLinkStateChanged wlan0, true
07-06 16:32:42.639 D/Tethering( 277): interfaceStatusChanged wlan0, true
07-06 16:32:42.649 D/Tethering( 277): interfaceLinkStateChanged wlan0, true
07-06 16:32:42.649 D/Tethering( 277): interfaceStatusChanged wlan0, true
07-06 16:32:44.219 W/System.err( 754): javax.net.ssl.SSLException: Read error: ssl=0x1bc91e0: I/O error during system call, Connection reset by peer
07-06 16:32:44.219 W/System.err( 754): at org.apache.harmony.xnet.provider.jsse.NativeCrypto.SSL_read(Native Method)
07-06 16:32:44.219 W/System.err( 754): at org.apache.harmony.xnet.provider.jsse.OpenSSLSocketImpl$SSLInputStream.read(OpenSSLSocketImpl.java:671)
07-06 16:32:44.219 W/System.err( 754): at libcore.io.Streams.readSingleByte(Streams.java:41)
07-06 16:32:44.219 W/System.err( 754): at org.apache.harmony.xnet.provider.jsse.OpenSSLSocketImpl$SSLInputStream.read(OpenSSLSocketImpl.java:655)
07-06 16:32:44.229 W/System.err( 754): at libcore.io.Streams.readAsciiLine(Streams.java:201)
07-06 16:32:44.229 W/System.err( 754): at libcore.net.http.HttpEngine.readResponseHeaders(HttpEngine.java:544)
07-06 16:32:44.229 W/System.err( 754): at libcore.net.http.HttpEngine.readResponse(HttpEngine.java:784)
07-06 16:32:44.229 W/System.err( 754): at libcore.net.http.HttpURLConnectionImpl.getResponse(HttpURLConnectionImpl.java:274)
07-06 16:32:44.229 W/System.err( 754): at libcore.net.http.HttpURLConnectionImpl.getResponseCode(HttpURLConnectionImpl.java:479)
07-06 16:32:44.229 W/System.err( 754): at libcore.net.http.HttpsURLConnectionImpl.getResponseCode(HttpsURLConnectionImpl.java:133)
07-06 16:32:44.229 W/System.err( 754): at gaz.a(SourceFile:714)
07-06 16:32:44.229 W/System.err( 754): at gaz.c(SourceFile:693)
07-06 16:32:44.229 W/System.err( 754): at gaz.execute(SourceFile:601)
07-06 16:32:44.229 W/System.err( 754): at xt.execute(SourceFile:365)
07-06 16:32:44.229 W/System.err( 754): at xt.execute(SourceFile:447)
07-06 16:32:44.229 W/System.err( 754): at nop.g(SourceFile:126)
07-06 16:32:44.229 W/System.err( 754): at nop.c(SourceFile:172)
07-06 16:32:44.229 W/System.err( 754): at pdr.run(SourceFile:418)
07-06 16:32:44.229 W/System.err( 754): at pdq.b(SourceFile:224)
07-06 16:32:44.239 W/System.err( 754): at pdq.run(SourceFile:198)
07-06 16:32:44.239 W/System.err( 754): at npq.run(SourceFile:96)
07-06 16:32:44.259 E/WifiStateMachine( 277): set suspend optimizations failed!
07-06 16:32:57.599 D/Tethering( 277): interfaceLinkStateChanged wlan0, true
07-06 16:32:57.599 D/Tethering( 277): interfaceStatusChanged wlan0, true
07-06 16:33:51.099 W/SignalStrength( 277): getCdmaLevel=2
07-06 16:33:51.099 W/SignalStrength( 277): getEvdoLevel=0
07-06 16:33:51.099 W/SignalStrength( 277): getCdmaLevel=2
07-06 16:33:51.099 W/SignalStrength( 277): getLevel=2
07-06 16:33:51.109 W/SignalStrength( 484): getCdmaLevel=2
07-06 16:33:51.109 W/SignalStrength( 484): getEvdoLevel=0
07-06 16:33:51.109 W/SignalStrength( 484): getCdmaLevel=2
07-06 16:33:51.109 W/SignalStrength( 484): getLevel=2
07-06 16:34:32.119 W/SignalStrength( 277): getCdmaLevel=2
07-06 16:34:32.119 W/SignalStrength( 277): getEvdoLevel=0
07-06 16:34:32.119 W/SignalStrength( 277): getCdmaLevel=2
07-06 16:34:32.119 W/SignalStrength( 277): getLevel=2
07-06 16:34:32.119 W/SignalStrength( 484): getCdmaLevel=2
07-06 16:34:32.119 W/SignalStrength( 484): getEvdoLevel=0
07-06 16:34:32.119 W/SignalStrength( 484): getCdmaLevel=2
07-06 16:34:32.119 W/SignalStrength( 484): getLevel=2
07-06 16:35:13.129 W/SignalStrength( 277): getCdmaLevel=2
07-06 16:35:13.129 W/SignalStrength( 277): getEvdoLevel=0
07-06 16:35:13.129 W/SignalStrength( 277): getCdmaLevel=2
07-06 16:35:13.129 W/SignalStrength( 277): getLevel=2
07-06 16:35:13.139 W/SignalStrength( 484): getCdmaLevel=2
07-06 16:35:13.139 W/SignalStrength( 484): getEvdoLevel=0
07-06 16:35:13.139 W/SignalStrength( 484): getCdmaLevel=2
07-06 16:35:13.139 W/SignalStrength( 484): getLevel=2
07-06 16:35:32.829 E/WifiStateMachine( 277): set suspend optimizations failed!
07-06 16:35:32.949 D/SensorManager( 754): registerListener :: handle = 0 name= BOSCH 3-axis Accelerometer delay= 10000 Listener= kvo@411b6e10
07-06 16:35:32.949 E/SensorManager( 754): thread start
07-06 16:35:32.949 E/SensorManager( 754): =======>>>Sensor Thread RUNNING <<<========
07-06 16:35:33.539 D/Tethering( 277): interfaceLinkStateChanged wlan0, true
07-06 16:35:33.539 D/Tethering( 277): interfaceStatusChanged wlan0, true
07-06 16:35:33.549 D/Tethering( 277): interfaceLinkStateChanged wlan0, true
07-06 16:35:33.549 D/Tethering( 277): interfaceStatusChanged wlan0, true
07-06 16:35:33.739 I/SensorManager( 754): Set normal delay = true
07-06 16:35:33.739 E/WifiStateMachine( 277): set suspend optimizations failed!
07-06 16:35:33.749 I/GCoreUlr( 754): Starting service, intent=Intent { act=com.google.android.location.reporting.ACTION_LOCATION_STATUS cmp=xxxx (has extras) }, extras=Bundle[{status=LocationStatus[cell status: STATUS_SUCCESSFUL, wifi status: STATUS_SUCCESSFUL, elapsed realtime ns: 37497984000000]}]
07-06 16:35:33.809 D/SensorManager( 754): unregisterListener:: disable all sensors for this listener, name = BOSCH 3-axis Accelerometer listener = kvo@411b6e10
07-06 16:35:33.829 I/GCoreUlr( 754): Received powerMode change from NLP: com.google.android.location.activity.LOW_POWER_MODE_ENABLED
07-06 16:35:33.829 I/GCoreUlr( 754): Starting service, intent=Intent { act=com.google.android.location.reporting.ACTION_UPDATE_ACTIVE_STATE cmp=xxxx }, extras=null
07-06 16:35:33.899 I/GCoreUlr( 754): Successfully inserted location
07-06 16:35:33.979 I/GCoreUlr( 754): Starting service, intent=Intent { cmp=xxxx }, extras=null
07-06 16:35:34.509 W/GLSUser ( 590): GoogleAccountDataService.getToken()
07-06 16:35:34.639 I/GCoreUlr( 754): Ensuring that reporting is active for [account#15#]
07-06 16:35:34.649 I/GCoreUlr( 754): Starting service, intent=Intent { act=com.google.android.location.reporting.ACTION_LOCATION_STATUS cmp=xxxx (has extras) }, extras=Bundle[{status=LocationStatus[cell status: STATUS_SUCCESSFUL, wifi status: STATUS_SUCCESSFUL, elapsed realtime ns: 37497984000000]}]
07-06 16:35:34.659 W/NetworkManagementSocketTagger( 754): untagSocket(73) failed with errno -22
07-06 16:35:34.659 I/mbi ( 754): I/O exception (org.apache.http.NoHttpResponseException) caught when processing request: The target server failed to respond
07-06 16:35:34.669 I/wpa_supplicant( 1023): Associated with 00.D3.8E
07-06 16:35:34.669 I/wpa_supplicant( 1023): CTRL-EVENT-CONNECTED - Connection to 00.D3.8E completed (reauth) [id=0 id_str=]
07-06 16:35:34.669 D/Tethering( 277): interfaceLinkStateChanged wlan0, true
07-06 16:35:34.669 D/Tethering( 277): interfaceStatusChanged wlan0, true
07-06 16:35:34.669 D/Tethering( 277): interfaceLinkStateChanged wlan0, true
07-06 16:35:34.669 D/Tethering( 277): interfaceStatusChanged wlan0, true
07-06 16:35:34.679 D/Tethering( 277): interfaceLinkStateChanged wlan0, true
07-06 16:35:34.679 D/Tethering( 277): interfaceStatusChanged wlan0, true
07-06 16:35:34.679 D/Tethering( 277): interfaceLinkStateChanged wlan0, true
07-06 16:35:34.679 D/Tethering( 277): interfaceStatusChanged wlan0, true
07-06 16:35:34.679 D/Tethering( 277): interfaceLinkStateChanged wlan0, true
07-06 16:35:34.679 D/Tethering( 277): interfaceStatusChanged wlan0, true
07-06 16:35:34.679 D/Tethering( 277): interfaceLinkStateChanged wlan0, true
07-06 16:35:34.679 D/Tethering( 277): interfaceStatusChanged wlan0, true
07-06 16:35:34.679 I/mbi ( 754): Retrying request
07-06 16:35:35.299 I/GCoreUlr( 754): Starting service, intent=Intent { act=com.google.android.location.reporting.ACTION_UPDATE_ACTIVE_STATE cmp=xxxx }, extras=null
07-06 16:35:35.309 I/AdsMeasurementBroadcastReceiver( 717): Reporting settings might have changed, alerting AdsMeasurementService
07-06 16:35:35.309 D/AdsMeasurementBroadcastReceiver( 717): Unauthorized to start the main service
07-06 16:35:35.319 I/GCoreUlr( 754): Batch Location Update succeeded for account account#15#
07-06 16:35:35.329 E/SqliteDatabaseCpp( 754): sqlite3_exec - Failed to set synchronous mode = 1(Normal)
07-06 16:35:35.469 I/GCoreUlr( 754): Ensuring that reporting is active for [account#15#]
07-06 16:35:35.479 I/GCoreUlr( 754): Starting service, intent=Intent { act=com.google.android.location.reporting.ACTION_LOCATION_STATUS cmp=xxxx (has extras) }, extras=Bundle[{status=LocationStatus[cell status: STATUS_SUCCESSFUL, wifi status: STATUS_SUCCESSFUL, elapsed realtime ns: 37497984000000]}]
07-06 16:35:40.979 D/GCM ( 590): Ignoring attempt to send heartbeat on dead connection.
07-06 16:35:49.649 D/Tethering( 277): interfaceLinkStateChanged wlan0, true
07-06 16:35:49.649 D/Tethering( 277): interfaceStatusChanged wlan0, true
07-06 16:35:53.149 W/SignalStrength( 277): getCdmaLevel=2
07-06 16:35:53.149 W/SignalStrength( 277): getEvdoLevel=0
07-06 16:35:53.149 W/SignalStrength( 277): getCdmaLevel=2
07-06 16:35:53.149 W/SignalStrength( 277): getLevel=2
07-06 16:35:53.149 W/SignalStrength( 484): getCdmaLevel=2
07-06 16:35:53.149 W/SignalStrength( 484): getEvdoLevel=0
07-06 16:35:53.149 W/SignalStrength( 484): getCdmaLevel=2
07-06 16:35:53.149 W/SignalStrength( 484): getLevel=2
07-06 16:38:31.979 D/SensorManager( 754): registerListener :: handle = 0 name= BOSCH 3-axis Accelerometer delay= 10000 Listener= kvo@41419e20
07-06 16:38:31.979 E/SensorManager( 754): thread start
07-06 16:38:31.979 E/SensorManager( 754): =======>>>Sensor Thread RUNNING <<<========
