07-06 19:50:28.215 D/GCM ( 590): Ignoring attempt to send heartbeat on dead connection.
07-06 16:49:59.999 I/ActivityManager( 277): No longer want app.processName (pid 11019): hidden #16
07-06 19:50:29.495 E/SMD ( 105): DCD OFF
07-06 16:49:59.999 I/ActivityManager( 277): No longer want app.processName (pid 11032): hidden #17
07-06 19:50:32.505 E/SMD ( 105): DCD OFF
07-06 16:50:04.629 V/StatusBar.BatteryController( 484): status5batteryHealth 2
07-06 19:50:32.975 D/SensorManager( 754): registerListener :: handle = 0 name= BOSCH 3-axis Accelerometer delay= 10000 Listener= kvo@4121e210
07-06 16:50:04.629 D/StatusBar.BatteryController( 484): mOldstatus5status 5
07-06 19:50:32.975 E/SensorManager( 754): thread start
07-06 16:50:04.629 D/StatusBar.BatteryController( 484): now old status is 5
07-06 19:50:32.975 E/SensorManager( 754): =======>>>Sensor Thread RUNNING <<<========
07-06 16:50:14.649 V/StatusBar.BatteryController( 484): status5batteryHealth 2
07-06 19:50:33.245 D/Tethering( 277): interfaceLinkStateChanged wlan0, true
07-06 16:50:14.649 D/StatusBar.BatteryController( 484): mOldstatus5status 5
07-06 19:50:33.245 D/Tethering( 277): interfaceStatusChanged wlan0, true
07-06 19:50:33.625 V/StatusBar.BatteryController( 484): status5batteryHealth 2
07-06 19:50:33.625 D/StatusBar.BatteryController( 484): mOldstatus5status 5
07-06 19:50:33.625 D/StatusBar.BatteryController( 484): now old status is 5
07-06 16:50:14.649 D/StatusBar.BatteryController( 484): now old status is 5
07-06 19:50:33.675 I/SensorManager( 754): Set normal delay = true
07-06 16:50:34.689 V/StatusBar.BatteryController( 484): status5batteryHealth 2
07-06 19:50:33.755 D/SensorManager( 754): unregisterListener:: disable all sensors for this listener, name = BOSCH 3-axis Accelerometer listener = kvo@4121e210
07-06 16:50:34.689 D/StatusBar.BatteryController( 484): mOldstatus5status 5
07-06 19:50:35.505 E/SMD ( 105): DCD OFF
07-06 16:50:34.689 D/StatusBar.BatteryController( 484): now old status is 5
07-06 19:50:36.955 W/SignalStrength( 277): getCdmaLevel=3
07-06 16:51:04.749 V/StatusBar.BatteryController( 484): status5batteryHealth 2
07-06 19:50:36.955 W/SignalStrength( 277): getEvdoLevel=0
07-06 16:51:04.749 D/StatusBar.BatteryController( 484): mOldstatus5status 5
07-06 19:50:36.965 W/SignalStrength( 277): getCdmaLevel=3
07-06 16:51:04.749 D/StatusBar.BatteryController( 484): now old status is 5
07-06 19:50:36.965 W/SignalStrength( 277): getLevel=3
07-06 16:51:14.779 V/StatusBar.BatteryController( 484): status5batteryHealth 2
07-06 19:50:36.965 W/SignalStrength( 484): getCdmaLevel=3
07-06 16:51:14.779 D/StatusBar.BatteryController( 484): mOldstatus5status 5
07-06 19:50:36.965 W/SignalStrength( 484): getEvdoLevel=0
07-06 16:51:14.779 D/StatusBar.BatteryController( 484): now old status is 5
07-06 19:50:36.965 W/SignalStrength( 484): getCdmaLevel=3
07-06 16:51:34.819 V/StatusBar.BatteryController( 484): status5batteryHealth 2
07-06 19:50:36.965 W/SignalStrength( 484): getLevel=3
07-06 16:51:34.819 D/StatusBar.BatteryController( 484): mOldstatus5status 5
07-06 19:50:38.345 D/Tethering( 277): interfaceLinkStateChanged wlan0, true
07-06 16:51:34.819 D/StatusBar.BatteryController( 484): now old status is 5
07-06 19:50:38.345 D/Tethering( 277): interfaceStatusChanged wlan0, true
07-06 16:51:44.829 V/StatusBar.BatteryController( 484): status5batteryHealth 2
07-06 19:50:38.505 E/SMD ( 105): DCD OFF
07-06 16:51:44.829 D/StatusBar.BatteryController( 484): mOldstatus5status 5
07-06 19:50:41.505 E/SMD ( 105): DCD OFF
07-06 16:51:44.829 D/StatusBar.BatteryController( 484): now old status is 5
07-06 19:50:43.965 W/SignalStrength( 277): getCdmaLevel=2
07-06 16:52:04.869 V/StatusBar.BatteryController( 484): status5batteryHealth 2
07-06 19:50:43.965 W/SignalStrength( 277): getEvdoLevel=0
07-06 16:52:04.869 D/StatusBar.BatteryController( 484): mOldstatus5status 5
07-06 19:50:43.965 W/SignalStrength( 277): getCdmaLevel=2
07-06 16:52:04.869 D/StatusBar.BatteryController( 484): now old status is 5
07-06 19:50:43.965 W/SignalStrength( 277): getLevel=2
07-06 16:52:14.889 V/StatusBar.BatteryController( 484): status5batteryHealth 2
07-06 19:50:43.965 W/SignalStrength( 484): getCdmaLevel=2
07-06 16:52:14.889 D/StatusBar.BatteryController( 484): mOldstatus5status 5
07-06 19:50:43.965 W/SignalStrength( 484): getEvdoLevel=0
07-06 16:52:14.889 D/StatusBar.BatteryController( 484): now old status is 5
07-06 19:50:43.965 W/SignalStrength( 484): getCdmaLevel=2
07-06 16:52:24.909 V/StatusBar.BatteryController( 484): status5batteryHealth 2
07-06 19:50:43.965 W/SignalStrength( 484): getLevel=2
07-06 16:52:24.909 D/StatusBar.BatteryController( 484): mOldstatus5status 5
07-06 19:50:44.515 E/SMD ( 105): DCD OFF
07-06 16:52:24.909 D/StatusBar.BatteryController( 484): now old status is 5
07-06 19:50:44.965 W/SignalStrength( 277): getCdmaLevel=3
07-06 16:52:34.929 V/StatusBar.BatteryController( 484): status5batteryHealth 2
07-06 19:50:44.965 W/SignalStrength( 277): getEvdoLevel=0
07-06 16:52:34.929 D/StatusBar.BatteryController( 484): mOldstatus5status 5
07-06 19:50:44.965 W/SignalStrength( 277): getCdmaLevel=3
07-06 16:52:34.929 D/StatusBar.BatteryController( 484): now old status is 5
07-06 19:50:44.965 W/SignalStrength( 277): getLevel=3
07-06 16:52:41.459 W/ThrottleService( 277): unable to find stats for iface rmnet0
07-06 19:50:44.975 W/SignalStrength( 484): getCdmaLevel=3
07-06 16:52:44.949 V/StatusBar.BatteryController( 484): status5batteryHealth 2
07-06 19:50:44.975 W/SignalStrength( 484): getEvdoLevel=0
07-06 16:52:44.949 D/StatusBar.BatteryController( 484): mOldstatus5status 5
07-06 19:50:44.975 W/SignalStrength( 484): getCdmaLevel=3
07-06 16:52:44.949 D/StatusBar.BatteryController( 484): now old status is 5
07-06 19:50:44.975 W/SignalStrength( 484): getLevel=3
07-06 16:53:35.059 V/StatusBar.BatteryController( 484): status5batteryHealth 2
07-06 19:50:47.515 E/SMD ( 105): DCD OFF
07-06 16:53:35.059 D/StatusBar.BatteryController( 484): mOldstatus5status 5
07-06 19:50:50.515 E/SMD ( 105): DCD OFF
07-06 16:53:35.059 D/StatusBar.BatteryController( 484): now old status is 5
07-06 19:50:51.965 W/SignalStrength( 277): getCdmaLevel=2
07-06 16:53:45.069 V/StatusBar.BatteryController( 484): status5batteryHealth 2
07-06 19:50:51.965 W/SignalStrength( 277): getEvdoLevel=0
07-06 16:53:45.069 D/StatusBar.BatteryController( 484): mOldstatus5status 5
07-06 19:50:51.965 W/SignalStrength( 277): getCdmaLevel=2
07-06 16:53:45.069 D/StatusBar.BatteryController( 484): now old status is 5
07-06 19:50:51.965 W/SignalStrength( 277): getLevel=2
07-06 16:53:55.089 V/StatusBar.BatteryController( 484): status5batteryHealth 2
07-06 19:50:51.965 W/SignalStrength( 484): getCdmaLevel=2
07-06 16:53:55.089 D/StatusBar.BatteryController( 484): mOldstatus5status 5
07-06 19:50:51.965 W/SignalStrength( 484): getEvdoLevel=0
07-06 16:53:55.089 D/StatusBar.BatteryController( 484): now old status is 5
07-06 19:50:51.965 W/SignalStrength( 484): getCdmaLevel=2
07-06 16:55:25.269 V/StatusBar.BatteryController( 484): status5batteryHealth 2
07-06 19:50:51.965 W/SignalStrength( 484): getLevel=2
07-06 16:55:25.269 D/StatusBar.BatteryController( 484): mOldstatus5status 5
07-06 19:50:53.515 E/SMD ( 105): DCD OFF
07-06 19:50:53.665 V/StatusBar.BatteryController( 484): status5batteryHealth 2
07-06 19:50:53.665 D/StatusBar.BatteryController( 484): mOldstatus5status 5
07-06 19:50:53.665 D/StatusBar.BatteryController( 484): now old status is 5
07-06 16:55:25.269 D/StatusBar.BatteryController( 484): now old status is 5
07-06 19:50:55.965 W/SignalStrength( 277): getCdmaLevel=3
07-06 16:55:55.339 V/StatusBar.BatteryController( 484): status5batteryHealth 2
07-06 19:50:55.965 W/SignalStrength( 277): getEvdoLevel=0
07-06 16:55:55.339 D/StatusBar.BatteryController( 484): mOldstatus5status 5
07-06 19:50:55.965 W/SignalStrength( 277): getCdmaLevel=3
07-06 16:55:55.339 D/StatusBar.BatteryController( 484): now old status is 5
07-06 19:50:55.965 W/SignalStrength( 277): getLevel=3
07-06 16:56:05.359 V/StatusBar.BatteryController( 484): status5batteryHealth 2
07-06 19:50:55.975 W/SignalStrength( 484): getCdmaLevel=3
07-06 16:56:05.359 D/StatusBar.BatteryController( 484): mOldstatus5status 5
07-06 19:50:55.975 W/SignalStrength( 484): getEvdoLevel=0
07-06 16:56:05.359 D/StatusBar.BatteryController( 484): now old status is 5
07-06 19:50:55.975 W/SignalStrength( 484): getCdmaLevel=3
07-06 16:56:15.379 V/StatusBar.BatteryController( 484): status5batteryHealth 2
07-06 19:50:55.975 W/SignalStrength( 484): getLevel=3
07-06 16:56:15.379 D/StatusBar.BatteryController( 484): mOldstatus5status 5
07-06 19:50:56.525 E/SMD ( 105): DCD OFF
07-06 16:56:15.379 D/StatusBar.BatteryController( 484): now old status is 5
07-06 19:50:59.525 E/SMD ( 105): DCD OFF
07-06 16:56:25.399 V/StatusBar.BatteryController( 484): status5batteryHealth 2
07-06 19:51:02.525 E/SMD ( 105): DCD OFF
07-06 19:51:03.685 V/StatusBar.BatteryController( 484): status5batteryHealth 2
07-06 19:51:03.685 D/StatusBar.BatteryController( 484): mOldstatus5status 5
07-06 19:51:03.685 D/StatusBar.BatteryController( 484): now old status is 5
07-06 16:56:25.399 D/StatusBar.BatteryController( 484): mOldstatus5status 5
07-06 19:51:05.525 E/SMD ( 105): DCD OFF
07-06 16:56:25.399 D/StatusBar.BatteryController( 484): now old status is 5
07-06 19:51:08.525 E/SMD ( 105): DCD OFF
07-06 16:56:45.439 V/StatusBar.BatteryController( 484): status5batteryHealth 2
07-06 19:51:11.535 E/SMD ( 105): DCD OFF
07-06 16:56:45.439 D/StatusBar.BatteryController( 484): mOldstatus5status 5
07-06 19:51:14.535 E/SMD ( 105): DCD OFF
07-06 16:56:45.439 D/StatusBar.BatteryController( 484): now old status is 5
07-06 19:51:17.535 E/SMD ( 105): DCD OFF
07-06 16:56:55.459 V/StatusBar.BatteryController( 484): status5batteryHealth 2
07-06 19:51:20.535 E/SMD ( 105): DCD OFF
07-06 16:56:55.459 D/StatusBar.BatteryController( 484): mOldstatus5status 5
07-06 19:51:23.545 E/SMD ( 105): DCD OFF
07-06 16:56:55.459 D/StatusBar.BatteryController( 484): now old status is 5
07-06 19:51:24.975 W/SignalStrength( 277): getCdmaLevel=2
07-06 16:57:15.499 V/StatusBar.BatteryController( 484): status5batteryHealth 2
07-06 19:51:24.975 W/SignalStrength( 277): getEvdoLevel=0
07-06 16:57:15.499 D/StatusBar.BatteryController( 484): mOldstatus5status 5
07-06 19:51:24.975 W/SignalStrength( 277): getCdmaLevel=2
07-06 16:57:15.499 D/StatusBar.BatteryController( 484): now old status is 5
07-06 19:51:24.975 W/SignalStrength( 277): getLevel=2
07-06 16:57:25.519 V/StatusBar.BatteryController( 484): status5batteryHealth 2
07-06 19:51:24.985 W/SignalStrength( 484): getCdmaLevel=2
07-06 16:57:25.519 D/StatusBar.BatteryController( 484): mOldstatus5status 5
07-06 19:51:24.985 W/SignalStrength( 484): getEvdoLevel=0
07-06 16:57:25.519 D/StatusBar.BatteryController( 484): now old status is 5
07-06 19:51:24.985 W/SignalStrength( 484): getCdmaLevel=2
07-06 16:57:35.539 V/StatusBar.BatteryController( 484): status5batteryHealth 2
07-06 19:51:24.985 W/SignalStrength( 484): getLevel=2
07-06 16:57:35.539 D/StatusBar.BatteryController( 484): mOldstatus5status 5
07-06 19:51:25.975 W/SignalStrength( 277): getCdmaLevel=3
07-06 16:57:35.539 D/StatusBar.BatteryController( 484): now old status is 5
07-06 19:51:25.975 W/SignalStrength( 277): getEvdoLevel=0
07-06 16:57:45.559 V/StatusBar.BatteryController( 484): status5batteryHealth 2
07-06 19:51:25.975 W/SignalStrength( 277): getCdmaLevel=3
07-06 16:57:45.559 D/StatusBar.BatteryController( 484): mOldstatus5status 5
07-06 19:51:25.975 W/SignalStrength( 277): getLevel=3
07-06 16:57:45.559 D/StatusBar.BatteryController( 484): now old status is 5
07-06 19:51:25.985 W/SignalStrength( 484): getCdmaLevel=3
07-06 16:57:55.579 V/StatusBar.BatteryController( 484): status5batteryHealth 2
07-06 19:51:25.985 W/SignalStrength( 484): getEvdoLevel=0
07-06 16:57:55.579 D/StatusBar.BatteryController( 484): mOldstatus5status 5
07-06 19:51:25.985 W/SignalStrength( 484): getCdmaLevel=3
07-06 16:57:55.579 D/StatusBar.BatteryController( 484): now old status is 5
07-06 19:51:25.985 W/SignalStrength( 484): getLevel=3
07-06 16:58:05.589 V/StatusBar.BatteryController( 484): status5batteryHealth 2
07-06 19:51:26.545 E/SMD ( 105): DCD OFF
07-06 16:58:05.589 D/StatusBar.BatteryController( 484): mOldstatus5status 5
07-06 19:51:29.545 E/SMD ( 105): DCD OFF
07-06 16:58:05.589 D/StatusBar.BatteryController( 484): now old status is 5
07-06 19:51:32.545 E/SMD ( 105): DCD OFF
07-06 16:58:15.619 V/StatusBar.BatteryController( 484): status5batteryHealth 2
07-06 19:51:34.985 W/SignalStrength( 277): getCdmaLevel=2
07-06 16:58:15.619 D/StatusBar.BatteryController( 484): mOldstatus5status 5
07-06 19:51:34.985 W/SignalStrength( 277): getEvdoLevel=0
07-06 16:58:15.619 D/StatusBar.BatteryController( 484): now old status is 5
07-06 19:51:34.985 W/SignalStrength( 277): getCdmaLevel=2
07-06 16:58:45.679 V/StatusBar.BatteryController( 484): status5batteryHealth 2
07-06 19:51:34.985 W/SignalStrength( 277): getLevel=2
07-06 16:58:45.679 D/StatusBar.BatteryController( 484): mOldstatus5status 5
07-06 19:51:34.985 W/SignalStrength( 484): getCdmaLevel=2
07-06 16:58:45.679 D/StatusBar.BatteryController( 484): now old status is 5
07-06 19:51:34.985 W/SignalStrength( 484): getEvdoLevel=0
07-06 16:58:55.699 V/StatusBar.BatteryController( 484): status5batteryHealth 2
07-06 19:51:34.985 W/SignalStrength( 484): getCdmaLevel=2
07-06 16:58:55.699 D/StatusBar.BatteryController( 484): mOldstatus5status 5
07-06 19:51:34.995 W/SignalStrength( 484): getLevel=2
07-06 16:58:55.699 D/StatusBar.BatteryController( 484): now old status is 5
07-06 19:51:35.555 E/SMD ( 105): DCD OFF
07-06 16:59:05.709 V/StatusBar.BatteryController( 484): status5batteryHealth 2
07-06 19:51:35.985 W/SignalStrength( 277): getCdmaLevel=3
07-06 16:59:05.709 D/StatusBar.BatteryController( 484): mOldstatus5status 5
07-06 19:51:35.985 W/SignalStrength( 277): getEvdoLevel=0
07-06 16:59:05.709 D/StatusBar.BatteryController( 484): now old status is 5
07-06 19:51:35.985 W/SignalStrength( 277): getCdmaLevel=3
07-06 16:59:25.759 V/StatusBar.BatteryController( 484): status5batteryHealth 2
07-06 19:51:35.985 W/SignalStrength( 277): getLevel=3
07-06 16:59:25.759 D/StatusBar.BatteryController( 484): mOldstatus5status 5
07-06 19:51:35.995 W/SignalStrength( 484): getCdmaLevel=3
07-06 16:59:25.759 D/StatusBar.BatteryController( 484): now old status is 5
07-06 19:51:35.995 W/SignalStrength( 484): getEvdoLevel=0
07-06 16:59:45.789 V/StatusBar.BatteryController( 484): status5batteryHealth 2
07-06 19:51:35.995 W/SignalStrength( 484): getCdmaLevel=3
07-06 16:59:45.789 D/StatusBar.BatteryController( 484): mOldstatus5status 5
07-06 19:51:35.995 W/SignalStrength( 484): getLevel=3
07-06 16:59:45.789 D/StatusBar.BatteryController( 484): now old status is 5
07-06 19:51:38.555 E/SMD ( 105): DCD OFF
07-06 16:59:55.809 V/StatusBar.BatteryController( 484): status5batteryHealth 2
07-06 19:51:38.775 I/EventLogService( 717): Aggregate from 1404688898661 (log), 1404688898661 (data)
07-06 16:59:55.809 D/StatusBar.BatteryController( 484): mOldstatus5status 5
07-06 19:51:41.555 E/SMD ( 105): DCD OFF
07-06 16:59:55.809 D/StatusBar.BatteryController( 484): now old status is 5
07-06 19:51:44.555 E/SMD ( 105): DCD OFF
07-06 17:00:05.839 V/StatusBar.BatteryController( 484): status5batteryHealth 2
07-06 19:51:45.955 D/Tethering( 277): interfaceLinkStateChanged wlan0, true
07-06 17:00:05.839 D/StatusBar.BatteryController( 484): mOldstatus5status 5
07-06 19:51:45.955 D/Tethering( 277): interfaceStatusChanged wlan0, true
07-06 17:00:05.839 D/StatusBar.BatteryController( 484): now old status is 5
07-06 19:51:47.555 E/SMD ( 105): DCD OFF
07-06 17:00:15.859 V/StatusBar.BatteryController( 484): status5batteryHealth 2
07-06 19:51:50.565 E/SMD ( 105): DCD OFF
07-06 17:00:15.859 D/StatusBar.BatteryController( 484): mOldstatus5status 5
07-06 19:51:50.985 W/SignalStrength( 277): getCdmaLevel=2
07-06 17:00:15.859 D/StatusBar.BatteryController( 484): now old status is 5
07-06 19:51:50.985 W/SignalStrength( 277): getEvdoLevel=0
07-06 17:00:25.879 V/StatusBar.BatteryController( 484): status5batteryHealth 2
07-06 19:51:50.985 W/SignalStrength( 277): getCdmaLevel=2
07-06 17:00:25.879 D/StatusBar.BatteryController( 484): mOldstatus5status 5
07-06 19:51:50.985 W/SignalStrength( 277): getLevel=2
07-06 17:00:25.879 D/StatusBar.BatteryController( 484): now old status is 5
07-06 19:51:50.995 W/SignalStrength( 484): getCdmaLevel=2
07-06 17:00:35.889 V/StatusBar.BatteryController( 484): status5batteryHealth 2
07-06 19:51:50.995 W/SignalStrength( 484): getEvdoLevel=0
07-06 17:00:35.889 D/StatusBar.BatteryController( 484): mOldstatus5status 5
07-06 19:51:50.995 W/SignalStrength( 484): getCdmaLevel=2
07-06 17:00:35.889 D/StatusBar.BatteryController( 484): now old status is 5
07-06 19:51:50.995 W/SignalStrength( 484): getLevel=2
07-06 17:00:55.939 V/StatusBar.BatteryController( 484): status5batteryHealth 2
07-06 19:51:51.985 W/SignalStrength( 277): getCdmaLevel=3
07-06 17:00:55.939 D/StatusBar.BatteryController( 484): mOldstatus5status 5
07-06 19:51:51.985 W/SignalStrength( 277): getEvdoLevel=0
07-06 17:00:55.939 D/StatusBar.BatteryController( 484): now old status is 5
07-06 19:51:51.985 W/SignalStrength( 277): getCdmaLevel=3
07-06 17:01:05.949 V/StatusBar.BatteryController( 484): status5batteryHealth 2
07-06 19:51:51.985 W/SignalStrength( 277): getLevel=3
07-06 17:01:05.949 D/StatusBar.BatteryController( 484): mOldstatus5status 5
07-06 19:51:52.005 W/SignalStrength( 484): getCdmaLevel=3
07-06 17:01:05.949 D/StatusBar.BatteryController( 484): now old status is 5
07-06 19:51:52.005 W/SignalStrength( 484): getEvdoLevel=0
07-06 17:01:36.009 V/StatusBar.BatteryController( 484): status5batteryHealth 2
07-06 19:51:52.015 W/SignalStrength( 484): getCdmaLevel=3
07-06 17:01:36.009 D/StatusBar.BatteryController( 484): mOldstatus5status 5
07-06 19:51:52.015 W/SignalStrength( 484): getLevel=3
07-06 17:01:36.009 D/StatusBar.BatteryController( 484): now old status is 5
07-06 19:51:53.565 E/SMD ( 105): DCD OFF
07-06 19:51:53.785 V/StatusBar.BatteryController( 484): status5batteryHealth 2
07-06 19:51:53.785 D/StatusBar.BatteryController( 484): mOldstatus5status 5
07-06 19:51:53.785 D/StatusBar.BatteryController( 484): now old status is 5
07-06 17:01:46.039 V/StatusBar.BatteryController( 484): status5batteryHealth 2
07-06 19:51:56.565 E/SMD ( 105): DCD OFF
07-06 17:01:46.039 D/StatusBar.BatteryController( 484): mOldstatus5status 5
07-06 19:51:59.565 E/SMD ( 105): DCD OFF
07-06 17:01:46.039 D/StatusBar.BatteryController( 484): now old status is 5
07-06 19:52:00.995 W/SignalStrength( 277): getCdmaLevel=2
07-06 17:01:56.049 V/StatusBar.BatteryController( 484): status5batteryHealth 2
07-06 19:52:00.995 W/SignalStrength( 277): getEvdoLevel=0
07-06 17:01:56.049 D/StatusBar.BatteryController( 484): mOldstatus5status 5
07-06 19:52:00.995 W/SignalStrength( 277): getCdmaLevel=2
07-06 17:01:56.049 D/StatusBar.BatteryController( 484): now old status is 5
07-06 19:52:00.995 W/SignalStrength( 277): getLevel=2
07-06 17:02:16.099 V/StatusBar.BatteryController( 484): status5batteryHealth 2
07-06 19:52:01.005 W/SignalStrength( 484): getCdmaLevel=2
07-06 17:02:16.099 D/StatusBar.BatteryController( 484): mOldstatus5status 5
07-06 19:52:01.015 W/SignalStrength( 484): getEvdoLevel=0
07-06 17:02:16.099 D/StatusBar.BatteryController( 484): now old status is 5
07-06 19:52:01.015 W/SignalStrength( 484): getCdmaLevel=2
07-06 17:02:41.469 W/ThrottleService( 277): unable to find stats for iface rmnet0
07-06 19:52:01.015 W/SignalStrength( 484): getLevel=2
07-06 17:03:46.279 V/StatusBar.BatteryController( 484): status5batteryHealth 2
07-06 19:52:02.575 E/SMD ( 105): DCD OFF
07-06 19:52:03.805 V/StatusBar.BatteryController( 484): status5batteryHealth 2
07-06 19:52:03.805 D/StatusBar.BatteryController( 484): mOldstatus5status 5
07-06 19:52:03.805 D/StatusBar.BatteryController( 484): now old status is 5
07-06 17:03:46.279 D/StatusBar.BatteryController( 484): mOldstatus5status 5
07-06 19:52:05.575 E/SMD ( 105): DCD OFF
07-06 17:03:46.279 D/StatusBar.BatteryController( 484): now old status is 5
07-06 19:52:08.575 E/SMD ( 105): DCD OFF
07-06 17:03:56.299 V/StatusBar.BatteryController( 484): status5batteryHealth 2
07-06 19:52:11.575 E/SMD ( 105): DCD OFF
07-06 19:52:13.825 V/StatusBar.BatteryController( 484): status5batteryHealth 2
07-06 19:52:13.825 D/StatusBar.BatteryController( 484): mOldstatus5status 5
07-06 19:52:13.835 D/StatusBar.BatteryController( 484): now old status is 5
07-06 17:03:56.299 D/StatusBar.BatteryController( 484): mOldstatus5status 5
07-06 19:52:14.585 E/SMD ( 105): DCD OFF
07-06 17:03:56.299 D/StatusBar.BatteryController( 484): now old status is 5
07-06 19:52:17.585 E/SMD ( 105): DCD OFF
07-06 17:04:16.339 V/StatusBar.BatteryController( 484): status5batteryHealth 2
07-06 19:52:20.585 E/SMD ( 105): DCD OFF
07-06 17:04:16.339 D/StatusBar.BatteryController( 484): mOldstatus5status 5
07-06 19:52:23.585 E/SMD ( 105): DCD OFF
07-06 19:52:23.845 V/StatusBar.BatteryController( 484): status5batteryHealth 2
07-06 19:52:23.845 D/StatusBar.BatteryController( 484): mOldstatus5status 5
07-06 19:52:23.845 D/StatusBar.BatteryController( 484): now old status is 5
07-06 17:04:16.339 D/StatusBar.BatteryController( 484): now old status is 5
07-06 19:52:26.595 E/SMD ( 105): DCD OFF
07-06 17:04:26.359 V/StatusBar.BatteryController( 484): status5batteryHealth 2
07-06 19:52:28.005 W/SignalStrength( 277): getCdmaLevel=3
07-06 17:04:26.359 D/StatusBar.BatteryController( 484): mOldstatus5status 5
07-06 19:52:28.005 W/SignalStrength( 277): getEvdoLevel=0
07-06 17:04:26.359 D/StatusBar.BatteryController( 484): now old status is 5
07-06 19:52:28.005 W/SignalStrength( 277): getCdmaLevel=3
07-06 17:04:36.369 V/StatusBar.BatteryController( 484): status5batteryHealth 2
07-06 19:52:28.005 W/SignalStrength( 277): getLevel=3
07-06 17:04:36.369 D/StatusBar.BatteryController( 484): mOldstatus5status 5
07-06 19:52:28.005 W/SignalStrength( 484): getCdmaLevel=3
07-06 17:04:36.379 D/StatusBar.BatteryController( 484): now old status is 5
07-06 19:52:28.005 W/SignalStrength( 484): getEvdoLevel=0
07-06 17:04:46.389 V/StatusBar.BatteryController( 484): status5batteryHealth 2
07-06 19:52:28.005 W/SignalStrength( 484): getCdmaLevel=3
07-06 17:04:46.389 D/StatusBar.BatteryController( 484): mOldstatus5status 5
07-06 19:52:28.005 W/SignalStrength( 484): getLevel=3
07-06 17:04:46.399 D/StatusBar.BatteryController( 484): now old status is 5
07-06 19:52:29.595 E/SMD ( 105): DCD OFF
07-06 17:05:16.449 V/StatusBar.BatteryController( 484): status5batteryHealth 2
07-06 19:52:32.595 E/SMD ( 105): DCD OFF
07-06 17:05:16.449 D/StatusBar.BatteryController( 484): mOldstatus5status 5
07-06 19:52:35.005 W/SignalStrength( 277): getCdmaLevel=2
07-06 17:05:16.449 D/StatusBar.BatteryController( 484): now old status is 5
07-06 19:52:35.005 W/SignalStrength( 277): getEvdoLevel=0
07-06 17:05:26.479 V/StatusBar.BatteryController( 484): status5batteryHealth 2
07-06 19:52:35.005 W/SignalStrength( 277): getCdmaLevel=2
07-06 17:05:26.479 D/StatusBar.BatteryController( 484): mOldstatus5status 5
07-06 19:52:35.005 W/SignalStrength( 277): getLevel=2
07-06 17:05:26.479 D/StatusBar.BatteryController( 484): now old status is 5
07-06 19:52:35.005 W/SignalStrength( 484): getCdmaLevel=2
07-06 17:05:46.519 V/StatusBar.BatteryController( 484): status5batteryHealth 2
07-06 19:52:35.005 W/SignalStrength( 484): getEvdoLevel=0
07-06 17:05:46.519 D/StatusBar.BatteryController( 484): mOldstatus5status 5
07-06 19:52:35.005 W/SignalStrength( 484): getCdmaLevel=2
07-06 17:05:46.519 D/StatusBar.BatteryController( 484): now old status is 5
07-06 19:52:35.005 W/SignalStrength( 484): getLevel=2
07-06 17:06:56.659 V/StatusBar.BatteryController( 484): status5batteryHealth 2
07-06 19:52:35.595 E/SMD ( 105): DCD OFF
07-06 17:06:56.659 D/StatusBar.BatteryController( 484): mOldstatus5status 5
07-06 19:52:38.595 E/SMD ( 105): DCD OFF
07-06 17:06:56.659 D/StatusBar.BatteryController( 484): now old status is 5
07-06 19:52:41.605 E/SMD ( 105): DCD OFF
07-06 19:52:42.615 W/ThrottleService( 277): unable to find stats for iface rmnet0
07-06 19:52:43.885 V/StatusBar.BatteryController( 484): status5batteryHealth 2
07-06 19:52:43.895 D/StatusBar.BatteryController( 484): mOldstatus5status 5
07-06 19:52:43.895 D/StatusBar.BatteryController( 484): now old status is 5
07-06 17:07:06.669 V/StatusBar.BatteryController( 484): status5batteryHealth 2
07-06 19:52:44.605 E/SMD ( 105): DCD OFF
07-06 17:07:06.669 D/StatusBar.BatteryController( 484): mOldstatus5status 5
07-06 19:52:47.605 E/SMD ( 105): DCD OFF
07-06 17:07:06.669 D/StatusBar.BatteryController( 484): now old status is 5
07-06 19:52:50.605 E/SMD ( 105): DCD OFF
07-06 17:07:26.709 V/StatusBar.BatteryController( 484): status5batteryHealth 2
07-06 19:52:53.615 E/SMD ( 105): DCD OFF
07-06 19:52:53.905 V/StatusBar.BatteryController( 484): status5batteryHealth 2
07-06 19:52:53.905 D/StatusBar.BatteryController( 484): mOldstatus5status 5
07-06 19:52:53.905 D/StatusBar.BatteryController( 484): now old status is 5
07-06 17:07:26.709 D/StatusBar.BatteryController( 484): mOldstatus5status 5
07-06 19:52:56.615 E/SMD ( 105): DCD OFF
07-06 17:07:26.709 D/StatusBar.BatteryController( 484): now old status is 5
07-06 19:52:59.615 E/SMD ( 105): DCD OFF
07-06 17:07:36.729 V/StatusBar.BatteryController( 484): status5batteryHealth 2
07-06 19:53:02.615 E/SMD ( 105): DCD OFF
07-06 17:07:36.729 D/StatusBar.BatteryController( 484): mOldstatus5status 5
07-06 19:53:05.625 E/SMD ( 105): DCD OFF
07-06 17:07:36.729 D/StatusBar.BatteryController( 484): now old status is 5
07-06 19:53:08.625 E/SMD ( 105): DCD OFF
07-06 17:07:46.749 V/StatusBar.BatteryController( 484): status5batteryHealth 2
07-06 19:53:11.625 E/SMD ( 105): DCD OFF
07-06 17:07:46.749 D/StatusBar.BatteryController( 484): mOldstatus5status 5
07-06 19:53:14.625 E/SMD ( 105): DCD OFF
07-06 17:07:46.749 D/StatusBar.BatteryController( 484): now old status is 5
07-06 19:53:17.625 E/SMD ( 105): DCD OFF
07-06 17:08:06.789 V/StatusBar.BatteryController( 484): status5batteryHealth 2
07-06 19:53:20.635 E/SMD ( 105): DCD OFF
07-06 17:08:06.789 D/StatusBar.BatteryController( 484): mOldstatus5status 5
07-06 19:53:23.635 E/SMD ( 105): DCD OFF
07-06 19:53:23.965 V/StatusBar.BatteryController( 484): status5batteryHealth 2
07-06 19:53:23.965 D/StatusBar.BatteryController( 484): mOldstatus5status 5
07-06 19:53:23.965 D/StatusBar.BatteryController( 484): now old status is 5
07-06 17:08:06.789 D/StatusBar.BatteryController( 484): now old status is 5
07-06 19:53:26.635 E/SMD ( 105): DCD OFF
07-06 17:08:36.849 V/StatusBar.BatteryController( 484): status5batteryHealth 2
07-06 19:53:29.635 E/SMD ( 105): DCD OFF
07-06 17:08:36.849 D/StatusBar.BatteryController( 484): mOldstatus5status 5
07-06 19:53:31.925 D/SensorManager( 754): registerListener :: handle = 0 name= BOSCH 3-axis Accelerometer delay= 10000 Listener= kvo@413dac50
07-06 17:08:36.849 D/StatusBar.BatteryController( 484): now old status is 5
07-06 19:53:31.925 E/SensorManager( 754): thread start
07-06 17:08:46.869 V/StatusBar.BatteryController( 484): status5batteryHealth 2
07-06 19:53:31.925 E/SensorManager( 754): =======>>>Sensor Thread RUNNING <<<========
07-06 17:08:46.869 D/StatusBar.BatteryController( 484): mOldstatus5status 5
07-06 19:53:32.635 I/SensorManager( 754): Set normal delay = true
07-06 17:08:46.869 D/StatusBar.BatteryController( 484): now old status is 5
07-06 19:53:32.645 E/SMD ( 105): DCD OFF
07-06 17:08:56.889 V/StatusBar.BatteryController( 484): status5batteryHealth 2
07-06 19:53:32.715 D/SensorManager( 754): unregisterListener:: disable all sensors for this listener, name = BOSCH 3-axis Accelerometer listener = kvo@413dac50
07-06 19:53:33.985 V/StatusBar.BatteryController( 484): status5batteryHealth 2
07-06 19:53:33.985 D/StatusBar.BatteryController( 484): mOldstatus5status 5
07-06 19:53:33.995 D/StatusBar.BatteryController( 484): now old status is 5
07-06 17:08:56.889 D/StatusBar.BatteryController( 484): mOldstatus5status 5
07-06 19:53:35.645 E/SMD ( 105): DCD OFF
07-06 17:08:56.889 D/StatusBar.BatteryController( 484): now old status is 5
07-06 19:53:38.645 E/SMD ( 105): DCD OFF
07-06 17:09:16.939 V/StatusBar.BatteryController( 484): status5batteryHealth 2
07-06 19:53:41.645 E/SMD ( 105): DCD OFF
07-06 19:53:44.015 V/StatusBar.BatteryController( 484): status5batteryHealth 2
07-06 19:53:44.015 D/StatusBar.BatteryController( 484): mOldstatus5status 5
07-06 19:53:44.015 D/StatusBar.BatteryController( 484): now old status is 5
07-06 17:09:16.939 D/StatusBar.BatteryController( 484): mOldstatus5status 5
07-06 19:53:44.645 E/SMD ( 105): DCD OFF
07-06 17:09:16.939 D/StatusBar.BatteryController( 484): now old status is 5
07-06 19:53:47.655 E/SMD ( 105): DCD OFF
07-06 17:09:26.959 V/StatusBar.BatteryController( 484): status5batteryHealth 2
07-06 19:53:50.655 E/SMD ( 105): DCD OFF
07-06 17:09:26.959 D/StatusBar.BatteryController( 484): mOldstatus5status 5
07-06 19:53:53.655 E/SMD ( 105): DCD OFF
07-06 17:09:26.959 D/StatusBar.BatteryController( 484): now old status is 5
07-06 19:53:56.655 E/SMD ( 105): DCD OFF
07-06 17:10:07.029 V/StatusBar.BatteryController( 484): status5batteryHealth 2
07-06 19:53:59.665 E/SMD ( 105): DCD OFF
07-06 17:10:07.029 D/StatusBar.BatteryController( 484): mOldstatus5status 5
07-06 19:54:02.665 E/SMD ( 105): DCD OFF
07-06 17:10:07.029 D/StatusBar.BatteryController( 484): now old status is 5
07-06 19:54:05.665 E/SMD ( 105): DCD OFF
07-06 17:10:17.059 V/StatusBar.BatteryController( 484): status5batteryHealth 2
07-06 19:54:08.665 E/SMD ( 105): DCD OFF
07-06 17:10:17.059 D/StatusBar.BatteryController( 484): mOldstatus5status 5
07-06 19:54:11.675 E/SMD ( 105): DCD OFF
07-06 17:10:17.059 D/StatusBar.BatteryController( 484): now old status is 5
07-06 19:54:14.675 E/SMD ( 105): DCD OFF
07-06 17:10:37.099 V/StatusBar.BatteryController( 484): status5batteryHealth 2
07-06 19:54:17.675 E/SMD ( 105): DCD OFF
07-06 17:10:37.099 D/StatusBar.BatteryController( 484): mOldstatus5status 5
07-06 19:54:20.675 E/SMD ( 105): DCD OFF
07-06 17:10:37.099 D/StatusBar.BatteryController( 484): now old status is 5
07-06 19:54:23.685 E/SMD ( 105): DCD OFF
07-06 19:54:24.085 V/StatusBar.BatteryController( 484): status5batteryHealth 2
07-06 19:54:24.085 D/StatusBar.BatteryController( 484): mOldstatus5status 5
07-06 19:54:24.085 D/StatusBar.BatteryController( 484): now old status is 5
07-06 17:10:47.119 V/StatusBar.BatteryController( 484): status5batteryHealth 2
07-06 19:54:26.685 E/SMD ( 105): DCD OFF
07-06 17:10:47.119 D/StatusBar.BatteryController( 484): mOldstatus5status 5
07-06 19:54:29.685 E/SMD ( 105): DCD OFF
07-06 17:10:47.119 D/StatusBar.BatteryController( 484): now old status is 5
07-06 19:54:32.685 E/SMD ( 105): DCD OFF
07-06 17:11:07.159 V/StatusBar.BatteryController( 484): status5batteryHealth 2
07-06 19:54:35.685 E/SMD ( 105): DCD OFF
07-06 17:11:07.159 D/StatusBar.BatteryController( 484): mOldstatus5status 5
07-06 19:54:38.695 E/SMD ( 105): DCD OFF
07-06 17:11:07.159 D/StatusBar.BatteryController( 484): now old status is 5
07-06 19:54:41.695 E/SMD ( 105): DCD OFF
07-06 19:54:44.125 V/StatusBar.BatteryController( 484): status5batteryHealth 2
07-06 19:54:44.125 D/StatusBar.BatteryController( 484): mOldstatus5status 5
07-06 19:54:44.125 D/StatusBar.BatteryController( 484): now old status is 5
07-06 17:11:17.179 V/StatusBar.BatteryController( 484): status5batteryHealth 2
07-06 19:54:44.695 E/SMD ( 105): DCD OFF
07-06 17:11:17.179 D/StatusBar.BatteryController( 484): mOldstatus5status 5
07-06 19:54:47.695 E/SMD ( 105): DCD OFF
07-06 17:11:17.179 D/StatusBar.BatteryController( 484): now old status is 5
07-06 19:54:50.705 E/SMD ( 105): DCD OFF
07-06 17:11:27.199 V/StatusBar.BatteryController( 484): status5batteryHealth 2
07-06 19:54:53.705 E/SMD ( 105): DCD OFF
07-06 17:11:27.199 D/StatusBar.BatteryController( 484): mOldstatus5status 5
07-06 19:54:56.705 E/SMD ( 105): DCD OFF
07-06 17:11:27.199 D/StatusBar.BatteryController( 484): now old status is 5
07-06 19:54:59.705 E/SMD ( 105): DCD OFF
07-06 17:11:37.219 V/StatusBar.BatteryController( 484): status5batteryHealth 2
07-06 19:55:02.715 E/SMD ( 105): DCD OFF
07-06 17:11:37.219 D/StatusBar.BatteryController( 484): mOldstatus5status 5
07-06 19:55:05.715 E/SMD ( 105): DCD OFF
07-06 17:11:37.219 D/StatusBar.BatteryController( 484): now old status is 5
07-06 19:55:08.715 E/SMD ( 105): DCD OFF
07-06 17:11:57.259 V/StatusBar.BatteryController( 484): status5batteryHealth 2
07-06 19:55:11.715 E/SMD ( 105): DCD OFF
07-06 19:55:14.205 V/StatusBar.BatteryController( 484): status5batteryHealth 2
07-06 19:55:14.205 D/StatusBar.BatteryController( 484): mOldstatus5status 5
07-06 19:55:14.205 D/StatusBar.BatteryController( 484): now old status is 5
07-06 17:11:57.259 D/StatusBar.BatteryController( 484): mOldstatus5status 5
07-06 19:55:14.715 E/SMD ( 105): DCD OFF
07-06 17:11:57.259 D/StatusBar.BatteryController( 484): now old status is 5
07-06 19:55:17.725 E/SMD ( 105): DCD OFF
07-06 17:12:07.269 V/StatusBar.BatteryController( 484): status5batteryHealth 2
07-06 19:55:20.725 E/SMD ( 105): DCD OFF
07-06 17:12:07.269 D/StatusBar.BatteryController( 484): mOldstatus5status 5
07-06 19:55:23.725 E/SMD ( 105): DCD OFF
07-06 19:55:24.205 V/StatusBar.BatteryController( 484): status5batteryHealth 2
07-06 19:55:24.205 D/StatusBar.BatteryController( 484): mOldstatus5status 5
07-06 19:55:24.205 D/StatusBar.BatteryController( 484): now old status is 5
07-06 17:12:07.269 D/StatusBar.BatteryController( 484): now old status is 5
07-06 19:55:26.725 E/SMD ( 105): DCD OFF
07-06 17:12:27.329 V/StatusBar.BatteryController( 484): status5batteryHealth 2
07-06 19:55:29.735 E/SMD ( 105): DCD OFF
07-06 17:12:27.329 D/StatusBar.BatteryController( 484): mOldstatus5status 5
07-06 19:55:32.735 E/SMD ( 105): DCD OFF
07-06 17:12:27.329 D/StatusBar.BatteryController( 484): now old status is 5
07-06 19:55:35.735 E/SMD ( 105): DCD OFF
07-06 17:12:37.329 V/StatusBar.BatteryController( 484): status5batteryHealth 2
07-06 19:55:38.735 E/SMD ( 105): DCD OFF
07-06 17:12:37.329 D/StatusBar.BatteryController( 484): mOldstatus5status 5
07-06 19:55:41.745 E/SMD ( 105): DCD OFF
07-06 17:12:37.329 D/StatusBar.BatteryController( 484): now old status is 5
07-06 19:55:44.745 E/SMD ( 105): DCD OFF
07-06 17:12:41.469 W/ThrottleService( 277): unable to find stats for iface rmnet0
07-06 19:55:47.745 E/SMD ( 105): DCD OFF
07-06 17:12:47.349 V/StatusBar.BatteryController( 484): status5batteryHealth 2
07-06 19:55:50.745 E/SMD ( 105): DCD OFF
07-06 17:12:47.349 D/StatusBar.BatteryController( 484): mOldstatus5status 5
07-06 19:55:53.755 E/SMD ( 105): DCD OFF
07-06 19:55:54.265 V/StatusBar.BatteryController( 484): status5batteryHealth 2
07-06 19:55:54.265 D/StatusBar.BatteryController( 484): mOldstatus5status 5
07-06 19:55:54.265 D/StatusBar.BatteryController( 484): now old status is 5
07-06 17:12:47.349 D/StatusBar.BatteryController( 484): now old status is 5
07-06 19:55:56.755 E/SMD ( 105): DCD OFF
07-06 17:13:37.449 V/StatusBar.BatteryController( 484): status5batteryHealth 2
07-06 19:55:59.755 E/SMD ( 105): DCD OFF
07-06 17:13:37.449 D/StatusBar.BatteryController( 484): mOldstatus5status 5
07-06 19:56:02.755 E/SMD ( 105): DCD OFF
07-06 17:13:37.449 D/StatusBar.BatteryController( 484): now old status is 5
07-06 19:56:05.755 E/SMD ( 105): DCD OFF
07-06 17:13:47.469 V/StatusBar.BatteryController( 484): status5batteryHealth 2
07-06 19:56:08.085 W/SignalStrength( 277): getCdmaLevel=3
07-06 17:13:47.469 D/StatusBar.BatteryController( 484): mOldstatus5status 5
07-06 19:56:08.085 W/SignalStrength( 277): getEvdoLevel=0
07-06 17:13:47.469 D/StatusBar.BatteryController( 484): now old status is 5
07-06 19:56:08.085 W/SignalStrength( 277): getCdmaLevel=3
07-06 17:13:57.489 V/StatusBar.BatteryController( 484): status5batteryHealth 2
07-06 19:56:08.085 W/SignalStrength( 277): getLevel=3
07-06 17:13:57.489 D/StatusBar.BatteryController( 484): mOldstatus5status 5
07-06 19:56:08.085 W/SignalStrength( 484): getCdmaLevel=3
07-06 17:13:57.489 D/StatusBar.BatteryController( 484): now old status is 5
07-06 19:56:08.085 W/SignalStrength( 484): getEvdoLevel=0
07-06 17:14:07.509 V/StatusBar.BatteryController( 484): status5batteryHealth 2
07-06 19:56:08.085 W/SignalStrength( 484): getCdmaLevel=3
07-06 17:14:07.509 D/StatusBar.BatteryController( 484): mOldstatus5status 5
07-06 19:56:08.085 W/SignalStrength( 484): getLevel=3
07-06 17:14:07.509 D/StatusBar.BatteryController( 484): now old status is 5
07-06 19:56:08.765 E/SMD ( 105): DCD OFF
07-06 17:14:27.549 V/StatusBar.BatteryController( 484): status5batteryHealth 2
07-06 19:56:11.765 E/SMD ( 105): DCD OFF
07-06 19:56:14.305 V/StatusBar.BatteryController( 484): status5batteryHealth 2
07-06 19:56:14.305 D/StatusBar.BatteryController( 484): mOldstatus5status 5
07-06 19:56:14.305 D/StatusBar.BatteryController( 484): now old status is 5
07-06 17:14:27.549 D/StatusBar.BatteryController( 484): mOldstatus5status 5
07-06 19:56:14.765 E/SMD ( 105): DCD OFF
07-06 17:14:27.549 D/StatusBar.BatteryController( 484): now old status is 5
07-06 19:56:17.085 W/SignalStrength( 277): getCdmaLevel=2
07-06 17:14:37.569 V/StatusBar.BatteryController( 484): status5batteryHealth 2
07-06 19:56:17.085 W/SignalStrength( 277): getEvdoLevel=0
07-06 17:14:37.569 D/StatusBar.BatteryController( 484): mOldstatus5status 5
07-06 19:56:17.085 W/SignalStrength( 277): getCdmaLevel=2
07-06 17:14:37.569 D/StatusBar.BatteryController( 484): now old status is 5
07-06 19:56:17.085 W/SignalStrength( 277): getLevel=2
07-06 17:14:47.589 V/StatusBar.BatteryController( 484): status5batteryHealth 2
07-06 19:56:17.095 W/SignalStrength( 484): getCdmaLevel=2
07-06 17:14:47.589 D/StatusBar.BatteryController( 484): mOldstatus5status 5
07-06 19:56:17.095 W/SignalStrength( 484): getEvdoLevel=0
07-06 17:14:47.589 D/StatusBar.BatteryController( 484): now old status is 5
07-06 19:56:17.095 W/SignalStrength( 484): getCdmaLevel=2
07-06 17:14:57.609 V/StatusBar.BatteryController( 484): status5batteryHealth 2
07-06 19:56:17.095 W/SignalStrength( 484): getLevel=2
07-06 17:14:57.609 D/StatusBar.BatteryController( 484): mOldstatus5status 5
07-06 19:56:17.765 E/SMD ( 105): DCD OFF
07-06 17:14:57.609 D/StatusBar.BatteryController( 484): now old status is 5
07-06 19:56:20.775 E/SMD ( 105): DCD OFF
07-06 17:15:07.629 V/StatusBar.BatteryController( 484): status5batteryHealth 2
07-06 19:56:23.775 E/SMD ( 105): DCD OFF
07-06 19:56:24.325 V/StatusBar.BatteryController( 484): status5batteryHealth 2
07-06 19:56:24.325 D/StatusBar.BatteryController( 484): mOldstatus5status 5
07-06 19:56:24.325 D/StatusBar.BatteryController( 484): now old status is 5
07-06 17:15:07.629 D/StatusBar.BatteryController( 484): mOldstatus5status 5
07-06 19:56:26.775 E/SMD ( 105): DCD OFF
07-06 17:15:07.629 D/StatusBar.BatteryController( 484): now old status is 5
07-06 19:56:29.775 E/SMD ( 105): DCD OFF
07-06 17:15:17.649 V/StatusBar.BatteryController( 484): status5batteryHealth 2
07-06 19:56:30.885 D/SensorManager( 754): registerListener :: handle = 0 name= BOSCH 3-axis Accelerometer delay= 10000 Listener= kvo@411e3b48
07-06 17:15:17.649 D/StatusBar.BatteryController( 484): mOldstatus5status 5
07-06 19:56:30.885 E/SensorManager( 754): thread start
07-06 17:15:17.649 D/StatusBar.BatteryController( 484): now old status is 5
07-06 19:56:30.885 E/SensorManager( 754): =======>>>Sensor Thread RUNNING <<<========
07-06 17:15:47.719 V/StatusBar.BatteryController( 484): status5batteryHealth 2
07-06 19:56:31.585 I/SensorManager( 754): Set normal delay = true
07-06 17:15:47.719 D/StatusBar.BatteryController( 484): mOldstatus5status 5
07-06 19:56:31.665 D/SensorManager( 754): unregisterListener:: disable all sensors for this listener, name = BOSCH 3-axis Accelerometer listener = kvo@411e3b48
07-06 17:15:47.719 D/StatusBar.BatteryController( 484): now old status is 5
07-06 19:56:32.785 E/SMD ( 105): DCD OFF
07-06 19:56:34.345 V/StatusBar.BatteryController( 484): status5batteryHealth 2
07-06 19:56:34.345 D/StatusBar.BatteryController( 484): mOldstatus5status 5
07-06 19:56:34.345 D/StatusBar.BatteryController( 484): now old status is 5
07-06 17:15:57.729 V/StatusBar.BatteryController( 484): status5batteryHealth 2
07-06 19:56:35.785 E/SMD ( 105): DCD OFF
07-06 17:15:57.729 D/StatusBar.BatteryController( 484): mOldstatus5status 5
07-06 19:56:38.785 E/SMD ( 105): DCD OFF
07-06 17:15:57.729 D/StatusBar.BatteryController( 484): now old status is 5
07-06 19:56:41.785 E/SMD ( 105): DCD OFF
07-06 19:56:44.365 V/StatusBar.BatteryController( 484): status5batteryHealth 2
07-06 19:56:44.365 D/StatusBar.BatteryController( 484): mOldstatus5status 5
07-06 19:56:44.365 D/StatusBar.BatteryController( 484): now old status is 5
07-06 17:16:07.749 V/StatusBar.BatteryController( 484): status5batteryHealth 2
07-06 19:56:44.795 E/SMD ( 105): DCD OFF
07-06 17:16:07.749 D/StatusBar.BatteryController( 484): mOldstatus5status 5
07-06 19:56:47.795 E/SMD ( 105): DCD OFF
07-06 17:16:07.749 D/StatusBar.BatteryController( 484): now old status is 5
07-06 19:56:50.795 E/SMD ( 105): DCD OFF
07-06 17:16:17.779 V/StatusBar.BatteryController( 484): status5batteryHealth 2
07-06 19:56:53.795 E/SMD ( 105): DCD OFF
07-06 19:56:54.385 V/StatusBar.BatteryController( 484): status5batteryHealth 2
07-06 19:56:54.385 D/StatusBar.BatteryController( 484): mOldstatus5status 5
07-06 19:56:54.385 D/StatusBar.BatteryController( 484): now old status is 5
07-06 17:16:17.779 D/StatusBar.BatteryController( 484): mOldstatus5status 5
07-06 19:56:56.795 E/SMD ( 105): DCD OFF
07-06 17:16:17.779 D/StatusBar.BatteryController( 484): now old status is 5
07-06 19:56:59.805 E/SMD ( 105): DCD OFF
07-06 17:16:27.789 V/StatusBar.BatteryController( 484): status5batteryHealth 2
07-06 19:57:02.805 E/SMD ( 105): DCD OFF
07-06 19:57:04.405 V/StatusBar.BatteryController( 484): status5batteryHealth 2
07-06 19:57:04.405 D/StatusBar.BatteryController( 484): mOldstatus5status 5
07-06 19:57:04.405 D/StatusBar.BatteryController( 484): now old status is 5
07-06 17:16:27.789 D/StatusBar.BatteryController( 484): mOldstatus5status 5
07-06 19:57:05.805 E/SMD ( 105): DCD OFF
07-06 17:16:27.789 D/StatusBar.BatteryController( 484): now old status is 5
07-06 19:57:08.805 E/SMD ( 105): DCD OFF
07-06 17:16:37.809 V/StatusBar.BatteryController( 484): status5batteryHealth 2
07-06 19:57:11.815 E/SMD ( 105): DCD OFF
07-06 19:57:14.425 V/StatusBar.BatteryController( 484): status5batteryHealth 2
07-06 19:57:14.425 D/StatusBar.BatteryController( 484): mOldstatus5status 5
07-06 19:57:14.425 D/StatusBar.BatteryController( 484): now old status is 5
07-06 17:16:37.809 D/StatusBar.BatteryController( 484): mOldstatus5status 5
07-06 19:57:14.815 E/SMD ( 105): DCD OFF
07-06 17:16:37.809 D/StatusBar.BatteryController( 484): now old status is 5
07-06 19:57:17.815 E/SMD ( 105): DCD OFF
07-06 17:16:47.829 V/StatusBar.BatteryController( 484): status5batteryHealth 2
07-06 19:57:20.815 E/SMD ( 105): DCD OFF
07-06 17:16:47.829 D/StatusBar.BatteryController( 484): mOldstatus5status 5
07-06 19:57:23.815 E/SMD ( 105): DCD OFF
07-06 19:57:24.445 V/StatusBar.BatteryController( 484): status5batteryHealth 2
07-06 19:57:24.445 D/StatusBar.BatteryController( 484): mOldstatus5status 5
07-06 19:57:24.445 D/StatusBar.BatteryController( 484): now old status is 5
07-06 17:16:47.829 D/StatusBar.BatteryController( 484): now old status is 5
07-06 19:57:26.825 E/SMD ( 105): DCD OFF
07-06 17:16:57.849 V/StatusBar.BatteryController( 484): status5batteryHealth 2
07-06 19:57:29.825 E/SMD ( 105): DCD OFF
07-06 17:16:57.849 D/StatusBar.BatteryController( 484): mOldstatus5status 5
07-06 19:57:32.835 E/SMD ( 105): DCD OFF
07-06 19:57:34.465 V/StatusBar.BatteryController( 484): status5batteryHealth 2
07-06 19:57:34.465 D/StatusBar.BatteryController( 484): mOldstatus5status 5
07-06 19:57:34.465 D/StatusBar.BatteryController( 484): now old status is 5
07-06 17:16:57.849 D/StatusBar.BatteryController( 484): now old status is 5
07-06 19:57:35.835 E/SMD ( 105): DCD OFF
07-06 17:17:07.869 V/StatusBar.BatteryController( 484): status5batteryHealth 2
07-06 19:57:37.115 W/SignalStrength( 277): getCdmaLevel=3
07-06 17:17:07.869 D/StatusBar.BatteryController( 484): mOldstatus5status 5
07-06 19:57:37.115 W/SignalStrength( 277): getEvdoLevel=0
07-06 17:17:07.869 D/StatusBar.BatteryController( 484): now old status is 5
07-06 19:57:37.115 W/SignalStrength( 277): getCdmaLevel=3
07-06 17:18:07.989 V/StatusBar.BatteryController( 484): status5batteryHealth 2
07-06 19:57:37.115 W/SignalStrength( 277): getLevel=3
07-06 17:18:07.989 D/StatusBar.BatteryController( 484): mOldstatus5status 5
07-06 19:57:37.125 W/SignalStrength( 484): getCdmaLevel=3
07-06 17:18:07.989 D/StatusBar.BatteryController( 484): now old status is 5
07-06 19:57:37.125 W/SignalStrength( 484): getEvdoLevel=0
07-06 17:18:48.069 V/StatusBar.BatteryController( 484): status5batteryHealth 2
07-06 19:57:37.125 W/SignalStrength( 484): getCdmaLevel=3
07-06 17:18:48.069 D/StatusBar.BatteryController( 484): mOldstatus5status 5
07-06 19:57:37.125 W/SignalStrength( 484): getLevel=3
07-06 17:18:48.069 D/StatusBar.BatteryController( 484): now old status is 5
07-06 19:57:38.845 E/SMD ( 105): DCD OFF
07-06 17:18:58.089 V/StatusBar.BatteryController( 484): status5batteryHealth 2
07-06 19:57:41.845 E/SMD ( 105): DCD OFF
07-06 17:18:58.089 D/StatusBar.BatteryController( 484): mOldstatus5status 5
07-06 19:57:44.125 W/SignalStrength( 277): getCdmaLevel=2
07-06 17:18:58.089 D/StatusBar.BatteryController( 484): now old status is 5
07-06 19:57:44.125 W/SignalStrength( 277): getEvdoLevel=0
07-06 17:19:18.129 V/StatusBar.BatteryController( 484): status5batteryHealth 2
07-06 19:57:44.125 W/SignalStrength( 277): getCdmaLevel=2
07-06 17:19:18.129 D/StatusBar.BatteryController( 484): mOldstatus5status 5
07-06 19:57:44.125 W/SignalStrength( 277): getLevel=2
07-06 17:19:18.129 D/StatusBar.BatteryController( 484): now old status is 5
07-06 19:57:44.125 W/SignalStrength( 484): getCdmaLevel=2
07-06 17:19:38.169 V/StatusBar.BatteryController( 484): status5batteryHealth 2
07-06 19:57:44.125 W/SignalStrength( 484): getEvdoLevel=0
07-06 17:19:38.169 D/StatusBar.BatteryController( 484): mOldstatus5status 5
07-06 19:57:44.125 W/SignalStrength( 484): getCdmaLevel=2
07-06 17:19:38.169 D/StatusBar.BatteryController( 484): now old status is 5
07-06 19:57:44.125 W/SignalStrength( 484): getLevel=2
07-06 19:57:44.485 V/StatusBar.BatteryController( 484): status5batteryHealth 2
07-06 19:57:44.485 D/StatusBar.BatteryController( 484): mOldstatus5status 5
07-06 19:57:44.485 D/StatusBar.BatteryController( 484): now old status is 5
07-06 17:19:48.189 V/StatusBar.BatteryController( 484): status5batteryHealth 2
07-06 19:57:44.845 E/SMD ( 105): DCD OFF
07-06 17:19:48.189 D/StatusBar.BatteryController( 484): mOldstatus5status 5
07-06 19:57:47.845 E/SMD ( 105): DCD OFF
07-06 17:19:48.189 D/StatusBar.BatteryController( 484): now old status is 5
07-06 19:57:50.125 W/SignalStrength( 277): getCdmaLevel=3
07-06 17:20:08.229 V/StatusBar.BatteryController( 484): status5batteryHealth 2
07-06 19:57:50.125 W/SignalStrength( 277): getEvdoLevel=0
07-06 17:20:08.229 D/StatusBar.BatteryController( 484): mOldstatus5status 5
07-06 19:57:50.125 W/SignalStrength( 277): getCdmaLevel=3
07-06 17:20:08.229 D/StatusBar.BatteryController( 484): now old status is 5
07-06 19:57:50.125 W/SignalStrength( 277): getLevel=3
07-06 17:20:28.279 V/StatusBar.BatteryController( 484): status5batteryHealth 2
07-06 19:57:50.125 W/SignalStrength( 484): getCdmaLevel=3
07-06 17:20:28.279 D/StatusBar.BatteryController( 484): mOldstatus5status 5
07-06 19:57:50.125 W/SignalStrength( 484): getEvdoLevel=0
07-06 17:20:28.279 D/StatusBar.BatteryController( 484): now old status is 5
07-06 19:57:50.125 W/SignalStrength( 484): getCdmaLevel=3
07-06 17:20:38.289 V/StatusBar.BatteryController( 484): status5batteryHealth 2
07-06 19:57:50.125 W/SignalStrength( 484): getLevel=3
07-06 17:20:38.289 D/StatusBar.BatteryController( 484): mOldstatus5status 5
07-06 19:57:50.855 E/SMD ( 105): DCD OFF
07-06 17:20:38.289 D/StatusBar.BatteryController( 484): now old status is 5
07-06 19:57:53.855 E/SMD ( 105): DCD OFF
07-06 19:57:54.505 V/StatusBar.BatteryController( 484): status5batteryHealth 2
07-06 19:57:54.505 D/StatusBar.BatteryController( 484): mOldstatus5status 5
07-06 19:57:54.505 D/StatusBar.BatteryController( 484): now old status is 5
07-06 17:20:48.309 V/StatusBar.BatteryController( 484): status5batteryHealth 2
07-06 19:57:56.855 E/SMD ( 105): DCD OFF
07-06 17:20:48.309 D/StatusBar.BatteryController( 484): mOldstatus5status 5
07-06 19:57:59.125 W/SignalStrength( 277): getCdmaLevel=2
07-06 17:20:48.309 D/StatusBar.BatteryController( 484): now old status is 5
07-06 19:57:59.125 W/SignalStrength( 277): getEvdoLevel=0
07-06 17:20:58.329 V/StatusBar.BatteryController( 484): status5batteryHealth 2
07-06 19:57:59.125 W/SignalStrength( 277): getCdmaLevel=2
07-06 17:20:58.329 D/StatusBar.BatteryController( 484): mOldstatus5status 5
07-06 19:57:59.125 W/SignalStrength( 277): getLevel=2
07-06 17:20:58.329 D/StatusBar.BatteryController( 484): now old status is 5
07-06 19:57:59.125 W/SignalStrength( 484): getCdmaLevel=2
07-06 17:21:18.369 V/StatusBar.BatteryController( 484): status5batteryHealth 2
07-06 19:57:59.125 W/SignalStrength( 484): getEvdoLevel=0
07-06 17:21:18.369 D/StatusBar.BatteryController( 484): mOldstatus5status 5
07-06 19:57:59.125 W/SignalStrength( 484): getCdmaLevel=2
07-06 17:21:18.369 D/StatusBar.BatteryController( 484): now old status is 5
07-06 19:57:59.135 W/SignalStrength( 484): getLevel=2
07-06 17:21:28.389 V/StatusBar.BatteryController( 484): status5batteryHealth 2
07-06 19:57:59.855 E/SMD ( 105): DCD OFF
07-06 17:21:28.389 D/StatusBar.BatteryController( 484): mOldstatus5status 5
07-06 19:58:02.855 E/SMD ( 105): DCD OFF
07-06 19:58:04.525 V/StatusBar.BatteryController( 484): status5batteryHealth 2
07-06 19:58:04.525 D/StatusBar.BatteryController( 484): mOldstatus5status 5
