07-06 18:07:50.915 V/StatusBar.BatteryController( 484): status5batteryHealth 2
07-06 18:07:50.915 D/StatusBar.BatteryController( 484): mOldstatus5status 5
07-06 18:07:50.915 D/StatusBar.BatteryController( 484): now old status is 5
07-06 18:08:10.955 V/StatusBar.BatteryController( 484): status5batteryHealth 2
07-06 18:08:10.955 D/StatusBar.BatteryController( 484): mOldstatus5status 5
07-06 18:08:10.955 D/StatusBar.BatteryController( 484): now old status is 5
07-06 18:08:20.965 V/StatusBar.BatteryController( 484): status5batteryHealth 2
07-06 18:08:20.975 D/StatusBar.BatteryController( 484): mOldstatus5status 5
07-06 18:08:20.975 D/StatusBar.BatteryController( 484): now old status is 5
07-06 18:08:51.025 V/StatusBar.BatteryController( 484): status5batteryHealth 2
07-06 18:08:51.025 D/StatusBar.BatteryController( 484): mOldstatus5status 5
07-06 18:08:51.025 D/StatusBar.BatteryController( 484): now old status is 5
07-06 18:09:11.065 V/StatusBar.BatteryController( 484): status5batteryHealth 2
07-06 18:09:11.065 D/StatusBar.BatteryController( 484): mOldstatus5status 5
07-06 18:09:11.065 D/StatusBar.BatteryController( 484): now old status is 5
07-06 18:09:21.085 V/StatusBar.BatteryController( 484): status5batteryHealth 2
07-06 18:09:21.085 D/StatusBar.BatteryController( 484): mOldstatus5status 5
07-06 18:09:21.085 D/StatusBar.BatteryController( 484): now old status is 5
07-06 18:09:31.105 V/StatusBar.BatteryController( 484): status5batteryHealth 2
07-06 18:09:31.105 D/StatusBar.BatteryController( 484): mOldstatus5status 5
07-06 18:09:31.105 D/StatusBar.BatteryController( 484): now old status is 5
07-06 18:09:51.155 V/StatusBar.BatteryController( 484): status5batteryHealth 2
07-06 18:09:51.155 D/StatusBar.BatteryController( 484): mOldstatus5status 5
07-06 18:09:51.155 D/StatusBar.BatteryController( 484): now old status is 5
07-06 18:10:11.195 V/StatusBar.BatteryController( 484): status5batteryHealth 2
07-06 18:10:11.195 D/StatusBar.BatteryController( 484): mOldstatus5status 5
07-06 18:10:11.195 D/StatusBar.BatteryController( 484): now old status is 5
07-06 18:10:21.215 V/StatusBar.BatteryController( 484): status5batteryHealth 2
07-06 18:10:21.215 D/StatusBar.BatteryController( 484): mOldstatus5status 5
07-06 18:10:21.215 D/StatusBar.BatteryController( 484): now old status is 5
07-06 18:11:01.285 V/StatusBar.BatteryController( 484): status5batteryHealth 2
07-06 18:11:01.285 D/StatusBar.BatteryController( 484): mOldstatus5status 5
07-06 18:11:01.285 D/StatusBar.BatteryController( 484): now old status is 5
07-06 18:11:11.315 V/StatusBar.BatteryController( 484): status5batteryHealth 2
07-06 18:11:11.315 D/StatusBar.BatteryController( 484): mOldstatus5status 5
07-06 18:11:11.315 D/StatusBar.BatteryController( 484): now old status is 5
07-06 18:11:31.345 V/StatusBar.BatteryController( 484): status5batteryHealth 2
07-06 18:11:31.345 D/StatusBar.BatteryController( 484): mOldstatus5status 5
07-06 18:11:31.345 D/StatusBar.BatteryController( 484): now old status is 5
07-06 18:11:41.365 V/StatusBar.BatteryController( 484): status5batteryHealth 2
07-06 18:11:41.365 D/StatusBar.BatteryController( 484): mOldstatus5status 5
07-06 18:11:41.365 D/StatusBar.BatteryController( 484): now old status is 5
07-06 18:11:51.395 V/StatusBar.BatteryController( 484): status5batteryHealth 2
07-06 18:11:51.395 D/StatusBar.BatteryController( 484): mOldstatus5status 5
07-06 18:11:51.395 D/StatusBar.BatteryController( 484): now old status is 5
07-06 18:12:01.405 V/StatusBar.BatteryController( 484): status5batteryHealth 2
07-06 18:12:01.405 D/StatusBar.BatteryController( 484): mOldstatus5status 5
07-06 18:12:01.405 D/StatusBar.BatteryController( 484): now old status is 5
07-06 18:12:11.435 V/StatusBar.BatteryController( 484): status5batteryHealth 2
07-06 18:12:11.435 D/StatusBar.BatteryController( 484): mOldstatus5status 5
07-06 18:12:11.435 D/StatusBar.BatteryController( 484): now old status is 5
07-06 18:12:21.455 V/StatusBar.BatteryController( 484): status5batteryHealth 2
07-06 18:12:21.455 D/StatusBar.BatteryController( 484): mOldstatus5status 5
07-06 18:12:21.455 D/StatusBar.BatteryController( 484): now old status is 5
07-06 18:12:31.465 V/StatusBar.BatteryController( 484): status5batteryHealth 2
07-06 18:12:31.465 D/StatusBar.BatteryController( 484): mOldstatus5status 5
07-06 18:12:31.465 D/StatusBar.BatteryController( 484): now old status is 5
07-06 18:12:41.495 V/StatusBar.BatteryController( 484): status5batteryHealth 2
07-06 18:12:41.495 D/StatusBar.BatteryController( 484): mOldstatus5status 5
07-06 18:12:41.495 D/StatusBar.BatteryController( 484): now old status is 5
07-06 18:12:42.575 W/ThrottleService( 277): unable to find stats for iface rmnet0
07-06 18:13:11.555 V/StatusBar.BatteryController( 484): status5batteryHealth 2
07-06 18:13:11.555 D/StatusBar.BatteryController( 484): mOldstatus5status 5
07-06 18:13:11.555 D/StatusBar.BatteryController( 484): now old status is 5
07-06 18:13:21.575 V/StatusBar.BatteryController( 484): status5batteryHealth 2
07-06 18:13:21.575 D/StatusBar.BatteryController( 484): mOldstatus5status 5
07-06 18:13:21.575 D/StatusBar.BatteryController( 484): now old status is 5
07-06 18:13:31.585 V/StatusBar.BatteryController( 484): status5batteryHealth 2
07-06 18:13:31.585 D/StatusBar.BatteryController( 484): mOldstatus5status 5
07-06 18:13:31.585 D/StatusBar.BatteryController( 484): now old status is 5
07-06 18:13:41.625 V/StatusBar.BatteryController( 484): status5batteryHealth 2
07-06 18:13:41.625 D/StatusBar.BatteryController( 484): mOldstatus5status 5
07-06 18:13:41.625 D/StatusBar.BatteryController( 484): now old status is 5
07-06 18:13:51.625 V/StatusBar.BatteryController( 484): status5batteryHealth 2
07-06 18:13:51.625 D/StatusBar.BatteryController( 484): mOldstatus5status 5
07-06 18:13:51.625 D/StatusBar.BatteryController( 484): now old status is 5
07-06 18:14:42.145 V/StatusBar.BatteryController( 484): status5batteryHealth 2
07-06 18:14:42.145 D/StatusBar.BatteryController( 484): mOldstatus5status 5
07-06 18:14:42.145 D/StatusBar.BatteryController( 484): now old status is 5
07-06 18:14:52.165 V/StatusBar.BatteryController( 484): status5batteryHealth 2
07-06 18:14:52.165 D/StatusBar.BatteryController( 484): mOldstatus5status 5
07-06 18:14:52.165 D/StatusBar.BatteryController( 484): now old status is 5
07-06 18:15:02.185 V/StatusBar.BatteryController( 484): status5batteryHealth 2
07-06 18:15:02.185 D/StatusBar.BatteryController( 484): mOldstatus5status 5
07-06 18:15:02.185 D/StatusBar.BatteryController( 484): now old status is 5
07-06 18:15:32.245 V/StatusBar.BatteryController( 484): status5batteryHealth 2
07-06 18:15:32.245 D/StatusBar.BatteryController( 484): mOldstatus5status 5
07-06 18:15:32.245 D/StatusBar.BatteryController( 484): now old status is 5
07-06 18:15:42.265 V/StatusBar.BatteryController( 484): status5batteryHealth 2
07-06 18:15:42.265 D/StatusBar.BatteryController( 484): mOldstatus5status 5
07-06 18:15:42.265 D/StatusBar.BatteryController( 484): now old status is 5
07-06 18:16:12.325 V/StatusBar.BatteryController( 484): status5batteryHealth 2
07-06 18:16:12.325 D/StatusBar.BatteryController( 484): mOldstatus5status 5
07-06 18:16:12.325 D/StatusBar.BatteryController( 484): now old status is 5
07-06 18:16:42.395 V/StatusBar.BatteryController( 484): status5batteryHealth 2
07-06 18:16:42.395 D/StatusBar.BatteryController( 484): mOldstatus5status 5
07-06 18:16:42.395 D/StatusBar.BatteryController( 484): now old status is 5
07-06 18:16:52.415 V/StatusBar.BatteryController( 484): status5batteryHealth 2
07-06 18:16:52.415 D/StatusBar.BatteryController( 484): mOldstatus5status 5
07-06 18:16:52.415 D/StatusBar.BatteryController( 484): now old status is 5
07-06 18:17:12.455 V/StatusBar.BatteryController( 484): status5batteryHealth 2
07-06 18:17:12.455 D/StatusBar.BatteryController( 484): mOldstatus5status 5
07-06 18:17:12.455 D/StatusBar.BatteryController( 484): now old status is 5
07-06 18:17:32.485 V/StatusBar.BatteryController( 484): status5batteryHealth 2
07-06 18:17:32.485 D/StatusBar.BatteryController( 484): mOldstatus5status 5
07-06 18:17:32.485 D/StatusBar.BatteryController( 484): now old status is 5
07-06 18:17:42.515 V/StatusBar.BatteryController( 484): status5batteryHealth 2
07-06 18:17:42.515 D/StatusBar.BatteryController( 484): mOldstatus5status 5
07-06 18:17:42.515 D/StatusBar.BatteryController( 484): now old status is 5
07-06 18:17:52.535 V/StatusBar.BatteryController( 484): status5batteryHealth 2
07-06 18:17:52.535 D/StatusBar.BatteryController( 484): mOldstatus5status 5
07-06 18:17:52.535 D/StatusBar.BatteryController( 484): now old status is 5
07-06 18:18:32.605 V/StatusBar.BatteryController( 484): status5batteryHealth 2
07-06 18:18:32.605 D/StatusBar.BatteryController( 484): mOldstatus5status 5
07-06 18:18:32.605 D/StatusBar.BatteryController( 484): now old status is 5
07-06 18:18:42.635 V/StatusBar.BatteryController( 484): status5batteryHealth 2
07-06 18:18:42.635 D/StatusBar.BatteryController( 484): mOldstatus5status 5
07-06 18:18:42.635 D/StatusBar.BatteryController( 484): now old status is 5
07-06 18:19:22.715 V/StatusBar.BatteryController( 484): status5batteryHealth 2
07-06 18:19:22.715 D/StatusBar.BatteryController( 484): mOldstatus5status 5
07-06 18:19:22.715 D/StatusBar.BatteryController( 484): now old status is 5
07-06 18:19:52.775 V/StatusBar.BatteryController( 484): status5batteryHealth 2
07-06 18:19:52.775 D/StatusBar.BatteryController( 484): mOldstatus5status 5
07-06 18:19:52.775 D/StatusBar.BatteryController( 484): now old status is 5
07-06 18:20:22.835 V/StatusBar.BatteryController( 484): status5batteryHealth 2
07-06 18:20:22.835 D/StatusBar.BatteryController( 484): mOldstatus5status 5
07-06 18:20:22.835 D/StatusBar.BatteryController( 484): now old status is 5
07-06 18:20:32.845 V/StatusBar.BatteryController( 484): status5batteryHealth 2
07-06 18:20:32.845 D/StatusBar.BatteryController( 484): mOldstatus5status 5
07-06 18:20:32.845 D/StatusBar.BatteryController( 484): now old status is 5
07-06 18:21:12.925 V/StatusBar.BatteryController( 484): status5batteryHealth 2
07-06 18:21:12.935 D/StatusBar.BatteryController( 484): mOldstatus5status 5
07-06 18:21:12.935 D/StatusBar.BatteryController( 484): now old status is 5
07-06 18:21:42.985 V/StatusBar.BatteryController( 484): status5batteryHealth 2
07-06 18:21:42.995 D/StatusBar.BatteryController( 484): mOldstatus5status 5
07-06 18:21:42.995 D/StatusBar.BatteryController( 484): now old status is 5
07-06 18:22:42.575 W/ThrottleService( 277): unable to find stats for iface rmnet0
07-06 18:22:43.105 V/StatusBar.BatteryController( 484): status5batteryHealth 2
07-06 18:22:43.105 D/StatusBar.BatteryController( 484): mOldstatus5status 5
07-06 18:22:43.105 D/StatusBar.BatteryController( 484): now old status is 5
07-06 18:23:03.145 V/StatusBar.BatteryController( 484): status5batteryHealth 2
07-06 18:23:03.145 D/StatusBar.BatteryController( 484): mOldstatus5status 5
07-06 18:23:03.145 D/StatusBar.BatteryController( 484): now old status is 5
07-06 18:23:13.165 V/StatusBar.BatteryController( 484): status5batteryHealth 2
07-06 18:23:13.165 D/StatusBar.BatteryController( 484): mOldstatus5status 5
07-06 18:23:13.165 D/StatusBar.BatteryController( 484): now old status is 5
07-06 18:23:33.205 V/StatusBar.BatteryController( 484): status5batteryHealth 2
07-06 18:23:33.205 D/StatusBar.BatteryController( 484): mOldstatus5status 5
07-06 18:23:33.205 D/StatusBar.BatteryController( 484): now old status is 5
07-06 18:23:53.245 V/StatusBar.BatteryController( 484): status5batteryHealth 2
07-06 18:23:53.245 D/StatusBar.BatteryController( 484): mOldstatus5status 5
07-06 18:23:53.245 D/StatusBar.BatteryController( 484): now old status is 5
07-06 18:24:03.265 V/StatusBar.BatteryController( 484): status5batteryHealth 2
07-06 18:24:03.265 D/StatusBar.BatteryController( 484): mOldstatus5status 5
07-06 18:24:03.265 D/StatusBar.BatteryController( 484): now old status is 5
07-06 18:24:53.375 V/StatusBar.BatteryController( 484): status5batteryHealth 2
07-06 18:24:53.375 D/StatusBar.BatteryController( 484): mOldstatus5status 5
07-06 18:24:53.375 D/StatusBar.BatteryController( 484): now old status is 5
07-06 18:25:03.385 V/StatusBar.BatteryController( 484): status5batteryHealth 2
07-06 18:25:03.385 D/StatusBar.BatteryController( 484): mOldstatus5status 5
07-06 18:25:03.385 D/StatusBar.BatteryController( 484): now old status is 5
07-06 18:25:13.415 V/StatusBar.BatteryController( 484): status5batteryHealth 2
07-06 18:25:13.415 D/StatusBar.BatteryController( 484): mOldstatus5status 5
07-06 18:25:13.415 D/StatusBar.BatteryController( 484): now old status is 5
07-06 18:25:33.455 V/StatusBar.BatteryController( 484): status5batteryHealth 2
07-06 18:25:33.455 D/StatusBar.BatteryController( 484): mOldstatus5status 5
07-06 18:25:33.455 D/StatusBar.BatteryController( 484): now old status is 5
07-06 18:25:53.495 V/StatusBar.BatteryController( 484): status5batteryHealth 2
07-06 18:25:53.495 D/StatusBar.BatteryController( 484): mOldstatus5status 5
07-06 18:25:53.495 D/StatusBar.BatteryController( 484): now old status is 5
07-06 18:26:33.575 V/StatusBar.BatteryController( 484): status5batteryHealth 2
07-06 18:26:33.575 D/StatusBar.BatteryController( 484): mOldstatus5status 5
07-06 18:26:33.575 D/StatusBar.BatteryController( 484): now old status is 5
07-06 18:26:43.605 V/StatusBar.BatteryController( 484): status5batteryHealth 2
07-06 18:26:43.605 D/StatusBar.BatteryController( 484): mOldstatus5status 5
07-06 18:26:43.605 D/StatusBar.BatteryController( 484): now old status is 5
07-06 18:27:03.625 V/StatusBar.BatteryController( 484): status5batteryHealth 2
07-06 18:27:03.625 D/StatusBar.BatteryController( 484): mOldstatus5status 5
07-06 18:27:03.625 D/StatusBar.BatteryController( 484): now old status is 5
07-06 18:27:13.645 V/StatusBar.BatteryController( 484): status5batteryHealth 2
07-06 18:27:13.645 D/StatusBar.BatteryController( 484): mOldstatus5status 5
07-06 18:27:13.645 D/StatusBar.BatteryController( 484): now old status is 5
07-06 18:27:33.685 V/StatusBar.BatteryController( 484): status5batteryHealth 2
07-06 18:27:33.685 D/StatusBar.BatteryController( 484): mOldstatus5status 5
07-06 18:27:33.685 D/StatusBar.BatteryController( 484): now old status is 5
07-06 18:27:43.705 V/StatusBar.BatteryController( 484): status5batteryHealth 2
07-06 18:27:43.705 D/StatusBar.BatteryController( 484): mOldstatus5status 5
07-06 18:27:43.705 D/StatusBar.BatteryController( 484): now old status is 5
07-06 18:28:03.745 V/StatusBar.BatteryController( 484): status5batteryHealth 2
07-06 18:28:03.745 D/StatusBar.BatteryController( 484): mOldstatus5status 5
07-06 18:28:03.745 D/StatusBar.BatteryController( 484): now old status is 5
07-06 18:28:33.805 V/StatusBar.BatteryController( 484): status5batteryHealth 2
07-06 18:28:33.805 D/StatusBar.BatteryController( 484): mOldstatus5status 5
07-06 18:28:33.805 D/StatusBar.BatteryController( 484): now old status is 5
07-06 18:29:03.865 V/StatusBar.BatteryController( 484): status5batteryHealth 2
07-06 18:29:03.865 D/StatusBar.BatteryController( 484): mOldstatus5status 5
07-06 18:29:03.865 D/StatusBar.BatteryController( 484): now old status is 5
07-06 18:29:13.885 V/StatusBar.BatteryController( 484): status5batteryHealth 2
07-06 18:29:13.885 D/StatusBar.BatteryController( 484): mOldstatus5status 5
07-06 18:29:13.885 D/StatusBar.BatteryController( 484): now old status is 5
07-06 18:29:23.905 V/StatusBar.BatteryController( 484): status5batteryHealth 2
07-06 18:29:23.915 D/StatusBar.BatteryController( 484): mOldstatus5status 5
07-06 18:29:23.915 D/StatusBar.BatteryController( 484): now old status is 5
07-06 18:29:43.945 V/StatusBar.BatteryController( 484): status5batteryHealth 2
07-06 18:29:43.945 D/StatusBar.BatteryController( 484): mOldstatus5status 5
07-06 18:29:43.945 D/StatusBar.BatteryController( 484): now old status is 5
07-06 18:29:53.975 V/StatusBar.BatteryController( 484): status5batteryHealth 2
07-06 18:29:53.975 D/StatusBar.BatteryController( 484): mOldstatus5status 5
07-06 18:29:53.975 D/StatusBar.BatteryController( 484): now old status is 5
07-06 18:30:03.985 V/StatusBar.BatteryController( 484): status5batteryHealth 2
07-06 18:30:03.995 D/StatusBar.BatteryController( 484): mOldstatus5status 5
07-06 18:30:03.995 D/StatusBar.BatteryController( 484): now old status is 5
07-06 18:30:14.015 V/StatusBar.BatteryController( 484): status5batteryHealth 2
07-06 18:30:14.015 D/StatusBar.BatteryController( 484): mOldstatus5status 5
07-06 18:30:14.015 D/StatusBar.BatteryController( 484): now old status is 5
07-06 18:30:24.025 V/StatusBar.BatteryController( 484): status5batteryHealth 2
07-06 18:30:24.025 D/StatusBar.BatteryController( 484): mOldstatus5status 5
07-06 18:30:24.025 D/StatusBar.BatteryController( 484): now old status is 5
07-06 18:30:54.085 V/StatusBar.BatteryController( 484): status5batteryHealth 2
07-06 18:30:54.085 D/StatusBar.BatteryController( 484): mOldstatus5status 5
07-06 18:30:54.085 D/StatusBar.BatteryController( 484): now old status is 5
07-06 18:31:04.105 V/StatusBar.BatteryController( 484): status5batteryHealth 2
07-06 18:31:04.105 D/StatusBar.BatteryController( 484): mOldstatus5status 5
07-06 18:31:04.105 D/StatusBar.BatteryController( 484): now old status is 5
07-06 18:31:14.125 V/StatusBar.BatteryController( 484): status5batteryHealth 2
07-06 18:31:14.125 D/StatusBar.BatteryController( 484): mOldstatus5status 5
07-06 18:31:14.125 D/StatusBar.BatteryController( 484): now old status is 5
07-06 18:31:24.145 V/StatusBar.BatteryController( 484): status5batteryHealth 2
07-06 18:31:24.145 D/StatusBar.BatteryController( 484): mOldstatus5status 5
07-06 18:31:24.145 D/StatusBar.BatteryController( 484): now old status is 5
07-06 18:31:44.185 V/StatusBar.BatteryController( 484): status5batteryHealth 2
07-06 18:31:44.185 D/StatusBar.BatteryController( 484): mOldstatus5status 5
07-06 18:31:44.185 D/StatusBar.BatteryController( 484): now old status is 5
07-06 18:31:54.205 V/StatusBar.BatteryController( 484): status5batteryHealth 2
07-06 18:31:54.205 D/StatusBar.BatteryController( 484): mOldstatus5status 5
07-06 18:31:54.205 D/StatusBar.BatteryController( 484): now old status is 5
07-06 18:32:04.225 V/StatusBar.BatteryController( 484): status5batteryHealth 2
07-06 18:32:04.225 D/StatusBar.BatteryController( 484): mOldstatus5status 5
07-06 18:32:04.225 D/StatusBar.BatteryController( 484): now old status is 5
07-06 18:32:14.245 V/StatusBar.BatteryController( 484): status5batteryHealth 2
07-06 18:32:14.245 D/StatusBar.BatteryController( 484): mOldstatus5status 5
07-06 18:32:14.245 D/StatusBar.BatteryController( 484): now old status is 5
07-06 18:32:24.265 V/StatusBar.BatteryController( 484): status5batteryHealth 2
07-06 18:32:24.265 D/StatusBar.BatteryController( 484): mOldstatus5status 5
07-06 18:32:24.265 D/StatusBar.BatteryController( 484): now old status is 5
07-06 18:32:42.575 W/ThrottleService( 277): unable to find stats for iface rmnet0
07-06 18:32:44.305 V/StatusBar.BatteryController( 484): status5batteryHealth 2
07-06 18:32:44.305 D/StatusBar.BatteryController( 484): mOldstatus5status 5
07-06 18:32:44.315 D/StatusBar.BatteryController( 484): now old status is 5
07-06 18:32:54.325 V/StatusBar.BatteryController( 484): status5batteryHealth 2
07-06 18:32:54.325 D/StatusBar.BatteryController( 484): mOldstatus5status 5
07-06 18:32:54.325 D/StatusBar.BatteryController( 484): now old status is 5
07-06 18:33:04.345 V/StatusBar.BatteryController( 484): status5batteryHealth 2
07-06 18:33:04.345 D/StatusBar.BatteryController( 484): mOldstatus5status 5
07-06 18:33:04.345 D/StatusBar.BatteryController( 484): now old status is 5
07-06 18:33:09.635 V/BackupManagerService( 277): Running a backup pass
07-06 18:33:09.645 V/BackupManagerService( 277): Backup requested but nothing pending
07-06 18:33:14.365 V/StatusBar.BatteryController( 484): status5batteryHealth 2
07-06 18:33:14.365 D/StatusBar.BatteryController( 484): mOldstatus5status 5
07-06 18:33:14.365 D/StatusBar.BatteryController( 484): now old status is 5
07-06 18:33:24.385 V/StatusBar.BatteryController( 484): status5batteryHealth 2
07-06 18:33:24.385 D/StatusBar.BatteryController( 484): mOldstatus5status 5
07-06 18:33:24.385 D/StatusBar.BatteryController( 484): now old status is 5
07-06 18:34:04.465 V/StatusBar.BatteryController( 484): status5batteryHealth 2
07-06 18:34:04.465 D/StatusBar.BatteryController( 484): mOldstatus5status 5
07-06 18:34:04.465 D/StatusBar.BatteryController( 484): now old status is 5
07-06 18:34:14.485 V/StatusBar.BatteryController( 484): status5batteryHealth 2
07-06 18:34:14.485 D/StatusBar.BatteryController( 484): mOldstatus5status 5
07-06 18:34:14.485 D/StatusBar.BatteryController( 484): now old status is 5
07-06 18:34:24.505 V/StatusBar.BatteryController( 484): status5batteryHealth 2
07-06 18:34:24.505 D/StatusBar.BatteryController( 484): mOldstatus5status 5
07-06 18:34:24.505 D/StatusBar.BatteryController( 484): now old status is 5
07-06 18:34:34.525 V/StatusBar.BatteryController( 484): status5batteryHealth 2
07-06 18:34:34.525 D/StatusBar.BatteryController( 484): mOldstatus5status 5
07-06 18:34:34.525 D/StatusBar.BatteryController( 484): now old status is 5
07-06 18:34:44.545 V/StatusBar.BatteryController( 484): status5batteryHealth 2
07-06 18:34:44.545 D/StatusBar.BatteryController( 484): mOldstatus5status 5
07-06 18:34:44.545 D/StatusBar.BatteryController( 484): now old status is 5
07-06 18:34:54.565 V/StatusBar.BatteryController( 484): status5batteryHealth 2
07-06 18:34:54.565 D/StatusBar.BatteryController( 484): mOldstatus5status 5
07-06 18:34:54.565 D/StatusBar.BatteryController( 484): now old status is 5
07-06 18:35:04.585 V/StatusBar.BatteryController( 484): status5batteryHealth 2
07-06 18:35:04.585 D/StatusBar.BatteryController( 484): mOldstatus5status 5
07-06 18:35:04.585 D/StatusBar.BatteryController( 484): now old status is 5
07-06 18:35:14.605 V/StatusBar.BatteryController( 484): status5batteryHealth 2
07-06 18:35:14.605 D/StatusBar.BatteryController( 484): mOldstatus5status 5
07-06 18:35:14.605 D/StatusBar.BatteryController( 484): now old status is 5
07-06 18:35:24.625 V/StatusBar.BatteryController( 484): status5batteryHealth 2
07-06 18:35:24.625 D/StatusBar.BatteryController( 484): mOldstatus5status 5
07-06 18:35:24.625 D/StatusBar.BatteryController( 484): now old status is 5
07-06 18:35:44.665 V/StatusBar.BatteryController( 484): status5batteryHealth 2
07-06 18:35:44.665 D/StatusBar.BatteryController( 484): mOldstatus5status 5
07-06 18:35:44.665 D/StatusBar.BatteryController( 484): now old status is 5
07-06 18:36:24.755 V/StatusBar.BatteryController( 484): status5batteryHealth 2
07-06 18:36:24.755 D/StatusBar.BatteryController( 484): mOldstatus5status 5
07-06 18:36:24.755 D/StatusBar.BatteryController( 484): now old status is 5
07-06 18:36:34.775 V/StatusBar.BatteryController( 484): status5batteryHealth 2
07-06 18:36:34.775 D/StatusBar.BatteryController( 484): mOldstatus5status 5
07-06 18:36:34.775 D/StatusBar.BatteryController( 484): now old status is 5
07-06 18:36:44.785 V/StatusBar.BatteryController( 484): status5batteryHealth 2
07-06 18:36:44.785 D/StatusBar.BatteryController( 484): mOldstatus5status 5
07-06 18:36:44.785 D/StatusBar.BatteryController( 484): now old status is 5
07-06 18:36:54.815 V/StatusBar.BatteryController( 484): status5batteryHealth 2
07-06 18:36:54.815 D/StatusBar.BatteryController( 484): mOldstatus5status 5
07-06 18:36:54.815 D/StatusBar.BatteryController( 484): now old status is 5
07-06 18:37:04.835 V/StatusBar.BatteryController( 484): status5batteryHealth 2
07-06 18:37:04.835 D/StatusBar.BatteryController( 484): mOldstatus5status 5
07-06 18:37:04.835 D/StatusBar.BatteryController( 484): now old status is 5
07-06 18:37:24.865 V/StatusBar.BatteryController( 484): status5batteryHealth 2
07-06 18:37:24.875 D/StatusBar.BatteryController( 484): mOldstatus5status 5
07-06 18:37:24.875 D/StatusBar.BatteryController( 484): now old status is 5
07-06 18:37:34.885 V/StatusBar.BatteryController( 484): status5batteryHealth 2
07-06 18:37:34.895 D/StatusBar.BatteryController( 484): mOldstatus5status 5
07-06 18:37:34.895 D/StatusBar.BatteryController( 484): now old status is 5
07-06 18:39:55.165 V/StatusBar.BatteryController( 484): status5batteryHealth 2
07-06 18:39:55.165 D/StatusBar.BatteryController( 484): mOldstatus5status 5
07-06 18:39:55.165 D/StatusBar.BatteryController( 484): now old status is 5
07-06 18:40:05.185 V/StatusBar.BatteryController( 484): status5batteryHealth 2
07-06 18:40:05.185 D/StatusBar.BatteryController( 484): mOldstatus5status 5
07-06 18:40:05.185 D/StatusBar.BatteryController( 484): now old status is 5
07-06 18:40:15.205 V/StatusBar.BatteryController( 484): status5batteryHealth 2
07-06 18:40:15.205 D/StatusBar.BatteryController( 484): mOldstatus5status 5
07-06 18:40:15.205 D/StatusBar.BatteryController( 484): now old status is 5
07-06 18:40:25.255 V/StatusBar.BatteryController( 484): status5batteryHealth 2
07-06 18:40:25.255 D/StatusBar.BatteryController( 484): mOldstatus5status 5
07-06 18:40:25.255 D/StatusBar.BatteryController( 484): now old status is 5
07-06 18:40:35.245 V/StatusBar.BatteryController( 484): status5batteryHealth 2
07-06 18:40:35.245 D/StatusBar.BatteryController( 484): mOldstatus5status 5
07-06 18:40:35.245 D/StatusBar.BatteryController( 484): now old status is 5
07-06 18:40:55.295 V/StatusBar.BatteryController( 484): status5batteryHealth 2
07-06 18:40:55.295 D/StatusBar.BatteryController( 484): mOldstatus5status 5
07-06 18:40:55.295 D/StatusBar.BatteryController( 484): now old status is 5
07-06 18:41:05.305 V/StatusBar.BatteryController( 484): status5batteryHealth 2
07-06 18:41:05.305 D/StatusBar.BatteryController( 484): mOldstatus5status 5
07-06 18:41:05.305 D/StatusBar.BatteryController( 484): now old status is 5
07-06 18:41:45.385 V/StatusBar.BatteryController( 484): status5batteryHealth 2
07-06 18:41:45.385 D/StatusBar.BatteryController( 484): mOldstatus5status 5
07-06 18:41:45.385 D/StatusBar.BatteryController( 484): now old status is 5
07-06 18:41:55.405 V/StatusBar.BatteryController( 484): status5batteryHealth 2
07-06 18:41:55.405 D/StatusBar.BatteryController( 484): mOldstatus5status 5
07-06 18:41:55.405 D/StatusBar.BatteryController( 484): now old status is 5
07-06 18:42:05.425 V/StatusBar.BatteryController( 484): status5batteryHealth 2
07-06 18:42:05.425 D/StatusBar.BatteryController( 484): mOldstatus5status 5
07-06 18:42:05.425 D/StatusBar.BatteryController( 484): now old status is 5
07-06 18:42:15.445 V/StatusBar.BatteryController( 484): status5batteryHealth 2
07-06 18:42:15.445 D/StatusBar.BatteryController( 484): mOldstatus5status 5
07-06 18:42:15.445 D/StatusBar.BatteryController( 484): now old status is 5
07-06 18:42:42.585 W/ThrottleService( 277): unable to find stats for iface rmnet0
07-06 18:43:05.555 V/StatusBar.BatteryController( 484): status5batteryHealth 2
07-06 18:43:05.555 D/StatusBar.BatteryController( 484): mOldstatus5status 5
07-06 18:43:05.555 D/StatusBar.BatteryController( 484): now old status is 5
07-06 18:43:25.585 V/StatusBar.BatteryController( 484): status5batteryHealth 2
07-06 18:43:25.585 D/StatusBar.BatteryController( 484): mOldstatus5status 5
07-06 18:43:25.595 D/StatusBar.BatteryController( 484): now old status is 5
07-06 18:43:45.625 V/StatusBar.BatteryController( 484): status5batteryHealth 2
07-06 18:43:45.625 D/StatusBar.BatteryController( 484): mOldstatus5status 5
07-06 18:43:45.625 D/StatusBar.BatteryController( 484): now old status is 5
07-06 18:43:55.645 V/StatusBar.BatteryController( 484): status5batteryHealth 2
07-06 18:43:55.655 D/StatusBar.BatteryController( 484): mOldstatus5status 5
07-06 18:43:55.655 D/StatusBar.BatteryController( 484): now old status is 5
07-06 18:44:05.665 V/StatusBar.BatteryController( 484): status5batteryHealth 2
07-06 18:44:05.665 D/StatusBar.BatteryController( 484): mOldstatus5status 5
07-06 18:44:05.665 D/StatusBar.BatteryController( 484): now old status is 5
07-06 18:44:15.685 V/StatusBar.BatteryController( 484): status5batteryHealth 2
07-06 18:44:15.685 D/StatusBar.BatteryController( 484): mOldstatus5status 5
07-06 18:44:15.685 D/StatusBar.BatteryController( 484): now old status is 5
07-06 18:44:25.705 V/StatusBar.BatteryController( 484): status5batteryHealth 2
07-06 18:44:25.715 D/StatusBar.BatteryController( 484): mOldstatus5status 5
07-06 18:44:25.715 D/StatusBar.BatteryController( 484): now old status is 5
07-06 18:44:35.725 V/StatusBar.BatteryController( 484): status5batteryHealth 2
07-06 18:44:35.735 D/StatusBar.BatteryController( 484): mOldstatus5status 5
07-06 18:44:35.735 D/StatusBar.BatteryController( 484): now old status is 5
07-06 18:45:05.785 V/StatusBar.BatteryController( 484): status5batteryHealth 2
07-06 18:45:05.785 D/StatusBar.BatteryController( 484): mOldstatus5status 5
07-06 18:45:05.795 D/StatusBar.BatteryController( 484): now old status is 5
07-06 18:45:15.805 V/StatusBar.BatteryController( 484): status5batteryHealth 2
07-06 18:45:15.805 D/StatusBar.BatteryController( 484): mOldstatus5status 5
07-06 18:45:15.805 D/StatusBar.BatteryController( 484): now old status is 5
07-06 18:45:35.855 V/StatusBar.BatteryController( 484): status5batteryHealth 2
07-06 18:45:35.855 D/StatusBar.BatteryController( 484): mOldstatus5status 5
07-06 18:45:35.855 D/StatusBar.BatteryController( 484): now old status is 5
07-06 18:45:45.865 V/StatusBar.BatteryController( 484): status5batteryHealth 2
07-06 18:45:45.865 D/StatusBar.BatteryController( 484): mOldstatus5status 5
07-06 18:45:45.865 D/StatusBar.BatteryController( 484): now old status is 5
07-06 18:45:55.895 V/StatusBar.BatteryController( 484): status5batteryHealth 2
07-06 18:45:55.895 D/StatusBar.BatteryController( 484): mOldstatus5status 5
07-06 18:45:55.895 D/StatusBar.BatteryController( 484): now old status is 5
07-06 18:46:05.905 V/StatusBar.BatteryController( 484): status5batteryHealth 2
07-06 18:46:05.905 D/StatusBar.BatteryController( 484): mOldstatus5status 5
07-06 18:46:05.915 D/StatusBar.BatteryController( 484): now old status is 5
07-06 18:46:15.925 V/StatusBar.BatteryController( 484): status5batteryHealth 2
07-06 18:46:15.925 D/StatusBar.BatteryController( 484): mOldstatus5status 5
07-06 18:46:15.925 D/StatusBar.BatteryController( 484): now old status is 5
07-06 18:46:45.985 V/StatusBar.BatteryController( 484): status5batteryHealth 2
07-06 18:46:45.985 D/StatusBar.BatteryController( 484): mOldstatus5status 5
07-06 18:46:45.985 D/StatusBar.BatteryController( 484): now old status is 5
07-06 18:46:56.015 V/StatusBar.BatteryController( 484): status5batteryHealth 2
07-06 18:46:56.015 D/StatusBar.BatteryController( 484): mOldstatus5status 5
07-06 18:46:56.015 D/StatusBar.BatteryController( 484): now old status is 5
07-06 18:47:06.025 V/StatusBar.BatteryController( 484): status5batteryHealth 2
07-06 18:47:06.025 D/StatusBar.BatteryController( 484): mOldstatus5status 5
07-06 18:47:06.025 D/StatusBar.BatteryController( 484): now old status is 5
07-06 18:47:16.045 V/StatusBar.BatteryController( 484): status5batteryHealth 2
07-06 18:47:16.045 D/StatusBar.BatteryController( 484): mOldstatus5status 5
07-06 18:47:16.045 D/StatusBar.BatteryController( 484): now old status is 5
07-06 18:47:46.105 V/StatusBar.BatteryController( 484): status5batteryHealth 2
07-06 18:47:46.105 D/StatusBar.BatteryController( 484): mOldstatus5status 5
07-06 18:47:46.105 D/StatusBar.BatteryController( 484): now old status is 5
07-06 18:48:06.145 V/StatusBar.BatteryController( 484): status5batteryHealth 2
07-06 18:48:06.145 D/StatusBar.BatteryController( 484): mOldstatus5status 5
07-06 18:48:06.145 D/StatusBar.BatteryController( 484): now old status is 5
07-06 18:48:16.165 V/StatusBar.BatteryController( 484): status5batteryHealth 2
07-06 18:48:16.165 D/StatusBar.BatteryController( 484): mOldstatus5status 5
07-06 18:48:16.165 D/StatusBar.BatteryController( 484): now old status is 5
07-06 18:48:26.195 V/StatusBar.BatteryController( 484): status5batteryHealth 2
07-06 18:48:26.195 D/StatusBar.BatteryController( 484): mOldstatus5status 5
07-06 18:48:26.195 D/StatusBar.BatteryController( 484): now old status is 5
07-06 18:48:46.225 V/StatusBar.BatteryController( 484): status5batteryHealth 2
07-06 18:48:46.225 D/StatusBar.BatteryController( 484): mOldstatus5status 5
07-06 18:48:46.225 D/StatusBar.BatteryController( 484): now old status is 5
07-06 18:48:56.255 V/StatusBar.BatteryController( 484): status5batteryHealth 2
07-06 18:48:56.255 D/StatusBar.BatteryController( 484): mOldstatus5status 5
07-06 18:48:56.255 D/StatusBar.BatteryController( 484): now old status is 5
07-06 18:49:06.275 V/StatusBar.BatteryController( 484): status5batteryHealth 2
07-06 18:49:06.275 D/StatusBar.BatteryController( 484): mOldstatus5status 5
07-06 18:49:06.275 D/StatusBar.BatteryController( 484): now old status is 5
07-06 18:49:26.315 V/StatusBar.BatteryController( 484): status5batteryHealth 2
07-06 18:49:26.315 D/StatusBar.BatteryController( 484): mOldstatus5status 5
07-06 18:49:26.315 D/StatusBar.BatteryController( 484): now old status is 5
07-06 18:49:36.335 V/StatusBar.BatteryController( 484): status5batteryHealth 2
07-06 18:49:36.335 D/StatusBar.BatteryController( 484): mOldstatus5status 5
07-06 18:49:36.335 D/StatusBar.BatteryController( 484): now old status is 5
07-06 18:49:46.345 V/StatusBar.BatteryController( 484): status5batteryHealth 2
07-06 18:49:46.345 D/StatusBar.BatteryController( 484): mOldstatus5status 5
07-06 18:49:46.345 D/StatusBar.BatteryController( 484): now old status is 5
07-06 18:49:56.375 V/StatusBar.BatteryController( 484): status5batteryHealth 2
07-06 18:49:56.375 D/StatusBar.BatteryController( 484): mOldstatus5status 5
07-06 18:49:56.375 D/StatusBar.BatteryController( 484): now old status is 5
07-06 18:50:16.415 V/StatusBar.BatteryController( 484): status5batteryHealth 2
07-06 18:50:16.415 D/StatusBar.BatteryController( 484): mOldstatus5status 5
07-06 18:50:16.415 D/StatusBar.BatteryController( 484): now old status is 5
07-06 18:50:26.435 V/StatusBar.BatteryController( 484): status5batteryHealth 2
07-06 18:50:26.435 D/StatusBar.BatteryController( 484): mOldstatus5status 5
07-06 18:50:26.435 D/StatusBar.BatteryController( 484): now old status is 5
07-06 18:51:26.555 V/StatusBar.BatteryController( 484): status5batteryHealth 2
07-06 18:51:26.555 D/StatusBar.BatteryController( 484): mOldstatus5status 5
07-06 18:51:26.555 D/StatusBar.BatteryController( 484): now old status is 5
07-06 18:51:36.575 V/StatusBar.BatteryController( 484): status5batteryHealth 2
07-06 18:51:36.575 D/StatusBar.BatteryController( 484): mOldstatus5status 5
07-06 18:51:36.575 D/StatusBar.BatteryController( 484): now old status is 5
07-06 18:51:46.585 V/StatusBar.BatteryController( 484): status5batteryHealth 2
07-06 18:51:46.585 D/StatusBar.BatteryController( 484): mOldstatus5status 5
07-06 18:51:46.585 D/StatusBar.BatteryController( 484): now old status is 5
07-06 18:51:56.615 V/StatusBar.BatteryController( 484): status5batteryHealth 2
07-06 18:51:56.615 D/StatusBar.BatteryController( 484): mOldstatus5status 5
07-06 18:51:56.615 D/StatusBar.BatteryController( 484): now old status is 5
07-06 18:52:16.645 V/StatusBar.BatteryController( 484): status5batteryHealth 2
07-06 18:52:16.645 D/StatusBar.BatteryController( 484): mOldstatus5status 5
07-06 18:52:16.645 D/StatusBar.BatteryController( 484): now old status is 5
07-06 18:52:26.665 V/StatusBar.BatteryController( 484): status5batteryHealth 2
07-06 18:52:26.665 D/StatusBar.BatteryController( 484): mOldstatus5status 5
07-06 18:52:26.665 D/StatusBar.BatteryController( 484): now old status is 5
07-06 18:52:36.685 V/StatusBar.BatteryController( 484): status5batteryHealth 2
07-06 18:52:36.685 D/StatusBar.BatteryController( 484): mOldstatus5status 5
07-06 18:52:36.685 D/StatusBar.BatteryController( 484): now old status is 5
07-06 18:52:42.595 W/ThrottleService( 277): unable to find stats for iface rmnet0
07-06 18:52:46.705 V/StatusBar.BatteryController( 484): status5batteryHealth 2
07-06 18:52:46.705 D/StatusBar.BatteryController( 484): mOldstatus5status 5
07-06 18:52:46.705 D/StatusBar.BatteryController( 484): now old status is 5
07-06 18:52:56.725 V/StatusBar.BatteryController( 484): status5batteryHealth 2
07-06 18:52:56.725 D/StatusBar.BatteryController( 484): mOldstatus5status 5
07-06 18:52:56.725 D/StatusBar.BatteryController( 484): now old status is 5
07-06 18:53:06.745 V/StatusBar.BatteryController( 484): status5batteryHealth 2
07-06 18:53:06.745 D/StatusBar.BatteryController( 484): mOldstatus5status 5
07-06 18:53:06.745 D/StatusBar.BatteryController( 484): now old status is 5
07-06 18:53:16.765 V/StatusBar.BatteryController( 484): status5batteryHealth 2
07-06 18:53:16.765 D/StatusBar.BatteryController( 484): mOldstatus5status 5
07-06 18:53:16.765 D/StatusBar.BatteryController( 484): now old status is 5
07-06 18:53:26.785 V/StatusBar.BatteryController( 484): status5batteryHealth 2
07-06 18:53:26.785 D/StatusBar.BatteryController( 484): mOldstatus5status 5
07-06 18:53:26.785 D/StatusBar.BatteryController( 484): now old status is 5 --------- beginning of /dev/log/main
07-06 18:53:34.945 I/GCoreUlr( 754): Not calling LocationReportingService, hasMoved: false, elapsed millis: 1080101, request: Phone
07-06 18:53:35.755 E/SMD ( 105): DCD OFF
07-06 18:53:38.765 E/SMD ( 105): DCD OFF
07-06 18:53:41.765 E/SMD ( 105): DCD OFF
07-06 18:53:44.765 E/SMD ( 105): DCD OFF
07-06 18:53:47.765 E/SMD ( 105): DCD OFF
07-06 18:53:50.775 E/SMD ( 105): DCD OFF
07-06 18:53:53.775 E/SMD ( 105): DCD OFF
07-06 18:53:56.775 E/SMD ( 105): DCD OFF
07-06 18:53:59.775 E/SMD ( 105): DCD OFF
07-06 18:54:02.785 E/SMD ( 105): DCD OFF
07-06 18:54:05.785 E/SMD ( 105): DCD OFF
07-06 18:54:06.865 V/StatusBar.BatteryController( 484): status5batteryHealth 2
07-06 18:54:06.865 D/StatusBar.BatteryController( 484): mOldstatus5status 5
07-06 18:54:06.865 D/StatusBar.BatteryController( 484): now old status is 5
07-06 18:54:08.785 E/SMD ( 105): DCD OFF
07-06 18:54:11.785 E/SMD ( 105): DCD OFF
07-06 18:54:14.795 E/SMD ( 105): DCD OFF
07-06 18:54:17.795 E/SMD ( 105): DCD OFF
07-06 18:54:20.795 E/SMD ( 105): DCD OFF
07-06 18:54:23.795 E/SMD ( 105): DCD OFF
07-06 18:54:26.795 E/SMD ( 105): DCD OFF
07-06 18:54:26.905 V/StatusBar.BatteryController( 484): status5batteryHealth 2
07-06 18:54:26.905 D/StatusBar.BatteryController( 484): mOldstatus5status 5
07-06 18:54:26.905 D/StatusBar.BatteryController( 484): now old status is 5
07-06 18:54:29.805 E/SMD ( 105): DCD OFF
07-06 18:54:32.805 E/SMD ( 105): DCD OFF
07-06 18:54:35.805 E/SMD ( 105): DCD OFF
07-06 18:54:36.925 V/StatusBar.BatteryController( 484): status5batteryHealth 2
07-06 18:54:36.925 D/StatusBar.BatteryController( 484): mOldstatus5status 5
07-06 18:54:36.925 D/StatusBar.BatteryController( 484): now old status is 5
07-06 18:54:38.805 E/SMD ( 105): DCD OFF
07-06 18:54:41.815 E/SMD ( 105): DCD OFF
07-06 18:54:44.815 E/SMD ( 105): DCD OFF
07-06 18:54:46.955 V/StatusBar.BatteryController( 484): status5batteryHealth 2
07-06 18:54:46.955 D/StatusBar.BatteryController( 484): mOldstatus5status 5
07-06 18:54:46.955 D/StatusBar.BatteryController( 484): now old status is 5
07-06 18:54:47.815 E/SMD ( 105): DCD OFF
07-06 18:54:50.815 E/SMD ( 105): DCD OFF
07-06 18:54:53.825 E/SMD ( 105): DCD OFF
07-06 18:54:56.825 E/SMD ( 105): DCD OFF
07-06 18:54:56.975 V/StatusBar.BatteryController( 484): status5batteryHealth 2
07-06 18:54:56.975 D/StatusBar.BatteryController( 484): mOldstatus5status 5
07-06 18:54:56.975 D/StatusBar.BatteryController( 484): now old status is 5
07-06 18:54:59.825 E/SMD ( 105): DCD OFF
07-06 18:55:02.825 E/SMD ( 105): DCD OFF
07-06 18:55:05.825 E/SMD ( 105): DCD OFF
07-06 18:55:06.995 V/StatusBar.BatteryController( 484): status5batteryHealth 2
07-06 18:55:06.995 D/StatusBar.BatteryController( 484): mOldstatus5status 5
07-06 18:55:06.995 D/StatusBar.BatteryController( 484): now old status is 5
07-06 18:55:08.835 E/SMD ( 105): DCD OFF
07-06 18:55:10.165 D/Tethering( 277): interfaceLinkStateChanged wlan0, true
07-06 18:55:10.165 D/Tethering( 277): interfaceStatusChanged wlan0, true
07-06 18:55:11.835 E/SMD ( 105): DCD OFF
07-06 18:55:14.835 E/SMD ( 105): DCD OFF
07-06 18:55:17.835 E/SMD ( 105): DCD OFF
07-06 18:55:20.315 D/GCM ( 590): Ignoring attempt to send heartbeat on dead connection.
07-06 18:55:20.845 E/SMD ( 105): DCD OFF
07-06 18:55:23.845 E/SMD ( 105): DCD OFF
07-06 18:55:25.335 D/Tethering( 277): interfaceLinkStateChanged wlan0, true
07-06 18:55:25.335 D/Tethering( 277): interfaceStatusChanged wlan0, true
07-06 18:55:26.845 E/SMD ( 105): DCD OFF
07-06 18:55:29.845 E/SMD ( 105): DCD OFF
07-06 18:55:32.855 E/SMD ( 105): DCD OFF
07-06 18:55:35.855 E/SMD ( 105): DCD OFF
07-06 18:55:38.855 E/SMD ( 105): DCD OFF
07-06 18:55:41.855 E/SMD ( 105): DCD OFF
07-06 18:55:44.865 E/SMD ( 105): DCD OFF
07-06 18:55:47.065 V/StatusBar.BatteryController( 484): status5batteryHealth 2
07-06 18:55:47.075 D/StatusBar.BatteryController( 484): mOldstatus5status 5
07-06 18:55:47.075 D/StatusBar.BatteryController( 484): now old status is 5
07-06 18:55:47.865 E/SMD ( 105): DCD OFF
07-06 18:55:50.865 E/SMD ( 105): DCD OFF
07-06 18:55:53.865 E/SMD ( 105): DCD OFF
07-06 18:55:56.865 E/SMD ( 105): DCD OFF
07-06 18:55:57.085 V/StatusBar.BatteryController( 484): status5batteryHealth 2
07-06 18:55:57.085 D/StatusBar.BatteryController( 484): mOldstatus5status 5
07-06 18:55:57.085 D/StatusBar.BatteryController( 484): now old status is 5
07-06 18:55:59.875 E/SMD ( 105): DCD OFF
07-06 18:56:02.875 E/SMD ( 105): DCD OFF
07-06 18:56:05.875 E/SMD ( 105): DCD OFF
07-06 18:56:07.105 V/StatusBar.BatteryController( 484): status5batteryHealth 2
07-06 18:56:07.105 D/StatusBar.BatteryController( 484): mOldstatus5status 5
07-06 18:56:07.105 D/StatusBar.BatteryController( 484): now old status is 5
07-06 18:56:08.875 E/SMD ( 105): DCD OFF
07-06 18:56:11.885 E/SMD ( 105): DCD OFF
07-06 18:56:14.885 E/SMD ( 105): DCD OFF
07-06 18:56:17.125 V/StatusBar.BatteryController( 484): status5batteryHealth 2
07-06 18:56:17.125 D/StatusBar.BatteryController( 484): mOldstatus5status 5
07-06 18:56:17.125 D/StatusBar.BatteryController( 484): now old status is 5
07-06 18:56:17.885 E/SMD ( 105): DCD OFF
07-06 18:56:20.885 E/SMD ( 105): DCD OFF
07-06 18:56:23.895 E/SMD ( 105): DCD OFF
07-06 18:56:26.895 E/SMD ( 105): DCD OFF
07-06 18:56:27.145 V/StatusBar.BatteryController( 484): status5batteryHealth 2
07-06 18:56:27.145 D/StatusBar.BatteryController( 484): mOldstatus5status 5
07-06 18:56:27.145 D/StatusBar.BatteryController( 484): now old status is 5
07-06 18:56:29.895 E/SMD ( 105): DCD OFF
07-06 18:56:32.895 E/SMD ( 105): DCD OFF
07-06 18:56:33.235 D/SensorManager( 754): registerListener :: handle = 0 name= BOSCH 3-axis Accelerometer delay= 10000 Listener= kvo@413dd658
07-06 18:56:33.235 E/SensorManager( 754): thread start
07-06 18:56:33.235 E/SensorManager( 754): =======>>>Sensor Thread RUNNING <<<========
07-06 18:56:34.055 I/SensorManager( 754): Set normal delay = true
07-06 18:56:34.135 D/SensorManager( 754): unregisterListener:: disable all sensors for this listener, name = BOSCH 3-axis Accelerometer listener = kvo@413dd658
07-06 18:56:35.895 E/SMD ( 105): DCD OFF
07-06 18:56:37.165 V/StatusBar.BatteryController( 484): status5batteryHealth 2
07-06 18:56:37.165 D/StatusBar.BatteryController( 484): mOldstatus5status 5
07-06 18:56:37.165 D/StatusBar.BatteryController( 484): now old status is 5
07-06 18:56:38.905 E/SMD ( 105): DCD OFF
07-06 18:56:41.905 E/SMD ( 105): DCD OFF
07-06 18:56:44.905 E/SMD ( 105): DCD OFF
07-06 18:56:47.905 E/SMD ( 105): DCD OFF
07-06 18:56:50.915 E/SMD ( 105): DCD OFF
07-06 18:56:53.915 E/SMD ( 105): DCD OFF
07-06 18:56:56.915 E/SMD ( 105): DCD OFF
07-06 18:56:59.915 E/SMD ( 105): DCD OFF
07-06 18:57:02.915 E/SMD ( 105): DCD OFF
07-06 18:57:05.925 E/SMD ( 105): DCD OFF
07-06 18:57:08.925 E/SMD ( 105): DCD OFF
07-06 18:57:11.925 E/SMD ( 105): DCD OFF
07-06 18:57:14.925 E/SMD ( 105): DCD OFF
07-06 18:57:17.245 V/StatusBar.BatteryController( 484): status5batteryHealth 2
07-06 18:57:17.245 D/StatusBar.BatteryController( 484): mOldstatus5status 5
07-06 18:57:17.245 D/StatusBar.BatteryController( 484): now old status is 5
07-06 18:57:17.935 E/SMD ( 105): DCD OFF
07-06 18:57:20.935 E/SMD ( 105): DCD OFF
07-06 18:57:23.935 E/SMD ( 105): DCD OFF
07-06 18:57:26.935 E/SMD ( 105): DCD OFF
07-06 18:57:27.265 V/StatusBar.BatteryController( 484): status5batteryHealth 2
07-06 18:57:27.265 D/StatusBar.BatteryController( 484): mOldstatus5status 5
07-06 18:57:27.265 D/StatusBar.BatteryController( 484): now old status is 5
07-06 18:57:27.745 W/SignalStrength( 277): getCdmaLevel=3
07-06 18:57:27.745 W/SignalStrength( 277): getEvdoLevel=0
07-06 18:57:27.745 W/SignalStrength( 277): getCdmaLevel=3
07-06 18:57:27.745 W/SignalStrength( 277): getLevel=3
07-06 18:57:27.745 W/SignalStrength( 484): getCdmaLevel=3
07-06 18:57:27.745 W/SignalStrength( 484): getEvdoLevel=0
07-06 18:57:27.745 W/SignalStrength( 484): getCdmaLevel=3
07-06 18:57:27.745 W/SignalStrength( 484): getLevel=3
07-06 18:57:29.945 E/SMD ( 105): DCD OFF
07-06 18:57:31.745 W/SignalStrength( 277): getCdmaLevel=3
07-06 18:57:31.745 W/SignalStrength( 277): getEvdoLevel=0
07-06 18:57:31.745 W/SignalStrength( 277): getCdmaLevel=3
07-06 18:57:31.745 W/SignalStrength( 277): getLevel=3
07-06 18:57:31.745 W/SignalStrength( 484): getCdmaLevel=3
07-06 18:57:31.745 W/SignalStrength( 484): getEvdoLevel=0
07-06 18:57:31.745 W/SignalStrength( 484): getCdmaLevel=3
07-06 18:57:31.755 W/SignalStrength( 484): getLevel=3
07-06 18:57:32.945 E/SMD ( 105): DCD OFF
07-06 18:57:35.945 E/SMD ( 105): DCD OFF
07-06 18:57:37.285 V/StatusBar.BatteryController( 484): status5batteryHealth 2
07-06 18:57:37.285 D/StatusBar.BatteryController( 484): mOldstatus5status 5
07-06 18:57:37.285 D/StatusBar.BatteryController( 484): now old status is 5
07-06 18:57:38.945 E/SMD ( 105): DCD OFF
07-06 18:57:41.945 E/SMD ( 105): DCD OFF
07-06 18:57:44.955 E/SMD ( 105): DCD OFF
07-06 18:57:47.955 E/SMD ( 105): DCD OFF
07-06 18:57:50.955 E/SMD ( 105): DCD OFF
07-06 18:57:53.955 E/SMD ( 105): DCD OFF
07-06 18:57:56.965 E/SMD ( 105): DCD OFF
07-06 18:57:59.965 E/SMD ( 105): DCD OFF
07-06 18:58:02.965 E/SMD ( 105): DCD OFF
07-06 18:58:05.965 E/SMD ( 105): DCD OFF
07-06 18:58:08.975 E/SMD ( 105): DCD OFF
07-06 18:58:11.975 E/SMD ( 105): DCD OFF
07-06 18:58:14.975 E/SMD ( 105): DCD OFF
07-06 18:58:17.975 E/SMD ( 105): DCD OFF
07-06 18:58:20.985 E/SMD ( 105): DCD OFF
07-06 18:58:23.985 E/SMD ( 105): DCD OFF
07-06 18:58:26.985 E/SMD ( 105): DCD OFF
07-06 18:58:27.385 V/StatusBar.BatteryController( 484): status5batteryHealth 2
07-06 18:58:27.385 D/StatusBar.BatteryController( 484): mOldstatus5status 5
07-06 18:58:27.385 D/StatusBar.BatteryController( 484): now old status is 5
07-06 18:58:29.985 E/SMD ( 105): DCD OFF
07-06 18:58:32.985 E/SMD ( 105): DCD OFF
07-06 18:58:36.005 E/SMD ( 105): DCD OFF
07-06 18:58:39.005 E/SMD ( 105): DCD OFF
07-06 18:58:42.005 E/SMD ( 105): DCD OFF
07-06 18:58:45.005 E/SMD ( 105): DCD OFF
07-06 18:58:48.015 E/SMD ( 105): DCD OFF
07-06 18:58:51.015 E/SMD ( 105): DCD OFF
07-06 18:58:54.015 E/SMD ( 105): DCD OFF
07-06 18:58:57.025 E/SMD ( 105): DCD OFF
07-06 18:59:00.025 E/SMD ( 105): DCD OFF
07-06 18:59:03.025 E/SMD ( 105): DCD OFF
07-06 18:59:06.025 E/SMD ( 105): DCD OFF
07-06 18:59:09.025 E/SMD ( 105): DCD OFF
07-06 18:59:12.035 E/SMD ( 105): DCD OFF
07-06 18:59:15.035 E/SMD ( 105): DCD OFF
07-06 18:59:17.485 V/StatusBar.BatteryController( 484): status5batteryHealth 2
07-06 18:59:17.485 D/StatusBar.BatteryController( 484): mOldstatus5status 5
07-06 18:59:17.485 D/StatusBar.BatteryController( 484): now old status is 5
07-06 18:59:18.035 E/SMD ( 105): DCD OFF
07-06 18:59:21.035 E/SMD ( 105): DCD OFF
07-06 18:59:24.045 E/SMD ( 105): DCD OFF
07-06 18:59:27.045 E/SMD ( 105): DCD OFF
07-06 18:59:30.045 E/SMD ( 105): DCD OFF
07-06 18:59:32.305 D/SensorManager( 754): registerListener :: handle = 0 name= BOSCH 3-axis Accelerometer delay= 10000 Listener= kvo@414e7c48
07-06 18:59:32.305 E/SensorManager( 754): thread start
07-06 18:59:32.305 E/SensorManager( 754): =======>>>Sensor Thread RUNNING <<<========
07-06 18:59:33.005 I/SensorManager( 754): Set normal delay = true
07-06 18:59:33.045 E/SMD ( 105): DCD OFF
07-06 18:59:33.085 D/SensorManager( 754): unregisterListener:: disable all sensors for this listener, name = BOSCH 3-axis Accelerometer listener = kvo@414e7c48
07-06 18:59:33.115 I/GCoreUlr( 754): Received powerMode change from NLP: com.google.android.location.activity.LOW_POWER_MODE_ENABLED
07-06 18:59:33.115 I/GCoreUlr( 754): Starting service, intent=Intent { act=com.google.android.location.reporting.ACTION_UPDATE_ACTIVE_STATE cmp=xxxx }, extras=null
07-06 18:59:33.165 I/GCoreUlr( 754): Ensuring that reporting is active for [account#15#]
07-06 18:59:33.165 I/GCoreUlr( 754): Starting service, intent=Intent { act=com.google.android.location.reporting.ACTION_LOCATION_STATUS cmp=xxxx (has extras) }, extras=Bundle[{status=LocationStatus[cell status: STATUS_SUCCESSFUL, wifi status: STATUS_INVALID_SCAN, elapsed realtime ns: 237188000000]}]
07-06 18:59:36.055 E/SMD ( 105): DCD OFF
07-06 18:59:37.525 V/StatusBar.BatteryController( 484): status5batteryHealth 2
07-06 18:59:37.525 D/StatusBar.BatteryController( 484): mOldstatus5status 5
07-06 18:59:37.525 D/StatusBar.BatteryController( 484): now old status is 5
07-06 18:59:39.055 E/SMD ( 105): DCD OFF
07-06 18:59:42.055 E/SMD ( 105): DCD OFF
07-06 18:59:45.055 E/SMD ( 105): DCD OFF
07-06 18:59:48.065 E/SMD ( 105): DCD OFF
07-06 18:59:51.065 E/SMD ( 105): DCD OFF
07-06 18:59:54.065 E/SMD ( 105): DCD OFF
07-06 18:59:55.805 W/SignalStrength( 277): getCdmaLevel=2
07-06 18:59:55.805 W/SignalStrength( 277): getEvdoLevel=0
07-06 18:59:55.805 W/SignalStrength( 277): getCdmaLevel=2
07-06 18:59:55.805 W/SignalStrength( 277): getLevel=2
07-06 18:59:55.805 W/SignalStrength( 484): getCdmaLevel=2
07-06 18:59:55.805 W/SignalStrength( 484): getEvdoLevel=0
