07-06 19:13:07.105 W/SignalStrength( 484): getCdmaLevel=3
07-06 19:13:07.105 W/SignalStrength( 484): getLevel=3
07-06 19:13:09.685 E/SMD ( 105): DCD OFF
07-06 19:13:12.695 E/SMD ( 105): DCD OFF
07-06 19:13:15.695 E/SMD ( 105): DCD OFF
07-06 19:13:18.105 W/SignalStrength( 277): getCdmaLevel=2
07-06 19:13:18.105 W/SignalStrength( 277): getEvdoLevel=0
07-06 19:13:18.105 W/SignalStrength( 277): getCdmaLevel=2
07-06 19:13:18.105 W/SignalStrength( 277): getLevel=2
07-06 19:13:18.105 W/SignalStrength( 484): getCdmaLevel=2
07-06 19:13:18.105 W/SignalStrength( 484): getEvdoLevel=0
07-06 19:13:18.105 W/SignalStrength( 484): getCdmaLevel=2
07-06 19:13:18.105 W/SignalStrength( 484): getLevel=2
07-06 19:13:18.695 E/SMD ( 105): DCD OFF
07-06 19:13:19.165 V/StatusBar.BatteryController( 484): status5batteryHealth 2
07-06 19:13:19.165 D/StatusBar.BatteryController( 484): mOldstatus5status 5
07-06 19:13:19.165 D/StatusBar.BatteryController( 484): now old status is 5
07-06 19:13:21.695 E/SMD ( 105): DCD OFF
07-06 19:13:24.705 E/SMD ( 105): DCD OFF
07-06 19:13:27.705 E/SMD ( 105): DCD OFF
07-06 19:13:30.705 E/SMD ( 105): DCD OFF
07-06 19:13:33.705 E/SMD ( 105): DCD OFF
07-06 19:13:36.715 E/SMD ( 105): DCD OFF
07-06 19:13:39.205 V/StatusBar.BatteryController( 484): status5batteryHealth 2
07-06 19:13:39.205 D/StatusBar.BatteryController( 484): mOldstatus5status 5
07-06 19:13:39.205 D/StatusBar.BatteryController( 484): now old status is 5
07-06 19:13:39.715 E/SMD ( 105): DCD OFF
07-06 19:13:42.715 E/SMD ( 105): DCD OFF
07-06 19:13:45.715 E/SMD ( 105): DCD OFF
07-06 19:13:48.715 E/SMD ( 105): DCD OFF
07-06 19:13:49.235 V/StatusBar.BatteryController( 484): status5batteryHealth 2
07-06 19:13:49.235 D/StatusBar.BatteryController( 484): mOldstatus5status 5
07-06 19:13:49.235 D/StatusBar.BatteryController( 484): now old status is 5
07-06 19:13:51.115 W/SignalStrength( 277): getCdmaLevel=3
07-06 19:13:51.115 W/SignalStrength( 277): getEvdoLevel=0
07-06 19:13:51.115 W/SignalStrength( 277): getCdmaLevel=3
07-06 19:13:51.115 W/SignalStrength( 277): getLevel=3
07-06 19:13:51.125 W/SignalStrength( 484): getCdmaLevel=3
07-06 19:13:51.125 W/SignalStrength( 484): getEvdoLevel=0
07-06 19:13:51.125 W/SignalStrength( 484): getCdmaLevel=3
07-06 19:13:51.125 W/SignalStrength( 484): getLevel=3
07-06 19:13:51.725 E/SMD ( 105): DCD OFF
07-06 19:13:54.115 W/SignalStrength( 277): getCdmaLevel=2
07-06 19:13:54.115 W/SignalStrength( 277): getEvdoLevel=0
07-06 19:13:54.115 W/SignalStrength( 277): getCdmaLevel=2
07-06 19:13:54.115 W/SignalStrength( 277): getLevel=2
07-06 19:13:54.125 W/SignalStrength( 484): getCdmaLevel=2
07-06 19:13:54.125 W/SignalStrength( 484): getEvdoLevel=0
07-06 19:13:54.125 W/SignalStrength( 484): getCdmaLevel=2
07-06 19:13:54.125 W/SignalStrength( 484): getLevel=2
07-06 19:13:54.725 E/SMD ( 105): DCD OFF
07-06 19:13:57.725 E/SMD ( 105): DCD OFF
07-06 19:13:59.245 V/StatusBar.BatteryController( 484): status5batteryHealth 2
07-06 19:13:59.245 D/StatusBar.BatteryController( 484): mOldstatus5status 5
07-06 19:13:59.245 D/StatusBar.BatteryController( 484): now old status is 5
07-06 19:14:00.725 E/SMD ( 105): DCD OFF
07-06 19:14:01.115 W/SignalStrength( 277): getCdmaLevel=3
07-06 19:14:01.115 W/SignalStrength( 277): getEvdoLevel=0
07-06 19:14:01.115 W/SignalStrength( 277): getCdmaLevel=3
07-06 19:14:01.115 W/SignalStrength( 277): getLevel=3
07-06 19:14:01.125 W/SignalStrength( 484): getCdmaLevel=3
07-06 19:14:01.125 W/SignalStrength( 484): getEvdoLevel=0
07-06 19:14:01.135 W/SignalStrength( 484): getCdmaLevel=3
07-06 19:14:01.135 W/SignalStrength( 484): getLevel=3
07-06 19:14:03.735 E/SMD ( 105): DCD OFF
07-06 19:14:06.735 E/SMD ( 105): DCD OFF
07-06 19:14:09.275 V/StatusBar.BatteryController( 484): status5batteryHealth 2
07-06 19:14:09.275 D/StatusBar.BatteryController( 484): mOldstatus5status 5
07-06 19:14:09.275 D/StatusBar.BatteryController( 484): now old status is 5
07-06 19:14:09.735 E/SMD ( 105): DCD OFF
07-06 19:14:12.735 E/SMD ( 105): DCD OFF
07-06 19:14:15.745 E/SMD ( 105): DCD OFF
07-06 19:14:18.745 E/SMD ( 105): DCD OFF
07-06 19:14:19.295 V/StatusBar.BatteryController( 484): status5batteryHealth 2
07-06 19:14:19.295 D/StatusBar.BatteryController( 484): mOldstatus5status 5
07-06 19:14:19.295 D/StatusBar.BatteryController( 484): now old status is 5
07-06 19:14:21.745 E/SMD ( 105): DCD OFF
07-06 19:14:24.745 E/SMD ( 105): DCD OFF
07-06 19:14:27.745 E/SMD ( 105): DCD OFF
07-06 19:14:30.755 E/SMD ( 105): DCD OFF
07-06 19:14:32.935 D/SensorManager( 754): registerListener :: handle = 0 name= BOSCH 3-axis Accelerometer delay= 10000 Listener= kvo@41340b20
07-06 19:14:32.935 E/SensorManager( 754): thread start
07-06 19:14:32.935 E/SensorManager( 754): =======>>>Sensor Thread RUNNING <<<========
07-06 19:14:33.645 I/SensorManager( 754): Set normal delay = true
07-06 19:14:33.725 D/SensorManager( 754): unregisterListener:: disable all sensors for this listener, name = BOSCH 3-axis Accelerometer listener = kvo@41340b20
07-06 19:14:33.755 E/SMD ( 105): DCD OFF
07-06 19:14:36.755 E/SMD ( 105): DCD OFF
07-06 19:14:37.135 W/SignalStrength( 277): getCdmaLevel=2
07-06 19:14:37.135 W/SignalStrength( 277): getEvdoLevel=0
07-06 19:14:37.135 W/SignalStrength( 277): getCdmaLevel=2
07-06 19:14:37.135 W/SignalStrength( 277): getLevel=2
07-06 19:14:37.135 W/SignalStrength( 484): getCdmaLevel=2
07-06 19:14:37.135 W/SignalStrength( 484): getEvdoLevel=0
07-06 19:14:37.135 W/SignalStrength( 484): getCdmaLevel=2
07-06 19:14:37.135 W/SignalStrength( 484): getLevel=2
07-06 19:14:39.335 V/StatusBar.BatteryController( 484): status5batteryHealth 2
07-06 19:14:39.335 D/StatusBar.BatteryController( 484): mOldstatus5status 5
07-06 19:14:39.335 D/StatusBar.BatteryController( 484): now old status is 5
07-06 19:14:39.755 E/SMD ( 105): DCD OFF
07-06 19:14:42.765 E/SMD ( 105): DCD OFF
07-06 19:14:45.765 E/SMD ( 105): DCD OFF
07-06 19:14:48.765 E/SMD ( 105): DCD OFF
07-06 19:14:49.355 V/StatusBar.BatteryController( 484): status5batteryHealth 2
07-06 19:14:49.355 D/StatusBar.BatteryController( 484): mOldstatus5status 5
07-06 19:14:49.355 D/StatusBar.BatteryController( 484): now old status is 5
07-06 19:14:51.765 E/SMD ( 105): DCD OFF
07-06 19:14:54.775 E/SMD ( 105): DCD OFF
07-06 19:14:57.775 E/SMD ( 105): DCD OFF
07-06 19:15:00.775 E/SMD ( 105): DCD OFF
07-06 19:15:03.775 E/SMD ( 105): DCD OFF
07-06 19:15:05.145 W/SignalStrength( 277): getCdmaLevel=3
07-06 19:15:05.145 W/SignalStrength( 277): getEvdoLevel=0
07-06 19:15:05.145 W/SignalStrength( 277): getCdmaLevel=3
07-06 19:15:05.145 W/SignalStrength( 277): getLevel=3
07-06 19:15:05.145 W/SignalStrength( 484): getCdmaLevel=3
07-06 19:15:05.145 W/SignalStrength( 484): getEvdoLevel=0
07-06 19:15:05.145 W/SignalStrength( 484): getCdmaLevel=3
07-06 19:15:05.145 W/SignalStrength( 484): getLevel=3
07-06 19:15:06.775 E/SMD ( 105): DCD OFF
07-06 19:15:09.395 V/StatusBar.BatteryController( 484): status5batteryHealth 2
07-06 19:15:09.395 D/StatusBar.BatteryController( 484): mOldstatus5status 5
07-06 19:15:09.395 D/StatusBar.BatteryController( 484): now old status is 5
07-06 19:15:09.785 E/SMD ( 105): DCD OFF
07-06 19:15:12.785 E/SMD ( 105): DCD OFF
07-06 19:15:15.785 E/SMD ( 105): DCD OFF
07-06 19:15:18.785 E/SMD ( 105): DCD OFF
07-06 19:15:21.795 E/SMD ( 105): DCD OFF
07-06 19:15:24.795 E/SMD ( 105): DCD OFF
07-06 19:15:27.795 E/SMD ( 105): DCD OFF
07-06 19:15:29.435 V/StatusBar.BatteryController( 484): status5batteryHealth 2
07-06 19:15:29.435 D/StatusBar.BatteryController( 484): mOldstatus5status 5
07-06 19:15:29.435 D/StatusBar.BatteryController( 484): now old status is 5
07-06 19:15:30.795 E/SMD ( 105): DCD OFF
07-06 19:15:33.805 E/SMD ( 105): DCD OFF
07-06 19:15:36.805 E/SMD ( 105): DCD OFF
07-06 19:15:39.805 E/SMD ( 105): DCD OFF
07-06 19:15:42.805 E/SMD ( 105): DCD OFF
07-06 19:15:45.805 E/SMD ( 105): DCD OFF
07-06 19:15:48.815 E/SMD ( 105): DCD OFF
07-06 19:15:51.815 E/SMD ( 105): DCD OFF
07-06 19:15:54.815 E/SMD ( 105): DCD OFF
07-06 19:15:55.165 W/SignalStrength( 277): getCdmaLevel=2
07-06 19:15:55.165 W/SignalStrength( 277): getEvdoLevel=0
07-06 19:15:55.165 W/SignalStrength( 277): getCdmaLevel=2
07-06 19:15:55.165 W/SignalStrength( 277): getLevel=2
07-06 19:15:55.165 W/SignalStrength( 484): getCdmaLevel=2
07-06 19:15:55.165 W/SignalStrength( 484): getEvdoLevel=0
07-06 19:15:55.165 W/SignalStrength( 484): getCdmaLevel=2
07-06 19:15:55.165 W/SignalStrength( 484): getLevel=2
07-06 19:15:56.165 W/SignalStrength( 277): getCdmaLevel=3
07-06 19:15:56.165 W/SignalStrength( 277): getEvdoLevel=0
07-06 19:15:56.165 W/SignalStrength( 277): getCdmaLevel=3
07-06 19:15:56.165 W/SignalStrength( 277): getLevel=3
07-06 19:15:56.165 W/SignalStrength( 484): getCdmaLevel=3
07-06 19:15:56.165 W/SignalStrength( 484): getEvdoLevel=0
07-06 19:15:56.165 W/SignalStrength( 484): getCdmaLevel=3
07-06 19:15:56.165 W/SignalStrength( 484): getLevel=3
07-06 19:15:57.815 E/SMD ( 105): DCD OFF
07-06 19:16:00.825 E/SMD ( 105): DCD OFF
07-06 19:16:03.165 W/SignalStrength( 277): getCdmaLevel=2
07-06 19:16:03.165 W/SignalStrength( 277): getEvdoLevel=0
07-06 19:16:03.165 W/SignalStrength( 277): getCdmaLevel=2
07-06 19:16:03.165 W/SignalStrength( 277): getLevel=2
07-06 19:16:03.165 W/SignalStrength( 484): getCdmaLevel=2
07-06 19:16:03.165 W/SignalStrength( 484): getEvdoLevel=0
07-06 19:16:03.165 W/SignalStrength( 484): getCdmaLevel=2
07-06 19:16:03.165 W/SignalStrength( 484): getLevel=2
07-06 19:16:03.825 E/SMD ( 105): DCD OFF
07-06 19:16:06.825 E/SMD ( 105): DCD OFF
07-06 19:16:09.825 E/SMD ( 105): DCD OFF
07-06 19:16:12.835 E/SMD ( 105): DCD OFF
07-06 19:16:15.835 E/SMD ( 105): DCD OFF
07-06 19:16:18.835 E/SMD ( 105): DCD OFF
07-06 19:16:21.835 E/SMD ( 105): DCD OFF
07-06 19:16:24.835 E/SMD ( 105): DCD OFF
07-06 19:16:27.175 W/SignalStrength( 277): getCdmaLevel=3
07-06 19:16:27.175 W/SignalStrength( 277): getEvdoLevel=0
07-06 19:16:27.175 W/SignalStrength( 277): getCdmaLevel=3
07-06 19:16:27.175 W/SignalStrength( 277): getLevel=3
07-06 19:16:27.175 W/SignalStrength( 484): getCdmaLevel=3
07-06 19:16:27.175 W/SignalStrength( 484): getEvdoLevel=0
07-06 19:16:27.175 W/SignalStrength( 484): getCdmaLevel=3
07-06 19:16:27.175 W/SignalStrength( 484): getLevel=3
07-06 19:16:27.845 E/SMD ( 105): DCD OFF
07-06 19:16:29.545 V/StatusBar.BatteryController( 484): status5batteryHealth 2
07-06 19:16:29.545 D/StatusBar.BatteryController( 484): mOldstatus5status 5
07-06 19:16:29.545 D/StatusBar.BatteryController( 484): now old status is 5
07-06 19:16:30.845 E/SMD ( 105): DCD OFF
07-06 19:16:33.845 E/SMD ( 105): DCD OFF
07-06 19:16:36.845 E/SMD ( 105): DCD OFF
07-06 19:16:39.575 V/StatusBar.BatteryController( 484): status5batteryHealth 2
07-06 19:16:39.575 D/StatusBar.BatteryController( 484): mOldstatus5status 5
07-06 19:16:39.575 D/StatusBar.BatteryController( 484): now old status is 5
07-06 19:16:39.855 E/SMD ( 105): DCD OFF
07-06 19:16:40.175 W/SignalStrength( 277): getCdmaLevel=2
07-06 19:16:40.175 W/SignalStrength( 277): getEvdoLevel=0
07-06 19:16:40.175 W/SignalStrength( 277): getCdmaLevel=2
07-06 19:16:40.175 W/SignalStrength( 277): getLevel=2
07-06 19:16:40.185 W/SignalStrength( 484): getCdmaLevel=2
07-06 19:16:40.185 W/SignalStrength( 484): getEvdoLevel=0
07-06 19:16:40.185 W/SignalStrength( 484): getCdmaLevel=2
07-06 19:16:40.185 W/SignalStrength( 484): getLevel=2
07-06 19:16:42.855 E/SMD ( 105): DCD OFF
07-06 19:16:43.185 W/SignalStrength( 277): getCdmaLevel=3
07-06 19:16:43.185 W/SignalStrength( 277): getEvdoLevel=0
07-06 19:16:43.185 W/SignalStrength( 277): getCdmaLevel=3
07-06 19:16:43.185 W/SignalStrength( 277): getLevel=3
07-06 19:16:43.185 W/SignalStrength( 484): getCdmaLevel=3
07-06 19:16:43.185 W/SignalStrength( 484): getEvdoLevel=0
07-06 19:16:43.185 W/SignalStrength( 484): getCdmaLevel=3
07-06 19:16:43.185 W/SignalStrength( 484): getLevel=3
07-06 19:16:45.855 E/SMD ( 105): DCD OFF
07-06 19:16:48.185 W/SignalStrength( 277): getCdmaLevel=2
07-06 19:16:48.185 W/SignalStrength( 277): getEvdoLevel=0
07-06 19:16:48.185 W/SignalStrength( 277): getCdmaLevel=2
07-06 19:16:48.185 W/SignalStrength( 277): getLevel=2
07-06 19:16:48.185 W/SignalStrength( 484): getCdmaLevel=2
07-06 19:16:48.185 W/SignalStrength( 484): getEvdoLevel=0
07-06 19:16:48.185 W/SignalStrength( 484): getCdmaLevel=2
07-06 19:16:48.185 W/SignalStrength( 484): getLevel=2
07-06 19:16:48.855 E/SMD ( 105): DCD OFF
07-06 19:16:49.595 V/StatusBar.BatteryController( 484): status5batteryHealth 2
07-06 19:16:49.595 D/StatusBar.BatteryController( 484): mOldstatus5status 5
07-06 19:16:49.595 D/StatusBar.BatteryController( 484): now old status is 5
07-06 19:16:51.865 E/SMD ( 105): DCD OFF
07-06 19:16:54.865 E/SMD ( 105): DCD OFF
07-06 19:16:57.865 E/SMD ( 105): DCD OFF
07-06 19:17:00.865 E/SMD ( 105): DCD OFF
07-06 19:17:03.875 E/SMD ( 105): DCD OFF
07-06 19:17:06.875 E/SMD ( 105): DCD OFF
07-06 19:17:09.625 V/StatusBar.BatteryController( 484): status5batteryHealth 2
07-06 19:17:09.625 D/StatusBar.BatteryController( 484): mOldstatus5status 5
07-06 19:17:09.625 D/StatusBar.BatteryController( 484): now old status is 5
07-06 19:17:09.875 E/SMD ( 105): DCD OFF
07-06 19:17:12.875 E/SMD ( 105): DCD OFF
07-06 19:17:13.195 W/SignalStrength( 277): getCdmaLevel=3
07-06 19:17:13.195 W/SignalStrength( 277): getEvdoLevel=0
07-06 19:17:13.195 W/SignalStrength( 277): getCdmaLevel=3
07-06 19:17:13.195 W/SignalStrength( 277): getLevel=3
07-06 19:17:13.195 W/SignalStrength( 484): getCdmaLevel=3
07-06 19:17:13.195 W/SignalStrength( 484): getEvdoLevel=0
07-06 19:17:13.195 W/SignalStrength( 484): getCdmaLevel=3
07-06 19:17:13.195 W/SignalStrength( 484): getLevel=3
07-06 19:17:15.875 E/SMD ( 105): DCD OFF
07-06 19:17:18.885 E/SMD ( 105): DCD OFF
07-06 19:17:19.655 V/StatusBar.BatteryController( 484): status5batteryHealth 2
07-06 19:17:19.655 D/StatusBar.BatteryController( 484): mOldstatus5status 5
07-06 19:17:19.655 D/StatusBar.BatteryController( 484): now old status is 5
07-06 19:17:21.885 E/SMD ( 105): DCD OFF
07-06 19:17:24.885 E/SMD ( 105): DCD OFF
07-06 19:17:27.195 W/SignalStrength( 277): getCdmaLevel=2
07-06 19:17:27.195 W/SignalStrength( 277): getEvdoLevel=0
07-06 19:17:27.195 W/SignalStrength( 277): getCdmaLevel=2
07-06 19:17:27.195 W/SignalStrength( 277): getLevel=2
07-06 19:17:27.205 W/SignalStrength( 484): getCdmaLevel=2
07-06 19:17:27.205 W/SignalStrength( 484): getEvdoLevel=0
07-06 19:17:27.205 W/SignalStrength( 484): getCdmaLevel=2
07-06 19:17:27.205 W/SignalStrength( 484): getLevel=2
07-06 19:17:27.885 E/SMD ( 105): DCD OFF
07-06 19:17:29.665 V/StatusBar.BatteryController( 484): status5batteryHealth 2
07-06 19:17:29.675 D/StatusBar.BatteryController( 484): mOldstatus5status 5
07-06 19:17:29.675 D/StatusBar.BatteryController( 484): now old status is 5
07-06 19:17:30.895 E/SMD ( 105): DCD OFF
07-06 19:17:32.055 D/SensorManager( 754): registerListener :: handle = 0 name= BOSCH 3-axis Accelerometer delay= 10000 Listener= kvo@4131a408
07-06 19:17:32.055 E/SensorManager( 754): thread start
07-06 19:17:32.055 E/SensorManager( 754): =======>>>Sensor Thread RUNNING <<<========
07-06 19:17:32.775 I/SensorManager( 754): Set normal delay = true
07-06 19:17:32.855 D/SensorManager( 754): unregisterListener:: disable all sensors for this listener, name = BOSCH 3-axis Accelerometer listener = kvo@4131a408
07-06 19:17:33.895 E/SMD ( 105): DCD OFF
07-06 19:17:36.895 E/SMD ( 105): DCD OFF
07-06 19:17:39.695 V/StatusBar.BatteryController( 484): status5batteryHealth 2
07-06 19:17:39.695 D/StatusBar.BatteryController( 484): mOldstatus5status 5
07-06 19:17:39.695 D/StatusBar.BatteryController( 484): now old status is 5
07-06 19:17:39.895 E/SMD ( 105): DCD OFF
07-06 19:17:42.905 E/SMD ( 105): DCD OFF
07-06 19:17:45.905 E/SMD ( 105): DCD OFF
07-06 19:17:48.905 E/SMD ( 105): DCD OFF
07-06 19:17:49.715 V/StatusBar.BatteryController( 484): status5batteryHealth 2
07-06 19:17:49.715 D/StatusBar.BatteryController( 484): mOldstatus5status 5
07-06 19:17:49.715 D/StatusBar.BatteryController( 484): now old status is 5
07-06 19:17:51.905 E/SMD ( 105): DCD OFF
07-06 19:17:54.905 E/SMD ( 105): DCD OFF
07-06 19:17:57.915 E/SMD ( 105): DCD OFF
07-06 19:18:00.915 E/SMD ( 105): DCD OFF
07-06 19:18:03.915 E/SMD ( 105): DCD OFF
07-06 19:18:06.915 E/SMD ( 105): DCD OFF
07-06 19:18:09.755 V/StatusBar.BatteryController( 484): status5batteryHealth 2
07-06 19:18:09.755 D/StatusBar.BatteryController( 484): mOldstatus5status 5
07-06 19:18:09.755 D/StatusBar.BatteryController( 484): now old status is 5
07-06 19:18:09.925 E/SMD ( 105): DCD OFF
07-06 19:18:12.925 E/SMD ( 105): DCD OFF
07-06 19:18:15.925 E/SMD ( 105): DCD OFF
07-06 19:18:18.925 E/SMD ( 105): DCD OFF
07-06 19:18:19.775 V/StatusBar.BatteryController( 484): status5batteryHealth 2
07-06 19:18:19.775 D/StatusBar.BatteryController( 484): mOldstatus5status 5
07-06 19:18:19.775 D/StatusBar.BatteryController( 484): now old status is 5
07-06 19:18:20.215 W/SignalStrength( 277): getCdmaLevel=3
07-06 19:18:20.215 W/SignalStrength( 277): getEvdoLevel=0
07-06 19:18:20.215 W/SignalStrength( 277): getCdmaLevel=3
07-06 19:18:20.215 W/SignalStrength( 277): getLevel=3
07-06 19:18:20.225 W/SignalStrength( 484): getCdmaLevel=3
07-06 19:18:20.225 W/SignalStrength( 484): getEvdoLevel=0
07-06 19:18:20.225 W/SignalStrength( 484): getCdmaLevel=3
07-06 19:18:20.225 W/SignalStrength( 484): getLevel=3
07-06 19:18:21.935 E/SMD ( 105): DCD OFF
07-06 19:18:24.935 E/SMD ( 105): DCD OFF
07-06 19:18:27.935 E/SMD ( 105): DCD OFF
07-06 19:18:29.785 V/StatusBar.BatteryController( 484): status5batteryHealth 2
07-06 19:18:29.785 D/StatusBar.BatteryController( 484): mOldstatus5status 5
07-06 19:18:29.785 D/StatusBar.BatteryController( 484): now old status is 5
07-06 19:18:30.935 E/SMD ( 105): DCD OFF
07-06 19:18:31.225 W/SignalStrength( 277): getCdmaLevel=2
07-06 19:18:31.225 W/SignalStrength( 277): getEvdoLevel=0
07-06 19:18:31.225 W/SignalStrength( 277): getCdmaLevel=2
07-06 19:18:31.225 W/SignalStrength( 277): getLevel=2
07-06 19:18:31.225 W/SignalStrength( 484): getCdmaLevel=2
07-06 19:18:31.225 W/SignalStrength( 484): getEvdoLevel=0
07-06 19:18:31.225 W/SignalStrength( 484): getCdmaLevel=2
07-06 19:18:31.225 W/SignalStrength( 484): getLevel=2
07-06 19:18:33.945 E/SMD ( 105): DCD OFF
07-06 19:18:36.945 E/SMD ( 105): DCD OFF
07-06 19:18:37.225 W/SignalStrength( 277): getCdmaLevel=3
07-06 19:18:37.225 W/SignalStrength( 277): getEvdoLevel=0
07-06 19:18:37.225 W/SignalStrength( 277): getCdmaLevel=3
07-06 19:18:37.225 W/SignalStrength( 277): getLevel=3
07-06 19:18:37.225 W/SignalStrength( 484): getCdmaLevel=3
07-06 19:18:37.225 W/SignalStrength( 484): getEvdoLevel=0
07-06 19:18:37.225 W/SignalStrength( 484): getCdmaLevel=3
07-06 19:18:37.225 W/SignalStrength( 484): getLevel=3
07-06 19:18:39.945 E/SMD ( 105): DCD OFF
07-06 19:18:42.945 E/SMD ( 105): DCD OFF
07-06 19:18:43.225 W/SignalStrength( 277): getCdmaLevel=2
07-06 19:18:43.225 W/SignalStrength( 277): getEvdoLevel=0
07-06 19:18:43.225 W/SignalStrength( 277): getCdmaLevel=2
07-06 19:18:43.225 W/SignalStrength( 277): getLevel=2
07-06 19:18:43.225 W/SignalStrength( 484): getCdmaLevel=2
07-06 19:18:43.225 W/SignalStrength( 484): getEvdoLevel=0
07-06 19:18:43.225 W/SignalStrength( 484): getCdmaLevel=2
07-06 19:18:43.225 W/SignalStrength( 484): getLevel=2
07-06 19:18:45.945 E/SMD ( 105): DCD OFF
07-06 19:18:48.955 E/SMD ( 105): DCD OFF
07-06 19:18:49.845 V/StatusBar.BatteryController( 484): status5batteryHealth 2
07-06 19:18:49.845 D/StatusBar.BatteryController( 484): mOldstatus5status 5
07-06 19:18:49.845 D/StatusBar.BatteryController( 484): now old status is 5
07-06 19:18:51.955 E/SMD ( 105): DCD OFF
07-06 19:18:54.955 E/SMD ( 105): DCD OFF
07-06 19:18:57.955 E/SMD ( 105): DCD OFF
07-06 19:18:59.235 W/SignalStrength( 277): getCdmaLevel=3
07-06 19:18:59.235 W/SignalStrength( 277): getEvdoLevel=0
07-06 19:18:59.235 W/SignalStrength( 277): getCdmaLevel=3
07-06 19:18:59.235 W/SignalStrength( 277): getLevel=3
07-06 19:18:59.235 W/SignalStrength( 484): getCdmaLevel=3
07-06 19:18:59.235 W/SignalStrength( 484): getEvdoLevel=0
07-06 19:18:59.235 W/SignalStrength( 484): getCdmaLevel=3
07-06 19:18:59.235 W/SignalStrength( 484): getLevel=3
07-06 19:18:59.845 V/StatusBar.BatteryController( 484): status5batteryHealth 2
07-06 19:18:59.845 D/StatusBar.BatteryController( 484): mOldstatus5status 5
07-06 19:18:59.845 D/StatusBar.BatteryController( 484): now old status is 5
07-06 19:19:00.965 E/SMD ( 105): DCD OFF
07-06 19:19:01.235 W/SignalStrength( 277): getCdmaLevel=2
07-06 19:19:01.235 W/SignalStrength( 277): getEvdoLevel=0
07-06 19:19:01.235 W/SignalStrength( 277): getCdmaLevel=2
07-06 19:19:01.235 W/SignalStrength( 277): getLevel=2
07-06 19:19:01.235 W/SignalStrength( 484): getCdmaLevel=2
07-06 19:19:01.235 W/SignalStrength( 484): getEvdoLevel=0
07-06 19:19:01.235 W/SignalStrength( 484): getCdmaLevel=2
07-06 19:19:01.235 W/SignalStrength( 484): getLevel=2
07-06 19:19:03.965 E/SMD ( 105): DCD OFF
07-06 19:19:06.965 E/SMD ( 105): DCD OFF
07-06 19:19:09.965 E/SMD ( 105): DCD OFF
07-06 19:19:12.975 E/SMD ( 105): DCD OFF
07-06 19:19:15.975 E/SMD ( 105): DCD OFF
07-06 19:19:18.975 E/SMD ( 105): DCD OFF
07-06 19:19:19.885 V/StatusBar.BatteryController( 484): status5batteryHealth 2
07-06 19:19:19.885 D/StatusBar.BatteryController( 484): mOldstatus5status 5
07-06 19:19:19.885 D/StatusBar.BatteryController( 484): now old status is 5
07-06 19:19:21.975 E/SMD ( 105): DCD OFF
07-06 19:19:24.975 E/SMD ( 105): DCD OFF
07-06 19:19:27.985 E/SMD ( 105): DCD OFF
07-06 19:19:30.985 E/SMD ( 105): DCD OFF
07-06 19:19:33.985 E/SMD ( 105): DCD OFF
07-06 19:19:36.985 E/SMD ( 105): DCD OFF
07-06 19:19:39.925 V/StatusBar.BatteryController( 484): status5batteryHealth 2
07-06 19:19:39.925 D/StatusBar.BatteryController( 484): mOldstatus5status 5
07-06 19:19:39.925 D/StatusBar.BatteryController( 484): now old status is 5
07-06 19:19:39.995 E/SMD ( 105): DCD OFF
07-06 19:19:42.995 E/SMD ( 105): DCD OFF
07-06 19:19:43.245 W/SignalStrength( 277): getCdmaLevel=3
07-06 19:19:43.245 W/SignalStrength( 277): getEvdoLevel=0
07-06 19:19:43.245 W/SignalStrength( 277): getCdmaLevel=3
07-06 19:19:43.245 W/SignalStrength( 277): getLevel=3
07-06 19:19:43.255 W/SignalStrength( 484): getCdmaLevel=3
07-06 19:19:43.255 W/SignalStrength( 484): getEvdoLevel=0
07-06 19:19:43.255 W/SignalStrength( 484): getCdmaLevel=3
07-06 19:19:43.255 W/SignalStrength( 484): getLevel=3
07-06 19:19:45.995 E/SMD ( 105): DCD OFF
07-06 19:19:48.995 E/SMD ( 105): DCD OFF
07-06 19:19:49.945 V/StatusBar.BatteryController( 484): status5batteryHealth 2
07-06 19:19:49.945 D/StatusBar.BatteryController( 484): mOldstatus5status 5
07-06 19:19:49.945 D/StatusBar.BatteryController( 484): now old status is 5
07-06 19:19:52.005 E/SMD ( 105): DCD OFF
07-06 19:19:55.005 E/SMD ( 105): DCD OFF
07-06 19:19:58.005 E/SMD ( 105): DCD OFF
07-06 19:20:01.005 E/SMD ( 105): DCD OFF
07-06 19:20:04.015 E/SMD ( 105): DCD OFF
07-06 19:20:04.255 W/SignalStrength( 277): getCdmaLevel=2
07-06 19:20:04.255 W/SignalStrength( 277): getEvdoLevel=0
07-06 19:20:04.255 W/SignalStrength( 277): getCdmaLevel=2
07-06 19:20:04.255 W/SignalStrength( 277): getLevel=2
07-06 19:20:04.255 W/SignalStrength( 484): getCdmaLevel=2
07-06 19:20:04.255 W/SignalStrength( 484): getEvdoLevel=0
07-06 19:20:04.255 W/SignalStrength( 484): getCdmaLevel=2
07-06 19:20:04.255 W/SignalStrength( 484): getLevel=2
07-06 19:20:07.015 E/SMD ( 105): DCD OFF
07-06 19:20:09.985 V/StatusBar.BatteryController( 484): status5batteryHealth 2
07-06 19:20:09.995 D/StatusBar.BatteryController( 484): mOldstatus5status 5
07-06 19:20:09.995 D/StatusBar.BatteryController( 484): now old status is 5
07-06 19:20:10.015 E/SMD ( 105): DCD OFF
07-06 19:20:13.025 E/SMD ( 105): DCD OFF
07-06 19:20:16.025 E/SMD ( 105): DCD OFF
07-06 19:20:19.025 E/SMD ( 105): DCD OFF
07-06 19:20:19.265 W/SignalStrength( 277): getCdmaLevel=3
07-06 19:20:19.265 W/SignalStrength( 277): getEvdoLevel=0
07-06 19:20:19.265 W/SignalStrength( 277): getCdmaLevel=3
07-06 19:20:19.265 W/SignalStrength( 277): getLevel=3
07-06 19:20:19.265 W/SignalStrength( 484): getCdmaLevel=3
07-06 19:20:19.265 W/SignalStrength( 484): getEvdoLevel=0
07-06 19:20:19.265 W/SignalStrength( 484): getCdmaLevel=3
07-06 19:20:19.265 W/SignalStrength( 484): getLevel=3
07-06 19:20:22.025 E/SMD ( 105): DCD OFF
07-06 19:20:25.025 E/SMD ( 105): DCD OFF
07-06 19:20:26.265 W/SignalStrength( 277): getCdmaLevel=2
07-06 19:20:26.265 W/SignalStrength( 277): getEvdoLevel=0
07-06 19:20:26.265 W/SignalStrength( 277): getCdmaLevel=2
07-06 19:20:26.265 W/SignalStrength( 277): getLevel=2
07-06 19:20:26.275 W/SignalStrength( 484): getCdmaLevel=2
07-06 19:20:26.275 W/SignalStrength( 484): getEvdoLevel=0
07-06 19:20:26.275 W/SignalStrength( 484): getCdmaLevel=2
07-06 19:20:26.275 W/SignalStrength( 484): getLevel=2
07-06 19:20:28.035 E/SMD ( 105): DCD OFF
07-06 19:20:28.055 D/GCM ( 590): Ignoring attempt to send heartbeat on dead connection.
07-06 19:20:30.025 V/StatusBar.BatteryController( 484): status5batteryHealth 2
07-06 19:20:30.025 D/StatusBar.BatteryController( 484): mOldstatus5status 5
07-06 19:20:30.025 D/StatusBar.BatteryController( 484): now old status is 5
07-06 19:20:31.035 E/SMD ( 105): DCD OFF
07-06 19:20:31.045 D/SensorManager( 754): registerListener :: handle = 0 name= BOSCH 3-axis Accelerometer delay= 10000 Listener= kvo@412f6ae0
07-06 19:20:31.045 E/SensorManager( 754): thread start
07-06 19:20:31.045 E/SensorManager( 754): =======>>>Sensor Thread RUNNING <<<========
07-06 19:20:31.745 I/SensorManager( 754): Set normal delay = true
07-06 19:20:31.825 D/SensorManager( 754): unregisterListener:: disable all sensors for this listener, name = BOSCH 3-axis Accelerometer listener = kvo@412f6ae0
07-06 19:20:33.085 D/Tethering( 277): interfaceLinkStateChanged wlan0, true
07-06 19:20:33.085 D/Tethering( 277): interfaceStatusChanged wlan0, true
07-06 19:20:34.035 E/SMD ( 105): DCD OFF
07-06 19:20:37.045 E/SMD ( 105): DCD OFF
07-06 19:20:38.145 D/Tethering( 277): interfaceLinkStateChanged wlan0, true
07-06 19:20:38.145 D/Tethering( 277): interfaceStatusChanged wlan0, true
07-06 19:20:40.045 E/SMD ( 105): DCD OFF
07-06 19:20:40.055 V/StatusBar.BatteryController( 484): status5batteryHealth 2
07-06 19:20:40.055 D/StatusBar.BatteryController( 484): mOldstatus5status 5
07-06 19:20:40.055 D/StatusBar.BatteryController( 484): now old status is 5
07-06 19:20:43.045 E/SMD ( 105): DCD OFF
07-06 19:20:46.045 E/SMD ( 105): DCD OFF
07-06 19:20:49.055 E/SMD ( 105): DCD OFF
07-06 19:20:50.065 V/StatusBar.BatteryController( 484): status5batteryHealth 2
07-06 19:20:50.065 D/StatusBar.BatteryController( 484): mOldstatus5status 5
07-06 19:20:50.065 D/StatusBar.BatteryController( 484): now old status is 5
07-06 19:20:52.055 E/SMD ( 105): DCD OFF
07-06 19:20:55.055 E/SMD ( 105): DCD OFF
07-06 19:20:58.055 E/SMD ( 105): DCD OFF
07-06 19:20:58.285 W/SignalStrength( 277): getCdmaLevel=3
07-06 19:20:58.285 W/SignalStrength( 277): getEvdoLevel=0
07-06 19:20:58.285 W/SignalStrength( 277): getCdmaLevel=3
07-06 19:20:58.285 W/SignalStrength( 277): getLevel=3
07-06 19:20:58.285 W/SignalStrength( 484): getCdmaLevel=3
07-06 19:20:58.285 W/SignalStrength( 484): getEvdoLevel=0
07-06 19:20:58.285 W/SignalStrength( 484): getCdmaLevel=3
07-06 19:20:58.285 W/SignalStrength( 484): getLevel=3
07-06 19:21:00.085 V/StatusBar.BatteryController( 484): status5batteryHealth 2
07-06 19:21:00.085 D/StatusBar.BatteryController( 484): mOldstatus5status 5
07-06 19:21:00.085 D/StatusBar.BatteryController( 484): now old status is 5
07-06 19:21:01.065 E/SMD ( 105): DCD OFF
07-06 19:21:04.065 E/SMD ( 105): DCD OFF
07-06 19:21:07.065 E/SMD ( 105): DCD OFF
07-06 19:21:10.065 E/SMD ( 105): DCD OFF
07-06 19:21:10.285 W/SignalStrength( 277): getCdmaLevel=2
07-06 19:21:10.285 W/SignalStrength( 277): getEvdoLevel=0
07-06 19:21:10.285 W/SignalStrength( 277): getCdmaLevel=2
07-06 19:21:10.285 W/SignalStrength( 277): getLevel=2
07-06 19:21:10.295 W/SignalStrength( 484): getCdmaLevel=2
07-06 19:21:10.295 W/SignalStrength( 484): getEvdoLevel=0
07-06 19:21:10.295 W/SignalStrength( 484): getCdmaLevel=2
07-06 19:21:10.295 W/SignalStrength( 484): getLevel=2
07-06 19:21:13.075 E/SMD ( 105): DCD OFF
07-06 19:21:16.075 E/SMD ( 105): DCD OFF
07-06 19:21:19.075 E/SMD ( 105): DCD OFF
07-06 19:21:20.125 V/StatusBar.BatteryController( 484): status5batteryHealth 2
07-06 19:21:20.125 D/StatusBar.BatteryController( 484): mOldstatus5status 5
07-06 19:21:20.125 D/StatusBar.BatteryController( 484): now old status is 5
07-06 19:21:22.075 E/SMD ( 105): DCD OFF
07-06 19:21:25.085 E/SMD ( 105): DCD OFF
07-06 19:21:28.085 E/SMD ( 105): DCD OFF
07-06 19:21:31.085 E/SMD ( 105): DCD OFF
07-06 19:21:34.085 E/SMD ( 105): DCD OFF
07-06 19:21:34.295 W/SignalStrength( 277): getCdmaLevel=3
07-06 19:21:34.295 W/SignalStrength( 277): getEvdoLevel=0
07-06 19:21:34.295 W/SignalStrength( 277): getCdmaLevel=3
07-06 19:21:34.295 W/SignalStrength( 277): getLevel=3
07-06 19:21:34.305 W/SignalStrength( 484): getCdmaLevel=3
07-06 19:21:34.305 W/SignalStrength( 484): getEvdoLevel=0
07-06 19:21:34.305 W/SignalStrength( 484): getCdmaLevel=3
07-06 19:21:34.305 W/SignalStrength( 484): getLevel=3
07-06 19:21:37.095 E/SMD ( 105): DCD OFF
07-06 19:21:38.655 I/EventLogService( 717): Aggregate from 1404687098469 (log), 1404687098469 (data)
07-06 19:21:40.095 E/SMD ( 105): DCD OFF
07-06 19:21:42.305 W/SignalStrength( 277): getCdmaLevel=2
07-06 19:21:42.305 W/SignalStrength( 277): getEvdoLevel=0
07-06 19:21:42.305 W/SignalStrength( 277): getCdmaLevel=2
07-06 19:21:42.305 W/SignalStrength( 277): getLevel=2
07-06 19:21:42.315 W/SignalStrength( 484): getCdmaLevel=2
07-06 19:21:42.315 W/SignalStrength( 484): getEvdoLevel=0
07-06 19:21:42.315 W/SignalStrength( 484): getCdmaLevel=2
07-06 19:21:42.315 W/SignalStrength( 484): getLevel=2
07-06 19:21:43.095 E/SMD ( 105): DCD OFF
07-06 19:21:46.095 E/SMD ( 105): DCD OFF
07-06 19:21:46.305 W/SignalStrength( 277): getCdmaLevel=3
07-06 19:21:46.305 W/SignalStrength( 277): getEvdoLevel=0
07-06 19:21:46.305 W/SignalStrength( 277): getCdmaLevel=3
07-06 19:21:46.305 W/SignalStrength( 277): getLevel=3
07-06 19:21:46.305 W/SignalStrength( 484): getCdmaLevel=3
07-06 19:21:46.305 W/SignalStrength( 484): getEvdoLevel=0
07-06 19:21:46.305 W/SignalStrength( 484): getCdmaLevel=3
07-06 19:21:46.305 W/SignalStrength( 484): getLevel=3
07-06 19:21:49.095 E/SMD ( 105): DCD OFF
07-06 19:21:52.105 E/SMD ( 105): DCD OFF
07-06 19:21:55.105 E/SMD ( 105): DCD OFF
07-06 19:21:58.105 E/SMD ( 105): DCD OFF
07-06 19:22:00.215 V/StatusBar.BatteryController( 484): status5batteryHealth 2
07-06 19:22:00.215 D/StatusBar.BatteryController( 484): mOldstatus5status 5
07-06 19:22:00.215 D/StatusBar.BatteryController( 484): now old status is 5
07-06 19:22:01.105 E/SMD ( 105): DCD OFF
07-06 19:22:04.115 E/SMD ( 105): DCD OFF
07-06 19:22:07.115 E/SMD ( 105): DCD OFF
07-06 19:22:10.115 E/SMD ( 105): DCD OFF
07-06 19:22:12.315 W/SignalStrength( 277): getCdmaLevel=2
07-06 19:22:12.315 W/SignalStrength( 277): getEvdoLevel=0
07-06 19:22:12.315 W/SignalStrength( 277): getCdmaLevel=2
07-06 19:22:12.315 W/SignalStrength( 277): getLevel=2
07-06 19:22:12.325 W/SignalStrength( 484): getCdmaLevel=2
07-06 19:22:12.325 W/SignalStrength( 484): getEvdoLevel=0
07-06 19:22:12.325 W/SignalStrength( 484): getCdmaLevel=2
07-06 19:22:12.325 W/SignalStrength( 484): getLevel=2
07-06 19:22:13.115 E/SMD ( 105): DCD OFF
07-06 19:22:16.125 E/SMD ( 105): DCD OFF
07-06 19:22:18.315 W/SignalStrength( 277): getCdmaLevel=3
07-06 19:22:18.315 W/SignalStrength( 277): getEvdoLevel=0
07-06 19:22:18.315 W/SignalStrength( 277): getCdmaLevel=3
07-06 19:22:18.315 W/SignalStrength( 277): getLevel=3
07-06 19:22:18.325 W/SignalStrength( 484): getCdmaLevel=3
07-06 19:22:18.325 W/SignalStrength( 484): getEvdoLevel=0
07-06 19:22:18.325 W/SignalStrength( 484): getCdmaLevel=3
07-06 19:22:18.325 W/SignalStrength( 484): getLevel=3
07-06 19:22:19.125 E/SMD ( 105): DCD OFF
07-06 19:22:20.245 V/StatusBar.BatteryController( 484): status5batteryHealth 2
07-06 19:22:20.245 D/StatusBar.BatteryController( 484): mOldstatus5status 5
07-06 19:22:20.245 D/StatusBar.BatteryController( 484): now old status is 5
07-06 19:22:21.325 W/SignalStrength( 277): getCdmaLevel=2
07-06 19:22:21.325 W/SignalStrength( 277): getEvdoLevel=0
07-06 19:22:21.325 W/SignalStrength( 277): getCdmaLevel=2
07-06 19:22:21.325 W/SignalStrength( 277): getLevel=2
07-06 19:22:21.325 W/SignalStrength( 484): getCdmaLevel=2
07-06 19:22:21.325 W/SignalStrength( 484): getEvdoLevel=0
07-06 19:22:21.325 W/SignalStrength( 484): getCdmaLevel=2
07-06 19:22:21.325 W/SignalStrength( 484): getLevel=2
07-06 19:22:22.125 E/SMD ( 105): DCD OFF
07-06 19:22:25.125 E/SMD ( 105): DCD OFF
07-06 19:22:28.135 E/SMD ( 105): DCD OFF
07-06 19:22:30.265 V/StatusBar.BatteryController( 484): status5batteryHealth 2
07-06 19:22:30.265 D/StatusBar.BatteryController( 484): mOldstatus5status 5
07-06 19:22:30.265 D/StatusBar.BatteryController( 484): now old status is 5
07-06 19:22:31.135 E/SMD ( 105): DCD OFF
07-06 19:22:31.325 W/SignalStrength( 277): getCdmaLevel=3
07-06 19:22:31.325 W/SignalStrength( 277): getEvdoLevel=0
07-06 19:22:31.325 W/SignalStrength( 277): getCdmaLevel=3
07-06 19:22:31.325 W/SignalStrength( 277): getLevel=3
07-06 19:22:31.325 W/SignalStrength( 484): getCdmaLevel=3
07-06 19:22:31.325 W/SignalStrength( 484): getEvdoLevel=0
07-06 19:22:31.325 W/SignalStrength( 484): getCdmaLevel=3
07-06 19:22:31.325 W/SignalStrength( 484): getLevel=3
07-06 19:22:34.135 E/SMD ( 105): DCD OFF
07-06 19:22:37.135 E/SMD ( 105): DCD OFF
07-06 19:22:38.325 W/SignalStrength( 277): getCdmaLevel=2
07-06 19:22:38.325 W/SignalStrength( 277): getEvdoLevel=0
07-06 19:22:38.325 W/SignalStrength( 277): getCdmaLevel=2
07-06 19:22:38.325 W/SignalStrength( 277): getLevel=2
07-06 19:22:38.335 W/SignalStrength( 484): getCdmaLevel=2
07-06 19:22:38.335 W/SignalStrength( 484): getEvdoLevel=0
07-06 19:22:38.335 W/SignalStrength( 484): getCdmaLevel=2
07-06 19:22:38.335 W/SignalStrength( 484): getLevel=2
07-06 19:22:40.145 E/SMD ( 105): DCD OFF
07-06 19:22:40.285 V/StatusBar.BatteryController( 484): status5batteryHealth 2
07-06 19:22:40.285 D/StatusBar.BatteryController( 484): mOldstatus5status 5
07-06 19:22:40.285 D/StatusBar.BatteryController( 484): now old status is 5
07-06 19:22:42.605 W/ThrottleService( 277): unable to find stats for iface rmnet0
07-06 19:22:43.145 E/SMD ( 105): DCD OFF
07-06 19:22:46.145 E/SMD ( 105): DCD OFF
07-06 19:22:49.145 E/SMD ( 105): DCD OFF
07-06 19:22:50.305 V/StatusBar.BatteryController( 484): status5batteryHealth 2
07-06 19:22:50.305 D/StatusBar.BatteryController( 484): mOldstatus5status 5
07-06 19:22:50.305 D/StatusBar.BatteryController( 484): now old status is 5
07-06 19:22:52.155 E/SMD ( 105): DCD OFF
07-06 19:22:55.155 E/SMD ( 105): DCD OFF
07-06 19:22:58.155 E/SMD ( 105): DCD OFF
07-06 19:23:00.335 V/StatusBar.BatteryController( 484): status5batteryHealth 2
07-06 19:23:00.335 D/StatusBar.BatteryController( 484): mOldstatus5status 5
07-06 19:23:00.335 D/StatusBar.BatteryController( 484): now old status is 5
07-06 19:23:01.155 E/SMD ( 105): DCD OFF
07-06 19:23:04.165 E/SMD ( 105): DCD OFF
07-06 19:23:07.165 E/SMD ( 105): DCD OFF
07-06 19:23:10.165 E/SMD ( 105): DCD OFF
07-06 19:23:10.345 V/StatusBar.BatteryController( 484): status5batteryHealth 2
07-06 19:23:10.345 D/StatusBar.BatteryController( 484): mOldstatus5status 5
07-06 19:23:10.345 D/StatusBar.BatteryController( 484): now old status is 5
07-06 19:23:13.165 E/SMD ( 105): DCD OFF
07-06 19:23:16.175 E/SMD ( 105): DCD OFF
07-06 19:23:17.345 W/SignalStrength( 277): getCdmaLevel=3
07-06 19:23:17.345 W/SignalStrength( 277): getEvdoLevel=0
07-06 19:23:17.345 W/SignalStrength( 277): getCdmaLevel=3
07-06 19:23:17.345 W/SignalStrength( 277): getLevel=3
07-06 19:23:17.345 W/SignalStrength( 484): getCdmaLevel=3
07-06 19:23:17.345 W/SignalStrength( 484): getEvdoLevel=0
07-06 19:23:17.345 W/SignalStrength( 484): getCdmaLevel=3
07-06 19:23:17.345 W/SignalStrength( 484): getLevel=3
07-06 19:23:19.175 E/SMD ( 105): DCD OFF
07-06 19:23:22.175 E/SMD ( 105): DCD OFF
07-06 19:23:25.175 E/SMD ( 105): DCD OFF
07-06 19:23:28.185 E/SMD ( 105): DCD OFF
07-06 19:23:30.015 D/SensorManager( 754): registerListener :: handle = 0 name= BOSCH 3-axis Accelerometer delay= 10000 Listener= kvo@413ae0f8
07-06 19:23:30.015 E/SensorManager( 754): thread start
07-06 19:23:30.015 E/SensorManager( 754): =======>>>Sensor Thread RUNNING <<<========
07-06 19:23:30.705 I/SensorManager( 754): Set normal delay = true
07-06 19:23:30.785 D/SensorManager( 754): unregisterListener:: disable all sensors for this listener, name = BOSCH 3-axis Accelerometer listener = kvo@413ae0f8
07-06 19:23:30.815 I/GCoreUlr( 754): Received powerMode change from NLP: com.google.android.location.activity.LOW_POWER_MODE_ENABLED
07-06 19:23:30.815 I/GCoreUlr( 754): Starting service, intent=Intent { act=com.google.android.location.reporting.ACTION_UPDATE_ACTIVE_STATE cmp=xxxx }, extras=null
07-06 19:23:30.855 I/GCoreUlr( 754): Ensuring that reporting is active for [account#15#]
07-06 19:23:30.865 I/GCoreUlr( 754): Starting service, intent=Intent { act=com.google.android.location.reporting.ACTION_LOCATION_STATUS cmp=xxxx (has extras) }, extras=Bundle[{status=LocationStatus[cell status: STATUS_SUCCESSFUL, wifi status: STATUS_INVALID_SCAN, elapsed realtime ns: 237188000000]}]
07-06 19:23:31.185 E/SMD ( 105): DCD OFF
07-06 19:23:34.185 E/SMD ( 105): DCD OFF
07-06 19:23:37.185 E/SMD ( 105): DCD OFF
07-06 19:23:40.185 E/SMD ( 105): DCD OFF
07-06 19:23:43.195 E/SMD ( 105): DCD OFF
07-06 19:23:45.355 W/SignalStrength( 277): getCdmaLevel=2
07-06 19:23:45.355 W/SignalStrength( 277): getEvdoLevel=0
07-06 19:23:45.355 W/SignalStrength( 277): getCdmaLevel=2
07-06 19:23:45.355 W/SignalStrength( 277): getLevel=2
07-06 19:23:45.355 W/SignalStrength( 484): getCdmaLevel=2
07-06 19:23:45.355 W/SignalStrength( 484): getEvdoLevel=0
07-06 19:23:45.355 W/SignalStrength( 484): getCdmaLevel=2
07-06 19:23:45.355 W/SignalStrength( 484): getLevel=2
07-06 19:23:46.195 E/SMD ( 105): DCD OFF
07-06 19:23:48.355 W/SignalStrength( 277): getCdmaLevel=3
07-06 19:23:48.355 W/SignalStrength( 277): getEvdoLevel=0
07-06 19:23:48.355 W/SignalStrength( 277): getCdmaLevel=3
07-06 19:23:48.355 W/SignalStrength( 277): getLevel=3
07-06 19:23:48.355 W/SignalStrength( 484): getCdmaLevel=3
07-06 19:23:48.355 W/SignalStrength( 484): getEvdoLevel=0
07-06 19:23:48.355 W/SignalStrength( 484): getCdmaLevel=3
07-06 19:23:48.355 W/SignalStrength( 484): getLevel=3
07-06 19:23:49.195 E/SMD ( 105): DCD OFF
07-06 19:23:50.425 V/StatusBar.BatteryController( 484): status5batteryHealth 2
07-06 19:23:50.425 D/StatusBar.BatteryController( 484): mOldstatus5status 5
07-06 19:23:50.425 D/StatusBar.BatteryController( 484): now old status is 5
07-06 19:23:52.195 E/SMD ( 105): DCD OFF
07-06 19:23:55.205 E/SMD ( 105): DCD OFF
07-06 19:23:58.205 E/SMD ( 105): DCD OFF
07-06 19:24:00.455 V/StatusBar.BatteryController( 484): status5batteryHealth 2
07-06 19:24:00.455 D/StatusBar.BatteryController( 484): mOldstatus5status 5
07-06 19:24:00.455 D/StatusBar.BatteryController( 484): now old status is 5
07-06 19:24:01.205 E/SMD ( 105): DCD OFF
07-06 19:24:04.205 E/SMD ( 105): DCD OFF
07-06 19:24:04.365 W/SignalStrength( 484): getCdmaLevel=2
07-06 19:24:04.365 W/SignalStrength( 484): getEvdoLevel=0
07-06 19:24:04.365 W/SignalStrength( 484): getCdmaLevel=2
07-06 19:24:04.365 W/SignalStrength( 484): getLevel=2
07-06 19:24:04.365 W/SignalStrength( 277): getCdmaLevel=2
07-06 19:24:04.365 W/SignalStrength( 277): getEvdoLevel=0
07-06 19:24:04.365 W/SignalStrength( 277): getCdmaLevel=2
07-06 19:24:04.365 W/SignalStrength( 277): getLevel=2
07-06 19:24:07.215 E/SMD ( 105): DCD OFF
07-06 19:24:09.365 W/SignalStrength( 277): getCdmaLevel=3
07-06 19:24:09.365 W/SignalStrength( 277): getEvdoLevel=0
07-06 19:24:09.365 W/SignalStrength( 277): getCdmaLevel=3
07-06 19:24:09.365 W/SignalStrength( 277): getLevel=3
07-06 19:24:09.365 W/SignalStrength( 484): getCdmaLevel=3
07-06 19:24:09.365 W/SignalStrength( 484): getEvdoLevel=0
07-06 19:24:09.365 W/SignalStrength( 484): getCdmaLevel=3
07-06 19:24:09.365 W/SignalStrength( 484): getLevel=3
07-06 19:24:10.215 E/SMD ( 105): DCD OFF
07-06 19:24:13.215 E/SMD ( 105): DCD OFF
07-06 19:24:16.215 E/SMD ( 105): DCD OFF
07-06 19:24:19.225 E/SMD ( 105): DCD OFF
07-06 19:24:19.365 W/SignalStrength( 277): getCdmaLevel=2
07-06 19:24:19.365 W/SignalStrength( 277): getEvdoLevel=0
07-06 19:24:19.365 W/SignalStrength( 277): getCdmaLevel=2
07-06 19:24:19.365 W/SignalStrength( 277): getLevel=2
07-06 19:24:19.365 W/SignalStrength( 484): getCdmaLevel=2
07-06 19:24:19.365 W/SignalStrength( 484): getEvdoLevel=0
07-06 19:24:19.365 W/SignalStrength( 484): getCdmaLevel=2
07-06 19:24:19.365 W/SignalStrength( 484): getLevel=2
07-06 19:24:20.485 V/StatusBar.BatteryController( 484): status5batteryHealth 2
07-06 19:24:20.485 D/StatusBar.BatteryController( 484): mOldstatus5status 5
07-06 19:24:20.485 D/StatusBar.BatteryController( 484): now old status is 5
07-06 19:24:22.225 E/SMD ( 105): DCD OFF
07-06 19:24:25.225 E/SMD ( 105): DCD OFF
07-06 19:24:28.225 E/SMD ( 105): DCD OFF
07-06 19:24:30.505 V/StatusBar.BatteryController( 484): status5batteryHealth 2
07-06 19:24:30.505 D/StatusBar.BatteryController( 484): mOldstatus5status 5
07-06 19:24:30.505 D/StatusBar.BatteryController( 484): now old status is 5
07-06 19:24:31.235 E/SMD ( 105): DCD OFF
07-06 19:24:34.235 E/SMD ( 105): DCD OFF
07-06 19:24:34.375 W/SignalStrength( 277): getCdmaLevel=3
07-06 19:24:34.375 W/SignalStrength( 277): getEvdoLevel=0
07-06 19:24:34.375 W/SignalStrength( 277): getCdmaLevel=3
07-06 19:24:34.375 W/SignalStrength( 277): getLevel=3
07-06 19:24:34.375 W/SignalStrength( 484): getCdmaLevel=3
07-06 19:24:34.375 W/SignalStrength( 484): getEvdoLevel=0
07-06 19:24:34.375 W/SignalStrength( 484): getCdmaLevel=3
07-06 19:24:34.375 W/SignalStrength( 484): getLevel=3
07-06 19:24:37.235 E/SMD ( 105): DCD OFF
07-06 19:24:40.235 E/SMD ( 105): DCD OFF
07-06 19:24:40.525 V/StatusBar.BatteryController( 484): status5batteryHealth 2
07-06 19:24:40.525 D/StatusBar.BatteryController( 484): mOldstatus5status 5
07-06 19:24:40.525 D/StatusBar.BatteryController( 484): now old status is 5
07-06 19:24:43.235 E/SMD ( 105): DCD OFF
07-06 19:24:46.245 E/SMD ( 105): DCD OFF
07-06 19:24:49.245 E/SMD ( 105): DCD OFF
07-06 19:24:50.545 V/StatusBar.BatteryController( 484): status5batteryHealth 2
07-06 19:24:50.545 D/StatusBar.BatteryController( 484): mOldstatus5status 5
07-06 19:24:50.545 D/StatusBar.BatteryController( 484): now old status is 5
07-06 19:24:52.245 E/SMD ( 105): DCD OFF
07-06 19:24:53.375 W/SignalStrength( 277): getCdmaLevel=3
07-06 19:24:53.375 W/SignalStrength( 277): getEvdoLevel=0
07-06 19:24:53.375 W/SignalStrength( 277): getCdmaLevel=3
07-06 19:24:53.375 W/SignalStrength( 277): getLevel=3
07-06 19:24:53.385 W/SignalStrength( 484): getCdmaLevel=3
07-06 19:24:53.385 W/SignalStrength( 484): getEvdoLevel=0
07-06 19:24:53.385 W/SignalStrength( 484): getCdmaLevel=3
07-06 19:24:53.385 W/SignalStrength( 484): getLevel=3
07-06 19:24:55.245 E/SMD ( 105): DCD OFF
07-06 19:24:58.255 E/SMD ( 105): DCD OFF
07-06 19:25:00.575 V/StatusBar.BatteryController( 484): status5batteryHealth 2
07-06 19:25:00.575 D/StatusBar.BatteryController( 484): mOldstatus5status 5
07-06 19:25:00.575 D/StatusBar.BatteryController( 484): now old status is 5
07-06 19:25:01.255 E/SMD ( 105): DCD OFF
07-06 19:25:04.255 E/SMD ( 105): DCD OFF
07-06 19:25:07.255 E/SMD ( 105): DCD OFF
07-06 19:25:10.265 E/SMD ( 105): DCD OFF
07-06 19:25:10.585 V/StatusBar.BatteryController( 484): status5batteryHealth 2
07-06 19:25:10.585 D/StatusBar.BatteryController( 484): mOldstatus5status 5
07-06 19:25:10.585 D/StatusBar.BatteryController( 484): now old status is 5
07-06 19:25:11.385 W/SignalStrength( 277): getCdmaLevel=2
07-06 19:25:11.385 W/SignalStrength( 277): getEvdoLevel=0
07-06 19:25:11.385 W/SignalStrength( 277): getCdmaLevel=2
07-06 19:25:11.385 W/SignalStrength( 277): getLevel=2
07-06 19:25:11.385 W/SignalStrength( 484): getCdmaLevel=2
07-06 19:25:11.385 W/SignalStrength( 484): getEvdoLevel=0
07-06 19:25:11.385 W/SignalStrength( 484): getCdmaLevel=2
07-06 19:25:11.385 W/SignalStrength( 484): getLevel=2
07-06 19:25:13.265 E/SMD ( 105): DCD OFF
07-06 19:25:16.265 E/SMD ( 105): DCD OFF
07-06 19:25:17.385 W/SignalStrength( 277): getCdmaLevel=3
07-06 19:25:17.385 W/SignalStrength( 277): getEvdoLevel=0
07-06 19:25:17.385 W/SignalStrength( 277): getCdmaLevel=3
07-06 19:25:17.385 W/SignalStrength( 277): getLevel=3
07-06 19:25:17.395 W/SignalStrength( 484): getCdmaLevel=3
07-06 19:25:17.395 W/SignalStrength( 484): getEvdoLevel=0
07-06 19:25:17.395 W/SignalStrength( 484): getCdmaLevel=3
07-06 19:25:17.395 W/SignalStrength( 484): getLevel=3
07-06 19:25:19.265 E/SMD ( 105): DCD OFF
07-06 19:25:20.605 V/StatusBar.BatteryController( 484): status5batteryHealth 2
07-06 19:25:20.605 D/StatusBar.BatteryController( 484): mOldstatus5status 5
07-06 19:25:20.605 D/StatusBar.BatteryController( 484): now old status is 5
07-06 19:25:22.265 E/SMD ( 105): DCD OFF
07-06 19:25:25.275 E/SMD ( 105): DCD OFF
07-06 19:25:28.275 E/SMD ( 105): DCD OFF
07-06 19:25:30.395 W/SignalStrength( 277): getCdmaLevel=3
07-06 19:25:30.395 W/SignalStrength( 277): getEvdoLevel=0
07-06 19:25:30.395 W/SignalStrength( 277): getCdmaLevel=3
07-06 19:25:30.395 W/SignalStrength( 277): getLevel=3
07-06 19:25:30.395 W/SignalStrength( 484): getCdmaLevel=3
07-06 19:25:30.395 W/SignalStrength( 484): getEvdoLevel=0
07-06 19:25:30.395 W/SignalStrength( 484): getCdmaLevel=3
07-06 19:25:30.395 W/SignalStrength( 484): getLevel=3
07-06 19:25:30.625 V/StatusBar.BatteryController( 484): status5batteryHealth 2
07-06 19:25:30.625 D/StatusBar.BatteryController( 484): mOldstatus5status 5
07-06 19:25:30.625 D/StatusBar.BatteryController( 484): now old status is 5
07-06 19:25:31.275 E/SMD ( 105): DCD OFF
07-06 19:25:32.395 W/SignalStrength( 277): getCdmaLevel=2
07-06 19:25:32.395 W/SignalStrength( 277): getEvdoLevel=0
07-06 19:25:32.395 W/SignalStrength( 277): getCdmaLevel=2
07-06 19:25:32.395 W/SignalStrength( 277): getLevel=2
07-06 19:25:32.395 W/SignalStrength( 484): getCdmaLevel=2
07-06 19:25:32.395 W/SignalStrength( 484): getEvdoLevel=0
07-06 19:25:32.395 W/SignalStrength( 484): getCdmaLevel=2
07-06 19:25:32.395 W/SignalStrength( 484): getLevel=2
07-06 19:25:34.275 E/SMD ( 105): DCD OFF
07-06 19:25:37.015 I/GCoreUlr( 754): WorldUpdater received intent Intent { act=com.google.android.location.reporting.ACTION_UPDATE_WORLD flg=0x4 cmp=xxxx (has extras) } with receiverAction null
07-06 19:25:37.105 D/SyncManager( 277): setSyncAutomatically: , provider com.google.android.location.reporting -> true
07-06 19:25:37.105 D/SyncManager( 277): setSyncAutomatically: already set to true, doing nothing
07-06 19:25:37.245 I/GCoreUlr( 754): Ensuring that reporting is active for [account#15#]
07-06 19:25:37.255 I/GCoreUlr( 754): Starting service, intent=Intent { act=com.google.android.location.reporting.ACTION_LOCATION_STATUS cmp=xxxx (has extras) }, extras=Bundle[{status=LocationStatus[cell status: STATUS_SUCCESSFUL, wifi status: STATUS_INVALID_SCAN, elapsed realtime ns: 237188000000]}]
07-06 19:25:37.265 I/AdsMeasurementBroadcastReceiver( 717): Reporting settings might have changed, alerting AdsMeasurementService
07-06 19:25:37.265 D/AdsMeasurementBroadcastReceiver( 717): Unauthorized to start the main service
07-06 19:25:37.285 E/SMD ( 105): DCD OFF
07-06 19:25:40.285 E/SMD ( 105): DCD OFF
07-06 19:25:43.285 E/SMD ( 105): DCD OFF
07-06 19:25:46.285 E/SMD ( 105): DCD OFF
07-06 19:25:49.295 E/SMD ( 105): DCD OFF
07-06 19:25:50.665 V/StatusBar.BatteryController( 484): status5batteryHealth 2
07-06 19:25:50.665 D/StatusBar.BatteryController( 484): mOldstatus5status 5
07-06 19:25:50.665 D/StatusBar.BatteryController( 484): now old status is 5
07-06 19:25:52.295 E/SMD ( 105): DCD OFF
07-06 19:25:52.405 W/SignalStrength( 277): getCdmaLevel=3
07-06 19:25:52.405 W/SignalStrength( 277): getEvdoLevel=0
07-06 19:25:52.405 W/SignalStrength( 277): getCdmaLevel=3
07-06 19:25:52.405 W/SignalStrength( 277): getLevel=3
07-06 19:25:52.405 W/SignalStrength( 484): getCdmaLevel=3
07-06 19:25:52.405 W/SignalStrength( 484): getEvdoLevel=0
07-06 19:25:52.405 W/SignalStrength( 484): getCdmaLevel=3
07-06 19:25:52.405 W/SignalStrength( 484): getLevel=3
07-06 19:25:55.295 E/SMD ( 105): DCD OFF
07-06 19:25:58.295 E/SMD ( 105): DCD OFF
07-06 19:26:00.695 V/StatusBar.BatteryController( 484): status5batteryHealth 2
07-06 19:26:00.695 D/StatusBar.BatteryController( 484): mOldstatus5status 5
07-06 19:26:00.695 D/StatusBar.BatteryController( 484): now old status is 5
07-06 19:26:01.305 E/SMD ( 105): DCD OFF
07-06 19:26:04.305 E/SMD ( 105): DCD OFF
07-06 19:26:04.405 W/SignalStrength( 277): getCdmaLevel=2
07-06 19:26:04.405 W/SignalStrength( 277): getEvdoLevel=0
07-06 19:26:04.405 W/SignalStrength( 277): getCdmaLevel=2
07-06 19:26:04.405 W/SignalStrength( 277): getLevel=2
07-06 19:26:04.405 W/SignalStrength( 484): getCdmaLevel=2
07-06 19:26:04.405 W/SignalStrength( 484): getEvdoLevel=0
07-06 19:26:04.405 W/SignalStrength( 484): getCdmaLevel=2
07-06 19:26:04.405 W/SignalStrength( 484): getLevel=2
07-06 19:26:05.405 W/SignalStrength( 277): getCdmaLevel=3
07-06 19:26:05.405 W/SignalStrength( 277): getEvdoLevel=0
07-06 19:26:05.405 W/SignalStrength( 277): getCdmaLevel=3
07-06 19:26:05.405 W/SignalStrength( 277): getLevel=3
07-06 19:26:05.405 W/SignalStrength( 484): getCdmaLevel=3
07-06 19:26:05.405 W/SignalStrength( 484): getEvdoLevel=0
07-06 19:26:05.405 W/SignalStrength( 484): getCdmaLevel=3
07-06 19:26:05.405 W/SignalStrength( 484): getLevel=3
07-06 19:26:07.305 E/SMD ( 105): DCD OFF
07-06 19:26:10.305 E/SMD ( 105): DCD OFF
07-06 19:26:10.705 V/StatusBar.BatteryController( 484): status5batteryHealth 2
07-06 19:26:10.705 D/StatusBar.BatteryController( 484): mOldstatus5status 5
07-06 19:26:10.705 D/StatusBar.BatteryController( 484): now old status is 5
