07-06 16:38:32.709 I/SensorManager( 754): Set normal delay = true
07-06 16:38:32.799 D/SensorManager( 754): unregisterListener:: disable all sensors for this listener, name = BOSCH 3-axis Accelerometer listener = kvo@41419e20
07-06 16:38:42.219 W/SignalStrength( 277): getCdmaLevel=2
07-06 16:38:42.219 W/SignalStrength( 277): getEvdoLevel=0
07-06 16:38:42.219 W/SignalStrength( 277): getCdmaLevel=2
07-06 16:38:42.219 W/SignalStrength( 277): getLevel=2
07-06 16:38:42.229 W/SignalStrength( 484): getCdmaLevel=2
07-06 16:38:42.229 W/SignalStrength( 484): getEvdoLevel=0
07-06 16:38:42.229 W/SignalStrength( 484): getCdmaLevel=2
07-06 16:38:42.229 W/SignalStrength( 484): getLevel=2
07-06 16:39:43.259 I/wpa_supplicant( 1023): Associated with 00.D3.8E
07-06 16:39:43.259 D/Tethering( 277): interfaceLinkStateChanged wlan0, true
07-06 16:39:43.259 D/Tethering( 277): interfaceStatusChanged wlan0, true
07-06 16:39:43.269 D/Tethering( 277): interfaceLinkStateChanged wlan0, true
07-06 16:39:43.269 D/Tethering( 277): interfaceStatusChanged wlan0, true
07-06 16:39:43.269 D/Tethering( 277): interfaceLinkStateChanged wlan0, true
07-06 16:39:43.269 D/Tethering( 277): interfaceStatusChanged wlan0, true
07-06 16:39:43.269 I/wpa_supplicant( 1023): CTRL-EVENT-CONNECTED - Connection to 00.D3.8E completed (reauth) [id=0 id_str=]
07-06 16:39:43.279 D/Tethering( 277): interfaceLinkStateChanged wlan0, true
07-06 16:39:43.279 D/Tethering( 277): interfaceStatusChanged wlan0, true
07-06 16:39:43.279 D/Tethering( 277): interfaceLinkStateChanged wlan0, true
07-06 16:39:43.279 D/Tethering( 277): interfaceStatusChanged wlan0, true
07-06 16:39:43.289 D/Tethering( 277): interfaceLinkStateChanged wlan0, true
07-06 16:39:43.289 D/Tethering( 277): interfaceStatusChanged wlan0, true
07-06 16:39:48.239 D/Tethering( 277): interfaceLinkStateChanged wlan0, true
07-06 16:39:48.239 D/Tethering( 277): interfaceStatusChanged wlan0, true
07-06 16:39:59.239 W/SignalStrength( 277): getCdmaLevel=2
07-06 16:39:59.239 W/SignalStrength( 277): getEvdoLevel=0
07-06 16:39:59.239 W/SignalStrength( 277): getCdmaLevel=2
07-06 16:39:59.239 W/SignalStrength( 277): getLevel=2
07-06 16:39:59.239 W/SignalStrength( 484): getCdmaLevel=2
07-06 16:39:59.239 W/SignalStrength( 484): getEvdoLevel=0
07-06 16:39:59.239 W/SignalStrength( 484): getCdmaLevel=2
07-06 16:39:59.239 W/SignalStrength( 484): getLevel=2
07-06 16:40:11.249 D/Tethering( 277): interfaceLinkStateChanged wlan0, true
07-06 16:40:11.249 D/Tethering( 277): interfaceStatusChanged wlan0, true
07-06 16:41:21.269 W/SignalStrength( 277): getCdmaLevel=2
07-06 16:41:21.269 W/SignalStrength( 277): getEvdoLevel=0
07-06 16:41:21.269 W/SignalStrength( 277): getCdmaLevel=2
07-06 16:41:21.269 W/SignalStrength( 277): getLevel=2
07-06 16:41:21.269 W/SignalStrength( 484): getCdmaLevel=2
07-06 16:41:21.269 W/SignalStrength( 484): getEvdoLevel=0
07-06 16:41:21.269 W/SignalStrength( 484): getCdmaLevel=2
07-06 16:41:21.269 W/SignalStrength( 484): getLevel=2
07-06 16:41:30.989 D/SensorManager( 754): registerListener :: handle = 0 name= BOSCH 3-axis Accelerometer delay= 10000 Listener= kvo@4121e0f0
07-06 16:41:30.989 E/SensorManager( 754): thread start
07-06 16:41:30.989 E/SensorManager( 754): =======>>>Sensor Thread RUNNING <<<========
07-06 16:41:31.709 I/SensorManager( 754): Set normal delay = true
07-06 16:41:31.799 D/SensorManager( 754): unregisterListener:: disable all sensors for this listener, name = BOSCH 3-axis Accelerometer listener = kvo@4121e0f0
07-06 16:41:47.799 D/Tethering( 277): interfaceLinkStateChanged wlan0, true
07-06 16:41:47.799 D/Tethering( 277): interfaceStatusChanged wlan0, true
07-06 16:41:47.809 D/Tethering( 277): interfaceLinkStateChanged wlan0, true
07-06 16:41:47.809 D/Tethering( 277): interfaceStatusChanged wlan0, true
07-06 16:41:47.809 D/Tethering( 277): interfaceLinkStateChanged wlan0, true
07-06 16:41:47.809 D/Tethering( 277): interfaceStatusChanged wlan0, true
07-06 16:41:47.809 D/Tethering( 277): interfaceLinkStateChanged wlan0, true
07-06 16:41:47.809 D/Tethering( 277): interfaceStatusChanged wlan0, true
07-06 16:41:47.819 I/wpa_supplicant( 1023): Associated with 00.D3.8E
07-06 16:41:47.819 I/wpa_supplicant( 1023): CTRL-EVENT-CONNECTED - Connection to 00.D3.8E completed (reauth) [id=0 id_str=]
07-06 16:41:47.829 D/Tethering( 277): interfaceLinkStateChanged wlan0, true
07-06 16:41:47.829 D/Tethering( 277): interfaceStatusChanged wlan0, true
07-06 16:41:47.829 D/Tethering( 277): interfaceLinkStateChanged wlan0, true
07-06 16:41:47.829 D/Tethering( 277): interfaceStatusChanged wlan0, true
07-06 16:42:02.289 W/SignalStrength( 277): getCdmaLevel=2
07-06 16:42:02.289 W/SignalStrength( 277): getEvdoLevel=0
07-06 16:42:02.289 W/SignalStrength( 277): getCdmaLevel=2
07-06 16:42:02.289 W/SignalStrength( 277): getLevel=2
07-06 16:42:02.289 W/SignalStrength( 484): getCdmaLevel=2
07-06 16:42:02.289 W/SignalStrength( 484): getEvdoLevel=0
07-06 16:42:02.289 W/SignalStrength( 484): getCdmaLevel=2
07-06 16:42:02.289 W/SignalStrength( 484): getLevel=2
07-06 16:42:03.759 D/Tethering( 277): interfaceLinkStateChanged wlan0, true
07-06 16:42:03.759 D/Tethering( 277): interfaceStatusChanged wlan0, true
07-06 16:44:29.959 D/SensorManager( 754): registerListener :: handle = 0 name= BOSCH 3-axis Accelerometer delay= 10000 Listener= kvo@4133d3b8
07-06 16:44:29.959 E/SensorManager( 754): thread start
07-06 16:44:29.959 E/SensorManager( 754): =======>>>Sensor Thread RUNNING <<<========
07-06 16:44:30.659 I/SensorManager( 754): Set normal delay = true
07-06 16:44:30.739 D/SensorManager( 754): unregisterListener:: disable all sensors for this listener, name = BOSCH 3-axis Accelerometer listener = kvo@4133d3b8
07-06 16:45:27.359 W/SignalStrength( 277): getCdmaLevel=2
07-06 16:45:27.359 W/SignalStrength( 277): getEvdoLevel=0
07-06 16:45:27.359 W/SignalStrength( 277): getCdmaLevel=2
07-06 16:45:27.359 W/SignalStrength( 277): getLevel=2
07-06 16:45:27.369 W/SignalStrength( 484): getCdmaLevel=2
07-06 16:45:27.369 W/SignalStrength( 484): getEvdoLevel=0
07-06 16:45:27.369 W/SignalStrength( 484): getCdmaLevel=2
07-06 16:45:27.369 W/SignalStrength( 484): getLevel=2
07-06 16:46:08.379 W/SignalStrength( 277): getCdmaLevel=2
07-06 16:46:08.379 W/SignalStrength( 277): getEvdoLevel=0
07-06 16:46:08.379 W/SignalStrength( 277): getCdmaLevel=2
07-06 16:46:08.379 W/SignalStrength( 277): getLevel=2
07-06 16:46:08.389 W/SignalStrength( 484): getCdmaLevel=2
07-06 16:46:08.389 W/SignalStrength( 484): getEvdoLevel=0
07-06 16:46:08.389 W/SignalStrength( 484): getCdmaLevel=2
07-06 16:46:08.389 W/SignalStrength( 484): getLevel=2
07-06 16:47:28.929 D/SensorManager( 754): registerListener :: handle = 0 name= BOSCH 3-axis Accelerometer delay= 10000 Listener= kvo@41151a70
07-06 16:47:28.929 E/SensorManager( 754): thread start
07-06 16:47:28.929 E/SensorManager( 754): =======>>>Sensor Thread RUNNING <<<========
07-06 16:47:29.629 I/SensorManager( 754): Set normal delay = true
07-06 16:47:29.709 D/SensorManager( 754): unregisterListener:: disable all sensors for this listener, name = BOSCH 3-axis Accelerometer listener = kvo@41151a70
07-06 16:47:29.739 I/GCoreUlr( 754): Received powerMode change from NLP: com.google.android.location.activity.LOW_POWER_MODE_ENABLED
07-06 16:47:29.739 I/GCoreUlr( 754): Starting service, intent=Intent { act=com.google.android.location.reporting.ACTION_UPDATE_ACTIVE_STATE cmp=xxxx }, extras=null
07-06 16:47:29.789 I/GCoreUlr( 754): Ensuring that reporting is active for [account#15#]
07-06 16:47:29.799 I/GCoreUlr( 754): Starting service, intent=Intent { act=com.google.android.location.reporting.ACTION_LOCATION_STATUS cmp=xxxx (has extras) }, extras=Bundle[{status=LocationStatus[cell status: STATUS_SUCCESSFUL, wifi status: STATUS_SUCCESSFUL, elapsed realtime ns: 37497984000000]}]
07-06 16:47:30.409 W/SignalStrength( 277): getCdmaLevel=2
07-06 16:47:30.409 W/SignalStrength( 277): getEvdoLevel=0
07-06 16:47:30.409 W/SignalStrength( 277): getCdmaLevel=2
07-06 16:47:30.409 W/SignalStrength( 277): getLevel=2
07-06 16:47:30.409 W/SignalStrength( 484): getCdmaLevel=2
07-06 16:47:30.409 W/SignalStrength( 484): getEvdoLevel=0
07-06 16:47:30.409 W/SignalStrength( 484): getCdmaLevel=2
07-06 16:47:30.409 W/SignalStrength( 484): getLevel=2
07-06 16:49:31.449 W/SignalStrength( 277): getCdmaLevel=2
07-06 16:49:31.449 W/SignalStrength( 277): getEvdoLevel=0
07-06 16:49:31.459 W/SignalStrength( 277): getCdmaLevel=2
07-06 16:49:31.459 W/SignalStrength( 277): getLevel=2
07-06 16:49:31.459 W/SignalStrength( 484): getCdmaLevel=2
07-06 16:49:31.459 W/SignalStrength( 484): getEvdoLevel=0
07-06 16:49:31.459 W/SignalStrength( 484): getCdmaLevel=2
07-06 16:49:31.459 W/SignalStrength( 484): getLevel=2
07-06 16:50:27.889 D/SensorManager( 754): registerListener :: handle = 0 name= BOSCH 3-axis Accelerometer delay= 10000 Listener= kvo@411080f0
07-06 16:50:27.889 E/SensorManager( 754): thread start
07-06 16:50:27.889 E/SensorManager( 754): =======>>>Sensor Thread RUNNING <<<========
07-06 16:50:28.599 I/SensorManager( 754): Set normal delay = true
07-06 16:50:28.679 D/SensorManager( 754): unregisterListener:: disable all sensors for this listener, name = BOSCH 3-axis Accelerometer listener = kvo@411080f0
07-06 16:50:34.709 E/WifiStateMachine( 277): set suspend optimizations failed!
07-06 16:50:34.849 D/Tethering( 277): interfaceLinkStateChanged wlan0, true
07-06 16:50:34.849 D/Tethering( 277): interfaceStatusChanged wlan0, true
07-06 16:50:34.849 D/Tethering( 277): interfaceLinkStateChanged wlan0, true
07-06 16:50:34.849 D/Tethering( 277): interfaceStatusChanged wlan0, true
07-06 16:50:34.849 D/Tethering( 277): interfaceLinkStateChanged wlan0, true
07-06 16:50:34.849 D/Tethering( 277): interfaceStatusChanged wlan0, true
07-06 16:50:34.849 D/Tethering( 277): interfaceLinkStateChanged wlan0, true
07-06 16:50:34.849 D/Tethering( 277): interfaceStatusChanged wlan0, true
07-06 16:50:34.849 I/wpa_supplicant( 1023): Associated with 00.D3.8E
07-06 16:50:34.849 I/wpa_supplicant( 1023): CTRL-EVENT-CONNECTED - Connection to 00.D3.8E completed (reauth) [id=0 id_str=]
07-06 16:50:34.859 D/Tethering( 277): interfaceLinkStateChanged wlan0, true
07-06 16:50:34.859 D/Tethering( 277): interfaceStatusChanged wlan0, true
07-06 16:50:34.859 D/Tethering( 277): interfaceLinkStateChanged wlan0, true
07-06 16:50:34.859 D/Tethering( 277): interfaceStatusChanged wlan0, true
07-06 16:50:38.509 E/WifiStateMachine( 277): set suspend optimizations failed!
07-06 16:50:41.719 D/GCM ( 590): Ignoring attempt to send heartbeat on dead connection.
07-06 16:50:49.829 D/Tethering( 277): interfaceLinkStateChanged wlan0, true
07-06 16:50:49.829 D/Tethering( 277): interfaceStatusChanged wlan0, true
07-06 16:52:16.519 W/SignalStrength( 277): getCdmaLevel=2
07-06 16:52:16.519 W/SignalStrength( 277): getEvdoLevel=0
07-06 16:52:16.519 W/SignalStrength( 277): getCdmaLevel=2
07-06 16:52:16.519 W/SignalStrength( 277): getLevel=2
07-06 16:52:16.529 W/SignalStrength( 484): getCdmaLevel=2
07-06 16:52:16.529 W/SignalStrength( 484): getEvdoLevel=0
07-06 16:52:16.529 W/SignalStrength( 484): getCdmaLevel=2
07-06 16:52:16.529 W/SignalStrength( 484): getLevel=2
07-06 16:52:57.539 W/SignalStrength( 277): getCdmaLevel=2
07-06 16:52:57.539 W/SignalStrength( 277): getEvdoLevel=0
07-06 16:52:57.539 W/SignalStrength( 277): getCdmaLevel=2
07-06 16:52:57.539 W/SignalStrength( 277): getLevel=2
07-06 16:52:57.539 W/SignalStrength( 484): getCdmaLevel=2
07-06 16:52:57.539 W/SignalStrength( 484): getEvdoLevel=0
07-06 16:52:57.539 W/SignalStrength( 484): getCdmaLevel=2
07-06 16:52:57.539 W/SignalStrength( 484): getLevel=2
07-06 16:53:33.009 E/WifiStateMachine( 277): set suspend optimizations failed!
07-06 16:53:33.029 D/SensorManager( 754): registerListener :: handle = 0 name= BOSCH 3-axis Accelerometer delay= 10000 Listener= kvo@41332908
07-06 16:53:33.029 E/SensorManager( 754): thread start
07-06 16:53:33.029 E/SensorManager( 754): =======>>>Sensor Thread RUNNING <<<========
07-06 16:53:33.749 D/Tethering( 277): interfaceLinkStateChanged wlan0, true
07-06 16:53:33.749 D/Tethering( 277): interfaceStatusChanged wlan0, true
07-06 16:53:33.749 D/Tethering( 277): interfaceLinkStateChanged wlan0, true
07-06 16:53:33.749 D/Tethering( 277): interfaceStatusChanged wlan0, true
07-06 16:53:33.809 I/SensorManager( 754): Set normal delay = true
07-06 16:53:33.879 D/SensorManager( 754): unregisterListener:: disable all sensors for this listener, name = BOSCH 3-axis Accelerometer listener = kvo@41332908
07-06 16:53:33.889 E/WifiStateMachine( 277): set suspend optimizations failed!
07-06 16:53:34.039 I/GCoreUlr( 754): Successfully inserted location
07-06 16:53:34.069 I/GCoreUlr( 754): Not calling LocationReportingService, hasMoved: false, elapsed millis: 1080161, request: Phone
07-06 16:53:38.549 W/SignalStrength( 277): getCdmaLevel=2
07-06 16:53:38.549 W/SignalStrength( 277): getEvdoLevel=0
07-06 16:53:38.549 W/SignalStrength( 277): getCdmaLevel=2
07-06 16:53:38.549 W/SignalStrength( 277): getLevel=2
07-06 16:53:38.559 W/SignalStrength( 484): getCdmaLevel=2
07-06 16:53:38.559 W/SignalStrength( 484): getEvdoLevel=0
07-06 16:53:38.559 W/SignalStrength( 484): getCdmaLevel=2
07-06 16:53:38.559 W/SignalStrength( 484): getLevel=2
07-06 16:54:19.569 W/SignalStrength( 277): getCdmaLevel=2
07-06 16:54:19.569 W/SignalStrength( 277): getEvdoLevel=0
07-06 16:54:19.569 W/SignalStrength( 277): getCdmaLevel=2
07-06 16:54:19.569 W/SignalStrength( 277): getLevel=2
07-06 16:54:19.569 W/SignalStrength( 484): getCdmaLevel=2
07-06 16:54:19.569 W/SignalStrength( 484): getEvdoLevel=0
07-06 16:54:19.569 W/SignalStrength( 484): getCdmaLevel=2
07-06 16:54:19.569 W/SignalStrength( 484): getLevel=2
07-06 16:54:46.529 I/wpa_supplicant( 1023): Associated with 00.D3.8E
07-06 16:54:46.529 D/Tethering( 277): interfaceLinkStateChanged wlan0, true
07-06 16:54:46.529 D/Tethering( 277): interfaceStatusChanged wlan0, true
07-06 16:54:46.529 I/wpa_supplicant( 1023): CTRL-EVENT-CONNECTED - Connection to 00.D3.8E completed (reauth) [id=0 id_str=]
07-06 16:54:46.539 D/Tethering( 277): interfaceLinkStateChanged wlan0, true
07-06 16:54:46.539 D/Tethering( 277): interfaceStatusChanged wlan0, true
07-06 16:54:46.549 D/Tethering( 277): interfaceLinkStateChanged wlan0, true
07-06 16:54:46.549 D/Tethering( 277): interfaceStatusChanged wlan0, true
07-06 16:54:46.549 D/Tethering( 277): interfaceLinkStateChanged wlan0, true
07-06 16:54:46.549 D/Tethering( 277): interfaceStatusChanged wlan0, true
07-06 16:54:46.549 D/Tethering( 277): interfaceLinkStateChanged wlan0, true
07-06 16:54:46.549 D/Tethering( 277): interfaceStatusChanged wlan0, true
07-06 16:54:46.559 D/Tethering( 277): interfaceLinkStateChanged wlan0, true
07-06 16:54:46.559 D/Tethering( 277): interfaceStatusChanged wlan0, true
07-06 16:54:56.509 D/Tethering( 277): interfaceLinkStateChanged wlan0, true
07-06 16:54:56.509 D/Tethering( 277): interfaceStatusChanged wlan0, true
07-06 16:55:41.599 W/SignalStrength( 277): getCdmaLevel=2
07-06 16:55:41.599 W/SignalStrength( 277): getEvdoLevel=0
07-06 16:55:41.599 W/SignalStrength( 277): getCdmaLevel=2
07-06 16:55:41.599 W/SignalStrength( 277): getLevel=2
07-06 16:55:41.599 W/SignalStrength( 484): getCdmaLevel=2
07-06 16:55:41.609 W/SignalStrength( 484): getEvdoLevel=0
07-06 16:55:41.609 W/SignalStrength( 484): getCdmaLevel=2
07-06 16:55:41.609 W/SignalStrength( 484): getLevel=2
07-06 16:56:22.609 W/SignalStrength( 277): getCdmaLevel=2
07-06 16:56:22.609 W/SignalStrength( 277): getEvdoLevel=0
07-06 16:56:22.609 W/SignalStrength( 277): getCdmaLevel=2
07-06 16:56:22.609 W/SignalStrength( 277): getLevel=2
07-06 16:56:22.619 W/SignalStrength( 484): getCdmaLevel=2
07-06 16:56:22.619 W/SignalStrength( 484): getEvdoLevel=0
07-06 16:56:22.619 W/SignalStrength( 484): getCdmaLevel=2
07-06 16:56:22.619 W/SignalStrength( 484): getLevel=2
07-06 16:56:32.039 D/SensorManager( 754): registerListener :: handle = 0 name= BOSCH 3-axis Accelerometer delay= 10000 Listener= kvo@41360c28
07-06 16:56:32.039 E/SensorManager( 754): thread start
07-06 16:56:32.039 E/SensorManager( 754): =======>>>Sensor Thread RUNNING <<<========
07-06 16:56:32.749 I/SensorManager( 754): Set normal delay = true
07-06 16:56:32.829 D/SensorManager( 754): unregisterListener:: disable all sensors for this listener, name = BOSCH 3-axis Accelerometer listener = kvo@41360c28
07-06 16:57:03.629 W/SignalStrength( 277): getCdmaLevel=2
07-06 16:57:03.629 W/SignalStrength( 277): getEvdoLevel=0
07-06 16:57:03.629 W/SignalStrength( 277): getCdmaLevel=2
07-06 16:57:03.629 W/SignalStrength( 277): getLevel=2
07-06 16:57:03.639 W/SignalStrength( 484): getCdmaLevel=2
07-06 16:57:03.639 W/SignalStrength( 484): getEvdoLevel=0
07-06 16:57:03.639 W/SignalStrength( 484): getCdmaLevel=2
07-06 16:57:03.639 W/SignalStrength( 484): getLevel=2
07-06 16:58:25.659 W/SignalStrength( 277): getCdmaLevel=2
07-06 16:58:25.659 W/SignalStrength( 277): getEvdoLevel=0
07-06 16:58:25.659 W/SignalStrength( 277): getCdmaLevel=2
07-06 16:58:25.659 W/SignalStrength( 277): getLevel=2
07-06 16:58:25.659 W/SignalStrength( 484): getCdmaLevel=2
07-06 16:58:25.659 W/SignalStrength( 484): getEvdoLevel=0
07-06 16:58:25.659 W/SignalStrength( 484): getCdmaLevel=2
07-06 16:58:25.659 W/SignalStrength( 484): getLevel=2
07-06 16:59:06.669 W/SignalStrength( 277): getCdmaLevel=2
07-06 16:59:06.669 W/SignalStrength( 277): getEvdoLevel=0
07-06 16:59:06.669 W/SignalStrength( 277): getCdmaLevel=2
07-06 16:59:06.669 W/SignalStrength( 277): getLevel=2
07-06 16:59:06.679 W/SignalStrength( 484): getCdmaLevel=2
07-06 16:59:06.679 W/SignalStrength( 484): getEvdoLevel=0
07-06 16:59:06.679 W/SignalStrength( 484): getCdmaLevel=2
07-06 16:59:06.679 W/SignalStrength( 484): getLevel=2
07-06 16:59:31.009 D/SensorManager( 754): registerListener :: handle = 0 name= BOSCH 3-axis Accelerometer delay= 10000 Listener= kvo@411fe100
07-06 16:59:31.009 E/SensorManager( 754): thread start
07-06 16:59:31.009 E/SensorManager( 754): =======>>>Sensor Thread RUNNING <<<========
07-06 16:59:31.719 I/SensorManager( 754): Set normal delay = true
07-06 16:59:31.799 D/SensorManager( 754): unregisterListener:: disable all sensors for this listener, name = BOSCH 3-axis Accelerometer listener = kvo@411fe100
07-06 16:59:31.829 I/GCoreUlr( 754): Received powerMode change from NLP: com.google.android.location.activity.LOW_POWER_MODE_ENABLED
07-06 16:59:31.829 I/GCoreUlr( 754): Starting service, intent=Intent { act=com.google.android.location.reporting.ACTION_UPDATE_ACTIVE_STATE cmp=xxxx }, extras=null
07-06 16:59:31.869 I/GCoreUlr( 754): Ensuring that reporting is active for [account#15#]
07-06 16:59:31.879 I/GCoreUlr( 754): Starting service, intent=Intent { act=com.google.android.location.reporting.ACTION_LOCATION_STATUS cmp=xxxx (has extras) }, extras=Bundle[{status=LocationStatus[cell status: STATUS_SUCCESSFUL, wifi status: STATUS_SUCCESSFUL, elapsed realtime ns: 37497984000000]}]
07-06 16:59:47.689 W/SignalStrength( 277): getCdmaLevel=2
07-06 16:59:47.689 W/SignalStrength( 277): getEvdoLevel=0
07-06 16:59:47.689 W/SignalStrength( 277): getCdmaLevel=2
07-06 16:59:47.689 W/SignalStrength( 277): getLevel=2
07-06 16:59:47.689 W/SignalStrength( 484): getCdmaLevel=2
07-06 16:59:47.689 W/SignalStrength( 484): getEvdoLevel=0
07-06 16:59:47.689 W/SignalStrength( 484): getCdmaLevel=2
07-06 16:59:47.689 W/SignalStrength( 484): getLevel=2
07-06 17:01:08.719 W/SignalStrength( 277): getCdmaLevel=2
07-06 17:01:08.719 W/SignalStrength( 277): getEvdoLevel=0
07-06 17:01:08.719 W/SignalStrength( 277): getCdmaLevel=2
07-06 17:01:08.719 W/SignalStrength( 277): getLevel=2
07-06 17:01:08.729 W/SignalStrength( 484): getCdmaLevel=2
07-06 17:01:08.729 W/SignalStrength( 484): getEvdoLevel=0
07-06 17:01:08.729 W/SignalStrength( 484): getCdmaLevel=2
07-06 17:01:08.729 W/SignalStrength( 484): getLevel=2
07-06 17:02:29.979 D/SensorManager( 754): registerListener :: handle = 0 name= BOSCH 3-axis Accelerometer delay= 10000 Listener= kvo@4134d610
07-06 17:02:29.979 E/SensorManager( 754): thread start
07-06 17:02:29.979 E/SensorManager( 754): =======>>>Sensor Thread RUNNING <<<========
07-06 17:02:30.669 I/SensorManager( 754): Set normal delay = true
07-06 17:02:30.749 W/SignalStrength( 277): getCdmaLevel=2
07-06 17:02:30.749 W/SignalStrength( 277): getEvdoLevel=0
07-06 17:02:30.749 W/SignalStrength( 277): getCdmaLevel=2
07-06 17:02:30.749 W/SignalStrength( 277): getLevel=2
07-06 17:02:30.749 W/SignalStrength( 484): getCdmaLevel=2
07-06 17:02:30.749 W/SignalStrength( 484): getEvdoLevel=0
07-06 17:02:30.749 W/SignalStrength( 484): getCdmaLevel=2
07-06 17:02:30.749 W/SignalStrength( 484): getLevel=2
07-06 17:02:30.769 D/SensorManager( 754): unregisterListener:: disable all sensors for this listener, name = BOSCH 3-axis Accelerometer listener = kvo@4134d610
07-06 17:03:11.769 W/SignalStrength( 277): getCdmaLevel=2
07-06 17:03:11.769 W/SignalStrength( 277): getEvdoLevel=0
07-06 17:03:11.769 W/SignalStrength( 277): getCdmaLevel=2
07-06 17:03:11.769 W/SignalStrength( 277): getLevel=2
07-06 17:03:11.769 W/SignalStrength( 484): getCdmaLevel=2
07-06 17:03:11.769 W/SignalStrength( 484): getEvdoLevel=0
07-06 17:03:11.769 W/SignalStrength( 484): getCdmaLevel=2
07-06 17:03:11.769 W/SignalStrength( 484): getLevel=2
07-06 17:03:52.779 W/SignalStrength( 277): getCdmaLevel=2
07-06 17:03:52.779 W/SignalStrength( 277): getEvdoLevel=0
07-06 17:03:52.779 W/SignalStrength( 277): getCdmaLevel=2
07-06 17:03:52.779 W/SignalStrength( 277): getLevel=2
07-06 17:03:52.789 W/SignalStrength( 484): getCdmaLevel=2
07-06 17:03:52.789 W/SignalStrength( 484): getEvdoLevel=0
07-06 17:03:52.789 W/SignalStrength( 484): getCdmaLevel=2
07-06 17:03:52.789 W/SignalStrength( 484): getLevel=2
07-06 17:04:33.799 W/SignalStrength( 277): getCdmaLevel=2
07-06 17:04:33.799 W/SignalStrength( 277): getEvdoLevel=0
07-06 17:04:33.799 W/SignalStrength( 277): getCdmaLevel=2
07-06 17:04:33.799 W/SignalStrength( 277): getLevel=2
07-06 17:04:33.799 W/SignalStrength( 484): getCdmaLevel=2
07-06 17:04:33.799 W/SignalStrength( 484): getEvdoLevel=0
07-06 17:04:33.799 W/SignalStrength( 484): getCdmaLevel=2
07-06 17:04:33.799 W/SignalStrength( 484): getLevel=2
07-06 17:05:28.929 D/SensorManager( 754): registerListener :: handle = 0 name= BOSCH 3-axis Accelerometer delay= 10000 Listener= kvo@412dcb28
07-06 17:05:28.939 E/SensorManager( 754): thread start
07-06 17:05:28.939 E/SensorManager( 754): =======>>>Sensor Thread RUNNING <<<========
07-06 17:05:29.629 I/SensorManager( 754): Set normal delay = true
07-06 17:05:29.709 D/SensorManager( 754): unregisterListener:: disable all sensors for this listener, name = BOSCH 3-axis Accelerometer listener = kvo@412dcb28
07-06 17:05:41.889 D/GCM ( 590): Ignoring attempt to send heartbeat on dead connection.
07-06 17:05:41.929 I/wpa_supplicant( 1023): Associated with 00.D3.8E
07-06 17:05:41.929 I/wpa_supplicant( 1023): CTRL-EVENT-CONNECTED - Connection to 00.D3.8E completed (reauth) [id=0 id_str=]
07-06 17:05:41.929 D/Tethering( 277): interfaceLinkStateChanged wlan0, true
07-06 17:05:41.929 D/Tethering( 277): interfaceStatusChanged wlan0, true
07-06 17:05:41.929 D/Tethering( 277): interfaceLinkStateChanged wlan0, true
07-06 17:05:41.929 D/Tethering( 277): interfaceStatusChanged wlan0, true
07-06 17:05:41.939 D/Tethering( 277): interfaceLinkStateChanged wlan0, true
07-06 17:05:41.939 D/Tethering( 277): interfaceStatusChanged wlan0, true
07-06 17:05:41.939 D/Tethering( 277): interfaceLinkStateChanged wlan0, true
07-06 17:05:41.939 D/Tethering( 277): interfaceStatusChanged wlan0, true
07-06 17:05:41.939 D/Tethering( 277): interfaceLinkStateChanged wlan0, true
07-06 17:05:41.939 D/Tethering( 277): interfaceStatusChanged wlan0, true
07-06 17:05:41.939 D/Tethering( 277): interfaceLinkStateChanged wlan0, true
07-06 17:05:41.939 D/Tethering( 277): interfaceStatusChanged wlan0, true
07-06 17:05:56.909 D/Tethering( 277): interfaceLinkStateChanged wlan0, true
07-06 17:05:56.909 D/Tethering( 277): interfaceStatusChanged wlan0, true
07-06 17:06:36.839 W/SignalStrength( 277): getCdmaLevel=2
07-06 17:06:36.839 W/SignalStrength( 277): getEvdoLevel=0
07-06 17:06:36.839 W/SignalStrength( 277): getCdmaLevel=2
07-06 17:06:36.839 W/SignalStrength( 277): getLevel=2
07-06 17:06:36.849 W/SignalStrength( 484): getCdmaLevel=2
07-06 17:06:36.849 W/SignalStrength( 484): getEvdoLevel=0
07-06 17:06:36.849 W/SignalStrength( 484): getCdmaLevel=2
07-06 17:06:36.849 W/SignalStrength( 484): getLevel=2
07-06 17:07:17.859 W/SignalStrength( 277): getCdmaLevel=2
07-06 17:07:17.859 W/SignalStrength( 277): getEvdoLevel=0
07-06 17:07:17.859 W/SignalStrength( 277): getCdmaLevel=2
07-06 17:07:17.859 W/SignalStrength( 277): getLevel=2
07-06 17:07:17.859 W/SignalStrength( 484): getCdmaLevel=2
07-06 17:07:17.859 W/SignalStrength( 484): getEvdoLevel=0
07-06 17:07:17.859 W/SignalStrength( 484): getCdmaLevel=2
07-06 17:07:17.859 W/SignalStrength( 484): getLevel=2
07-06 17:07:58.869 W/SignalStrength( 277): getCdmaLevel=2
07-06 17:07:58.869 W/SignalStrength( 277): getEvdoLevel=0
07-06 17:07:58.869 W/SignalStrength( 277): getCdmaLevel=2
07-06 17:07:58.869 W/SignalStrength( 277): getLevel=2
07-06 17:07:58.869 W/SignalStrength( 484): getCdmaLevel=2
07-06 17:07:58.869 W/SignalStrength( 484): getEvdoLevel=0
07-06 17:07:58.869 W/SignalStrength( 484): getCdmaLevel=2
07-06 17:07:58.869 W/SignalStrength( 484): getLevel=2
07-06 17:08:27.879 D/SensorManager( 754): registerListener :: handle = 0 name= BOSCH 3-axis Accelerometer delay= 10000 Listener= kvo@411cfb30
07-06 17:08:27.879 E/SensorManager( 754): thread start
07-06 17:08:27.879 E/SensorManager( 754): =======>>>Sensor Thread RUNNING <<<========
07-06 17:08:28.569 I/SensorManager( 754): Set normal delay = true
07-06 17:08:28.649 D/SensorManager( 754): unregisterListener:: disable all sensors for this listener, name = BOSCH 3-axis Accelerometer listener = kvo@411cfb30
07-06 17:08:36.869 E/WifiStateMachine( 277): set suspend optimizations failed!
07-06 17:08:36.959 D/Tethering( 277): interfaceLinkStateChanged wlan0, true
07-06 17:08:36.959 D/Tethering( 277): interfaceStatusChanged wlan0, true
07-06 17:08:36.959 D/Tethering( 277): interfaceLinkStateChanged wlan0, true
07-06 17:08:36.959 D/Tethering( 277): interfaceStatusChanged wlan0, true
07-06 17:08:36.959 I/wpa_supplicant( 1023): Associated with 00.D3.8E
07-06 17:08:36.959 D/Tethering( 277): interfaceLinkStateChanged wlan0, true
07-06 17:08:36.959 D/Tethering( 277): interfaceStatusChanged wlan0, true
07-06 17:08:36.969 I/wpa_supplicant( 1023): CTRL-EVENT-CONNECTED - Connection to 00.D3.8E completed (reauth) [id=0 id_str=]
07-06 17:08:36.969 D/Tethering( 277): interfaceLinkStateChanged wlan0, true
07-06 17:08:36.969 D/Tethering( 277): interfaceStatusChanged wlan0, true
07-06 17:08:36.969 D/Tethering( 277): interfaceLinkStateChanged wlan0, true
07-06 17:08:36.969 D/Tethering( 277): interfaceStatusChanged wlan0, true
07-06 17:08:36.989 D/Tethering( 277): interfaceLinkStateChanged wlan0, true
07-06 17:08:36.989 D/Tethering( 277): interfaceStatusChanged wlan0, true
07-06 17:08:38.119 W/System.err( 754): javax.net.ssl.SSLException: Read error: ssl=0x1b6b548: I/O error during system call, Connection reset by peer
07-06 17:08:38.119 W/System.err( 754): at org.apache.harmony.xnet.provider.jsse.NativeCrypto.SSL_read(Native Method)
07-06 17:08:38.129 W/System.err( 754): at org.apache.harmony.xnet.provider.jsse.OpenSSLSocketImpl$SSLInputStream.read(OpenSSLSocketImpl.java:671)
07-06 17:08:38.129 W/System.err( 754): at libcore.io.Streams.readSingleByte(Streams.java:41)
07-06 17:08:38.129 W/System.err( 754): at org.apache.harmony.xnet.provider.jsse.OpenSSLSocketImpl$SSLInputStream.read(OpenSSLSocketImpl.java:655)
07-06 17:08:38.129 W/System.err( 754): at libcore.io.Streams.readAsciiLine(Streams.java:201)
07-06 17:08:38.129 W/System.err( 754): at libcore.net.http.HttpEngine.readResponseHeaders(HttpEngine.java:544)
07-06 17:08:38.129 W/System.err( 754): at libcore.net.http.HttpEngine.readResponse(HttpEngine.java:784)
07-06 17:08:38.129 W/System.err( 754): at libcore.net.http.HttpURLConnectionImpl.getResponse(HttpURLConnectionImpl.java:274)
07-06 17:08:38.129 W/System.err( 754): at libcore.net.http.HttpURLConnectionImpl.getResponseCode(HttpURLConnectionImpl.java:479)
07-06 17:08:38.129 W/System.err( 754): at libcore.net.http.HttpsURLConnectionImpl.getResponseCode(HttpsURLConnectionImpl.java:133)
07-06 17:08:38.129 W/System.err( 754): at gaz.a(SourceFile:714)
07-06 17:08:38.129 W/System.err( 754): at gaz.c(SourceFile:693)
07-06 17:08:38.129 W/System.err( 754): at gaz.execute(SourceFile:601)
07-06 17:08:38.129 W/System.err( 754): at xt.execute(SourceFile:365)
07-06 17:08:38.129 W/System.err( 754): at xt.execute(SourceFile:447)
07-06 17:08:38.129 W/System.err( 754): at nop.g(SourceFile:126)
07-06 17:08:38.129 W/System.err( 754): at nop.c(SourceFile:172)
07-06 17:08:38.129 W/System.err( 754): at pdr.run(SourceFile:418)
07-06 17:08:38.129 W/System.err( 754): at pdq.b(SourceFile:224)
07-06 17:08:38.129 W/System.err( 754): at pdq.run(SourceFile:198)
07-06 17:08:38.129 W/System.err( 754): at npq.run(SourceFile:96)
07-06 17:08:38.139 E/WifiStateMachine( 277): set suspend optimizations failed!
07-06 17:08:39.889 W/SignalStrength( 484): getCdmaLevel=2
07-06 17:08:39.889 W/SignalStrength( 484): getEvdoLevel=0
07-06 17:08:39.889 W/SignalStrength( 484): getCdmaLevel=2
07-06 17:08:39.889 W/SignalStrength( 484): getLevel=2
07-06 17:08:39.889 W/SignalStrength( 277): getCdmaLevel=2
07-06 17:08:39.889 W/SignalStrength( 277): getEvdoLevel=0
07-06 17:08:39.889 W/SignalStrength( 277): getCdmaLevel=2
07-06 17:08:39.889 W/SignalStrength( 277): getLevel=2
07-06 17:08:46.889 D/Tethering( 277): interfaceLinkStateChanged wlan0, true
07-06 17:08:46.889 D/Tethering( 277): interfaceStatusChanged wlan0, true
07-06 17:10:02.919 W/SignalStrength( 277): getCdmaLevel=2
07-06 17:10:02.919 W/SignalStrength( 277): getEvdoLevel=0
07-06 17:10:02.919 W/SignalStrength( 277): getCdmaLevel=2
07-06 17:10:02.919 W/SignalStrength( 277): getLevel=2
07-06 17:10:02.919 W/SignalStrength( 484): getCdmaLevel=2
07-06 17:10:02.919 W/SignalStrength( 484): getEvdoLevel=0
07-06 17:10:02.919 W/SignalStrength( 484): getCdmaLevel=2
07-06 17:10:02.919 W/SignalStrength( 484): getLevel=2
07-06 17:10:42.929 W/SignalStrength( 277): getCdmaLevel=2
07-06 17:10:42.929 W/SignalStrength( 277): getEvdoLevel=0
07-06 17:10:42.929 W/SignalStrength( 277): getCdmaLevel=2
07-06 17:10:42.929 W/SignalStrength( 277): getLevel=2
07-06 17:10:42.929 W/SignalStrength( 484): getCdmaLevel=2
07-06 17:10:42.929 W/SignalStrength( 484): getEvdoLevel=0
07-06 17:10:42.939 W/SignalStrength( 484): getCdmaLevel=2
07-06 17:10:42.939 W/SignalStrength( 484): getLevel=2
07-06 17:11:33.029 E/WifiStateMachine( 277): set suspend optimizations failed!
07-06 17:11:33.059 D/Tethering( 277): interfaceLinkStateChanged wlan0, true
07-06 17:11:33.059 D/Tethering( 277): interfaceStatusChanged wlan0, true
07-06 17:11:33.069 D/SensorManager( 754): registerListener :: handle = 0 name= BOSCH 3-axis Accelerometer delay= 10000 Listener= kvo@413e4768
07-06 17:11:33.069 E/SensorManager( 754): thread start
07-06 17:11:33.079 E/SensorManager( 754): =======>>>Sensor Thread RUNNING <<<========
07-06 17:11:33.359 E/WifiStateMachine( 277): set suspend optimizations failed!
07-06 17:11:33.489 I/GCoreUlr( 754): Successfully inserted location
07-06 17:11:33.499 I/GCoreUlr( 754): Not calling LocationReportingService, hasMoved: false, elapsed millis: 2159595, request: Phone
07-06 17:11:33.769 I/SensorManager( 754): Set normal delay = true
07-06 17:11:33.849 D/SensorManager( 754): unregisterListener:: disable all sensors for this listener, name = BOSCH 3-axis Accelerometer listener = kvo@413e4768
07-06 17:11:33.879 I/GCoreUlr( 754): Received powerMode change from NLP: com.google.android.location.activity.LOW_POWER_MODE_ENABLED
07-06 17:11:33.879 I/GCoreUlr( 754): Starting service, intent=Intent { act=com.google.android.location.reporting.ACTION_UPDATE_ACTIVE_STATE cmp=xxxx }, extras=null
07-06 17:11:33.919 I/GCoreUlr( 754): Ensuring that reporting is active for [account#15#]
07-06 17:11:33.929 I/GCoreUlr( 754): Starting service, intent=Intent { act=com.google.android.location.reporting.ACTION_LOCATION_STATUS cmp=xxxx (has extras) }, extras=Bundle[{status=LocationStatus[cell status: STATUS_SUCCESSFUL, wifi status: STATUS_SUCCESSFUL, elapsed realtime ns: 37497984000000]}]
07-06 17:11:38.829 I/wpa_supplicant( 1023): Associated with 00.D3.8E
07-06 17:11:38.829 D/Tethering( 277): interfaceLinkStateChanged wlan0, true
07-06 17:11:38.829 D/Tethering( 277): interfaceStatusChanged wlan0, true
07-06 17:11:38.829 D/Tethering( 277): interfaceLinkStateChanged wlan0, true
07-06 17:11:38.829 D/Tethering( 277): interfaceStatusChanged wlan0, true
07-06 17:11:38.839 I/wpa_supplicant( 1023): CTRL-EVENT-CONNECTED - Connection to 00.D3.8E completed (reauth) [id=0 id_str=]
07-06 17:11:38.839 D/Tethering( 277): interfaceLinkStateChanged wlan0, true
07-06 17:11:38.839 D/Tethering( 277): interfaceStatusChanged wlan0, true
07-06 17:11:38.839 D/Tethering( 277): interfaceLinkStateChanged wlan0, true
07-06 17:11:38.839 D/Tethering( 277): interfaceStatusChanged wlan0, true
07-06 17:11:38.839 D/Tethering( 277): interfaceLinkStateChanged wlan0, true
07-06 17:11:38.839 D/Tethering( 277): interfaceStatusChanged wlan0, true
07-06 17:11:38.849 D/Tethering( 277): interfaceLinkStateChanged wlan0, true
07-06 17:11:38.849 D/Tethering( 277): interfaceStatusChanged wlan0, true
07-06 17:11:48.749 D/Tethering( 277): interfaceLinkStateChanged wlan0, true
07-06 17:11:48.749 D/Tethering( 277): interfaceStatusChanged wlan0, true
07-06 17:11:54.899 D/Tethering( 277): interfaceLinkStateChanged wlan0, true
07-06 17:11:54.899 D/Tethering( 277): interfaceStatusChanged wlan0, true
07-06 17:12:45.979 W/SignalStrength( 277): getCdmaLevel=2
07-06 17:12:45.979 W/SignalStrength( 277): getEvdoLevel=0
07-06 17:12:45.979 W/SignalStrength( 277): getCdmaLevel=2
07-06 17:12:45.979 W/SignalStrength( 277): getLevel=2
07-06 17:12:45.979 W/SignalStrength( 484): getCdmaLevel=2
07-06 17:12:45.979 W/SignalStrength( 484): getEvdoLevel=0
07-06 17:12:45.979 W/SignalStrength( 484): getCdmaLevel=2
07-06 17:12:45.979 W/SignalStrength( 484): getLevel=2
07-06 17:14:07.009 W/SignalStrength( 277): getCdmaLevel=2
07-06 17:14:07.009 W/SignalStrength( 277): getEvdoLevel=0
07-06 17:14:07.009 W/SignalStrength( 277): getCdmaLevel=2
07-06 17:14:07.009 W/SignalStrength( 277): getLevel=2
07-06 17:14:07.009 W/SignalStrength( 484): getCdmaLevel=2
07-06 17:14:07.009 W/SignalStrength( 484): getEvdoLevel=0
07-06 17:14:07.009 W/SignalStrength( 484): getCdmaLevel=2
07-06 17:14:07.009 W/SignalStrength( 484): getLevel=2
07-06 17:14:32.029 D/SensorManager( 754): registerListener :: handle = 0 name= BOSCH 3-axis Accelerometer delay= 10000 Listener= kvo@410f8670
07-06 17:14:32.029 E/SensorManager( 754): thread start
07-06 17:14:32.029 E/SensorManager( 754): =======>>>Sensor Thread RUNNING <<<========
07-06 17:14:32.729 I/SensorManager( 754): Set normal delay = true
07-06 17:14:32.809 D/SensorManager( 754): unregisterListener:: disable all sensors for this listener, name = BOSCH 3-axis Accelerometer listener = kvo@410f8670
07-06 17:14:48.029 W/SignalStrength( 277): getCdmaLevel=2
07-06 17:14:48.029 W/SignalStrength( 277): getEvdoLevel=0
07-06 17:14:48.029 W/SignalStrength( 277): getCdmaLevel=2
07-06 17:14:48.029 W/SignalStrength( 277): getLevel=2
07-06 17:14:48.029 W/SignalStrength( 484): getCdmaLevel=2
07-06 17:14:48.029 W/SignalStrength( 484): getEvdoLevel=0
07-06 17:14:48.029 W/SignalStrength( 484): getCdmaLevel=2
07-06 17:14:48.029 W/SignalStrength( 484): getLevel=2
07-06 17:16:10.059 W/SignalStrength( 277): getCdmaLevel=2
07-06 17:16:10.059 W/SignalStrength( 277): getEvdoLevel=0
07-06 17:16:10.059 W/SignalStrength( 277): getCdmaLevel=2
07-06 17:16:10.059 W/SignalStrength( 277): getLevel=2
07-06 17:16:10.069 W/SignalStrength( 484): getCdmaLevel=2
07-06 17:16:10.069 W/SignalStrength( 484): getEvdoLevel=0
07-06 17:16:10.069 W/SignalStrength( 484): getCdmaLevel=2
07-06 17:16:10.069 W/SignalStrength( 484): getLevel=2
07-06 17:16:51.079 W/SignalStrength( 277): getCdmaLevel=2
07-06 17:16:51.079 W/SignalStrength( 277): getEvdoLevel=0
07-06 17:16:51.079 W/SignalStrength( 277): getCdmaLevel=2
07-06 17:16:51.079 W/SignalStrength( 277): getLevel=2
07-06 17:16:51.079 W/SignalStrength( 484): getCdmaLevel=2
07-06 17:16:51.079 W/SignalStrength( 484): getEvdoLevel=0
07-06 17:16:51.079 W/SignalStrength( 484): getCdmaLevel=2
07-06 17:16:51.079 W/SignalStrength( 484): getLevel=2
07-06 17:17:30.989 D/SensorManager( 754): registerListener :: handle = 0 name= BOSCH 3-axis Accelerometer delay= 10000 Listener= kvo@413c8f88
07-06 17:17:30.989 E/SensorManager( 754): thread start
07-06 17:17:30.989 E/SensorManager( 754): =======>>>Sensor Thread RUNNING <<<========
07-06 17:17:31.689 I/SensorManager( 754): Set normal delay = true
07-06 17:17:31.769 D/SensorManager( 754): unregisterListener:: disable all sensors for this listener, name = BOSCH 3-axis Accelerometer listener = kvo@413c8f88
07-06 17:18:13.109 W/SignalStrength( 277): getCdmaLevel=2
07-06 17:18:13.109 W/SignalStrength( 277): getEvdoLevel=0
07-06 17:18:13.109 W/SignalStrength( 277): getCdmaLevel=2
07-06 17:18:13.109 W/SignalStrength( 277): getLevel=2
07-06 17:18:13.109 W/SignalStrength( 484): getCdmaLevel=2
07-06 17:18:13.109 W/SignalStrength( 484): getEvdoLevel=0
07-06 17:18:13.109 W/SignalStrength( 484): getCdmaLevel=2
07-06 17:18:13.109 W/SignalStrength( 484): getLevel=2
07-06 17:20:29.939 D/SensorManager( 754): registerListener :: handle = 0 name= BOSCH 3-axis Accelerometer delay= 10000 Listener= kvo@41339cf0
07-06 17:20:29.949 E/SensorManager( 754): thread start
07-06 17:20:29.949 E/SensorManager( 754): =======>>>Sensor Thread RUNNING <<<========
07-06 17:20:30.639 I/SensorManager( 754): Set normal delay = true
07-06 17:20:30.719 D/SensorManager( 754): unregisterListener:: disable all sensors for this listener, name = BOSCH 3-axis Accelerometer listener = kvo@41339cf0
07-06 17:20:44.139 D/GCM ( 590): Ignoring attempt to send heartbeat on dead connection.
07-06 17:20:44.179 I/wpa_supplicant( 1023): Associated with 00.D3.8E
07-06 17:20:44.179 I/wpa_supplicant( 1023): CTRL-EVENT-CONNECTED - Connection to 00.D3.8E completed (reauth) [id=0 id_str=]
07-06 17:20:44.189 D/Tethering( 277): interfaceLinkStateChanged wlan0, true
07-06 17:20:44.189 D/Tethering( 277): interfaceStatusChanged wlan0, true
07-06 17:20:44.189 D/Tethering( 277): interfaceLinkStateChanged wlan0, true
07-06 17:20:44.189 D/Tethering( 277): interfaceStatusChanged wlan0, true
07-06 17:20:44.199 D/Tethering( 277): interfaceLinkStateChanged wlan0, true
07-06 17:20:44.199 D/Tethering( 277): interfaceStatusChanged wlan0, true
07-06 17:20:44.199 D/Tethering( 277): interfaceLinkStateChanged wlan0, true
07-06 17:20:44.199 D/Tethering( 277): interfaceStatusChanged wlan0, true
07-06 17:20:44.199 D/Tethering( 277): interfaceLinkStateChanged wlan0, true
07-06 17:20:44.199 D/Tethering( 277): interfaceStatusChanged wlan0, true
07-06 17:20:44.199 D/Tethering( 277): interfaceLinkStateChanged wlan0, true
07-06 17:20:44.199 D/Tethering( 277): interfaceStatusChanged wlan0, true
07-06 17:20:59.159 D/Tethering( 277): interfaceLinkStateChanged wlan0, true
07-06 17:20:59.159 D/Tethering( 277): interfaceStatusChanged wlan0, true
07-06 17:23:00.209 W/SignalStrength( 277): getCdmaLevel=2
07-06 17:23:00.209 W/SignalStrength( 277): getEvdoLevel=0
07-06 17:23:00.209 W/SignalStrength( 277): getCdmaLevel=2
07-06 17:23:00.209 W/SignalStrength( 277): getLevel=2
07-06 17:23:00.219 W/SignalStrength( 484): getCdmaLevel=2
07-06 17:23:00.219 W/SignalStrength( 484): getEvdoLevel=0
07-06 17:23:00.219 W/SignalStrength( 484): getCdmaLevel=2
07-06 17:23:00.219 W/SignalStrength( 484): getLevel=2
07-06 17:23:28.889 D/SensorManager( 754): registerListener :: handle = 0 name= BOSCH 3-axis Accelerometer delay= 10000 Listener= kvo@414f5d40
07-06 17:23:28.889 E/SensorManager( 754): thread start
07-06 17:23:28.889 E/SensorManager( 754): =======>>>Sensor Thread RUNNING <<<========
07-06 17:23:29.569 I/SensorManager( 754): Set normal delay = true
07-06 17:23:29.649 D/SensorManager( 754): unregisterListener:: disable all sensors for this listener, name = BOSCH 3-axis Accelerometer listener = kvo@414f5d40
07-06 17:23:29.679 I/GCoreUlr( 754): Received powerMode change from NLP: com.google.android.location.activity.LOW_POWER_MODE_ENABLED
07-06 17:23:29.679 I/GCoreUlr( 754): Starting service, intent=Intent { act=com.google.android.location.reporting.ACTION_UPDATE_ACTIVE_STATE cmp=xxxx }, extras=null
07-06 17:23:29.719 I/GCoreUlr( 754): Ensuring that reporting is active for [account#15#]
07-06 17:23:29.729 I/GCoreUlr( 754): Starting service, intent=Intent { act=com.google.android.location.reporting.ACTION_LOCATION_STATUS cmp=xxxx (has extras) }, extras=Bundle[{status=LocationStatus[cell status: STATUS_SUCCESSFUL, wifi status: STATUS_SUCCESSFUL, elapsed realtime ns: 37497984000000]}]
07-06 17:23:41.229 W/SignalStrength( 277): getCdmaLevel=2
07-06 17:23:41.229 W/SignalStrength( 277): getEvdoLevel=0
07-06 17:23:41.229 W/SignalStrength( 277): getCdmaLevel=2
07-06 17:23:41.229 W/SignalStrength( 277): getLevel=2
07-06 17:23:41.239 W/SignalStrength( 484): getCdmaLevel=2
07-06 17:23:41.239 W/SignalStrength( 484): getEvdoLevel=0
07-06 17:23:41.239 W/SignalStrength( 484): getCdmaLevel=2
07-06 17:23:41.239 W/SignalStrength( 484): getLevel=2
07-06 17:25:35.779 I/GCoreUlr( 754): WorldUpdater received intent Intent { act=com.google.android.location.reporting.ACTION_UPDATE_WORLD flg=0x4 cmp=xxxx (has extras) } with receiverAction null
07-06 17:25:35.909 D/SyncManager( 277): setSyncAutomatically: , provider com.google.android.location.reporting -> true
07-06 17:25:35.909 D/SyncManager( 277): setSyncAutomatically: already set to true, doing nothing
07-06 17:25:36.059 I/GCoreUlr( 754): Ensuring that reporting is active for [account#15#]
07-06 17:25:36.069 I/GCoreUlr( 754): Starting service, intent=Intent { act=com.google.android.location.reporting.ACTION_LOCATION_STATUS cmp=xxxx (has extras) }, extras=Bundle[{status=LocationStatus[cell status: STATUS_SUCCESSFUL, wifi status: STATUS_SUCCESSFUL, elapsed realtime ns: 37497984000000]}]
07-06 17:25:36.079 I/AdsMeasurementBroadcastReceiver( 717): Reporting settings might have changed, alerting AdsMeasurementService
07-06 17:25:36.079 D/AdsMeasurementBroadcastReceiver( 717): Unauthorized to start the main service
07-06 17:25:44.279 W/SignalStrength( 277): getCdmaLevel=2
07-06 17:25:44.279 W/SignalStrength( 277): getEvdoLevel=0
07-06 17:25:44.279 W/SignalStrength( 277): getCdmaLevel=2
07-06 17:25:44.279 W/SignalStrength( 277): getLevel=2
07-06 17:25:44.279 W/SignalStrength( 484): getCdmaLevel=2
07-06 17:25:44.279 W/SignalStrength( 484): getEvdoLevel=0
07-06 17:25:44.279 W/SignalStrength( 484): getCdmaLevel=2
07-06 17:25:44.279 W/SignalStrength( 484): getLevel=2
07-06 17:26:22.289 W/SignalStrength( 277): getCdmaLevel=3
07-06 17:26:22.289 W/SignalStrength( 277): getEvdoLevel=0
07-06 17:26:22.289 W/SignalStrength( 277): getCdmaLevel=3
07-06 17:26:22.289 W/SignalStrength( 277): getLevel=3
07-06 17:26:22.299 W/SignalStrength( 484): getCdmaLevel=3
07-06 17:26:22.299 W/SignalStrength( 484): getEvdoLevel=0
07-06 17:26:22.299 W/SignalStrength( 484): getCdmaLevel=3
07-06 17:26:22.299 W/SignalStrength( 484): getLevel=3
07-06 17:26:27.829 D/SensorManager( 754): registerListener :: handle = 0 name= BOSCH 3-axis Accelerometer delay= 10000 Listener= kvo@411fbf48
07-06 17:26:27.829 E/SensorManager( 754): thread start
07-06 17:26:27.829 E/SensorManager( 754): =======>>>Sensor Thread RUNNING <<<========
07-06 17:26:28.519 I/SensorManager( 754): Set normal delay = true
07-06 17:26:28.599 D/SensorManager( 754): unregisterListener:: disable all sensors for this listener, name = BOSCH 3-axis Accelerometer listener = kvo@411fbf48
07-06 17:26:28.639 I/GCoreUlr( 754): Received powerMode change from NLP: com.google.android.location.activity.LOW_POWER_MODE_DISABLED
07-06 17:26:28.639 I/GCoreUlr( 754): Starting service, intent=Intent { act=com.google.android.location.reporting.ACTION_UPDATE_ACTIVE_STATE cmp=xxxx }, extras=null
07-06 17:26:28.649 D/SensorManager( 754): registerListener :: handle = 0 name= BOSCH 3-axis Accelerometer delay= 10000 Listener= kvo@4141d9d0
07-06 17:26:28.649 E/SensorManager( 754): thread start
07-06 17:26:28.659 E/SensorManager( 754): =======>>>Sensor Thread RUNNING <<<========
07-06 17:26:28.879 I/GCoreUlr( 754): Ensuring that reporting is active for [account#15#]
07-06 17:26:28.889 I/GCoreUlr( 754): Starting service, intent=Intent { act=com.google.android.location.reporting.ACTION_LOCATION_STATUS cmp=xxxx (has extras) }, extras=Bundle[{status=LocationStatus[cell status: STATUS_SUCCESSFUL, wifi status: STATUS_SUCCESSFUL, elapsed realtime ns: 37497984000000]}]
07-06 17:26:28.979 I/GCoreUlr( 754): GMS FLP location and AR updates requested: {"timestampMs":1404681988868,"description":"default","samplePeriodMs":60000,"sampleSource":"internal","sampleReason":"default"}
07-06 17:26:32.299 I/SensorManager( 754): Set normal delay = true
07-06 17:26:32.379 D/SensorManager( 754): unregisterListener:: disable all sensors for this listener, name = BOSCH 3-axis Accelerometer listener = kvo@4141d9d0
07-06 17:26:36.279 E/WifiStateMachine( 277): set suspend optimizations failed!
07-06 17:26:36.319 I/wpa_supplicant( 1023): Associated with 00.D3.8E
07-06 17:26:36.329 D/Tethering( 277): interfaceLinkStateChanged wlan0, true
07-06 17:26:36.329 D/Tethering( 277): interfaceStatusChanged wlan0, true
07-06 17:26:36.329 D/Tethering( 277): interfaceLinkStateChanged wlan0, true
07-06 17:26:36.329 D/Tethering( 277): interfaceStatusChanged wlan0, true
07-06 17:26:36.329 D/Tethering( 277): interfaceLinkStateChanged wlan0, true
07-06 17:26:36.329 D/Tethering( 277): interfaceStatusChanged wlan0, true
07-06 17:26:36.329 D/Tethering( 277): interfaceLinkStateChanged wlan0, true
07-06 17:26:36.329 D/Tethering( 277): interfaceStatusChanged wlan0, true
07-06 17:26:36.329 D/Tethering( 277): interfaceLinkStateChanged wlan0, true
07-06 17:26:36.329 D/Tethering( 277): interfaceStatusChanged wlan0, true
07-06 17:26:36.329 I/wpa_supplicant( 1023): CTRL-EVENT-CONNECTED - Connection to 00.D3.8E completed (reauth) [id=0 id_str=]
07-06 17:26:36.339 D/Tethering( 277): interfaceLinkStateChanged wlan0, true
07-06 17:26:36.339 D/Tethering( 277): interfaceStatusChanged wlan0, true
07-06 17:26:37.549 D/SensorManager( 754): registerListener :: handle = 0 name= BOSCH 3-axis Accelerometer delay= 10000 Listener= kvo@41445b98
07-06 17:26:37.549 E/SensorManager( 754): thread start
07-06 17:26:37.549 E/SensorManager( 754): =======>>>Sensor Thread RUNNING <<<========
07-06 17:26:39.829 E/WifiStateMachine( 277): set suspend optimizations failed!
07-06 17:26:41.099 I/SensorManager( 754): Set normal delay = true
07-06 17:26:41.179 D/SensorManager( 754): unregisterListener:: disable all sensors for this listener, name = BOSCH 3-axis Accelerometer listener = kvo@41445b98
07-06 17:26:46.299 W/SignalStrength( 277): getCdmaLevel=2
07-06 17:26:46.299 W/SignalStrength( 277): getEvdoLevel=0
07-06 17:26:46.299 W/SignalStrength( 277): getCdmaLevel=2
07-06 17:26:46.299 W/SignalStrength( 277): getLevel=2
07-06 17:26:46.299 W/SignalStrength( 484): getCdmaLevel=2
07-06 17:26:46.299 W/SignalStrength( 484): getEvdoLevel=0
07-06 17:26:46.299 W/SignalStrength( 484): getCdmaLevel=2
07-06 17:26:46.299 W/SignalStrength( 484): getLevel=2
07-06 17:26:46.309 D/SensorManager( 754): registerListener :: handle = 0 name= BOSCH 3-axis Accelerometer delay= 10000 Listener= kvo@412d3640
07-06 17:26:46.309 E/SensorManager( 754): thread start
07-06 17:26:46.309 E/SensorManager( 754): =======>>>Sensor Thread RUNNING <<<========
07-06 17:26:48.919 I/InputReader( 277): Reconfiguring input devices. changes=0x00000004
07-06 17:26:48.919 I/InputReader( 277): Device reconfigured: id=3, name='sec_touchscreen', surface size is now 320x480, mode is 1
07-06 17:26:48.919 I/WindowManager( 277): SCREENLAYOUT_SIZE (1:small, 2:normal, 3:large, 4:xlarge) 2
07-06 17:26:48.989 D/MyClockApp.MyDigitalClock(11219): +onDetachedFromWindow
07-06 17:26:48.989 D/MyClockApp.MyDigitalClock(11219): -onDetachedFromWindow
07-06 17:26:48.999 D/memalloc(11219): /dev/pmem: Unmapping buffer base:0x5092d000 size:7372800 offset:6758400
07-06 17:26:48.999 D/memalloc(11219): /dev/pmem: Unmapping buffer base:0x5128e000 size:6758400 offset:6144000
07-06 17:26:48.999 D/memalloc(11219): /dev/pmem: Unmapping buffer base:0x51a00000 size:1187840 offset:573440
07-06 17:26:48.999 D/memalloc( 108): /dev/pmem: Freeing buffer base:0x41bda000 size:614400 offset:6144000 fd:30
07-06 17:26:48.999 D/memalloc( 108): /dev/pmem: Freeing buffer base:0x4168a000 size:614400 offset:573440 fd:33
07-06 17:26:49.029 D/InputTransport( 277): Input channel destroyed: ashmemFd=258, receivePipeFd=265, sendPipeFd=264
07-06 17:26:49.029 D/memalloc( 108): /dev/pmem: Freeing buffer base:0x41c70000 size:614400 offset:6758400 fd:39
07-06 17:26:49.049 D/InputTransport(11219): Input channel destroyed: ashmemFd=42, receivePipeFd=43, sendPipeFd=44
07-06 17:26:49.049 D/InputTransport( 277): Input channel constructed: ashmemFd=200, receivePipeFd=257, sendPipeFd=256
07-06 17:26:49.049 D/InputTransport( 277): Input channel constructed: ashmemFd=238, receivePipeFd=254, sendPipeFd=258
07-06 17:26:49.049 D/InputTransport( 277): Input channel destroyed: ashmemFd=238, receivePipeFd=254, sendPipeFd=258
07-06 17:26:49.059 D/InputTransport( 484): Input channel constructed: ashmemFd=89, receivePipeFd=90, sendPipeFd=91
07-06 17:26:49.139 D/MyClockApp.MyDigitalClock(11219): +MyDigitalClock(Content, AttributeSet)
07-06 17:26:49.139 D/MyClockApp.MyDigitalClock(11219): +initClock
07-06 17:26:49.149 D/MyClockApp.MyDigitalClock(11219): -initClock
07-06 17:26:49.149 D/MyClockApp.MyDigitalClock(11219): -MyDigitalClock(Content, AttributeSet)
