07-06 19:26:11.405 W/SignalStrength( 277): getCdmaLevel=2
07-06 19:26:11.405 W/SignalStrength( 277): getEvdoLevel=0
07-06 19:26:11.405 W/SignalStrength( 277): getCdmaLevel=2
07-06 19:26:11.405 W/SignalStrength( 277): getLevel=2
07-06 19:26:11.415 W/SignalStrength( 484): getCdmaLevel=2
07-06 19:26:11.415 W/SignalStrength( 484): getEvdoLevel=0
07-06 19:26:11.415 W/SignalStrength( 484): getCdmaLevel=2
07-06 19:26:11.415 W/SignalStrength( 484): getLevel=2
07-06 19:26:13.315 E/SMD ( 105): DCD OFF
07-06 19:26:16.315 E/SMD ( 105): DCD OFF
07-06 19:26:19.315 E/SMD ( 105): DCD OFF
07-06 19:26:20.725 V/StatusBar.BatteryController( 484): status5batteryHealth 2
07-06 19:26:20.725 D/StatusBar.BatteryController( 484): mOldstatus5status 5
07-06 19:26:20.725 D/StatusBar.BatteryController( 484): now old status is 5
07-06 19:26:22.315 E/SMD ( 105): DCD OFF
07-06 19:26:25.325 E/SMD ( 105): DCD OFF
07-06 19:26:26.415 W/SignalStrength( 277): getCdmaLevel=3
07-06 19:26:26.415 W/SignalStrength( 277): getEvdoLevel=0
07-06 19:26:26.415 W/SignalStrength( 277): getCdmaLevel=3
07-06 19:26:26.415 W/SignalStrength( 277): getLevel=3
07-06 19:26:26.415 W/SignalStrength( 484): getCdmaLevel=3
07-06 19:26:26.415 W/SignalStrength( 484): getEvdoLevel=0
07-06 19:26:26.415 W/SignalStrength( 484): getCdmaLevel=3
07-06 19:26:26.415 W/SignalStrength( 484): getLevel=3
07-06 19:26:28.325 E/SMD ( 105): DCD OFF
07-06 19:26:28.965 D/SensorManager( 754): registerListener :: handle = 0 name= BOSCH 3-axis Accelerometer delay= 10000 Listener= kvo@414cb5c8
07-06 19:26:28.965 E/SensorManager( 754): thread start
07-06 19:26:28.965 E/SensorManager( 754): =======>>>Sensor Thread RUNNING <<<========
07-06 19:26:29.665 I/SensorManager( 754): Set normal delay = true
07-06 19:26:29.745 D/SensorManager( 754): unregisterListener:: disable all sensors for this listener, name = BOSCH 3-axis Accelerometer listener = kvo@414cb5c8
07-06 19:26:30.755 V/StatusBar.BatteryController( 484): status5batteryHealth 2
07-06 19:26:30.755 D/StatusBar.BatteryController( 484): mOldstatus5status 5
07-06 19:26:30.755 D/StatusBar.BatteryController( 484): now old status is 5
07-06 19:26:31.325 E/SMD ( 105): DCD OFF
07-06 19:26:34.325 E/SMD ( 105): DCD OFF
07-06 19:26:37.335 E/SMD ( 105): DCD OFF
07-06 19:26:40.335 E/SMD ( 105): DCD OFF
07-06 19:26:40.415 W/SignalStrength( 277): getCdmaLevel=2
07-06 19:26:40.415 W/SignalStrength( 277): getEvdoLevel=0
07-06 19:26:40.415 W/SignalStrength( 277): getCdmaLevel=2
07-06 19:26:40.415 W/SignalStrength( 277): getLevel=2
07-06 19:26:40.425 W/SignalStrength( 484): getCdmaLevel=2
07-06 19:26:40.425 W/SignalStrength( 484): getEvdoLevel=0
07-06 19:26:40.425 W/SignalStrength( 484): getCdmaLevel=2
07-06 19:26:40.425 W/SignalStrength( 484): getLevel=2
07-06 19:26:40.445 E/WifiStateMachine( 277): set suspend optimizations failed!
07-06 19:26:40.765 V/StatusBar.BatteryController( 484): status5batteryHealth 2
07-06 19:26:40.765 D/StatusBar.BatteryController( 484): mOldstatus5status 5
07-06 19:26:40.765 D/StatusBar.BatteryController( 484): now old status is 5
07-06 19:26:40.855 E/WifiStateMachine( 277): set suspend optimizations failed!
07-06 19:26:43.335 E/SMD ( 105): DCD OFF
07-06 19:26:46.335 E/SMD ( 105): DCD OFF
07-06 19:26:49.335 E/SMD ( 105): DCD OFF
07-06 19:26:50.475 D/Tethering( 277): interfaceLinkStateChanged wlan0, true
07-06 19:26:50.475 D/Tethering( 277): interfaceStatusChanged wlan0, true
07-06 19:26:51.425 W/SignalStrength( 277): getCdmaLevel=3
07-06 19:26:51.425 W/SignalStrength( 277): getEvdoLevel=0
07-06 19:26:51.425 W/SignalStrength( 277): getCdmaLevel=3
07-06 19:26:51.425 W/SignalStrength( 277): getLevel=3
07-06 19:26:51.435 W/SignalStrength( 484): getCdmaLevel=3
07-06 19:26:51.435 W/SignalStrength( 484): getEvdoLevel=0
07-06 19:26:51.435 W/SignalStrength( 484): getCdmaLevel=3
07-06 19:26:51.435 W/SignalStrength( 484): getLevel=3
07-06 19:26:52.345 E/SMD ( 105): DCD OFF
07-06 19:26:55.345 E/SMD ( 105): DCD OFF
07-06 19:26:58.345 E/SMD ( 105): DCD OFF
07-06 19:27:00.425 W/SignalStrength( 277): getCdmaLevel=2
07-06 19:27:00.425 W/SignalStrength( 277): getEvdoLevel=0
07-06 19:27:00.425 W/SignalStrength( 277): getCdmaLevel=2
07-06 19:27:00.425 W/SignalStrength( 277): getLevel=2
07-06 19:27:00.435 W/SignalStrength( 484): getCdmaLevel=2
07-06 19:27:00.435 W/SignalStrength( 484): getEvdoLevel=0
07-06 19:27:00.435 W/SignalStrength( 484): getCdmaLevel=2
07-06 19:27:00.435 W/SignalStrength( 484): getLevel=2
07-06 19:27:01.345 E/SMD ( 105): DCD OFF
07-06 19:27:04.355 E/SMD ( 105): DCD OFF
07-06 19:27:07.355 E/SMD ( 105): DCD OFF
07-06 19:27:10.355 E/SMD ( 105): DCD OFF
07-06 19:27:13.355 E/SMD ( 105): DCD OFF
07-06 19:27:14.435 W/SignalStrength( 277): getCdmaLevel=3
07-06 19:27:14.435 W/SignalStrength( 277): getEvdoLevel=0
07-06 19:27:14.435 W/SignalStrength( 277): getCdmaLevel=3
07-06 19:27:14.435 W/SignalStrength( 277): getLevel=3
07-06 19:27:14.435 W/SignalStrength( 484): getCdmaLevel=3
07-06 19:27:14.445 W/SignalStrength( 484): getEvdoLevel=0
07-06 19:27:14.445 W/SignalStrength( 484): getCdmaLevel=3
07-06 19:27:14.445 W/SignalStrength( 484): getLevel=3
07-06 19:27:16.365 E/SMD ( 105): DCD OFF
07-06 19:27:19.365 E/SMD ( 105): DCD OFF
07-06 19:27:20.855 V/StatusBar.BatteryController( 484): status5batteryHealth 2
07-06 19:27:20.855 D/StatusBar.BatteryController( 484): mOldstatus5status 5
07-06 19:27:20.855 D/StatusBar.BatteryController( 484): now old status is 5
07-06 19:27:21.435 W/SignalStrength( 277): getCdmaLevel=2
07-06 19:27:21.435 W/SignalStrength( 277): getEvdoLevel=0
07-06 19:27:21.435 W/SignalStrength( 277): getCdmaLevel=2
07-06 19:27:21.435 W/SignalStrength( 277): getLevel=2
07-06 19:27:21.435 W/SignalStrength( 484): getCdmaLevel=2
07-06 19:27:21.435 W/SignalStrength( 484): getEvdoLevel=0
07-06 19:27:21.445 W/SignalStrength( 484): getCdmaLevel=2
07-06 19:27:21.445 W/SignalStrength( 484): getLevel=2
07-06 19:27:22.365 E/SMD ( 105): DCD OFF
07-06 19:27:25.365 E/SMD ( 105): DCD OFF
07-06 19:27:28.365 E/SMD ( 105): DCD OFF
07-06 19:27:30.875 V/StatusBar.BatteryController( 484): status5batteryHealth 2
07-06 19:27:30.875 D/StatusBar.BatteryController( 484): mOldstatus5status 5
07-06 19:27:30.875 D/StatusBar.BatteryController( 484): now old status is 5
07-06 19:27:31.375 E/SMD ( 105): DCD OFF
07-06 19:27:34.375 E/SMD ( 105): DCD OFF
07-06 19:27:37.375 E/SMD ( 105): DCD OFF
07-06 19:27:37.445 W/SignalStrength( 484): getCdmaLevel=3
07-06 19:27:37.445 W/SignalStrength( 484): getEvdoLevel=0
07-06 19:27:37.445 W/SignalStrength( 484): getCdmaLevel=3
07-06 19:27:37.445 W/SignalStrength( 484): getLevel=3
07-06 19:27:37.445 W/SignalStrength( 277): getCdmaLevel=3
07-06 19:27:37.445 W/SignalStrength( 277): getEvdoLevel=0
07-06 19:27:37.445 W/SignalStrength( 277): getCdmaLevel=3
07-06 19:27:37.445 W/SignalStrength( 277): getLevel=3
07-06 19:27:40.375 E/SMD ( 105): DCD OFF
07-06 19:27:40.885 V/StatusBar.BatteryController( 484): status5batteryHealth 2
07-06 19:27:40.885 D/StatusBar.BatteryController( 484): mOldstatus5status 5
07-06 19:27:40.885 D/StatusBar.BatteryController( 484): now old status is 5
07-06 19:27:43.385 E/SMD ( 105): DCD OFF
07-06 19:27:46.385 E/SMD ( 105): DCD OFF
07-06 19:27:49.385 E/SMD ( 105): DCD OFF
07-06 19:27:49.445 W/SignalStrength( 277): getCdmaLevel=2
07-06 19:27:49.445 W/SignalStrength( 277): getEvdoLevel=0
07-06 19:27:49.445 W/SignalStrength( 277): getCdmaLevel=2
07-06 19:27:49.445 W/SignalStrength( 277): getLevel=2
07-06 19:27:49.445 W/SignalStrength( 484): getCdmaLevel=2
07-06 19:27:49.445 W/SignalStrength( 484): getEvdoLevel=0
07-06 19:27:49.445 W/SignalStrength( 484): getCdmaLevel=2
07-06 19:27:49.445 W/SignalStrength( 484): getLevel=2
07-06 19:27:52.385 E/SMD ( 105): DCD OFF
07-06 19:27:54.445 W/SignalStrength( 277): getCdmaLevel=3
07-06 19:27:54.445 W/SignalStrength( 277): getEvdoLevel=0
07-06 19:27:54.445 W/SignalStrength( 277): getCdmaLevel=3
07-06 19:27:54.445 W/SignalStrength( 277): getLevel=3
07-06 19:27:54.455 W/SignalStrength( 484): getCdmaLevel=3
07-06 19:27:54.455 W/SignalStrength( 484): getEvdoLevel=0
07-06 19:27:54.455 W/SignalStrength( 484): getCdmaLevel=3
07-06 19:27:54.455 W/SignalStrength( 484): getLevel=3
07-06 19:27:55.395 E/SMD ( 105): DCD OFF
07-06 19:27:58.395 E/SMD ( 105): DCD OFF
07-06 19:28:00.935 V/StatusBar.BatteryController( 484): status5batteryHealth 2
07-06 19:28:00.935 D/StatusBar.BatteryController( 484): mOldstatus5status 5
07-06 19:28:00.935 D/StatusBar.BatteryController( 484): now old status is 5
07-06 19:28:01.395 E/SMD ( 105): DCD OFF
07-06 19:28:04.395 E/SMD ( 105): DCD OFF
07-06 19:28:07.395 E/SMD ( 105): DCD OFF
07-06 19:28:10.405 E/SMD ( 105): DCD OFF
07-06 19:28:10.945 V/StatusBar.BatteryController( 484): status5batteryHealth 2
07-06 19:28:10.945 D/StatusBar.BatteryController( 484): mOldstatus5status 5
07-06 19:28:10.945 D/StatusBar.BatteryController( 484): now old status is 5
07-06 19:28:12.455 W/SignalStrength( 277): getCdmaLevel=2
07-06 19:28:12.455 W/SignalStrength( 277): getEvdoLevel=0
07-06 19:28:12.455 W/SignalStrength( 277): getCdmaLevel=2
07-06 19:28:12.455 W/SignalStrength( 277): getLevel=2
07-06 19:28:12.465 W/SignalStrength( 484): getCdmaLevel=2
07-06 19:28:12.465 W/SignalStrength( 484): getEvdoLevel=0
07-06 19:28:12.465 W/SignalStrength( 484): getCdmaLevel=2
07-06 19:28:12.465 W/SignalStrength( 484): getLevel=2
07-06 19:28:13.405 E/SMD ( 105): DCD OFF
07-06 19:28:16.405 E/SMD ( 105): DCD OFF
07-06 19:28:16.455 W/SignalStrength( 277): getCdmaLevel=2
07-06 19:28:16.455 W/SignalStrength( 277): getEvdoLevel=0
07-06 19:28:16.455 W/SignalStrength( 277): getCdmaLevel=2
07-06 19:28:16.455 W/SignalStrength( 277): getLevel=2
07-06 19:28:16.455 W/SignalStrength( 484): getCdmaLevel=2
07-06 19:28:16.455 W/SignalStrength( 484): getEvdoLevel=0
07-06 19:28:16.455 W/SignalStrength( 484): getCdmaLevel=2
07-06 19:28:16.455 W/SignalStrength( 484): getLevel=2
07-06 19:28:18.455 W/SignalStrength( 277): getCdmaLevel=3
07-06 19:28:18.455 W/SignalStrength( 277): getEvdoLevel=0
07-06 19:28:18.455 W/SignalStrength( 277): getCdmaLevel=3
07-06 19:28:18.455 W/SignalStrength( 277): getLevel=3
07-06 19:28:18.465 W/SignalStrength( 484): getCdmaLevel=3
07-06 19:28:18.465 W/SignalStrength( 484): getEvdoLevel=0
07-06 19:28:18.465 W/SignalStrength( 484): getCdmaLevel=3
07-06 19:28:18.465 W/SignalStrength( 484): getLevel=3
07-06 19:28:19.405 E/SMD ( 105): DCD OFF
07-06 19:28:20.975 V/StatusBar.BatteryController( 484): status5batteryHealth 2
07-06 19:28:20.975 D/StatusBar.BatteryController( 484): mOldstatus5status 5
07-06 19:28:20.975 D/StatusBar.BatteryController( 484): now old status is 5
07-06 19:28:22.415 E/SMD ( 105): DCD OFF
07-06 19:28:25.415 E/SMD ( 105): DCD OFF
07-06 19:28:27.455 W/SignalStrength( 277): getCdmaLevel=2
07-06 19:28:27.455 W/SignalStrength( 277): getEvdoLevel=0
07-06 19:28:27.455 W/SignalStrength( 277): getCdmaLevel=2
07-06 19:28:27.455 W/SignalStrength( 277): getLevel=2
07-06 19:28:27.465 W/SignalStrength( 484): getCdmaLevel=2
07-06 19:28:27.465 W/SignalStrength( 484): getEvdoLevel=0
07-06 19:28:27.475 W/SignalStrength( 484): getCdmaLevel=2
07-06 19:28:27.475 W/SignalStrength( 484): getLevel=2
07-06 19:28:28.415 E/SMD ( 105): DCD OFF
07-06 19:28:30.985 V/StatusBar.BatteryController( 484): status5batteryHealth 2
07-06 19:28:30.995 D/StatusBar.BatteryController( 484): mOldstatus5status 5
07-06 19:28:30.995 D/StatusBar.BatteryController( 484): now old status is 5
07-06 19:28:31.415 E/SMD ( 105): DCD OFF
07-06 19:28:34.425 E/SMD ( 105): DCD OFF
07-06 19:28:37.425 E/SMD ( 105): DCD OFF
07-06 19:28:39.465 W/SignalStrength( 277): getCdmaLevel=3
07-06 19:28:39.465 W/SignalStrength( 277): getEvdoLevel=0
07-06 19:28:39.465 W/SignalStrength( 277): getCdmaLevel=3
07-06 19:28:39.465 W/SignalStrength( 277): getLevel=3
07-06 19:28:39.475 W/SignalStrength( 484): getCdmaLevel=3
07-06 19:28:39.475 W/SignalStrength( 484): getEvdoLevel=0
07-06 19:28:39.475 W/SignalStrength( 484): getCdmaLevel=3
07-06 19:28:39.475 W/SignalStrength( 484): getLevel=3
07-06 19:28:40.425 E/SMD ( 105): DCD OFF
07-06 19:28:41.015 V/StatusBar.BatteryController( 484): status5batteryHealth 2
07-06 19:28:41.015 D/StatusBar.BatteryController( 484): mOldstatus5status 5
07-06 19:28:41.015 D/StatusBar.BatteryController( 484): now old status is 5
07-06 19:28:43.425 E/SMD ( 105): DCD OFF
07-06 19:28:46.435 E/SMD ( 105): DCD OFF
07-06 19:28:49.435 E/SMD ( 105): DCD OFF
07-06 19:28:51.025 V/StatusBar.BatteryController( 484): status5batteryHealth 2
07-06 19:28:51.025 D/StatusBar.BatteryController( 484): mOldstatus5status 5
07-06 19:28:51.025 D/StatusBar.BatteryController( 484): now old status is 5
07-06 19:28:52.435 E/SMD ( 105): DCD OFF
07-06 19:28:55.435 E/SMD ( 105): DCD OFF
07-06 19:28:58.435 E/SMD ( 105): DCD OFF
07-06 19:29:00.475 W/SignalStrength( 277): getCdmaLevel=3
07-06 19:29:00.475 W/SignalStrength( 277): getEvdoLevel=0
07-06 19:29:00.475 W/SignalStrength( 277): getCdmaLevel=3
07-06 19:29:00.475 W/SignalStrength( 277): getLevel=3
07-06 19:29:00.485 W/SignalStrength( 484): getCdmaLevel=3
07-06 19:29:00.485 W/SignalStrength( 484): getEvdoLevel=0
07-06 19:29:00.485 W/SignalStrength( 484): getCdmaLevel=3
07-06 19:29:00.485 W/SignalStrength( 484): getLevel=3
07-06 19:29:01.445 E/SMD ( 105): DCD OFF
07-06 19:29:04.445 E/SMD ( 105): DCD OFF
07-06 19:29:06.475 W/SignalStrength( 277): getCdmaLevel=2
07-06 19:29:06.475 W/SignalStrength( 277): getEvdoLevel=0
07-06 19:29:06.475 W/SignalStrength( 277): getCdmaLevel=2
07-06 19:29:06.475 W/SignalStrength( 277): getLevel=2
07-06 19:29:06.485 W/SignalStrength( 484): getCdmaLevel=2
07-06 19:29:06.485 W/SignalStrength( 484): getEvdoLevel=0
07-06 19:29:06.485 W/SignalStrength( 484): getCdmaLevel=2
07-06 19:29:06.485 W/SignalStrength( 484): getLevel=2
07-06 19:29:07.445 E/SMD ( 105): DCD OFF
07-06 19:29:10.445 E/SMD ( 105): DCD OFF
07-06 19:29:11.065 V/StatusBar.BatteryController( 484): status5batteryHealth 2
07-06 19:29:11.065 D/StatusBar.BatteryController( 484): mOldstatus5status 5
07-06 19:29:11.065 D/StatusBar.BatteryController( 484): now old status is 5
07-06 19:29:13.445 E/SMD ( 105): DCD OFF
07-06 19:29:16.455 E/SMD ( 105): DCD OFF
07-06 19:29:19.455 E/SMD ( 105): DCD OFF
07-06 19:29:22.465 E/SMD ( 105): DCD OFF
07-06 19:29:25.465 E/SMD ( 105): DCD OFF
07-06 19:29:26.485 W/SignalStrength( 277): getCdmaLevel=3
07-06 19:29:26.485 W/SignalStrength( 277): getEvdoLevel=0
07-06 19:29:26.485 W/SignalStrength( 277): getCdmaLevel=3
07-06 19:29:26.485 W/SignalStrength( 484): getCdmaLevel=3
07-06 19:29:26.485 W/SignalStrength( 484): getEvdoLevel=0
07-06 19:29:26.485 W/SignalStrength( 484): getCdmaLevel=3
07-06 19:29:26.485 W/SignalStrength( 484): getLevel=3
07-06 19:29:26.495 W/SignalStrength( 277): getLevel=3
07-06 19:29:28.465 E/SMD ( 105): DCD OFF
07-06 19:29:31.105 V/StatusBar.BatteryController( 484): status5batteryHealth 2
07-06 19:29:31.105 D/StatusBar.BatteryController( 484): mOldstatus5status 5
07-06 19:29:31.105 D/StatusBar.BatteryController( 484): now old status is 5
07-06 19:29:31.465 E/SMD ( 105): DCD OFF
07-06 19:29:33.935 E/WifiStateMachine( 277): set suspend optimizations failed!
07-06 19:29:33.975 D/SensorManager( 754): registerListener :: handle = 0 name= BOSCH 3-axis Accelerometer delay= 10000 Listener= kvo@414fa798
07-06 19:29:33.975 E/SensorManager( 754): thread start
07-06 19:29:33.985 E/SensorManager( 754): =======>>>Sensor Thread RUNNING <<<========
07-06 19:29:34.475 E/SMD ( 105): DCD OFF
07-06 19:29:34.675 I/SensorManager( 754): Set normal delay = true
07-06 19:29:34.695 D/Tethering( 277): interfaceLinkStateChanged wlan0, true
07-06 19:29:34.695 D/Tethering( 277): interfaceStatusChanged wlan0, true
07-06 19:29:34.705 D/Tethering( 277): interfaceLinkStateChanged wlan0, true
07-06 19:29:34.705 D/Tethering( 277): interfaceStatusChanged wlan0, true
07-06 19:29:34.765 E/WifiStateMachine( 277): set suspend optimizations failed!
07-06 19:29:34.785 D/SensorManager( 754): unregisterListener:: disable all sensors for this listener, name = BOSCH 3-axis Accelerometer listener = kvo@414fa798
07-06 19:29:34.925 I/GCoreUlr( 754): Successfully inserted location
07-06 19:29:34.925 I/GCoreUlr( 754): Not calling LocationReportingService, hasMoved: false, elapsed millis: 3240100, request: Phone
07-06 19:29:37.475 E/SMD ( 105): DCD OFF
07-06 19:29:37.485 W/SignalStrength( 277): getCdmaLevel=2
07-06 19:29:37.485 W/SignalStrength( 277): getEvdoLevel=0
07-06 19:29:37.485 W/SignalStrength( 277): getCdmaLevel=2
07-06 19:29:37.485 W/SignalStrength( 277): getLevel=2
07-06 19:29:37.485 W/SignalStrength( 484): getCdmaLevel=2
07-06 19:29:37.485 W/SignalStrength( 484): getEvdoLevel=0
07-06 19:29:37.485 W/SignalStrength( 484): getCdmaLevel=2
07-06 19:29:37.485 W/SignalStrength( 484): getLevel=2
07-06 19:29:40.475 E/SMD ( 105): DCD OFF
07-06 19:29:41.125 V/StatusBar.BatteryController( 484): status5batteryHealth 2
07-06 19:29:41.125 D/StatusBar.BatteryController( 484): mOldstatus5status 5
07-06 19:29:41.125 D/StatusBar.BatteryController( 484): now old status is 5
07-06 19:29:41.485 W/SignalStrength( 277): getCdmaLevel=3
07-06 19:29:41.485 W/SignalStrength( 277): getEvdoLevel=0
07-06 19:29:41.485 W/SignalStrength( 277): getCdmaLevel=3
07-06 19:29:41.485 W/SignalStrength( 277): getLevel=3
07-06 19:29:41.495 W/SignalStrength( 484): getCdmaLevel=3
07-06 19:29:41.495 W/SignalStrength( 484): getEvdoLevel=0
07-06 19:29:41.495 W/SignalStrength( 484): getCdmaLevel=3
07-06 19:29:41.495 W/SignalStrength( 484): getLevel=3
07-06 19:29:43.475 E/SMD ( 105): DCD OFF
07-06 19:29:46.485 E/SMD ( 105): DCD OFF
07-06 19:29:49.485 E/SMD ( 105): DCD OFF
07-06 19:29:51.145 V/StatusBar.BatteryController( 484): status5batteryHealth 2
07-06 19:29:51.145 D/StatusBar.BatteryController( 484): mOldstatus5status 5
07-06 19:29:51.145 D/StatusBar.BatteryController( 484): now old status is 5
07-06 19:29:52.485 E/SMD ( 105): DCD OFF
07-06 19:29:55.485 E/SMD ( 105): DCD OFF
07-06 19:29:58.495 E/SMD ( 105): DCD OFF
07-06 19:29:59.495 W/SignalStrength( 277): getCdmaLevel=2
07-06 19:29:59.495 W/SignalStrength( 277): getEvdoLevel=0
07-06 19:29:59.495 W/SignalStrength( 277): getCdmaLevel=2
07-06 19:29:59.495 W/SignalStrength( 277): getLevel=2
07-06 19:29:59.495 W/SignalStrength( 484): getCdmaLevel=2
07-06 19:29:59.495 W/SignalStrength( 484): getEvdoLevel=0
07-06 19:29:59.495 W/SignalStrength( 484): getCdmaLevel=2
07-06 19:29:59.495 W/SignalStrength( 484): getLevel=2
07-06 19:30:01.165 V/StatusBar.BatteryController( 484): status5batteryHealth 2
07-06 19:30:01.165 D/StatusBar.BatteryController( 484): mOldstatus5status 5
07-06 19:30:01.165 D/StatusBar.BatteryController( 484): now old status is 5
07-06 19:30:01.495 E/SMD ( 105): DCD OFF
07-06 19:30:04.495 E/SMD ( 105): DCD OFF
07-06 19:30:07.495 E/SMD ( 105): DCD OFF
07-06 19:30:10.495 E/SMD ( 105): DCD OFF
07-06 19:30:11.185 V/StatusBar.BatteryController( 484): status5batteryHealth 2
07-06 19:30:11.185 D/StatusBar.BatteryController( 484): mOldstatus5status 5
07-06 19:30:11.185 D/StatusBar.BatteryController( 484): now old status is 5
07-06 19:30:13.505 E/SMD ( 105): DCD OFF
07-06 19:30:16.505 E/SMD ( 105): DCD OFF
07-06 19:30:19.505 E/SMD ( 105): DCD OFF
07-06 19:30:21.505 W/SignalStrength( 277): getCdmaLevel=3
07-06 19:30:21.505 W/SignalStrength( 277): getEvdoLevel=0
07-06 19:30:21.505 W/SignalStrength( 277): getCdmaLevel=3
07-06 19:30:21.505 W/SignalStrength( 277): getLevel=3
07-06 19:30:21.505 W/SignalStrength( 484): getCdmaLevel=3
07-06 19:30:21.505 W/SignalStrength( 484): getEvdoLevel=0
07-06 19:30:21.505 W/SignalStrength( 484): getCdmaLevel=3
07-06 19:30:21.505 W/SignalStrength( 484): getLevel=3
07-06 19:30:22.505 E/SMD ( 105): DCD OFF
07-06 19:30:25.515 E/SMD ( 105): DCD OFF
07-06 19:30:28.515 E/SMD ( 105): DCD OFF
07-06 19:30:31.225 V/StatusBar.BatteryController( 484): status5batteryHealth 2
07-06 19:30:31.225 D/StatusBar.BatteryController( 484): mOldstatus5status 5
07-06 19:30:31.225 D/StatusBar.BatteryController( 484): now old status is 5
07-06 19:30:31.515 E/SMD ( 105): DCD OFF
07-06 19:30:34.515 E/SMD ( 105): DCD OFF
07-06 19:30:37.525 E/SMD ( 105): DCD OFF
07-06 19:30:40.505 W/SignalStrength( 277): getCdmaLevel=2
07-06 19:30:40.505 W/SignalStrength( 277): getEvdoLevel=0
07-06 19:30:40.505 W/SignalStrength( 277): getCdmaLevel=2
07-06 19:30:40.505 W/SignalStrength( 277): getLevel=2
07-06 19:30:40.515 W/SignalStrength( 484): getCdmaLevel=2
07-06 19:30:40.515 W/SignalStrength( 484): getEvdoLevel=0
07-06 19:30:40.515 W/SignalStrength( 484): getCdmaLevel=2
07-06 19:30:40.515 W/SignalStrength( 484): getLevel=2
07-06 19:30:40.525 E/SMD ( 105): DCD OFF
07-06 19:30:41.245 V/StatusBar.BatteryController( 484): status5batteryHealth 2
07-06 19:30:41.245 D/StatusBar.BatteryController( 484): mOldstatus5status 5
07-06 19:30:41.245 D/StatusBar.BatteryController( 484): now old status is 5
07-06 19:30:41.505 W/SignalStrength( 277): getCdmaLevel=3
07-06 19:30:41.505 W/SignalStrength( 277): getEvdoLevel=0
07-06 19:30:41.505 W/SignalStrength( 277): getCdmaLevel=3
07-06 19:30:41.505 W/SignalStrength( 277): getLevel=3
07-06 19:30:41.515 W/SignalStrength( 484): getCdmaLevel=3
07-06 19:30:41.515 W/SignalStrength( 484): getEvdoLevel=0
07-06 19:30:41.515 W/SignalStrength( 484): getCdmaLevel=3
07-06 19:30:41.515 W/SignalStrength( 484): getLevel=3
07-06 19:30:43.525 E/SMD ( 105): DCD OFF
07-06 19:30:46.525 E/SMD ( 105): DCD OFF
07-06 19:30:49.535 E/SMD ( 105): DCD OFF
07-06 19:30:50.935 D/Tethering( 277): interfaceLinkStateChanged wlan0, true
07-06 19:30:50.935 D/Tethering( 277): interfaceStatusChanged wlan0, true
07-06 19:30:52.535 E/SMD ( 105): DCD OFF
07-06 19:30:55.535 E/SMD ( 105): DCD OFF
07-06 19:30:58.535 E/SMD ( 105): DCD OFF
07-06 19:30:59.515 W/SignalStrength( 277): getCdmaLevel=2
07-06 19:30:59.515 W/SignalStrength( 277): getEvdoLevel=0
07-06 19:30:59.515 W/SignalStrength( 277): getCdmaLevel=2
07-06 19:30:59.515 W/SignalStrength( 277): getLevel=2
07-06 19:30:59.525 W/SignalStrength( 484): getCdmaLevel=2
07-06 19:30:59.525 W/SignalStrength( 484): getEvdoLevel=0
07-06 19:30:59.525 W/SignalStrength( 484): getCdmaLevel=2
07-06 19:30:59.525 W/SignalStrength( 484): getLevel=2
07-06 19:31:01.285 V/StatusBar.BatteryController( 484): status5batteryHealth 2
07-06 19:31:01.285 D/StatusBar.BatteryController( 484): mOldstatus5status 5
07-06 19:31:01.285 D/StatusBar.BatteryController( 484): now old status is 5
07-06 19:31:01.535 E/SMD ( 105): DCD OFF
07-06 19:31:04.545 E/SMD ( 105): DCD OFF
07-06 19:31:07.515 W/SignalStrength( 277): getCdmaLevel=3
07-06 19:31:07.515 W/SignalStrength( 277): getEvdoLevel=0
07-06 19:31:07.515 W/SignalStrength( 277): getCdmaLevel=3
07-06 19:31:07.515 W/SignalStrength( 277): getLevel=3
07-06 19:31:07.525 W/SignalStrength( 484): getCdmaLevel=3
07-06 19:31:07.525 W/SignalStrength( 484): getEvdoLevel=0
07-06 19:31:07.525 W/SignalStrength( 484): getCdmaLevel=3
07-06 19:31:07.525 W/SignalStrength( 484): getLevel=3
07-06 19:31:07.545 E/SMD ( 105): DCD OFF
07-06 19:31:10.545 E/SMD ( 105): DCD OFF
07-06 19:31:11.305 V/StatusBar.BatteryController( 484): status5batteryHealth 2
07-06 19:31:11.305 D/StatusBar.BatteryController( 484): mOldstatus5status 5
07-06 19:31:11.305 D/StatusBar.BatteryController( 484): now old status is 5
07-06 19:31:13.555 E/SMD ( 105): DCD OFF
07-06 19:31:16.525 W/SignalStrength( 277): getCdmaLevel=2
07-06 19:31:16.525 W/SignalStrength( 277): getEvdoLevel=0
07-06 19:31:16.525 W/SignalStrength( 277): getCdmaLevel=2
07-06 19:31:16.525 W/SignalStrength( 277): getLevel=2
07-06 19:31:16.525 W/SignalStrength( 484): getCdmaLevel=2
07-06 19:31:16.525 W/SignalStrength( 484): getEvdoLevel=0
07-06 19:31:16.525 W/SignalStrength( 484): getCdmaLevel=2
07-06 19:31:16.525 W/SignalStrength( 484): getLevel=2
07-06 19:31:16.555 E/SMD ( 105): DCD OFF
07-06 19:31:17.525 W/SignalStrength( 277): getCdmaLevel=3
07-06 19:31:17.525 W/SignalStrength( 277): getEvdoLevel=0
07-06 19:31:17.525 W/SignalStrength( 277): getCdmaLevel=3
07-06 19:31:17.525 W/SignalStrength( 277): getLevel=3
07-06 19:31:17.525 W/SignalStrength( 484): getCdmaLevel=3
07-06 19:31:17.525 W/SignalStrength( 484): getEvdoLevel=0
07-06 19:31:17.525 W/SignalStrength( 484): getCdmaLevel=3
07-06 19:31:17.525 W/SignalStrength( 484): getLevel=3
07-06 19:31:19.555 E/SMD ( 105): DCD OFF
07-06 19:31:22.555 E/SMD ( 105): DCD OFF
07-06 19:31:25.555 E/SMD ( 105): DCD OFF
07-06 19:31:28.565 E/SMD ( 105): DCD OFF
07-06 19:31:31.345 V/StatusBar.BatteryController( 484): status5batteryHealth 2
07-06 19:31:31.345 D/StatusBar.BatteryController( 484): mOldstatus5status 5
07-06 19:31:31.345 D/StatusBar.BatteryController( 484): now old status is 5
07-06 19:31:31.525 W/SignalStrength( 277): getCdmaLevel=2
07-06 19:31:31.525 W/SignalStrength( 277): getEvdoLevel=0
07-06 19:31:31.525 W/SignalStrength( 277): getCdmaLevel=2
07-06 19:31:31.525 W/SignalStrength( 277): getLevel=2
07-06 19:31:31.535 W/SignalStrength( 484): getCdmaLevel=2
07-06 19:31:31.535 W/SignalStrength( 484): getEvdoLevel=0
07-06 19:31:31.535 W/SignalStrength( 484): getCdmaLevel=2
07-06 19:31:31.535 W/SignalStrength( 484): getLevel=2
07-06 19:31:31.565 E/SMD ( 105): DCD OFF
07-06 19:31:33.525 W/SignalStrength( 277): getCdmaLevel=3
07-06 19:31:33.525 W/SignalStrength( 277): getEvdoLevel=0
07-06 19:31:33.525 W/SignalStrength( 277): getCdmaLevel=3
07-06 19:31:33.535 W/SignalStrength( 484): getCdmaLevel=3
07-06 19:31:33.535 W/SignalStrength( 484): getEvdoLevel=0
07-06 19:31:33.535 W/SignalStrength( 484): getCdmaLevel=3
07-06 19:31:33.535 W/SignalStrength( 484): getLevel=3
07-06 19:31:33.535 W/SignalStrength( 277): getLevel=3
07-06 19:31:34.565 E/SMD ( 105): DCD OFF
07-06 19:31:37.565 E/SMD ( 105): DCD OFF
07-06 19:31:40.575 E/SMD ( 105): DCD OFF
07-06 19:31:43.575 E/SMD ( 105): DCD OFF
07-06 19:31:46.575 E/SMD ( 105): DCD OFF
07-06 19:31:47.535 W/SignalStrength( 277): getCdmaLevel=2
07-06 19:31:47.535 W/SignalStrength( 277): getEvdoLevel=0
07-06 19:31:47.535 W/SignalStrength( 277): getCdmaLevel=2
07-06 19:31:47.535 W/SignalStrength( 277): getLevel=2
07-06 19:31:47.535 W/SignalStrength( 484): getCdmaLevel=2
07-06 19:31:47.535 W/SignalStrength( 484): getEvdoLevel=0
07-06 19:31:47.535 W/SignalStrength( 484): getCdmaLevel=2
07-06 19:31:47.535 W/SignalStrength( 484): getLevel=2
07-06 19:31:49.575 E/SMD ( 105): DCD OFF
07-06 19:31:51.385 V/StatusBar.BatteryController( 484): status5batteryHealth 2
07-06 19:31:51.385 D/StatusBar.BatteryController( 484): mOldstatus5status 5
07-06 19:31:51.385 D/StatusBar.BatteryController( 484): now old status is 5
07-06 19:31:52.575 E/SMD ( 105): DCD OFF
07-06 19:31:55.585 E/SMD ( 105): DCD OFF
07-06 19:31:58.535 W/SignalStrength( 277): getCdmaLevel=3
07-06 19:31:58.535 W/SignalStrength( 277): getEvdoLevel=0
07-06 19:31:58.535 W/SignalStrength( 277): getCdmaLevel=3
07-06 19:31:58.535 W/SignalStrength( 277): getLevel=3
07-06 19:31:58.545 W/SignalStrength( 484): getCdmaLevel=3
07-06 19:31:58.545 W/SignalStrength( 484): getEvdoLevel=0
07-06 19:31:58.545 W/SignalStrength( 484): getCdmaLevel=3
07-06 19:31:58.545 W/SignalStrength( 484): getLevel=3
07-06 19:31:58.585 E/SMD ( 105): DCD OFF
07-06 19:32:01.405 V/StatusBar.BatteryController( 484): status5batteryHealth 2
07-06 19:32:01.405 D/StatusBar.BatteryController( 484): mOldstatus5status 5
07-06 19:32:01.405 D/StatusBar.BatteryController( 484): now old status is 5
07-06 19:32:01.585 E/SMD ( 105): DCD OFF
07-06 19:32:04.585 E/SMD ( 105): DCD OFF
07-06 19:32:07.595 E/SMD ( 105): DCD OFF
07-06 19:32:10.595 E/SMD ( 105): DCD OFF
07-06 19:32:13.595 E/SMD ( 105): DCD OFF
07-06 19:32:16.595 E/SMD ( 105): DCD OFF
07-06 19:32:18.545 W/SignalStrength( 277): getCdmaLevel=2
07-06 19:32:18.545 W/SignalStrength( 277): getEvdoLevel=0
07-06 19:32:18.545 W/SignalStrength( 277): getCdmaLevel=2
07-06 19:32:18.545 W/SignalStrength( 277): getLevel=2
07-06 19:32:18.555 W/SignalStrength( 484): getCdmaLevel=2
07-06 19:32:18.555 W/SignalStrength( 484): getEvdoLevel=0
07-06 19:32:18.555 W/SignalStrength( 484): getCdmaLevel=2
07-06 19:32:18.555 W/SignalStrength( 484): getLevel=2
07-06 19:32:19.545 W/SignalStrength( 277): getCdmaLevel=3
07-06 19:32:19.545 W/SignalStrength( 277): getEvdoLevel=0
07-06 19:32:19.545 W/SignalStrength( 277): getCdmaLevel=3
07-06 19:32:19.545 W/SignalStrength( 277): getLevel=3
07-06 19:32:19.555 W/SignalStrength( 484): getCdmaLevel=3
07-06 19:32:19.555 W/SignalStrength( 484): getEvdoLevel=0
07-06 19:32:19.555 W/SignalStrength( 484): getCdmaLevel=3
07-06 19:32:19.555 W/SignalStrength( 484): getLevel=3
07-06 19:32:19.605 E/SMD ( 105): DCD OFF
07-06 19:32:21.445 V/StatusBar.BatteryController( 484): status5batteryHealth 2
07-06 19:32:21.445 D/StatusBar.BatteryController( 484): mOldstatus5status 5
07-06 19:32:21.445 D/StatusBar.BatteryController( 484): now old status is 5
07-06 19:32:22.605 E/SMD ( 105): DCD OFF
07-06 19:32:25.605 E/SMD ( 105): DCD OFF
07-06 19:32:28.605 E/SMD ( 105): DCD OFF
07-06 19:32:31.615 E/SMD ( 105): DCD OFF
07-06 19:32:32.945 D/SensorManager( 754): registerListener :: handle = 0 name= BOSCH 3-axis Accelerometer delay= 10000 Listener= kvo@414bde30
07-06 19:32:32.945 E/SensorManager( 754): thread start
07-06 19:32:32.945 E/SensorManager( 754): =======>>>Sensor Thread RUNNING <<<========
07-06 19:32:33.645 I/SensorManager( 754): Set normal delay = true
07-06 19:32:33.725 D/SensorManager( 754): unregisterListener:: disable all sensors for this listener, name = BOSCH 3-axis Accelerometer listener = kvo@414bde30
07-06 19:32:34.615 E/SMD ( 105): DCD OFF
07-06 19:32:37.615 E/SMD ( 105): DCD OFF
07-06 19:32:40.615 E/SMD ( 105): DCD OFF
07-06 19:32:42.605 W/ThrottleService( 277): unable to find stats for iface rmnet0
07-06 19:32:43.615 E/SMD ( 105): DCD OFF
07-06 19:32:46.625 E/SMD ( 105): DCD OFF
07-06 19:32:49.625 E/SMD ( 105): DCD OFF
07-06 19:32:51.505 V/StatusBar.BatteryController( 484): status5batteryHealth 2
07-06 19:32:51.515 D/StatusBar.BatteryController( 484): mOldstatus5status 5
07-06 19:32:51.515 D/StatusBar.BatteryController( 484): now old status is 5
07-06 19:32:52.625 E/SMD ( 105): DCD OFF
07-06 19:32:55.625 E/SMD ( 105): DCD OFF
07-06 19:32:58.565 W/SignalStrength( 277): getCdmaLevel=2
07-06 19:32:58.565 W/SignalStrength( 277): getEvdoLevel=0
07-06 19:32:58.565 W/SignalStrength( 277): getCdmaLevel=2
07-06 19:32:58.565 W/SignalStrength( 277): getLevel=2
07-06 19:32:58.565 W/SignalStrength( 484): getCdmaLevel=2
07-06 19:32:58.575 W/SignalStrength( 484): getEvdoLevel=0
07-06 19:32:58.575 W/SignalStrength( 484): getCdmaLevel=2
07-06 19:32:58.575 W/SignalStrength( 484): getLevel=2
07-06 19:32:58.635 E/SMD ( 105): DCD OFF
07-06 19:33:01.535 V/StatusBar.BatteryController( 484): status5batteryHealth 2
07-06 19:33:01.535 D/StatusBar.BatteryController( 484): mOldstatus5status 5
07-06 19:33:01.535 D/StatusBar.BatteryController( 484): now old status is 5
07-06 19:33:01.635 E/SMD ( 105): DCD OFF
07-06 19:33:02.565 W/SignalStrength( 277): getCdmaLevel=3
07-06 19:33:02.565 W/SignalStrength( 277): getEvdoLevel=0
07-06 19:33:02.565 W/SignalStrength( 277): getCdmaLevel=3
07-06 19:33:02.565 W/SignalStrength( 277): getLevel=3
07-06 19:33:02.565 W/SignalStrength( 484): getCdmaLevel=3
07-06 19:33:02.565 W/SignalStrength( 484): getEvdoLevel=0
07-06 19:33:02.565 W/SignalStrength( 484): getCdmaLevel=3
07-06 19:33:02.565 W/SignalStrength( 484): getLevel=3
07-06 19:33:04.635 E/SMD ( 105): DCD OFF
07-06 19:33:07.635 E/SMD ( 105): DCD OFF
07-06 19:33:10.645 E/SMD ( 105): DCD OFF
07-06 19:33:13.645 E/SMD ( 105): DCD OFF
07-06 19:33:14.565 W/SignalStrength( 277): getCdmaLevel=2
07-06 19:33:14.565 W/SignalStrength( 277): getEvdoLevel=0
07-06 19:33:14.565 W/SignalStrength( 277): getCdmaLevel=2
07-06 19:33:14.565 W/SignalStrength( 277): getLevel=2
07-06 19:33:14.575 W/SignalStrength( 484): getCdmaLevel=2
07-06 19:33:14.575 W/SignalStrength( 484): getEvdoLevel=0
07-06 19:33:14.575 W/SignalStrength( 484): getCdmaLevel=2
07-06 19:33:14.575 W/SignalStrength( 484): getLevel=2
07-06 19:33:16.645 E/SMD ( 105): DCD OFF
07-06 19:33:19.645 E/SMD ( 105): DCD OFF
07-06 19:33:22.655 E/SMD ( 105): DCD OFF
07-06 19:33:25.655 E/SMD ( 105): DCD OFF
07-06 19:33:28.655 E/SMD ( 105): DCD OFF
07-06 19:33:30.575 W/SignalStrength( 277): getCdmaLevel=3
07-06 19:33:30.575 W/SignalStrength( 277): getEvdoLevel=0
07-06 19:33:30.575 W/SignalStrength( 277): getCdmaLevel=3
07-06 19:33:30.575 W/SignalStrength( 277): getLevel=3
07-06 19:33:30.585 W/SignalStrength( 484): getCdmaLevel=3
07-06 19:33:30.585 W/SignalStrength( 484): getEvdoLevel=0
07-06 19:33:30.585 W/SignalStrength( 484): getCdmaLevel=3
07-06 19:33:30.585 W/SignalStrength( 484): getLevel=3
07-06 19:33:31.655 E/SMD ( 105): DCD OFF
07-06 19:33:34.655 E/SMD ( 105): DCD OFF
07-06 19:33:37.665 E/SMD ( 105): DCD OFF
07-06 19:33:40.665 E/SMD ( 105): DCD OFF
07-06 19:33:41.605 V/StatusBar.BatteryController( 484): status5batteryHealth 2
07-06 19:33:41.615 D/StatusBar.BatteryController( 484): mOldstatus5status 5
07-06 19:33:41.615 D/StatusBar.BatteryController( 484): now old status is 5
07-06 19:33:43.665 E/SMD ( 105): DCD OFF
07-06 19:33:46.665 E/SMD ( 105): DCD OFF
07-06 19:33:49.675 E/SMD ( 105): DCD OFF
07-06 19:33:52.675 E/SMD ( 105): DCD OFF
07-06 19:33:55.675 E/SMD ( 105): DCD OFF
07-06 19:33:58.675 E/SMD ( 105): DCD OFF
07-06 19:34:01.655 V/StatusBar.BatteryController( 484): status5batteryHealth 2
07-06 19:34:01.655 D/StatusBar.BatteryController( 484): mOldstatus5status 5
07-06 19:34:01.655 D/StatusBar.BatteryController( 484): now old status is 5
07-06 19:34:01.685 E/SMD ( 105): DCD OFF
07-06 19:34:03.585 W/SignalStrength( 277): getCdmaLevel=2
07-06 19:34:03.585 W/SignalStrength( 277): getEvdoLevel=0
07-06 19:34:03.585 W/SignalStrength( 277): getCdmaLevel=2
07-06 19:34:03.585 W/SignalStrength( 277): getLevel=2
07-06 19:34:03.585 W/SignalStrength( 484): getCdmaLevel=2
07-06 19:34:03.595 W/SignalStrength( 484): getEvdoLevel=0
07-06 19:34:03.595 W/SignalStrength( 484): getCdmaLevel=2
07-06 19:34:03.595 W/SignalStrength( 484): getLevel=2
07-06 19:34:04.685 E/SMD ( 105): DCD OFF
07-06 19:34:07.585 W/SignalStrength( 277): getCdmaLevel=3
07-06 19:34:07.585 W/SignalStrength( 277): getEvdoLevel=0
07-06 19:34:07.585 W/SignalStrength( 277): getCdmaLevel=3
07-06 19:34:07.585 W/SignalStrength( 277): getLevel=3
07-06 19:34:07.595 W/SignalStrength( 484): getCdmaLevel=3
07-06 19:34:07.595 W/SignalStrength( 484): getEvdoLevel=0
07-06 19:34:07.595 W/SignalStrength( 484): getCdmaLevel=3
07-06 19:34:07.595 W/SignalStrength( 484): getLevel=3
07-06 19:34:07.685 E/SMD ( 105): DCD OFF
07-06 19:34:10.685 E/SMD ( 105): DCD OFF
07-06 19:34:11.665 V/StatusBar.BatteryController( 484): status5batteryHealth 2
07-06 19:34:11.665 D/StatusBar.BatteryController( 484): mOldstatus5status 5
07-06 19:34:11.665 D/StatusBar.BatteryController( 484): now old status is 5
07-06 19:34:13.685 E/SMD ( 105): DCD OFF
07-06 19:34:15.585 W/SignalStrength( 277): getCdmaLevel=2
07-06 19:34:15.595 W/SignalStrength( 484): getCdmaLevel=2
07-06 19:34:15.595 W/SignalStrength( 484): getEvdoLevel=0
07-06 19:34:15.595 W/SignalStrength( 484): getCdmaLevel=2
07-06 19:34:15.595 W/SignalStrength( 484): getLevel=2
07-06 19:34:15.595 W/SignalStrength( 277): getEvdoLevel=0
07-06 19:34:15.595 W/SignalStrength( 277): getCdmaLevel=2
07-06 19:34:15.595 W/SignalStrength( 277): getLevel=2
07-06 19:34:16.695 E/SMD ( 105): DCD OFF
07-06 19:34:19.695 E/SMD ( 105): DCD OFF
07-06 19:34:21.695 V/StatusBar.BatteryController( 484): status5batteryHealth 2
07-06 19:34:21.695 D/StatusBar.BatteryController( 484): mOldstatus5status 5
07-06 19:34:21.695 D/StatusBar.BatteryController( 484): now old status is 5
07-06 19:34:22.695 E/SMD ( 105): DCD OFF
07-06 19:34:25.695 E/SMD ( 105): DCD OFF
07-06 19:34:28.705 E/SMD ( 105): DCD OFF
07-06 19:34:31.705 E/SMD ( 105): DCD OFF
07-06 19:34:31.715 V/StatusBar.BatteryController( 484): status5batteryHealth 2
07-06 19:34:31.715 D/StatusBar.BatteryController( 484): mOldstatus5status 5
07-06 19:34:31.715 D/StatusBar.BatteryController( 484): now old status is 5
07-06 19:34:34.705 E/SMD ( 105): DCD OFF
07-06 19:34:37.705 E/SMD ( 105): DCD OFF
07-06 19:34:40.705 E/SMD ( 105): DCD OFF
07-06 19:34:41.725 V/StatusBar.BatteryController( 484): status5batteryHealth 2
07-06 19:34:41.725 D/StatusBar.BatteryController( 484): mOldstatus5status 5
07-06 19:34:41.725 D/StatusBar.BatteryController( 484): now old status is 5
07-06 19:34:43.715 E/SMD ( 105): DCD OFF
07-06 19:34:46.715 E/SMD ( 105): DCD OFF
07-06 19:34:49.715 E/SMD ( 105): DCD OFF
07-06 19:34:51.755 V/StatusBar.BatteryController( 484): status5batteryHealth 2
07-06 19:34:51.755 D/StatusBar.BatteryController( 484): mOldstatus5status 5
07-06 19:34:51.755 D/StatusBar.BatteryController( 484): now old status is 5
07-06 19:34:52.605 W/SignalStrength( 277): getCdmaLevel=3
07-06 19:34:52.605 W/SignalStrength( 277): getEvdoLevel=0
07-06 19:34:52.605 W/SignalStrength( 277): getCdmaLevel=3
07-06 19:34:52.605 W/SignalStrength( 277): getLevel=3
07-06 19:34:52.615 W/SignalStrength( 484): getCdmaLevel=3
07-06 19:34:52.615 W/SignalStrength( 484): getEvdoLevel=0
07-06 19:34:52.615 W/SignalStrength( 484): getCdmaLevel=3
07-06 19:34:52.615 W/SignalStrength( 484): getLevel=3
07-06 19:34:52.715 E/SMD ( 105): DCD OFF
07-06 19:34:55.725 E/SMD ( 105): DCD OFF
07-06 19:34:58.725 E/SMD ( 105): DCD OFF
07-06 19:35:01.605 W/SignalStrength( 277): getCdmaLevel=2
07-06 19:35:01.605 W/SignalStrength( 277): getEvdoLevel=0
07-06 19:35:01.605 W/SignalStrength( 277): getCdmaLevel=2
07-06 19:35:01.605 W/SignalStrength( 277): getLevel=2
07-06 19:35:01.615 W/SignalStrength( 484): getCdmaLevel=2
07-06 19:35:01.615 W/SignalStrength( 484): getEvdoLevel=0
07-06 19:35:01.615 W/SignalStrength( 484): getCdmaLevel=2
07-06 19:35:01.615 W/SignalStrength( 484): getLevel=2
07-06 19:35:01.725 E/SMD ( 105): DCD OFF
07-06 19:35:01.765 V/StatusBar.BatteryController( 484): status5batteryHealth 2
07-06 19:35:01.765 D/StatusBar.BatteryController( 484): mOldstatus5status 5
07-06 19:35:01.765 D/StatusBar.BatteryController( 484): now old status is 5
07-06 19:35:04.725 E/SMD ( 105): DCD OFF
07-06 19:35:07.735 E/SMD ( 105): DCD OFF
07-06 19:35:10.735 E/SMD ( 105): DCD OFF
07-06 19:35:13.735 E/SMD ( 105): DCD OFF
07-06 19:35:16.735 E/SMD ( 105): DCD OFF
07-06 19:35:19.745 E/SMD ( 105): DCD OFF
07-06 19:35:22.745 E/SMD ( 105): DCD OFF
07-06 19:35:25.745 E/SMD ( 105): DCD OFF
07-06 19:35:28.145 D/GCM ( 590): Ignoring attempt to send heartbeat on dead connection.
07-06 19:35:28.745 E/SMD ( 105): DCD OFF
07-06 19:35:31.745 E/SMD ( 105): DCD OFF
07-06 19:35:31.825 V/StatusBar.BatteryController( 484): status5batteryHealth 2
07-06 19:35:31.835 D/StatusBar.BatteryController( 484): mOldstatus5status 5
07-06 19:35:31.835 D/StatusBar.BatteryController( 484): now old status is 5
07-06 19:35:31.885 D/SensorManager( 754): registerListener :: handle = 0 name= BOSCH 3-axis Accelerometer delay= 10000 Listener= kvo@41423a40
07-06 19:35:31.885 E/SensorManager( 754): thread start
07-06 19:35:31.885 E/SensorManager( 754): =======>>>Sensor Thread RUNNING <<<========
07-06 19:35:32.585 I/SensorManager( 754): Set normal delay = true
07-06 19:35:32.665 D/SensorManager( 754): unregisterListener:: disable all sensors for this listener, name = BOSCH 3-axis Accelerometer listener = kvo@41423a40
07-06 19:35:32.715 I/GCoreUlr( 754): Received powerMode change from NLP: com.google.android.location.activity.LOW_POWER_MODE_ENABLED
07-06 19:35:32.715 I/GCoreUlr( 754): Starting service, intent=Intent { act=com.google.android.location.reporting.ACTION_UPDATE_ACTIVE_STATE cmp=xxxx }, extras=null
07-06 19:35:32.815 I/GCoreUlr( 754): Ensuring that reporting is active for [account#15#]
07-06 19:35:32.825 I/GCoreUlr( 754): Starting service, intent=Intent { act=com.google.android.location.reporting.ACTION_LOCATION_STATUS cmp=xxxx (has extras) }, extras=Bundle[{status=LocationStatus[cell status: STATUS_SUCCESSFUL, wifi status: STATUS_INVALID_SCAN, elapsed realtime ns: 237188000000]}]
07-06 19:35:34.755 E/SMD ( 105): DCD OFF
07-06 19:35:37.755 E/SMD ( 105): DCD OFF
07-06 19:35:40.755 E/SMD ( 105): DCD OFF
07-06 19:35:43.755 E/SMD ( 105): DCD OFF
07-06 19:35:46.765 E/SMD ( 105): DCD OFF
07-06 19:35:47.625 W/SignalStrength( 277): getCdmaLevel=2
07-06 19:35:47.625 W/SignalStrength( 277): getEvdoLevel=0
07-06 19:35:47.625 W/SignalStrength( 277): getCdmaLevel=2
07-06 19:35:47.625 W/SignalStrength( 277): getLevel=2
07-06 19:35:47.625 W/SignalStrength( 484): getCdmaLevel=2
07-06 19:35:47.625 W/SignalStrength( 484): getEvdoLevel=0
07-06 19:35:47.625 W/SignalStrength( 484): getCdmaLevel=2
07-06 19:35:47.625 W/SignalStrength( 484): getLevel=2
07-06 19:35:48.175 D/Tethering( 277): interfaceLinkStateChanged wlan0, true
07-06 19:35:48.175 D/Tethering( 277): interfaceStatusChanged wlan0, true
07-06 19:35:49.765 E/SMD ( 105): DCD OFF
07-06 19:35:50.625 W/SignalStrength( 277): getCdmaLevel=3
07-06 19:35:50.625 W/SignalStrength( 277): getEvdoLevel=0
07-06 19:35:50.625 W/SignalStrength( 277): getCdmaLevel=3
07-06 19:35:50.625 W/SignalStrength( 277): getLevel=3
07-06 19:35:50.635 W/SignalStrength( 484): getCdmaLevel=3
07-06 19:35:50.635 W/SignalStrength( 484): getEvdoLevel=0
07-06 19:35:50.635 W/SignalStrength( 484): getCdmaLevel=3
07-06 19:35:50.635 W/SignalStrength( 484): getLevel=3
07-06 19:35:52.765 E/SMD ( 105): DCD OFF
07-06 19:35:54.835 D/Tethering( 277): interfaceLinkStateChanged wlan0, true
07-06 19:35:54.835 D/Tethering( 277): interfaceStatusChanged wlan0, true
07-06 19:35:55.765 E/SMD ( 105): DCD OFF
07-06 19:35:58.625 W/SignalStrength( 277): getCdmaLevel=2
07-06 19:35:58.625 W/SignalStrength( 277): getEvdoLevel=0
07-06 19:35:58.625 W/SignalStrength( 277): getCdmaLevel=2
07-06 19:35:58.625 W/SignalStrength( 277): getLevel=2
07-06 19:35:58.635 W/SignalStrength( 484): getCdmaLevel=2
07-06 19:35:58.635 W/SignalStrength( 484): getEvdoLevel=0
07-06 19:35:58.635 W/SignalStrength( 484): getCdmaLevel=2
07-06 19:35:58.645 W/SignalStrength( 484): getLevel=2
07-06 19:35:58.775 E/SMD ( 105): DCD OFF
07-06 19:36:01.775 E/SMD ( 105): DCD OFF
07-06 19:36:04.775 E/SMD ( 105): DCD OFF
07-06 19:36:07.775 E/SMD ( 105): DCD OFF
07-06 19:36:10.785 E/SMD ( 105): DCD OFF
07-06 19:36:11.905 V/StatusBar.BatteryController( 484): status5batteryHealth 2
07-06 19:36:11.905 D/StatusBar.BatteryController( 484): mOldstatus5status 5
07-06 19:36:11.905 D/StatusBar.BatteryController( 484): now old status is 5
07-06 19:36:12.155 D/Tethering( 277): interfaceLinkStateChanged wlan0, true
07-06 19:36:12.155 D/Tethering( 277): interfaceStatusChanged wlan0, true
07-06 19:36:13.785 E/SMD ( 105): DCD OFF
07-06 19:36:14.635 W/SignalStrength( 277): getCdmaLevel=3
07-06 19:36:14.635 W/SignalStrength( 277): getEvdoLevel=0
07-06 19:36:14.635 W/SignalStrength( 277): getCdmaLevel=3
07-06 19:36:14.635 W/SignalStrength( 277): getLevel=3
07-06 19:36:14.635 W/SignalStrength( 484): getCdmaLevel=3
07-06 19:36:14.635 W/SignalStrength( 484): getEvdoLevel=0
07-06 19:36:14.635 W/SignalStrength( 484): getCdmaLevel=3
07-06 19:36:14.635 W/SignalStrength( 484): getLevel=3
07-06 19:36:16.785 E/SMD ( 105): DCD OFF
07-06 19:36:17.165 D/Tethering( 277): interfaceLinkStateChanged wlan0, true
07-06 19:36:17.165 D/Tethering( 277): interfaceStatusChanged wlan0, true
07-06 19:36:19.795 E/SMD ( 105): DCD OFF
07-06 19:36:21.635 W/SignalStrength( 277): getCdmaLevel=2
07-06 19:36:21.635 W/SignalStrength( 277): getEvdoLevel=0
07-06 19:36:21.635 W/SignalStrength( 277): getCdmaLevel=2
07-06 19:36:21.635 W/SignalStrength( 277): getLevel=2
07-06 19:36:21.645 W/SignalStrength( 484): getCdmaLevel=2
07-06 19:36:21.645 W/SignalStrength( 484): getEvdoLevel=0
07-06 19:36:21.645 W/SignalStrength( 484): getCdmaLevel=2
07-06 19:36:21.645 W/SignalStrength( 484): getLevel=2
07-06 19:36:22.795 E/SMD ( 105): DCD OFF
07-06 19:36:25.795 E/SMD ( 105): DCD OFF
07-06 19:36:26.865 V/BackupManagerService( 277): Running a backup pass
07-06 19:36:26.875 V/BackupManagerService( 277): Backup requested but nothing pending
07-06 19:36:28.795 E/SMD ( 105): DCD OFF
07-06 19:36:31.795 E/SMD ( 105): DCD OFF
07-06 19:36:31.945 V/StatusBar.BatteryController( 484): status5batteryHealth 2
07-06 19:36:31.945 D/StatusBar.BatteryController( 484): mOldstatus5status 5
07-06 19:36:31.945 D/StatusBar.BatteryController( 484): now old status is 5
07-06 19:36:34.805 E/SMD ( 105): DCD OFF
07-06 19:36:37.805 E/SMD ( 105): DCD OFF
07-06 19:36:40.805 E/SMD ( 105): DCD OFF
07-06 19:36:41.965 V/StatusBar.BatteryController( 484): status5batteryHealth 2
07-06 19:36:41.975 D/StatusBar.BatteryController( 484): mOldstatus5status 5
07-06 19:36:41.975 D/StatusBar.BatteryController( 484): now old status is 5
07-06 19:36:43.815 E/SMD ( 105): DCD OFF
07-06 19:36:44.865 W/GLSUser ( 590): GoogleAccountDataService.getToken()
07-06 19:36:44.965 I/mbi ( 717): I/O exception (org.apache.http.NoHttpResponseException) caught when processing request: The target server failed to respond
07-06 19:36:44.965 I/mbi ( 717): Retrying request
07-06 19:36:45.645 W/SignalStrength( 277): getCdmaLevel=3
07-06 19:36:45.645 W/SignalStrength( 277): getEvdoLevel=0
07-06 19:36:45.645 W/SignalStrength( 277): getCdmaLevel=3
07-06 19:36:45.645 W/SignalStrength( 277): getLevel=3
07-06 19:36:45.655 W/SignalStrength( 484): getCdmaLevel=3
07-06 19:36:45.655 W/SignalStrength( 484): getEvdoLevel=0
07-06 19:36:45.655 W/SignalStrength( 484): getCdmaLevel=3
07-06 19:36:45.655 W/SignalStrength( 484): getLevel=3
07-06 19:36:46.815 E/SMD ( 105): DCD OFF
07-06 19:36:49.815 E/SMD ( 105): DCD OFF
07-06 19:36:51.985 V/StatusBar.BatteryController( 484): status5batteryHealth 2
07-06 19:36:51.995 D/StatusBar.BatteryController( 484): mOldstatus5status 5
07-06 19:36:51.995 D/StatusBar.BatteryController( 484): now old status is 5
07-06 19:36:52.815 E/SMD ( 105): DCD OFF
07-06 19:36:54.645 W/SignalStrength( 277): getCdmaLevel=2
07-06 19:36:54.655 W/SignalStrength( 484): getCdmaLevel=2
07-06 19:36:54.655 W/SignalStrength( 484): getEvdoLevel=0
07-06 19:36:54.655 W/SignalStrength( 484): getCdmaLevel=2
07-06 19:36:54.655 W/SignalStrength( 484): getLevel=2
07-06 19:36:54.655 W/SignalStrength( 277): getEvdoLevel=0
07-06 19:36:54.655 W/SignalStrength( 277): getCdmaLevel=2
07-06 19:36:54.655 W/SignalStrength( 277): getLevel=2
07-06 19:36:55.825 E/SMD ( 105): DCD OFF
07-06 19:36:56.795 D/Tethering( 277): interfaceLinkStateChanged wlan0, true
07-06 19:36:56.795 D/Tethering( 277): interfaceStatusChanged wlan0, true
07-06 19:36:58.825 E/SMD ( 105): DCD OFF
07-06 19:37:01.825 E/SMD ( 105): DCD OFF
07-06 19:37:04.825 E/SMD ( 105): DCD OFF
07-06 19:37:07.655 W/SignalStrength( 277): getCdmaLevel=2
07-06 19:37:07.655 W/SignalStrength( 277): getEvdoLevel=0
07-06 19:37:07.655 W/SignalStrength( 277): getCdmaLevel=2
07-06 19:37:07.655 W/SignalStrength( 277): getLevel=2
07-06 19:37:07.655 W/SignalStrength( 484): getCdmaLevel=2
07-06 19:37:07.655 W/SignalStrength( 484): getEvdoLevel=0
07-06 19:37:07.655 W/SignalStrength( 484): getCdmaLevel=2
07-06 19:37:07.655 W/SignalStrength( 484): getLevel=2
07-06 19:37:07.825 E/SMD ( 105): DCD OFF
07-06 19:37:10.835 E/SMD ( 105): DCD OFF
07-06 19:37:12.025 V/StatusBar.BatteryController( 484): status5batteryHealth 2
07-06 19:37:12.025 D/StatusBar.BatteryController( 484): mOldstatus5status 5
07-06 19:37:12.025 D/StatusBar.BatteryController( 484): now old status is 5
07-06 19:37:13.835 E/SMD ( 105): DCD OFF
07-06 19:37:16.835 E/SMD ( 105): DCD OFF
07-06 19:37:19.835 E/SMD ( 105): DCD OFF
07-06 19:37:22.845 E/SMD ( 105): DCD OFF
07-06 19:37:25.845 E/SMD ( 105): DCD OFF
07-06 19:37:28.845 E/SMD ( 105): DCD OFF
07-06 19:37:31.845 E/SMD ( 105): DCD OFF
07-06 19:37:32.065 V/StatusBar.BatteryController( 484): status5batteryHealth 2
07-06 19:37:32.065 D/StatusBar.BatteryController( 484): mOldstatus5status 5
07-06 19:37:32.065 D/StatusBar.BatteryController( 484): now old status is 5
07-06 19:37:34.855 E/SMD ( 105): DCD OFF
07-06 19:37:37.855 E/SMD ( 105): DCD OFF
07-06 19:37:40.855 E/SMD ( 105): DCD OFF
07-06 19:37:43.855 E/SMD ( 105): DCD OFF
07-06 19:37:46.855 E/SMD ( 105): DCD OFF
07-06 19:37:49.865 E/SMD ( 105): DCD OFF
07-06 19:37:52.865 E/SMD ( 105): DCD OFF
07-06 19:37:55.865 E/SMD ( 105): DCD OFF
07-06 19:37:58.865 E/SMD ( 105): DCD OFF
07-06 19:38:01.875 E/SMD ( 105): DCD OFF
07-06 19:38:04.875 E/SMD ( 105): DCD OFF
07-06 19:38:07.875 E/SMD ( 105): DCD OFF
07-06 19:38:10.875 E/SMD ( 105): DCD OFF
07-06 19:38:13.885 E/SMD ( 105): DCD OFF
07-06 19:38:16.885 E/SMD ( 105): DCD OFF
07-06 19:38:19.885 E/SMD ( 105): DCD OFF
07-06 19:38:22.165 V/StatusBar.BatteryController( 484): status5batteryHealth 2
07-06 19:38:22.165 D/StatusBar.BatteryController( 484): mOldstatus5status 5
07-06 19:38:22.165 D/StatusBar.BatteryController( 484): now old status is 5
07-06 19:38:22.895 E/SMD ( 105): DCD OFF
07-06 19:38:25.895 E/SMD ( 105): DCD OFF
07-06 19:38:28.905 E/SMD ( 105): DCD OFF
07-06 19:38:30.865 D/SensorManager( 754): registerListener :: handle = 0 name= BOSCH 3-axis Accelerometer delay= 10000 Listener= kvo@4128bc30
07-06 19:38:30.865 E/SensorManager( 754): thread start
07-06 19:38:30.865 E/SensorManager( 754): =======>>>Sensor Thread RUNNING <<<========
07-06 19:38:31.565 I/SensorManager( 754): Set normal delay = true
07-06 19:38:31.645 D/SensorManager( 754): unregisterListener:: disable all sensors for this listener, name = BOSCH 3-axis Accelerometer listener = kvo@4128bc30
07-06 19:38:31.905 E/SMD ( 105): DCD OFF
07-06 19:38:32.185 V/StatusBar.BatteryController( 484): status5batteryHealth 2
07-06 19:38:32.185 D/StatusBar.BatteryController( 484): mOldstatus5status 5
07-06 19:38:32.185 D/StatusBar.BatteryController( 484): now old status is 5
07-06 19:38:34.905 E/SMD ( 105): DCD OFF
07-06 19:38:37.915 E/SMD ( 105): DCD OFF
07-06 19:38:40.915 E/SMD ( 105): DCD OFF
07-06 19:38:42.205 V/StatusBar.BatteryController( 484): status5batteryHealth 2
07-06 19:38:42.205 D/StatusBar.BatteryController( 484): mOldstatus5status 5
07-06 19:38:42.205 D/StatusBar.BatteryController( 484): now old status is 5
07-06 19:38:43.915 E/SMD ( 105): DCD OFF
07-06 19:38:46.915 E/SMD ( 105): DCD OFF
07-06 19:38:49.925 E/SMD ( 105): DCD OFF
