07-06 17:42:02.299 D/StatusBar.BatteryController( 484): mOldstatus5status 5
07-06 17:42:02.299 D/StatusBar.BatteryController( 484): now old status is 5
07-06 17:42:02.359 E/SMD ( 105): DCD OFF
07-06 17:42:05.369 E/SMD ( 105): DCD OFF
07-06 17:42:08.369 E/SMD ( 105): DCD OFF
07-06 17:42:11.369 E/SMD ( 105): DCD OFF
07-06 17:42:14.369 E/SMD ( 105): DCD OFF
07-06 17:42:17.379 E/SMD ( 105): DCD OFF
07-06 17:42:19.259 D/dhcpcd (11576): dhcp main start
07-06 17:42:19.259 D/dhcpcd ( 1045): enter handle_signal in dhcpcd.c
07-06 17:42:19.509 D/DhcpInfoInternal( 277): makeLinkProperties with empty dns2!
07-06 17:42:19.509 D/DhcpInfoInternal( 277): makeLinkProperties with empty dns2!
07-06 17:42:20.379 E/SMD ( 105): DCD OFF
07-06 17:42:23.379 E/SMD ( 105): DCD OFF
07-06 17:42:24.279 D/Tethering( 277): interfaceLinkStateChanged wlan0, true
07-06 17:42:24.279 D/Tethering( 277): interfaceStatusChanged wlan0, true
07-06 17:42:26.379 E/SMD ( 105): DCD OFF
07-06 17:42:29.289 D/Tethering( 277): interfaceLinkStateChanged wlan0, true
07-06 17:42:29.289 D/Tethering( 277): interfaceStatusChanged wlan0, true
07-06 17:42:29.379 E/SMD ( 105): DCD OFF
07-06 17:42:29.959 D/SensorManager( 754): registerListener :: handle = 0 name= BOSCH 3-axis Accelerometer delay= 10000 Listener= kvo@41457f40
07-06 17:42:29.959 E/SensorManager( 754): thread start
07-06 17:42:29.959 E/SensorManager( 754): =======>>>Sensor Thread RUNNING <<<========
07-06 17:42:30.649 I/SensorManager( 754): Set normal delay = true
07-06 17:42:30.729 D/SensorManager( 754): unregisterListener:: disable all sensors for this listener, name = BOSCH 3-axis Accelerometer listener = kvo@41457f40
07-06 17:42:30.779 E/WifiStateMachine( 277): set suspend optimizations failed!
07-06 17:42:31.309 E/WifiStateMachine( 277): set suspend optimizations failed!
07-06 17:42:32.349 V/StatusBar.BatteryController( 484): status5batteryHealth 2
07-06 17:42:32.359 D/StatusBar.BatteryController( 484): mOldstatus5status 5
07-06 17:42:32.359 D/StatusBar.BatteryController( 484): now old status is 5
07-06 17:42:32.389 E/SMD ( 105): DCD OFF
07-06 17:42:35.389 E/SMD ( 105): DCD OFF
07-06 17:42:38.389 E/SMD ( 105): DCD OFF
07-06 17:42:41.399 E/SMD ( 105): DCD OFF
07-06 17:42:41.489 W/ThrottleService( 277): unable to find stats for iface rmnet0
07-06 17:42:42.379 V/StatusBar.BatteryController( 484): status5batteryHealth 2
07-06 17:42:42.379 D/StatusBar.BatteryController( 484): mOldstatus5status 5
07-06 17:42:42.379 D/StatusBar.BatteryController( 484): now old status is 5
07-06 17:42:44.399 E/SMD ( 105): DCD OFF
07-06 17:42:45.809 D/Tethering( 277): interfaceLinkStateChanged wlan0, true
07-06 17:42:45.809 D/Tethering( 277): interfaceStatusChanged wlan0, true
07-06 17:42:47.399 E/SMD ( 105): DCD OFF
07-06 17:42:47.669 W/SignalStrength( 277): getCdmaLevel=2
07-06 17:42:47.669 W/SignalStrength( 277): getEvdoLevel=0
07-06 17:42:47.669 W/SignalStrength( 277): getCdmaLevel=2
07-06 17:42:47.669 W/SignalStrength( 277): getLevel=2
07-06 17:42:47.669 W/SignalStrength( 484): getCdmaLevel=2
07-06 17:42:47.669 W/SignalStrength( 484): getEvdoLevel=0
07-06 17:42:47.669 W/SignalStrength( 484): getCdmaLevel=2
07-06 17:42:47.669 W/SignalStrength( 484): getLevel=2
07-06 17:42:50.399 E/SMD ( 105): DCD OFF
07-06 17:42:52.389 V/StatusBar.BatteryController( 484): status5batteryHealth 2
07-06 17:42:52.389 D/StatusBar.BatteryController( 484): mOldstatus5status 5
07-06 17:42:52.389 D/StatusBar.BatteryController( 484): now old status is 5
07-06 17:42:53.399 E/SMD ( 105): DCD OFF
07-06 17:42:56.409 E/SMD ( 105): DCD OFF
07-06 17:42:59.409 E/SMD ( 105): DCD OFF
07-06 17:43:02.409 E/SMD ( 105): DCD OFF
07-06 17:43:02.419 V/StatusBar.BatteryController( 484): status5batteryHealth 2
07-06 17:43:02.419 D/StatusBar.BatteryController( 484): mOldstatus5status 5
07-06 17:43:02.419 D/StatusBar.BatteryController( 484): now old status is 5
07-06 17:43:05.409 E/SMD ( 105): DCD OFF
07-06 17:43:08.419 E/SMD ( 105): DCD OFF
07-06 17:43:11.419 E/SMD ( 105): DCD OFF
07-06 17:43:12.439 V/StatusBar.BatteryController( 484): status5batteryHealth 2
07-06 17:43:12.439 D/StatusBar.BatteryController( 484): mOldstatus5status 5
07-06 17:43:12.439 D/StatusBar.BatteryController( 484): now old status is 5
07-06 17:43:14.419 E/SMD ( 105): DCD OFF
07-06 17:43:17.419 E/SMD ( 105): DCD OFF
07-06 17:43:20.429 E/SMD ( 105): DCD OFF
07-06 17:43:22.449 V/StatusBar.BatteryController( 484): status5batteryHealth 2
07-06 17:43:22.449 D/StatusBar.BatteryController( 484): mOldstatus5status 5
07-06 17:43:22.449 D/StatusBar.BatteryController( 484): now old status is 5
07-06 17:43:23.429 E/SMD ( 105): DCD OFF
07-06 17:43:24.679 W/SignalStrength( 277): getCdmaLevel=2
07-06 17:43:24.679 W/SignalStrength( 277): getEvdoLevel=0
07-06 17:43:24.679 W/SignalStrength( 277): getCdmaLevel=2
07-06 17:43:24.679 W/SignalStrength( 277): getLevel=2
07-06 17:43:24.679 W/SignalStrength( 484): getCdmaLevel=2
07-06 17:43:24.679 W/SignalStrength( 484): getEvdoLevel=0
07-06 17:43:24.679 W/SignalStrength( 484): getCdmaLevel=2
07-06 17:43:24.679 W/SignalStrength( 484): getLevel=2
07-06 17:43:26.429 E/SMD ( 105): DCD OFF
07-06 17:43:29.429 E/SMD ( 105): DCD OFF
07-06 17:43:32.439 E/SMD ( 105): DCD OFF
07-06 17:43:32.479 V/StatusBar.BatteryController( 484): status5batteryHealth 2
07-06 17:43:32.479 D/StatusBar.BatteryController( 484): mOldstatus5status 5
07-06 17:43:32.479 D/StatusBar.BatteryController( 484): now old status is 5
07-06 17:43:35.439 E/SMD ( 105): DCD OFF
07-06 17:43:38.439 E/SMD ( 105): DCD OFF
07-06 17:43:41.439 E/SMD ( 105): DCD OFF
07-06 17:43:42.499 V/StatusBar.BatteryController( 484): status5batteryHealth 2
07-06 17:43:42.499 D/StatusBar.BatteryController( 484): mOldstatus5status 5
07-06 17:43:42.499 D/StatusBar.BatteryController( 484): now old status is 5
07-06 17:43:44.449 E/SMD ( 105): DCD OFF
07-06 17:43:47.449 E/SMD ( 105): DCD OFF
07-06 17:43:50.449 E/SMD ( 105): DCD OFF
07-06 17:43:53.449 E/SMD ( 105): DCD OFF
07-06 17:43:56.459 E/SMD ( 105): DCD OFF
07-06 17:43:59.459 E/SMD ( 105): DCD OFF
07-06 17:44:02.459 E/SMD ( 105): DCD OFF
07-06 17:44:05.459 E/SMD ( 105): DCD OFF
07-06 17:44:08.459 E/SMD ( 105): DCD OFF
07-06 17:44:11.469 E/SMD ( 105): DCD OFF
07-06 17:44:12.549 V/StatusBar.BatteryController( 484): status5batteryHealth 2
07-06 17:44:12.559 D/StatusBar.BatteryController( 484): mOldstatus5status 5
07-06 17:44:12.559 D/StatusBar.BatteryController( 484): now old status is 5
07-06 17:44:14.469 E/SMD ( 105): DCD OFF
07-06 17:44:17.469 E/SMD ( 105): DCD OFF
07-06 17:44:20.469 E/SMD ( 105): DCD OFF
07-06 17:44:22.569 V/StatusBar.BatteryController( 484): status5batteryHealth 2
07-06 17:44:22.569 D/StatusBar.BatteryController( 484): mOldstatus5status 5
07-06 17:44:22.569 D/StatusBar.BatteryController( 484): now old status is 5
07-06 17:44:23.479 E/SMD ( 105): DCD OFF
07-06 17:44:26.479 E/SMD ( 105): DCD OFF
07-06 17:44:29.479 E/SMD ( 105): DCD OFF
07-06 17:44:32.489 E/SMD ( 105): DCD OFF
07-06 17:44:32.599 V/StatusBar.BatteryController( 484): status5batteryHealth 2
07-06 17:44:32.599 D/StatusBar.BatteryController( 484): mOldstatus5status 5
07-06 17:44:32.599 D/StatusBar.BatteryController( 484): now old status is 5
07-06 17:44:35.489 E/SMD ( 105): DCD OFF
07-06 17:44:38.489 E/SMD ( 105): DCD OFF
07-06 17:44:41.489 E/SMD ( 105): DCD OFF
07-06 17:44:42.609 V/StatusBar.BatteryController( 484): status5batteryHealth 2
07-06 17:44:42.619 D/StatusBar.BatteryController( 484): mOldstatus5status 5
07-06 17:44:42.619 D/StatusBar.BatteryController( 484): now old status is 5
07-06 17:44:44.499 E/SMD ( 105): DCD OFF
07-06 17:44:47.499 E/SMD ( 105): DCD OFF
07-06 17:44:50.499 E/SMD ( 105): DCD OFF
07-06 17:44:52.629 V/StatusBar.BatteryController( 484): status5batteryHealth 2
07-06 17:44:52.639 D/StatusBar.BatteryController( 484): mOldstatus5status 5
07-06 17:44:52.639 D/StatusBar.BatteryController( 484): now old status is 5
07-06 17:44:53.499 E/SMD ( 105): DCD OFF
07-06 17:44:56.499 E/SMD ( 105): DCD OFF
07-06 17:44:59.509 E/SMD ( 105): DCD OFF
07-06 17:45:02.509 E/SMD ( 105): DCD OFF
07-06 17:45:02.649 V/StatusBar.BatteryController( 484): status5batteryHealth 2
07-06 17:45:02.659 D/StatusBar.BatteryController( 484): mOldstatus5status 5
07-06 17:45:02.659 D/StatusBar.BatteryController( 484): now old status is 5
07-06 17:45:05.509 E/SMD ( 105): DCD OFF
07-06 17:45:08.509 E/SMD ( 105): DCD OFF
07-06 17:45:11.519 E/SMD ( 105): DCD OFF
07-06 17:45:12.679 V/StatusBar.BatteryController( 484): status5batteryHealth 2
07-06 17:45:12.679 D/StatusBar.BatteryController( 484): mOldstatus5status 5
07-06 17:45:12.679 D/StatusBar.BatteryController( 484): now old status is 5
07-06 17:45:14.519 E/SMD ( 105): DCD OFF
07-06 17:45:17.519 E/SMD ( 105): DCD OFF
07-06 17:45:20.519 E/SMD ( 105): DCD OFF
07-06 17:45:22.689 V/StatusBar.BatteryController( 484): status5batteryHealth 2
07-06 17:45:22.689 D/StatusBar.BatteryController( 484): mOldstatus5status 5
07-06 17:45:22.689 D/StatusBar.BatteryController( 484): now old status is 5
07-06 17:45:23.519 E/SMD ( 105): DCD OFF
07-06 17:45:26.529 E/SMD ( 105): DCD OFF
07-06 17:45:28.909 D/SensorManager( 754): registerListener :: handle = 0 name= BOSCH 3-axis Accelerometer delay= 10000 Listener= kvo@41150dd0
07-06 17:45:28.909 E/SensorManager( 754): thread start
07-06 17:45:28.919 E/SensorManager( 754): =======>>>Sensor Thread RUNNING <<<========
07-06 17:45:29.529 E/SMD ( 105): DCD OFF
07-06 17:45:29.609 I/SensorManager( 754): Set normal delay = true
07-06 17:45:29.689 D/SensorManager( 754): unregisterListener:: disable all sensors for this listener, name = BOSCH 3-axis Accelerometer listener = kvo@41150dd0
07-06 17:45:32.529 E/SMD ( 105): DCD OFF
07-06 17:45:35.529 E/SMD ( 105): DCD OFF
07-06 17:45:38.539 E/SMD ( 105): DCD OFF
07-06 17:45:41.539 E/SMD ( 105): DCD OFF
07-06 17:45:42.729 V/StatusBar.BatteryController( 484): status5batteryHealth 2
07-06 17:45:42.739 D/StatusBar.BatteryController( 484): mOldstatus5status 5
07-06 17:45:42.739 D/StatusBar.BatteryController( 484): now old status is 5
07-06 17:45:44.539 E/SMD ( 105): DCD OFF
07-06 17:45:47.539 E/SMD ( 105): DCD OFF
07-06 17:45:50.549 E/SMD ( 105): DCD OFF
07-06 17:45:53.549 E/SMD ( 105): DCD OFF
07-06 17:45:56.549 E/SMD ( 105): DCD OFF
07-06 17:45:59.549 E/SMD ( 105): DCD OFF
07-06 17:46:02.549 E/SMD ( 105): DCD OFF
07-06 17:46:05.559 E/SMD ( 105): DCD OFF
07-06 17:46:08.559 E/SMD ( 105): DCD OFF
07-06 17:46:11.559 E/SMD ( 105): DCD OFF
07-06 17:46:12.789 V/StatusBar.BatteryController( 484): status5batteryHealth 2
07-06 17:46:12.789 D/StatusBar.BatteryController( 484): mOldstatus5status 5
07-06 17:46:12.789 D/StatusBar.BatteryController( 484): now old status is 5
07-06 17:46:14.569 E/SMD ( 105): DCD OFF
07-06 17:46:17.559 E/SMD ( 105): DCD OFF
07-06 17:46:20.569 E/SMD ( 105): DCD OFF
07-06 17:46:22.809 V/StatusBar.BatteryController( 484): status5batteryHealth 2
07-06 17:46:22.809 D/StatusBar.BatteryController( 484): mOldstatus5status 5
07-06 17:46:22.809 D/StatusBar.BatteryController( 484): now old status is 5
07-06 17:46:23.569 E/SMD ( 105): DCD OFF
07-06 17:46:26.569 E/SMD ( 105): DCD OFF
07-06 17:46:29.569 E/SMD ( 105): DCD OFF
07-06 17:46:32.579 E/SMD ( 105): DCD OFF
07-06 17:46:35.579 E/SMD ( 105): DCD OFF
07-06 17:46:38.579 E/SMD ( 105): DCD OFF
07-06 17:46:41.409 D/Tethering( 277): interfaceLinkStateChanged wlan0, true
07-06 17:46:41.409 D/Tethering( 277): interfaceStatusChanged wlan0, true
07-06 17:46:41.589 E/SMD ( 105): DCD OFF
07-06 17:46:42.859 V/StatusBar.BatteryController( 484): status5batteryHealth 2
07-06 17:46:42.859 D/StatusBar.BatteryController( 484): mOldstatus5status 5
07-06 17:46:42.859 D/StatusBar.BatteryController( 484): now old status is 5
07-06 17:46:44.589 E/SMD ( 105): DCD OFF
07-06 17:46:47.589 E/SMD ( 105): DCD OFF
07-06 17:46:50.589 E/SMD ( 105): DCD OFF
07-06 17:46:53.599 E/SMD ( 105): DCD OFF
07-06 17:46:56.599 E/SMD ( 105): DCD OFF
07-06 17:46:59.599 E/SMD ( 105): DCD OFF
07-06 17:47:02.599 E/SMD ( 105): DCD OFF
07-06 17:47:05.609 E/SMD ( 105): DCD OFF
07-06 17:47:08.609 E/SMD ( 105): DCD OFF
07-06 17:47:11.609 E/SMD ( 105): DCD OFF
07-06 17:47:12.909 V/StatusBar.BatteryController( 484): status5batteryHealth 2
07-06 17:47:12.909 D/StatusBar.BatteryController( 484): mOldstatus5status 5
07-06 17:47:12.909 D/StatusBar.BatteryController( 484): now old status is 5
07-06 17:47:14.609 E/SMD ( 105): DCD OFF
07-06 17:47:17.609 E/SMD ( 105): DCD OFF
07-06 17:47:20.609 E/SMD ( 105): DCD OFF
07-06 17:47:23.619 E/SMD ( 105): DCD OFF
07-06 17:47:26.619 E/SMD ( 105): DCD OFF
07-06 17:47:29.619 E/SMD ( 105): DCD OFF
07-06 17:47:32.619 E/SMD ( 105): DCD OFF
07-06 17:47:32.949 V/StatusBar.BatteryController( 484): status5batteryHealth 2
07-06 17:47:32.949 D/StatusBar.BatteryController( 484): mOldstatus5status 5
07-06 17:47:32.949 D/StatusBar.BatteryController( 484): now old status is 5
07-06 17:47:35.629 E/SMD ( 105): DCD OFF
07-06 17:47:38.629 E/SMD ( 105): DCD OFF
07-06 17:47:41.629 E/SMD ( 105): DCD OFF
07-06 17:47:42.969 V/StatusBar.BatteryController( 484): status5batteryHealth 2
07-06 17:47:42.969 D/StatusBar.BatteryController( 484): mOldstatus5status 5
07-06 17:47:42.969 D/StatusBar.BatteryController( 484): now old status is 5
07-06 17:47:44.629 E/SMD ( 105): DCD OFF
07-06 17:47:47.639 E/SMD ( 105): DCD OFF
07-06 17:47:50.639 E/SMD ( 105): DCD OFF
07-06 17:47:53.639 E/SMD ( 105): DCD OFF
07-06 17:47:56.649 E/SMD ( 105): DCD OFF
07-06 17:47:59.649 E/SMD ( 105): DCD OFF
07-06 17:48:02.659 E/SMD ( 105): DCD OFF
07-06 17:48:03.009 V/StatusBar.BatteryController( 484): status5batteryHealth 2
07-06 17:48:03.009 D/StatusBar.BatteryController( 484): mOldstatus5status 5
07-06 17:48:03.009 D/StatusBar.BatteryController( 484): now old status is 5
07-06 17:48:05.659 E/SMD ( 105): DCD OFF
07-06 17:48:08.659 E/SMD ( 105): DCD OFF
07-06 17:48:11.669 E/SMD ( 105): DCD OFF
07-06 17:48:13.029 V/StatusBar.BatteryController( 484): status5batteryHealth 2
07-06 17:48:13.029 D/StatusBar.BatteryController( 484): mOldstatus5status 5
07-06 17:48:13.029 D/StatusBar.BatteryController( 484): now old status is 5
07-06 17:48:14.669 E/SMD ( 105): DCD OFF
07-06 17:48:17.669 E/SMD ( 105): DCD OFF
07-06 17:48:20.679 E/SMD ( 105): DCD OFF
07-06 17:48:23.049 V/StatusBar.BatteryController( 484): status5batteryHealth 2
07-06 17:48:23.049 D/StatusBar.BatteryController( 484): mOldstatus5status 5
07-06 17:48:23.049 D/StatusBar.BatteryController( 484): now old status is 5
07-06 17:48:23.679 E/SMD ( 105): DCD OFF
07-06 17:48:26.679 E/SMD ( 105): DCD OFF
07-06 17:48:27.869 D/SensorManager( 754): registerListener :: handle = 0 name= BOSCH 3-axis Accelerometer delay= 10000 Listener= kvo@414b2470
07-06 17:48:27.869 E/SensorManager( 754): thread start
07-06 17:48:27.869 E/SensorManager( 754): =======>>>Sensor Thread RUNNING <<<========
07-06 17:48:28.579 I/SensorManager( 754): Set normal delay = true
07-06 17:48:28.659 D/SensorManager( 754): unregisterListener:: disable all sensors for this listener, name = BOSCH 3-axis Accelerometer listener = kvo@414b2470
07-06 17:48:29.679 E/SMD ( 105): DCD OFF
07-06 17:48:32.689 E/SMD ( 105): DCD OFF
07-06 17:48:33.069 V/StatusBar.BatteryController( 484): status5batteryHealth 2
07-06 17:48:33.069 D/StatusBar.BatteryController( 484): mOldstatus5status 5
07-06 17:48:33.069 D/StatusBar.BatteryController( 484): now old status is 5
07-06 17:48:35.689 E/SMD ( 105): DCD OFF
07-06 17:48:38.689 E/SMD ( 105): DCD OFF
07-06 17:48:41.689 E/SMD ( 105): DCD OFF
07-06 17:48:43.089 V/StatusBar.BatteryController( 484): status5batteryHealth 2
07-06 17:48:43.089 D/StatusBar.BatteryController( 484): mOldstatus5status 5
07-06 17:48:43.089 D/StatusBar.BatteryController( 484): now old status is 5
07-06 17:48:44.699 E/SMD ( 105): DCD OFF
07-06 17:48:47.699 E/SMD ( 105): DCD OFF
07-06 17:48:50.699 E/SMD ( 105): DCD OFF
07-06 17:48:53.699 E/SMD ( 105): DCD OFF
07-06 17:48:56.699 E/SMD ( 105): DCD OFF
07-06 17:48:59.699 E/SMD ( 105): DCD OFF
07-06 17:49:02.709 E/SMD ( 105): DCD OFF
07-06 17:49:05.709 E/SMD ( 105): DCD OFF
07-06 17:49:08.709 E/SMD ( 105): DCD OFF
07-06 17:49:11.709 E/SMD ( 105): DCD OFF
07-06 17:49:13.159 V/StatusBar.BatteryController( 484): status5batteryHealth 2
07-06 17:49:13.159 D/StatusBar.BatteryController( 484): mOldstatus5status 5
07-06 17:49:13.159 D/StatusBar.BatteryController( 484): now old status is 5
07-06 17:49:14.719 E/SMD ( 105): DCD OFF
07-06 17:49:17.719 E/SMD ( 105): DCD OFF
07-06 17:49:20.719 E/SMD ( 105): DCD OFF
07-06 17:49:23.169 V/StatusBar.BatteryController( 484): status5batteryHealth 2
07-06 17:49:23.169 D/StatusBar.BatteryController( 484): mOldstatus5status 5
07-06 17:49:23.169 D/StatusBar.BatteryController( 484): now old status is 5
07-06 17:49:23.729 E/SMD ( 105): DCD OFF
07-06 17:49:26.729 E/SMD ( 105): DCD OFF
07-06 17:49:29.729 E/SMD ( 105): DCD OFF
07-06 17:49:32.729 E/SMD ( 105): DCD OFF
07-06 17:49:35.729 E/SMD ( 105): DCD OFF
07-06 17:49:38.739 E/SMD ( 105): DCD OFF
07-06 17:49:41.739 E/SMD ( 105): DCD OFF
07-06 17:49:44.739 E/SMD ( 105): DCD OFF
07-06 17:49:47.739 E/SMD ( 105): DCD OFF
07-06 17:49:50.749 E/SMD ( 105): DCD OFF
07-06 17:49:53.229 V/StatusBar.BatteryController( 484): status5batteryHealth 2
07-06 17:49:53.229 D/StatusBar.BatteryController( 484): mOldstatus5status 5
07-06 17:49:53.229 D/StatusBar.BatteryController( 484): now old status is 5
07-06 17:49:53.749 E/SMD ( 105): DCD OFF
07-06 17:49:56.749 E/SMD ( 105): DCD OFF
07-06 17:49:59.749 E/SMD ( 105): DCD OFF
07-06 17:50:02.749 E/SMD ( 105): DCD OFF
07-06 17:50:05.759 E/SMD ( 105): DCD OFF
07-06 17:50:08.759 E/SMD ( 105): DCD OFF
07-06 17:50:11.769 E/SMD ( 105): DCD OFF
07-06 17:50:13.279 V/StatusBar.BatteryController( 484): status5batteryHealth 2
07-06 17:50:13.279 D/StatusBar.BatteryController( 484): mOldstatus5status 5
07-06 17:50:13.279 D/StatusBar.BatteryController( 484): now old status is 5
07-06 17:50:14.769 E/SMD ( 105): DCD OFF
07-06 17:50:17.769 E/SMD ( 105): DCD OFF
07-06 17:50:20.779 E/SMD ( 105): DCD OFF
07-06 17:50:23.779 E/SMD ( 105): DCD OFF
07-06 17:50:26.779 E/SMD ( 105): DCD OFF
07-06 17:50:29.779 E/SMD ( 105): DCD OFF
07-06 17:50:32.789 E/SMD ( 105): DCD OFF
07-06 17:50:33.319 V/StatusBar.BatteryController( 484): status5batteryHealth 2
07-06 17:50:33.319 D/StatusBar.BatteryController( 484): mOldstatus5status 5
07-06 17:50:33.319 D/StatusBar.BatteryController( 484): now old status is 5
07-06 17:50:35.789 E/SMD ( 105): DCD OFF
07-06 17:50:38.789 E/SMD ( 105): DCD OFF
07-06 17:50:41.799 E/SMD ( 105): DCD OFF
07-06 17:50:43.339 V/StatusBar.BatteryController( 484): status5batteryHealth 2
07-06 17:50:43.339 D/StatusBar.BatteryController( 484): mOldstatus5status 5
07-06 17:50:43.339 D/StatusBar.BatteryController( 484): now old status is 5
07-06 17:50:44.799 E/SMD ( 105): DCD OFF
07-06 17:50:46.459 D/GCM ( 590): Ignoring attempt to send heartbeat on dead connection.
07-06 17:50:47.799 E/SMD ( 105): DCD OFF
07-06 17:50:50.799 E/SMD ( 105): DCD OFF
07-06 17:50:53.359 V/StatusBar.BatteryController( 484): status5batteryHealth 2
07-06 17:50:53.359 D/StatusBar.BatteryController( 484): mOldstatus5status 5
07-06 17:50:53.359 D/StatusBar.BatteryController( 484): now old status is 5
07-06 17:50:53.809 E/SMD ( 105): DCD OFF
07-06 17:50:56.809 E/SMD ( 105): DCD OFF
07-06 17:50:59.809 E/SMD ( 105): DCD OFF
07-06 17:51:02.809 E/SMD ( 105): DCD OFF
07-06 17:51:03.379 V/StatusBar.BatteryController( 484): status5batteryHealth 2
07-06 17:51:03.379 D/StatusBar.BatteryController( 484): mOldstatus5status 5
07-06 17:51:03.379 D/StatusBar.BatteryController( 484): now old status is 5
07-06 17:51:03.409 D/Tethering( 277): interfaceLinkStateChanged wlan0, true
07-06 17:51:03.409 D/Tethering( 277): interfaceStatusChanged wlan0, true
07-06 17:51:05.819 E/SMD ( 105): DCD OFF
07-06 17:51:08.819 E/SMD ( 105): DCD OFF
07-06 17:51:09.239 D/Tethering( 277): interfaceLinkStateChanged wlan0, true
07-06 17:51:09.239 D/Tethering( 277): interfaceStatusChanged wlan0, true
07-06 17:51:11.819 E/SMD ( 105): DCD OFF
07-06 17:51:13.399 V/StatusBar.BatteryController( 484): status5batteryHealth 2
07-06 17:51:13.399 D/StatusBar.BatteryController( 484): mOldstatus5status 5
07-06 17:51:13.399 D/StatusBar.BatteryController( 484): now old status is 5
07-06 17:51:14.819 E/SMD ( 105): DCD OFF
07-06 17:51:17.829 E/SMD ( 105): DCD OFF
07-06 17:51:20.829 E/SMD ( 105): DCD OFF
07-06 17:51:23.829 E/SMD ( 105): DCD OFF
07-06 17:51:26.829 E/SMD ( 105): DCD OFF
07-06 17:51:26.839 D/SensorManager( 754): registerListener :: handle = 0 name= BOSCH 3-axis Accelerometer delay= 10000 Listener= kvo@4140dd10
07-06 17:51:26.839 E/SensorManager( 754): thread start
07-06 17:51:26.839 E/SensorManager( 754): =======>>>Sensor Thread RUNNING <<<========
07-06 17:51:27.529 I/SensorManager( 754): Set normal delay = true
07-06 17:51:27.609 D/SensorManager( 754): unregisterListener:: disable all sensors for this listener, name = BOSCH 3-axis Accelerometer listener = kvo@4140dd10
07-06 17:51:27.639 I/GCoreUlr( 754): Received powerMode change from NLP: com.google.android.location.activity.LOW_POWER_MODE_ENABLED
07-06 17:51:27.639 I/GCoreUlr( 754): Starting service, intent=Intent { act=com.google.android.location.reporting.ACTION_UPDATE_ACTIVE_STATE cmp=xxxx }, extras=null
07-06 17:51:27.689 I/GCoreUlr( 754): Ensuring that reporting is active for [account#15#]
07-06 17:51:27.689 I/GCoreUlr( 754): Starting service, intent=Intent { act=com.google.android.location.reporting.ACTION_LOCATION_STATUS cmp=xxxx (has extras) }, extras=Bundle[{status=LocationStatus[cell status: STATUS_SUCCESSFUL, wifi status: STATUS_SUCCESSFUL, elapsed realtime ns: 37497984000000]}]
07-06 17:51:29.839 E/SMD ( 105): DCD OFF
07-06 17:51:30.439 D/Tethering( 277): interfaceLinkStateChanged wlan0, true
07-06 17:51:30.439 D/Tethering( 277): interfaceStatusChanged wlan0, true
07-06 17:51:32.839 E/SMD ( 105): DCD OFF
07-06 17:51:33.439 V/StatusBar.BatteryController( 484): status5batteryHealth 2
07-06 17:51:33.439 D/StatusBar.BatteryController( 484): mOldstatus5status 5
07-06 17:51:33.439 D/StatusBar.BatteryController( 484): now old status is 5
07-06 17:51:35.839 E/SMD ( 105): DCD OFF
07-06 17:51:38.839 E/SMD ( 105): DCD OFF
07-06 17:51:41.849 E/SMD ( 105): DCD OFF
07-06 17:51:43.459 V/StatusBar.BatteryController( 484): status5batteryHealth 2
07-06 17:51:43.459 D/StatusBar.BatteryController( 484): mOldstatus5status 5
07-06 17:51:43.459 D/StatusBar.BatteryController( 484): now old status is 5
07-06 17:51:44.849 E/SMD ( 105): DCD OFF
07-06 17:51:47.849 E/SMD ( 105): DCD OFF
07-06 17:51:50.849 E/SMD ( 105): DCD OFF
07-06 17:51:53.849 E/SMD ( 105): DCD OFF
07-06 17:51:56.859 E/SMD ( 105): DCD OFF
07-06 17:51:59.859 E/SMD ( 105): DCD OFF
07-06 17:52:02.859 E/SMD ( 105): DCD OFF
07-06 17:52:03.499 V/StatusBar.BatteryController( 484): status5batteryHealth 2
07-06 17:52:03.499 D/StatusBar.BatteryController( 484): mOldstatus5status 5
07-06 17:52:03.499 D/StatusBar.BatteryController( 484): now old status is 5
07-06 17:52:05.859 E/SMD ( 105): DCD OFF
07-06 17:52:08.869 E/SMD ( 105): DCD OFF
07-06 17:52:11.869 E/SMD ( 105): DCD OFF
07-06 17:52:12.769 D/Tethering( 277): interfaceLinkStateChanged wlan0, true
07-06 17:52:12.769 D/Tethering( 277): interfaceStatusChanged wlan0, true
07-06 17:52:13.519 V/StatusBar.BatteryController( 484): status5batteryHealth 2
07-06 17:52:13.519 D/StatusBar.BatteryController( 484): mOldstatus5status 5
07-06 17:52:13.519 D/StatusBar.BatteryController( 484): now old status is 5
07-06 17:52:14.869 E/SMD ( 105): DCD OFF
07-06 17:52:17.769 D/Tethering( 277): interfaceLinkStateChanged wlan0, true
07-06 17:52:17.769 D/Tethering( 277): interfaceStatusChanged wlan0, true
07-06 17:52:17.879 E/SMD ( 105): DCD OFF
07-06 17:52:20.879 E/SMD ( 105): DCD OFF
07-06 17:52:23.529 V/StatusBar.BatteryController( 484): status5batteryHealth 2
07-06 17:52:23.529 D/StatusBar.BatteryController( 484): mOldstatus5status 5
07-06 17:52:23.529 D/StatusBar.BatteryController( 484): now old status is 5
07-06 17:52:23.879 E/SMD ( 105): DCD OFF
07-06 17:52:26.879 E/SMD ( 105): DCD OFF
07-06 17:52:29.879 E/SMD ( 105): DCD OFF
07-06 17:52:32.889 E/SMD ( 105): DCD OFF
07-06 17:52:33.559 V/StatusBar.BatteryController( 484): status5batteryHealth 2
07-06 17:52:33.559 D/StatusBar.BatteryController( 484): mOldstatus5status 5
07-06 17:52:33.559 D/StatusBar.BatteryController( 484): now old status is 5
07-06 17:52:35.889 E/SMD ( 105): DCD OFF
07-06 17:52:38.889 E/SMD ( 105): DCD OFF
07-06 17:52:41.489 W/ThrottleService( 277): unable to find stats for iface rmnet0
07-06 17:52:41.889 E/SMD ( 105): DCD OFF
07-06 17:52:43.579 V/StatusBar.BatteryController( 484): status5batteryHealth 2
07-06 17:52:43.579 D/StatusBar.BatteryController( 484): mOldstatus5status 5
07-06 17:52:43.579 D/StatusBar.BatteryController( 484): now old status is 5
07-06 17:52:44.899 E/SMD ( 105): DCD OFF
07-06 17:52:47.899 E/SMD ( 105): DCD OFF
07-06 17:52:50.899 E/SMD ( 105): DCD OFF
07-06 17:52:53.589 V/StatusBar.BatteryController( 484): status5batteryHealth 2
07-06 17:52:53.589 D/StatusBar.BatteryController( 484): mOldstatus5status 5
07-06 17:52:53.589 D/StatusBar.BatteryController( 484): now old status is 5
07-06 17:52:53.899 E/SMD ( 105): DCD OFF
07-06 17:52:56.899 E/SMD ( 105): DCD OFF
07-06 17:52:59.909 E/SMD ( 105): DCD OFF
07-06 17:53:02.909 E/SMD ( 105): DCD OFF
07-06 17:53:03.619 V/StatusBar.BatteryController( 484): status5batteryHealth 2
07-06 17:53:03.619 D/StatusBar.BatteryController( 484): mOldstatus5status 5
07-06 17:53:03.619 D/StatusBar.BatteryController( 484): now old status is 5
07-06 17:53:05.909 E/SMD ( 105): DCD OFF
07-06 17:53:08.909 E/SMD ( 105): DCD OFF
07-06 17:53:11.919 E/SMD ( 105): DCD OFF
07-06 17:53:13.639 V/StatusBar.BatteryController( 484): status5batteryHealth 2
07-06 17:53:13.639 D/StatusBar.BatteryController( 484): mOldstatus5status 5
07-06 17:53:13.639 D/StatusBar.BatteryController( 484): now old status is 5
07-06 17:53:14.919 E/SMD ( 105): DCD OFF
07-06 17:53:17.919 E/SMD ( 105): DCD OFF
07-06 17:53:20.919 E/SMD ( 105): DCD OFF
07-06 17:53:23.649 V/StatusBar.BatteryController( 484): status5batteryHealth 2
07-06 17:53:23.649 D/StatusBar.BatteryController( 484): mOldstatus5status 5
07-06 17:53:23.649 D/StatusBar.BatteryController( 484): now old status is 5
07-06 17:53:23.929 E/SMD ( 105): DCD OFF
07-06 17:53:26.929 E/SMD ( 105): DCD OFF
07-06 17:53:29.929 E/SMD ( 105): DCD OFF
07-06 17:53:32.939 E/SMD ( 105): DCD OFF
07-06 17:53:33.679 V/StatusBar.BatteryController( 484): status5batteryHealth 2
07-06 17:53:33.679 D/StatusBar.BatteryController( 484): mOldstatus5status 5
07-06 17:53:33.679 D/StatusBar.BatteryController( 484): now old status is 5
07-06 17:53:35.939 E/SMD ( 105): DCD OFF
07-06 17:53:38.939 E/SMD ( 105): DCD OFF
07-06 17:53:41.939 E/SMD ( 105): DCD OFF
07-06 17:53:44.939 E/SMD ( 105): DCD OFF
07-06 17:53:47.949 E/SMD ( 105): DCD OFF
07-06 17:53:50.949 E/SMD ( 105): DCD OFF
07-06 17:53:53.709 V/StatusBar.BatteryController( 484): status5batteryHealth 2
07-06 17:53:53.709 D/StatusBar.BatteryController( 484): mOldstatus5status 5
07-06 17:53:53.709 D/StatusBar.BatteryController( 484): now old status is 5
07-06 17:53:53.949 E/SMD ( 105): DCD OFF
07-06 17:53:56.959 E/SMD ( 105): DCD OFF
07-06 17:53:59.959 E/SMD ( 105): DCD OFF
07-06 17:54:02.959 E/SMD ( 105): DCD OFF
07-06 17:54:03.739 V/StatusBar.BatteryController( 484): status5batteryHealth 2
07-06 17:54:03.739 D/StatusBar.BatteryController( 484): mOldstatus5status 5
07-06 17:54:03.739 D/StatusBar.BatteryController( 484): now old status is 5
07-06 17:54:05.959 E/SMD ( 105): DCD OFF
07-06 17:54:08.969 E/SMD ( 105): DCD OFF
07-06 17:54:11.969 E/SMD ( 105): DCD OFF
07-06 17:54:14.969 E/SMD ( 105): DCD OFF
07-06 17:54:17.969 E/SMD ( 105): DCD OFF
07-06 17:54:20.969 E/SMD ( 105): DCD OFF
07-06 17:54:23.979 E/SMD ( 105): DCD OFF
07-06 17:54:25.809 D/SensorManager( 754): registerListener :: handle = 0 name= BOSCH 3-axis Accelerometer delay= 10000 Listener= kvo@41494950
07-06 17:54:25.809 E/SensorManager( 754): thread start
07-06 17:54:25.809 E/SensorManager( 754): =======>>>Sensor Thread RUNNING <<<========
07-06 17:54:26.499 I/SensorManager( 754): Set normal delay = true
07-06 17:54:26.579 D/SensorManager( 754): unregisterListener:: disable all sensors for this listener, name = BOSCH 3-axis Accelerometer listener = kvo@41494950
07-06 17:54:26.979 E/SMD ( 105): DCD OFF
07-06 17:54:29.979 E/SMD ( 105): DCD OFF
07-06 17:54:32.979 E/SMD ( 105): DCD OFF
07-06 17:54:33.789 V/StatusBar.BatteryController( 484): status5batteryHealth 2
07-06 17:54:33.789 D/StatusBar.BatteryController( 484): mOldstatus5status 5
07-06 17:54:33.789 D/StatusBar.BatteryController( 484): now old status is 5
07-06 17:54:35.989 E/SMD ( 105): DCD OFF
07-06 17:54:38.989 E/SMD ( 105): DCD OFF
07-06 17:54:41.989 E/SMD ( 105): DCD OFF
07-06 17:54:43.809 V/StatusBar.BatteryController( 484): status5batteryHealth 2
07-06 17:54:43.809 D/StatusBar.BatteryController( 484): mOldstatus5status 5
07-06 17:54:43.809 D/StatusBar.BatteryController( 484): now old status is 5
07-06 17:54:44.989 E/SMD ( 105): DCD OFF
07-06 17:54:47.999 E/SMD ( 105): DCD OFF
07-06 17:54:50.999 E/SMD ( 105): DCD OFF
07-06 17:54:53.999 E/SMD ( 105): DCD OFF
07-06 17:54:56.999 E/SMD ( 105): DCD OFF
07-06 17:55:00.009 E/SMD ( 105): DCD OFF
07-06 17:55:03.009 E/SMD ( 105): DCD OFF
07-06 17:55:06.009 E/SMD ( 105): DCD OFF
07-06 17:55:09.019 E/SMD ( 105): DCD OFF
07-06 17:55:12.019 E/SMD ( 105): DCD OFF
07-06 17:55:13.869 V/StatusBar.BatteryController( 484): status5batteryHealth 2
07-06 17:55:13.869 D/StatusBar.BatteryController( 484): mOldstatus5status 5
07-06 17:55:13.869 D/StatusBar.BatteryController( 484): now old status is 5
07-06 17:55:15.019 E/SMD ( 105): DCD OFF
07-06 17:55:18.019 E/SMD ( 105): DCD OFF
07-06 17:55:21.029 E/SMD ( 105): DCD OFF
07-06 17:55:23.889 V/StatusBar.BatteryController( 484): status5batteryHealth 2
07-06 17:55:23.889 D/StatusBar.BatteryController( 484): mOldstatus5status 5
07-06 17:55:23.889 D/StatusBar.BatteryController( 484): now old status is 5
07-06 17:55:24.029 E/SMD ( 105): DCD OFF
07-06 17:55:27.029 E/SMD ( 105): DCD OFF
07-06 17:55:30.029 E/SMD ( 105): DCD OFF
07-06 17:55:33.029 E/SMD ( 105): DCD OFF
07-06 17:55:36.029 E/SMD ( 105): DCD OFF
07-06 17:55:39.039 E/SMD ( 105): DCD OFF
07-06 17:55:42.039 E/SMD ( 105): DCD OFF
07-06 17:55:43.929 V/StatusBar.BatteryController( 484): status5batteryHealth 2
07-06 17:55:43.929 D/StatusBar.BatteryController( 484): mOldstatus5status 5
07-06 17:55:43.939 D/StatusBar.BatteryController( 484): now old status is 5
07-06 17:55:45.039 E/SMD ( 105): DCD OFF
07-06 17:55:48.049 E/SMD ( 105): DCD OFF
07-06 17:55:51.049 E/SMD ( 105): DCD OFF
07-06 17:55:54.049 E/SMD ( 105): DCD OFF
07-06 17:55:57.049 E/SMD ( 105): DCD OFF
07-06 17:56:00.059 E/SMD ( 105): DCD OFF
07-06 17:56:03.059 E/SMD ( 105): DCD OFF
07-06 17:56:06.059 E/SMD ( 105): DCD OFF
07-06 17:56:09.059 E/SMD ( 105): DCD OFF
07-06 17:56:12.069 E/SMD ( 105): DCD OFF
07-06 17:56:13.999 V/StatusBar.BatteryController( 484): status5batteryHealth 2
07-06 17:56:13.999 D/StatusBar.BatteryController( 484): mOldstatus5status 5
07-06 17:56:13.999 D/StatusBar.BatteryController( 484): now old status is 5
07-06 17:56:15.069 E/SMD ( 105): DCD OFF
07-06 17:56:18.069 E/SMD ( 105): DCD OFF
07-06 17:56:21.069 E/SMD ( 105): DCD OFF
07-06 17:56:24.009 V/StatusBar.BatteryController( 484): status5batteryHealth 2
07-06 17:56:24.009 D/StatusBar.BatteryController( 484): mOldstatus5status 5
07-06 17:56:24.009 D/StatusBar.BatteryController( 484): now old status is 5
07-06 17:56:24.079 E/SMD ( 105): DCD OFF
07-06 17:56:27.079 E/SMD ( 105): DCD OFF
07-06 17:56:30.079 E/SMD ( 105): DCD OFF
07-06 17:56:33.079 E/SMD ( 105): DCD OFF
07-06 17:56:36.079 E/SMD ( 105): DCD OFF
07-06 17:56:39.079 E/SMD ( 105): DCD OFF
07-06 17:56:42.089 E/SMD ( 105): DCD OFF
07-06 17:56:44.059 V/StatusBar.BatteryController( 484): status5batteryHealth 2
07-06 17:56:44.059 D/StatusBar.BatteryController( 484): mOldstatus5status 5
07-06 17:56:44.059 D/StatusBar.BatteryController( 484): now old status is 5
07-06 17:56:45.089 E/SMD ( 105): DCD OFF
07-06 17:56:48.089 E/SMD ( 105): DCD OFF
07-06 17:56:51.099 E/SMD ( 105): DCD OFF
07-06 17:56:54.069 V/StatusBar.BatteryController( 484): status5batteryHealth 2
07-06 17:56:54.069 D/StatusBar.BatteryController( 484): mOldstatus5status 5
07-06 17:56:54.069 D/StatusBar.BatteryController( 484): now old status is 5
07-06 17:56:54.099 E/SMD ( 105): DCD OFF
07-06 17:56:57.099 E/SMD ( 105): DCD OFF
07-06 17:57:00.099 E/SMD ( 105): DCD OFF
07-06 17:57:03.099 E/SMD ( 105): DCD OFF
07-06 17:57:06.109 E/SMD ( 105): DCD OFF
07-06 17:57:09.109 E/SMD ( 105): DCD OFF
07-06 17:57:12.109 E/SMD ( 105): DCD OFF
07-06 17:57:15.119 E/SMD ( 105): DCD OFF
07-06 17:57:18.119 E/SMD ( 105): DCD OFF
07-06 17:57:21.119 E/SMD ( 105): DCD OFF
07-06 17:57:24.119 E/SMD ( 105): DCD OFF
07-06 17:57:27.129 E/SMD ( 105): DCD OFF
07-06 17:57:29.309 E/WifiStateMachine( 277): set suspend optimizations failed!
07-06 17:57:29.329 D/SensorManager( 754): registerListener :: handle = 0 name= BOSCH 3-axis Accelerometer delay= 10000 Listener= kvo@411f0660
07-06 17:57:29.329 E/SensorManager( 754): thread start
07-06 17:57:29.329 E/SensorManager( 754): =======>>>Sensor Thread RUNNING <<<========
07-06 17:57:30.029 I/SensorManager( 754): Set normal delay = true
07-06 17:57:30.049 D/Tethering( 277): interfaceLinkStateChanged wlan0, true
07-06 17:57:30.049 D/Tethering( 277): interfaceStatusChanged wlan0, true
07-06 17:57:30.049 D/Tethering( 277): interfaceLinkStateChanged wlan0, true
07-06 17:57:30.049 D/Tethering( 277): interfaceStatusChanged wlan0, true
07-06 17:57:30.119 D/SensorManager( 754): unregisterListener:: disable all sensors for this listener, name = BOSCH 3-axis Accelerometer listener = kvo@411f0660
07-06 17:57:30.129 E/SMD ( 105): DCD OFF
07-06 17:57:30.189 E/WifiStateMachine( 277): set suspend optimizations failed!
07-06 17:57:30.329 I/GCoreUlr( 754): Successfully inserted location
07-06 17:57:30.329 I/GCoreUlr( 754): Not calling LocationReportingService, hasMoved: false, elapsed millis: 1260048, request: Phone
07-06 17:57:33.129 E/SMD ( 105): DCD OFF
07-06 17:57:36.129 E/SMD ( 105): DCD OFF
07-06 17:57:39.139 E/SMD ( 105): DCD OFF
07-06 17:57:42.129 E/SMD ( 105): DCD OFF
07-06 17:57:45.139 E/SMD ( 105): DCD OFF
07-06 17:57:48.139 E/SMD ( 105): DCD OFF
07-06 17:57:51.139 E/SMD ( 105): DCD OFF
07-06 17:57:54.139 E/SMD ( 105): DCD OFF
07-06 17:57:57.149 E/SMD ( 105): DCD OFF
07-06 17:58:00.149 E/SMD ( 105): DCD OFF
07-06 17:58:03.149 E/SMD ( 105): DCD OFF
07-06 17:58:06.159 E/SMD ( 105): DCD OFF
07-06 17:58:09.159 E/SMD ( 105): DCD OFF
07-06 17:58:12.159 E/SMD ( 105): DCD OFF
07-06 17:58:15.159 E/SMD ( 105): DCD OFF
07-06 17:58:18.159 E/SMD ( 105): DCD OFF
07-06 17:58:21.169 E/SMD ( 105): DCD OFF
07-06 17:58:24.169 E/SMD ( 105): DCD OFF
07-06 17:58:24.249 V/StatusBar.BatteryController( 484): status5batteryHealth 2
07-06 17:58:24.249 D/StatusBar.BatteryController( 484): mOldstatus5status 5
07-06 17:58:24.249 D/StatusBar.BatteryController( 484): now old status is 5
07-06 17:58:27.169 E/SMD ( 105): DCD OFF
07-06 17:58:30.169 E/SMD ( 105): DCD OFF
07-06 17:58:33.179 E/SMD ( 105): DCD OFF
07-06 17:58:34.279 V/StatusBar.BatteryController( 484): status5batteryHealth 2
07-06 17:58:34.279 D/StatusBar.BatteryController( 484): mOldstatus5status 5
07-06 17:58:34.279 D/StatusBar.BatteryController( 484): now old status is 5
07-06 17:58:36.179 E/SMD ( 105): DCD OFF
07-06 17:58:39.179 E/SMD ( 105): DCD OFF
07-06 17:58:42.179 E/SMD ( 105): DCD OFF
07-06 17:58:44.299 V/StatusBar.BatteryController( 484): status5batteryHealth 2
07-06 17:58:44.299 D/StatusBar.BatteryController( 484): mOldstatus5status 5
07-06 17:58:44.299 D/StatusBar.BatteryController( 484): now old status is 5
07-06 17:58:45.179 E/SMD ( 105): DCD OFF
07-06 17:58:48.189 E/SMD ( 105): DCD OFF
07-06 17:58:51.189 E/SMD ( 105): DCD OFF
07-06 17:58:54.189 E/SMD ( 105): DCD OFF
07-06 17:58:57.189 E/SMD ( 105): DCD OFF
07-06 17:59:00.199 E/SMD ( 105): DCD OFF
07-06 17:59:03.199 E/SMD ( 105): DCD OFF
07-06 17:59:04.329 V/StatusBar.BatteryController( 484): status5batteryHealth 2
07-06 17:59:04.329 D/StatusBar.BatteryController( 484): mOldstatus5status 5
07-06 17:59:04.339 D/StatusBar.BatteryController( 484): now old status is 5
07-06 17:59:06.199 E/SMD ( 105): DCD OFF
07-06 17:59:09.209 E/SMD ( 105): DCD OFF
07-06 17:59:12.049 W/SignalStrength( 484): getCdmaLevel=2
07-06 17:59:12.049 W/SignalStrength( 484): getEvdoLevel=0
07-06 17:59:12.049 W/SignalStrength( 484): getCdmaLevel=2
07-06 17:59:12.049 W/SignalStrength( 484): getLevel=2
07-06 17:59:12.049 W/SignalStrength( 277): getCdmaLevel=2
07-06 17:59:12.049 W/SignalStrength( 277): getEvdoLevel=0
07-06 17:59:12.049 W/SignalStrength( 277): getCdmaLevel=2
07-06 17:59:12.049 W/SignalStrength( 277): getLevel=2
07-06 17:59:12.209 E/SMD ( 105): DCD OFF
07-06 17:59:14.359 V/StatusBar.BatteryController( 484): status5batteryHealth 2
07-06 17:59:14.359 D/StatusBar.BatteryController( 484): mOldstatus5status 5
07-06 17:59:14.359 D/StatusBar.BatteryController( 484): now old status is 5
07-06 17:59:15.209 E/SMD ( 105): DCD OFF
07-06 17:59:18.209 E/SMD ( 105): DCD OFF
07-06 17:59:21.219 E/SMD ( 105): DCD OFF
07-06 17:59:24.219 E/SMD ( 105): DCD OFF
07-06 17:59:24.369 V/StatusBar.BatteryController( 484): status5batteryHealth 2
07-06 17:59:24.369 D/StatusBar.BatteryController( 484): mOldstatus5status 5
07-06 17:59:24.369 D/StatusBar.BatteryController( 484): now old status is 5
07-06 17:59:27.219 E/SMD ( 105): DCD OFF
07-06 17:59:30.219 E/SMD ( 105): DCD OFF
07-06 17:59:33.219 E/SMD ( 105): DCD OFF
07-06 17:59:34.399 V/StatusBar.BatteryController( 484): status5batteryHealth 2
07-06 17:59:34.399 D/StatusBar.BatteryController( 484): mOldstatus5status 5
07-06 17:59:34.399 D/StatusBar.BatteryController( 484): now old status is 5
07-06 17:59:36.229 E/SMD ( 105): DCD OFF
07-06 17:59:39.229 E/SMD ( 105): DCD OFF
07-06 17:59:42.229 E/SMD ( 105): DCD OFF
07-06 17:59:44.419 V/StatusBar.BatteryController( 484): status5batteryHealth 2
07-06 17:59:44.419 D/StatusBar.BatteryController( 484): mOldstatus5status 5
07-06 17:59:44.419 D/StatusBar.BatteryController( 484): now old status is 5
07-06 17:59:45.229 E/SMD ( 105): DCD OFF
07-06 17:59:48.229 E/SMD ( 105): DCD OFF
07-06 17:59:51.239 E/SMD ( 105): DCD OFF
07-06 17:59:54.239 E/SMD ( 105): DCD OFF
07-06 17:59:57.239 E/SMD ( 105): DCD OFF
07-06 18:00:00.239 E/SMD ( 105): DCD OFF
07-06 18:00:03.249 E/SMD ( 105): DCD OFF
07-06 18:00:04.469 V/StatusBar.BatteryController( 484): status5batteryHealth 2
07-06 18:00:04.469 D/StatusBar.BatteryController( 484): mOldstatus5status 5
07-06 18:00:04.469 D/StatusBar.BatteryController( 484): now old status is 5
07-06 18:00:06.249 E/SMD ( 105): DCD OFF
07-06 18:00:09.249 E/SMD ( 105): DCD OFF
07-06 18:00:12.259 E/SMD ( 105): DCD OFF
07-06 18:00:14.469 V/StatusBar.BatteryController( 484): status5batteryHealth 2
07-06 18:00:14.469 D/StatusBar.BatteryController( 484): mOldstatus5status 5
07-06 18:00:14.469 D/StatusBar.BatteryController( 484): now old status is 5
07-06 18:00:15.259 E/SMD ( 105): DCD OFF
07-06 18:00:18.259 E/SMD ( 105): DCD OFF
07-06 18:00:21.259 E/SMD ( 105): DCD OFF
07-06 18:00:24.259 E/SMD ( 105): DCD OFF
07-06 18:00:24.489 V/StatusBar.BatteryController( 484): status5batteryHealth 2
07-06 18:00:24.489 D/StatusBar.BatteryController( 484): mOldstatus5status 5
07-06 18:00:24.489 D/StatusBar.BatteryController( 484): now old status is 5
07-06 18:00:27.269 E/SMD ( 105): DCD OFF
07-06 18:00:28.339 D/SensorManager( 754): registerListener :: handle = 0 name= BOSCH 3-axis Accelerometer delay= 10000 Listener= kvo@412f1140
07-06 18:00:28.349 E/SensorManager( 754): thread start
07-06 18:00:28.349 E/SensorManager( 754): =======>>>Sensor Thread RUNNING <<<========
07-06 18:00:29.039 I/SensorManager( 754): Set normal delay = true
07-06 18:00:29.119 D/SensorManager( 754): unregisterListener:: disable all sensors for this listener, name = BOSCH 3-axis Accelerometer listener = kvo@412f1140
07-06 18:00:30.069 W/SignalStrength( 277): getCdmaLevel=2
07-06 18:00:30.069 W/SignalStrength( 277): getEvdoLevel=0
07-06 18:00:30.079 W/SignalStrength( 484): getCdmaLevel=2
07-06 18:00:30.079 W/SignalStrength( 484): getEvdoLevel=0
07-06 18:00:30.079 W/SignalStrength( 484): getCdmaLevel=2
07-06 18:00:30.079 W/SignalStrength( 484): getLevel=2
07-06 18:00:30.079 W/SignalStrength( 277): getCdmaLevel=2
07-06 18:00:30.079 W/SignalStrength( 277): getLevel=2
07-06 18:00:30.269 E/SMD ( 105): DCD OFF
07-06 18:00:33.269 E/SMD ( 105): DCD OFF
07-06 18:00:34.509 V/StatusBar.BatteryController( 484): status5batteryHealth 2
07-06 18:00:34.509 D/StatusBar.BatteryController( 484): mOldstatus5status 5
07-06 18:00:34.509 D/StatusBar.BatteryController( 484): now old status is 5
07-06 18:00:36.269 E/SMD ( 105): DCD OFF
07-06 18:00:39.279 E/SMD ( 105): DCD OFF
07-06 18:00:42.279 E/SMD ( 105): DCD OFF
07-06 18:00:44.529 V/StatusBar.BatteryController( 484): status5batteryHealth 2
07-06 18:00:44.529 D/StatusBar.BatteryController( 484): mOldstatus5status 5
07-06 18:00:44.529 D/StatusBar.BatteryController( 484): now old status is 5
07-06 18:00:45.279 E/SMD ( 105): DCD OFF
07-06 18:00:48.279 E/SMD ( 105): DCD OFF
07-06 18:00:51.279 E/SMD ( 105): DCD OFF
07-06 18:00:54.289 E/SMD ( 105): DCD OFF
07-06 18:00:57.289 E/SMD ( 105): DCD OFF
07-06 18:01:00.289 E/SMD ( 105): DCD OFF
07-06 18:01:03.289 E/SMD ( 105): DCD OFF
07-06 18:01:06.299 E/SMD ( 105): DCD OFF
07-06 18:01:09.299 E/SMD ( 105): DCD OFF
07-06 18:01:12.299 E/SMD ( 105): DCD OFF
07-06 18:01:14.589 V/StatusBar.BatteryController( 484): status5batteryHealth 2
07-06 18:01:14.589 D/StatusBar.BatteryController( 484): mOldstatus5status 5
07-06 18:01:14.589 D/StatusBar.BatteryController( 484): now old status is 5
07-06 18:01:15.299 E/SMD ( 105): DCD OFF
07-06 18:01:18.309 E/SMD ( 105): DCD OFF
07-06 18:01:21.309 E/SMD ( 105): DCD OFF
07-06 18:01:24.309 E/SMD ( 105): DCD OFF
07-06 18:01:27.309 E/SMD ( 105): DCD OFF
07-06 18:01:30.319 E/SMD ( 105): DCD OFF
07-06 18:01:33.319 E/SMD ( 105): DCD OFF
07-06 18:01:34.629 V/StatusBar.BatteryController( 484): status5batteryHealth 2
07-06 18:01:34.629 D/StatusBar.BatteryController( 484): mOldstatus5status 5
07-06 18:01:34.629 D/StatusBar.BatteryController( 484): now old status is 5
07-06 18:01:36.319 E/SMD ( 105): DCD OFF
07-06 18:01:39.319 E/SMD ( 105): DCD OFF
07-06 18:01:42.319 E/SMD ( 105): DCD OFF
07-06 18:01:44.649 V/StatusBar.BatteryController( 484): status5batteryHealth 2
07-06 18:01:44.649 D/StatusBar.BatteryController( 484): mOldstatus5status 5
07-06 18:01:44.649 D/StatusBar.BatteryController( 484): now old status is 5
07-06 18:01:45.319 E/SMD ( 105): DCD OFF
07-06 18:01:48.329 E/SMD ( 105): DCD OFF
07-06 18:01:51.329 E/SMD ( 105): DCD OFF
07-06 18:01:54.329 E/SMD ( 105): DCD OFF
07-06 18:01:57.329 E/SMD ( 105): DCD OFF
07-06 18:02:00.339 E/SMD ( 105): DCD OFF
07-06 18:02:03.339 E/SMD ( 105): DCD OFF
07-06 18:02:04.689 V/StatusBar.BatteryController( 484): status5batteryHealth 2
07-06 18:02:04.689 D/StatusBar.BatteryController( 484): mOldstatus5status 5
07-06 18:02:04.689 D/StatusBar.BatteryController( 484): now old status is 5
07-06 18:02:06.339 E/SMD ( 105): DCD OFF
07-06 18:02:09.349 E/SMD ( 105): DCD OFF
07-06 18:02:12.349 E/SMD ( 105): DCD OFF
07-06 18:02:14.709 V/StatusBar.BatteryController( 484): status5batteryHealth 2
07-06 18:02:14.709 D/StatusBar.BatteryController( 484): mOldstatus5status 5
07-06 18:02:14.709 D/StatusBar.BatteryController( 484): now old status is 5
07-06 18:02:15.349 E/SMD ( 105): DCD OFF
07-06 18:02:18.349 E/SMD ( 105): DCD OFF
07-06 18:02:21.359 E/SMD ( 105): DCD OFF
07-06 18:02:24.359 E/SMD ( 105): DCD OFF
07-06 18:02:27.359 E/SMD ( 105): DCD OFF
07-06 18:02:30.359 E/SMD ( 105): DCD OFF
07-06 18:02:33.369 E/SMD ( 105): DCD OFF
07-06 18:02:36.369 E/SMD ( 105): DCD OFF
07-06 18:02:39.369 E/SMD ( 105): DCD OFF
07-06 18:02:41.499 W/ThrottleService( 277): unable to find stats for iface rmnet0
07-06 18:02:42.369 E/SMD ( 105): DCD OFF
07-06 18:02:45.379 E/SMD ( 105): DCD OFF
07-06 18:02:48.379 E/SMD ( 105): DCD OFF
07-06 18:02:51.379 E/SMD ( 105): DCD OFF
07-06 18:02:54.379 E/SMD ( 105): DCD OFF
07-06 18:02:57.379 E/SMD ( 105): DCD OFF
07-06 18:03:00.389 E/SMD ( 105): DCD OFF
07-06 18:03:03.389 E/SMD ( 105): DCD OFF
07-06 18:03:04.809 V/StatusBar.BatteryController( 484): status5batteryHealth 2
07-06 18:03:04.809 D/StatusBar.BatteryController( 484): mOldstatus5status 5
07-06 18:03:04.809 D/StatusBar.BatteryController( 484): now old status is 5
07-06 18:03:06.389 E/SMD ( 105): DCD OFF
07-06 18:03:09.389 E/SMD ( 105): DCD OFF
07-06 18:03:12.399 E/SMD ( 105): DCD OFF
07-06 18:03:14.829 V/StatusBar.BatteryController( 484): status5batteryHealth 2
07-06 18:03:14.829 D/StatusBar.BatteryController( 484): mOldstatus5status 5
07-06 18:03:14.829 D/StatusBar.BatteryController( 484): now old status is 5
07-06 18:03:15.399 E/SMD ( 105): DCD OFF
07-06 18:03:17.139 W/SignalStrength( 277): getCdmaLevel=2
07-06 18:03:17.139 W/SignalStrength( 277): getEvdoLevel=0
07-06 18:03:17.139 W/SignalStrength( 277): getCdmaLevel=2
07-06 18:03:17.139 W/SignalStrength( 277): getLevel=2
07-06 18:03:17.149 W/SignalStrength( 484): getCdmaLevel=2
07-06 18:03:17.149 W/SignalStrength( 484): getEvdoLevel=0
07-06 18:03:17.149 W/SignalStrength( 484): getCdmaLevel=2
07-06 18:03:17.149 W/SignalStrength( 484): getLevel=2
07-06 18:03:18.399 E/SMD ( 105): DCD OFF
07-06 18:03:21.399 E/SMD ( 105): DCD OFF
07-06 18:03:24.409 E/SMD ( 105): DCD OFF
07-06 18:03:24.849 V/StatusBar.BatteryController( 484): status5batteryHealth 2
07-06 18:03:24.859 D/StatusBar.BatteryController( 484): mOldstatus5status 5
07-06 18:03:24.859 D/StatusBar.BatteryController( 484): now old status is 5
07-06 18:03:27.289 D/SensorManager( 754): registerListener :: handle = 0 name= BOSCH 3-axis Accelerometer delay= 10000 Listener= kvo@412019a0
07-06 18:03:27.289 E/SensorManager( 754): thread start
07-06 18:03:27.289 E/SensorManager( 754): =======>>>Sensor Thread RUNNING <<<========
07-06 18:03:27.409 E/SMD ( 105): DCD OFF
07-06 18:03:27.989 I/SensorManager( 754): Set normal delay = true
07-06 18:03:28.069 D/SensorManager( 754): unregisterListener:: disable all sensors for this listener, name = BOSCH 3-axis Accelerometer listener = kvo@412019a0
07-06 18:03:28.099 I/GCoreUlr( 754): Received powerMode change from NLP: com.google.android.location.activity.LOW_POWER_MODE_ENABLED
07-06 18:03:28.099 I/GCoreUlr( 754): Starting service, intent=Intent { act=com.google.android.location.reporting.ACTION_UPDATE_ACTIVE_STATE cmp=xxxx }, extras=null
07-06 18:03:28.149 I/GCoreUlr( 754): Ensuring that reporting is active for [account#15#]
07-06 18:03:28.149 I/GCoreUlr( 754): Starting service, intent=Intent { act=com.google.android.location.reporting.ACTION_LOCATION_STATUS cmp=xxxx (has extras) }, extras=Bundle[{status=LocationStatus[cell status: STATUS_SUCCESSFUL, wifi status: STATUS_SUCCESSFUL, elapsed realtime ns: 37497984000000]}]
07-06 18:03:30.409 E/SMD ( 105): DCD OFF
07-06 18:03:33.409 E/SMD ( 105): DCD OFF
07-06 18:03:36.419 E/SMD ( 105): DCD OFF
07-06 18:03:39.419 E/SMD ( 105): DCD OFF
07-06 18:03:42.419 E/SMD ( 105): DCD OFF
07-06 18:03:44.889 V/StatusBar.BatteryController( 484): status5batteryHealth 2
07-06 18:03:44.889 D/StatusBar.BatteryController( 484): mOldstatus5status 5
07-06 18:03:44.889 D/StatusBar.BatteryController( 484): now old status is 5
07-06 18:03:45.419 E/SMD ( 105): DCD OFF
07-06 18:03:48.429 E/SMD ( 105): DCD OFF
07-06 18:03:51.429 E/SMD ( 105): DCD OFF
07-06 18:03:54.429 E/SMD ( 105): DCD OFF
07-06 18:03:54.909 V/StatusBar.BatteryController( 484): status5batteryHealth 2
07-06 18:03:54.909 D/StatusBar.BatteryController( 484): mOldstatus5status 5
07-06 18:03:54.909 D/StatusBar.BatteryController( 484): now old status is 5
07-06 18:03:56.149 W/SignalStrength( 277): getCdmaLevel=2
07-06 18:03:56.149 W/SignalStrength( 277): getEvdoLevel=0
07-06 18:03:56.149 W/SignalStrength( 277): getCdmaLevel=2
07-06 18:03:56.149 W/SignalStrength( 277): getLevel=2
07-06 18:03:56.159 W/SignalStrength( 484): getCdmaLevel=2
07-06 18:03:56.159 W/SignalStrength( 484): getEvdoLevel=0
07-06 18:03:56.159 W/SignalStrength( 484): getCdmaLevel=2
07-06 18:03:56.159 W/SignalStrength( 484): getLevel=2
07-06 18:03:57.429 E/SMD ( 105): DCD OFF
07-06 18:04:00.429 E/SMD ( 105): DCD OFF
07-06 18:04:01.989 V/WindowOrientationListener( 277): Proposed rotation changed! proposedRotation=1, oldProposedRotation=-1currentRotation = 0
07-06 18:04:01.989 V/WindowManager( 277): rotationForOrientationLw(orient=-1, last=0); user=0 mLidOpen=-1 mDockMode=0 mHdmiPlugged=false mAccelerometerDefault=1 sensorRotation=1
07-06 18:04:01.999 I/InputReader( 277): Reconfiguring input devices. changes=0x00000004
07-06 18:04:01.999 I/InputReader( 277): Device reconfigured: id=3, name='sec_touchscreen', surface size is now 320x480, mode is 1
07-06 18:04:02.019 I/WindowManager( 277): SCREENLAYOUT_SIZE (1:small, 2:normal, 3:large, 4:xlarge) 2
07-06 18:04:02.019 I/ActivityManager( 277): Config changed: {1.0 310mcc0mnc en_US layoutdir=0 sw320dp w480dp h295dp nrml land finger -keyb/v/h -nav/h s.8}
07-06 18:04:02.069 D/MyClockApp.MyDigitalClock(11219): +onDetachedFromWindow
07-06 18:04:02.069 D/MyClockApp.MyDigitalClock(11219): -onDetachedFromWindow
07-06 18:04:02.079 D/memalloc(11219): /dev/pmem: Unmapping buffer base:0x50c3b000 size:2375680 offset:1761280
07-06 18:04:02.079 D/memalloc(11219): /dev/pmem: Unmapping buffer base:0x5127e000 size:3604480 offset:2990080
07-06 18:04:02.079 D/memalloc(11219): /dev/pmem: Unmapping buffer base:0x515ee000 size:1761280 offset:1146880
07-06 18:04:02.089 D/memalloc( 108): /dev/pmem: Freeing buffer base:0x417ac000 size:614400 offset:1761280 fd:45
07-06 18:04:02.089 D/memalloc( 108): /dev/pmem: Freeing buffer base:0x41716000 size:614400 offset:1146880 fd:27
07-06 18:04:02.099 D/InputTransport( 277): Input channel destroyed: ashmemFd=54, receivePipeFd=238, sendPipeFd=204
