07-06 17:31:33.789 D/memalloc( 573): /dev/pmem: Unmapping buffer base:0x52302000 size:757760 offset:573440
07-06 17:31:33.789 D/memalloc( 573): /dev/pmem: Unmapping buffer base:0x523bb000 size:942080 offset:757760
07-06 17:31:33.789 D/memalloc( 573): /dev/pmem: Unmapping buffer base:0x524a1000 size:1126400 offset:942080
07-06 17:31:33.789 D/memalloc( 108): /dev/pmem: Freeing buffer base:0x4168a000 size:184320 offset:573440 fd:30
07-06 17:31:33.789 D/memalloc( 108): /dev/pmem: Freeing buffer base:0x416b7000 size:184320 offset:757760 fd:42
07-06 17:31:33.789 D/InputTransport( 277): Input channel destroyed: ashmemFd=58, receivePipeFd=256, sendPipeFd=255
07-06 17:31:33.789 D/InputTransport( 573): Input channel destroyed: ashmemFd=71, receivePipeFd=72, sendPipeFd=73
07-06 17:31:33.829 I/Adreno200-EGLSUB( 108): : Android Image
07-06 17:31:33.829 I/Adreno200-EGLSUB( 108): : RGBA_8888
07-06 17:31:33.839 I/WindowManager( 277): SCREENLAYOUT_SIZE (1:small, 2:normal, 3:large, 4:xlarge) 2
07-06 17:31:33.969 V/AudioPolicyManagerBase( 111): stopOutput() output 1, stream 1, session 15
07-06 17:31:33.969 V/AudioPolicyManagerBase( 111): changeRefCount() stream 1, count 0
07-06 17:31:33.969 V/AudioPolicyManagerBase( 111): getNewDevice() selected device 0
07-06 17:31:33.969 V/AudioPolicyManager7x27a( 111): setOutputDevice() output 1 device 0 delayMs 72 force 0
07-06 17:31:33.969 V/AudioPolicyManager7x27a( 111): setOutputDevice() setting same device 0 or null device for output 1
07-06 17:31:34.059 D/memalloc( 108): /dev/pmem: Freeing buffer base:0x416e4000 size:184320 offset:942080 fd:45
07-06 17:31:34.179 W/System.err(11519): Removed 2131231191
07-06 17:31:34.179 W/System.err(11519): Removed 2131231198
07-06 17:31:34.179 D/memalloc( 573): /dev/pmem: Unmapping buffer base:0x51773000 size:3035136 offset:2420736
07-06 17:31:34.189 D/memalloc( 573): /dev/pmem: Unmapping buffer base:0x51a58000 size:3649536 offset:3035136
07-06 17:31:34.189 D/memalloc( 573): /dev/pmem: Unmapping buffer base:0x51fb3000 size:2420736 offset:1806336
07-06 17:31:34.189 D/memalloc( 108): /dev/pmem: Freeing buffer base:0x4184d000 size:614400 offset:2420736 fd:54
07-06 17:31:34.189 D/memalloc( 108): /dev/pmem: Freeing buffer base:0x417b7000 size:614400 offset:1806336 fd:27
07-06 17:31:34.219 E/LocalBluetoothAdapter(11519): LocalBluetoothAdapterandroid.bluetooth.BluetoothAdapter@4115abf8
07-06 17:31:34.229 D/LocalBluetoothProfileManager(11519): LocalBluetoothProfileManager construction complete
07-06 17:31:34.229 E/BluetoothEnabler(11519): manager.getBluetoothAdapter()
07-06 17:31:34.229 E/BluetoothEnabler(11519): BluetoothAdapter.ACTION_STATE_CHANGED
07-06 17:31:34.239 E/BluetoothEnabler(11519): resume
07-06 17:31:34.239 E/LocalBluetoothAdapter(11519): syncBluetoothState start
07-06 17:31:34.239 E/LocalBluetoothAdapter(11519): currentState10
07-06 17:31:34.239 E/LocalBluetoothAdapter(11519): setBluetoothStateInt: 10
07-06 17:31:34.239 E/BluetoothEnabler(11519): BluetoothAdapter.STATE_OFF
07-06 17:31:34.249 D/InputTransport( 277): Input channel constructed: ashmemFd=58, receivePipeFd=265, sendPipeFd=264
07-06 17:31:34.249 D/InputTransport( 277): Input channel constructed: ashmemFd=255, receivePipeFd=256, sendPipeFd=269
07-06 17:31:34.249 D/InputTransport( 277): Input channel destroyed: ashmemFd=255, receivePipeFd=256, sendPipeFd=269
07-06 17:31:34.249 D/InputTransport(11519): Input channel constructed: ashmemFd=37, receivePipeFd=38, sendPipeFd=39
07-06 17:31:34.409 I/Adreno200-EGLSUB(11519): : Format RGBA_8888.
07-06 17:31:34.409 D/memalloc( 108): /dev/pmem: Allocated buffer base:0x415fe000 size:614400 offset:3649536 fd:27
07-06 17:31:34.419 D/memalloc(11519): /dev/pmem: Mapped buffer base:0x507be000 size:4263936 offset:3649536 fd:45
07-06 17:31:34.469 E/BluetoothEnabler(11519): setSwitchandroid.widget.Switch@411e74e0
07-06 17:31:34.469 E/LocalBluetoothAdapter(11519): syncBluetoothState start
07-06 17:31:34.469 E/LocalBluetoothAdapter(11519): currentState10
07-06 17:31:34.479 D/memalloc( 108): /dev/pmem: Freeing buffer base:0x418e3000 size:614400 offset:3035136 fd:57
07-06 17:31:34.649 D/memalloc( 108): /dev/pmem: Allocated buffer base:0x415fe000 size:614400 offset:4263936 fd:30
07-06 17:31:34.649 D/memalloc(11519): /dev/pmem: Mapped buffer base:0x50e69000 size:4878336 offset:4263936 fd:48
07-06 17:31:34.649 I/ActivityManager( 277): Displayed shortComponentName: +928ms
07-06 17:31:34.659 D/InputTransport( 277): Input channel destroyed: ashmemFd=254, receivePipeFd=262, sendPipeFd=261
07-06 17:31:34.659 D/InputTransport( 277): Input channel destroyed: ashmemFd=257, receivePipeFd=260, sendPipeFd=263
07-06 17:31:34.699 I/Adreno200-EGLSUB( 108): : Android Image
07-06 17:31:34.699 I/Adreno200-EGLSUB( 108): : RGBA_8888
07-06 17:31:34.849 D/memalloc( 108): /dev/pmem: Freeing buffer base:0x41bdf000 size:614400 offset:6164480 fd:63
07-06 17:31:34.849 D/memalloc( 277): /dev/pmem: Unmapping buffer base:0x564ec000 size:6778880 offset:6164480
07-06 17:31:34.859 E/SMD ( 105): DCD OFF
07-06 17:31:35.519 D/memalloc( 108): /dev/pmem: Allocated buffer base:0x415fe000 size:614400 offset:6164480 fd:42
07-06 17:31:35.519 D/memalloc(11519): /dev/pmem: Mapped buffer base:0x51410000 size:6778880 offset:6164480 fd:51
07-06 17:31:35.529 I/Adreno200-EGLSUB( 108): : Android Image
07-06 17:31:35.529 I/Adreno200-EGLSUB( 108): : RGBA_8888
07-06 17:31:35.539 I/Adreno200-EGLSUB( 108): : Android Image
07-06 17:31:35.539 I/Adreno200-EGLSUB( 108): : RGBA_8888
07-06 17:31:35.819 I/InputReader( 277): Touch event's action is 0x0 (deviceType=0) [pCnt=1, pending(waiting finished signal)=0, s=0.15 ]
07-06 17:31:35.989 I/InputReader( 277): Touch event's action is 0x1 (deviceType=0) [pCnt=1, pending(waiting finished signal)=0, s=]
07-06 17:31:36.969 V/AudioFlinger( 111): Audio hardware entering standby, mixer 0xd9f428, mSuspended 0
07-06 17:31:37.869 E/SMD ( 105): DCD OFF
07-06 17:31:38.779 I/InputReader( 277): Touch event's action is 0x0 (deviceType=0) [pCnt=1, pending(waiting finished signal)=0, s=0.16 ]
07-06 17:31:38.969 I/InputReader( 277): Touch event's action is 0x1 (deviceType=0) [pCnt=1, pending(waiting finished signal)=0, s=]
07-06 17:31:39.029 V/AudioPolicyManagerBase( 111): getParamFromPolicy deviceInt = 0, situationInt = 1, situationVolume = 0.500000
07-06 17:31:39.029 D/AudioService( 277): playSoundEffect()
07-06 17:31:39.029 V/AudioSystem( 277): getOutput() read 1 from cache for stream 1
07-06 17:31:39.029 V/AudioSystem( 277): getOutputFrameCount() streamType 1, output 1, frameCount 1200
07-06 17:31:39.029 V/AudioSystem( 277): getOutput() read 1 from cache for stream 1
07-06 17:31:39.029 V/AudioSystem( 277): getOutputSamplingRate() reading from output desc
07-06 17:31:39.029 V/AudioSystem( 277): getOutputSamplingRate() streamType 1, output 1, sampling rate 44100
07-06 17:31:39.029 V/AudioSystem( 277): getOutput() read 1 from cache for stream 1
07-06 17:31:39.029 V/AudioSystem( 277): getOutputSamplingRate() reading from output desc
07-06 17:31:39.029 V/AudioSystem( 277): getOutputSamplingRate() streamType 1, output 1, sampling rate 44100
07-06 17:31:39.029 V/AudioSystem( 277): getOutput() read 1 from cache for stream 1
07-06 17:31:39.029 V/AudioSystem( 277): getOutputLatency() streamType 1, output 1, latency 36
07-06 17:31:39.029 V/AudioSystem( 277): getOutput() read 1 from cache for stream 1
07-06 17:31:39.029 V/AudioSystem( 277): getOutput() read 1 from cache for stream 1
07-06 17:31:39.029 V/AudioSystem( 277): getOutputSamplingRate() reading from output desc
07-06 17:31:39.029 V/AudioSystem( 277): getOutputSamplingRate() streamType 1, output 1, sampling rate 44100
07-06 17:31:39.029 V/AudioSystem( 277): getOutput() read 1 from cache for stream 1
07-06 17:31:39.029 V/AudioSystem( 277): getOutputFrameCount() streamType 1, output 1, frameCount 1200
07-06 17:31:39.029 V/AudioSystem( 277): getOutput() read 1 from cache for stream 1
07-06 17:31:39.029 V/AudioSystem( 277): getOutputLatency() streamType 1, output 1, latency 36
07-06 17:31:39.029 V/AudioPolicyManagerBase( 111): startOutput() output 1, stream 1, session 16
07-06 17:31:39.029 V/AudioPolicyManagerBase( 111): getDeviceForStrategy() from cache strategy 0, device 2
07-06 17:31:39.029 V/AudioPolicyManagerBase( 111): changeRefCount() stream 1, count 1
07-06 17:31:39.029 V/AudioPolicyManagerBase( 111): getDeviceForStrategy() from cache strategy 0, device 2
07-06 17:31:39.029 V/AudioPolicyManagerBase( 111): getNewDevice() selected device 2
07-06 17:31:39.029 V/AudioPolicyManager7x27a( 111): setOutputDevice() output 1 device 2 delayMs 0 force 0
07-06 17:31:39.029 V/AudioPolicyManager7x27a( 111): setOutputDevice output :0x1 mCurDevice:0x2
07-06 17:31:39.029 V/AudioPolicyManager7x27a( 111): setOutputDevice() setting same device 2 or null device for output 1
07-06 17:31:39.039 V/AudioPolicyManagerBase( 111): releaseOutput() 1
07-06 17:31:39.179 E/BluetoothEnabler(11519): pause
07-06 17:31:39.189 I/WindowManager( 277): SCREENLAYOUT_SIZE (1:small, 2:normal, 3:large, 4:xlarge) 2
07-06 17:31:39.339 D/InputTransport( 277): Input channel constructed: ashmemFd=201, receivePipeFd=260, sendPipeFd=257
07-06 17:31:39.339 D/InputTransport( 277): Input channel constructed: ashmemFd=255, receivePipeFd=256, sendPipeFd=261
07-06 17:31:39.339 D/InputTransport( 277): Input channel destroyed: ashmemFd=255, receivePipeFd=256, sendPipeFd=261
07-06 17:31:39.339 D/InputTransport(11519): Input channel constructed: ashmemFd=55, receivePipeFd=56, sendPipeFd=57
07-06 17:31:39.379 I/Adreno200-EGLSUB(11519): : Format RGBA_8888.
07-06 17:31:39.379 D/memalloc( 108): /dev/pmem: Allocated buffer base:0x415fe000 size:614400 offset:4878336 fd:45
07-06 17:31:39.379 D/memalloc(11519): /dev/pmem: Mapped buffer base:0x51c33000 size:5492736 offset:4878336 fd:54
07-06 17:31:39.459 V/AudioPolicyManagerBase( 111): stopOutput() output 1, stream 1, session 16
07-06 17:31:39.459 V/AudioPolicyManagerBase( 111): changeRefCount() stream 1, count 0
07-06 17:31:39.459 V/AudioPolicyManagerBase( 111): getNewDevice() selected device 0
07-06 17:31:39.459 V/AudioPolicyManager7x27a( 111): setOutputDevice() output 1 device 0 delayMs 72 force 0
07-06 17:31:39.459 V/AudioPolicyManager7x27a( 111): setOutputDevice() setting same device 0 or null device for output 1
07-06 17:31:39.539 D/memalloc( 108): /dev/pmem: Allocated buffer base:0x415fe000 size:614400 offset:1146880 fd:54
07-06 17:31:39.539 D/memalloc(11519): /dev/pmem: Mapped buffer base:0x5224d000 size:1761280 offset:1146880 fd:60
07-06 17:31:39.539 I/ActivityManager( 277): Displayed shortComponentName: +359ms
07-06 17:31:39.599 D/memalloc( 108): /dev/pmem: Allocated buffer base:0x415fe000 size:614400 offset:1761280 fd:57
07-06 17:31:39.609 D/memalloc(11519): /dev/pmem: Mapped buffer base:0x5245b000 size:2375680 offset:1761280 fd:63
07-06 17:31:39.609 I/Adreno200-EGLSUB( 108): : Android Image
07-06 17:31:39.609 I/Adreno200-EGLSUB( 108): : RGBA_8888
07-06 17:31:39.629 I/Adreno200-EGLSUB( 108): : Android Image
07-06 17:31:39.629 I/Adreno200-EGLSUB( 108): : RGBA_8888
07-06 17:31:39.639 D/memalloc(11519): /dev/pmem: Unmapping buffer base:0x507be000 size:4263936 offset:3649536
07-06 17:31:39.639 D/memalloc(11519): /dev/pmem: Unmapping buffer base:0x50e69000 size:4878336 offset:4263936
07-06 17:31:39.639 D/memalloc(11519): /dev/pmem: Unmapping buffer base:0x51410000 size:6778880 offset:6164480
07-06 17:31:39.639 D/memalloc( 108): /dev/pmem: Freeing buffer base:0x41a0f000 size:614400 offset:4263936 fd:30
07-06 17:31:39.639 D/memalloc( 108): /dev/pmem: Freeing buffer base:0x41bdf000 size:614400 offset:6164480 fd:42
07-06 17:31:39.679 I/Adreno200-EGLSUB( 108): : Android Image
07-06 17:31:39.679 I/Adreno200-EGLSUB( 108): : RGBA_8888
07-06 17:31:39.779 D/memalloc( 108): /dev/pmem: Freeing buffer base:0x41979000 size:614400 offset:3649536 fd:27
07-06 17:31:40.869 E/SMD ( 105): DCD OFF
07-06 17:31:42.459 V/AudioFlinger( 111): Audio hardware entering standby, mixer 0xd9f428, mSuspended 0
07-06 17:31:43.869 E/SMD ( 105): DCD OFF
07-06 17:31:46.879 E/SMD ( 105): DCD OFF
07-06 17:31:49.879 E/SMD ( 105): DCD OFF
07-06 17:31:51.439 I/WindowManager( 277): SCREENLAYOUT_SIZE (1:small, 2:normal, 3:large, 4:xlarge) 2
07-06 17:31:51.459 I/Adreno200-EGLSUB( 573): : Format RGBA_8888.
07-06 17:31:51.459 D/memalloc( 108): /dev/pmem: Allocated buffer base:0x415fe000 size:614400 offset:6164480 fd:27
07-06 17:31:51.469 D/memalloc( 573): /dev/pmem: Mapped buffer base:0x51773000 size:6778880 offset:6164480 fd:49
07-06 17:31:51.499 D/memalloc( 108): /dev/pmem: Allocated buffer base:0x415fe000 size:614400 offset:2375680 fd:30
07-06 17:31:51.499 D/memalloc( 573): /dev/pmem: Mapped buffer base:0x51dea000 size:2990080 offset:2375680 fd:53
07-06 17:31:51.519 I/Adreno200-EGLSUB( 108): : Android Image
07-06 17:31:51.519 I/Adreno200-EGLSUB( 108): : RGBA_8888
07-06 17:31:51.519 D/memalloc(11519): /dev/pmem: Unmapping buffer base:0x51c33000 size:5492736 offset:4878336
07-06 17:31:51.519 D/memalloc(11519): /dev/pmem: Unmapping buffer base:0x5224d000 size:1761280 offset:1146880
07-06 17:31:51.519 D/memalloc(11519): /dev/pmem: Unmapping buffer base:0x5245b000 size:2375680 offset:1761280
07-06 17:31:51.519 D/memalloc( 108): /dev/pmem: Freeing buffer base:0x41aa5000 size:614400 offset:4878336 fd:45
07-06 17:31:51.519 D/memalloc( 108): /dev/pmem: Freeing buffer base:0x417ac000 size:614400 offset:1761280 fd:57
07-06 17:31:52.079 D/memalloc( 108): /dev/pmem: Freeing buffer base:0x41716000 size:614400 offset:1146880 fd:54
07-06 17:31:52.119 D/memalloc( 108): /dev/pmem: Allocated buffer base:0x415fe000 size:614400 offset:1146880 fd:42
07-06 17:31:52.119 D/memalloc( 573): /dev/pmem: Mapped buffer base:0x522a4000 size:1761280 offset:1146880 fd:64
07-06 17:31:52.119 I/Adreno200-EGLSUB( 108): : Android Image
07-06 17:31:52.119 I/Adreno200-EGLSUB( 108): : RGBA_8888
07-06 17:31:52.159 I/Adreno200-EGLSUB( 108): : Android Image
07-06 17:31:52.159 I/Adreno200-EGLSUB( 108): : RGBA_8888
07-06 17:31:52.879 E/SMD ( 105): DCD OFF
07-06 17:31:54.749 I/InputReader( 277): Touch event's action is 0x0 (deviceType=0) [pCnt=1, pending(waiting finished signal)=0, s=0.17 ]
07-06 17:31:54.919 I/InputReader( 277): Touch event's action is 0x1 (deviceType=0) [pCnt=1, pending(waiting finished signal)=0, s=]
07-06 17:31:54.949 V/AudioPolicyManagerBase( 111): getParamFromPolicy deviceInt = 0, situationInt = 1, situationVolume = 0.500000
07-06 17:31:54.959 D/AudioService( 277): playSoundEffect()
07-06 17:31:54.959 V/AudioSystem( 277): getOutput() read 1 from cache for stream 1
07-06 17:31:54.959 V/AudioSystem( 277): getOutputFrameCount() streamType 1, output 1, frameCount 1200
07-06 17:31:54.959 V/AudioSystem( 277): getOutput() read 1 from cache for stream 1
07-06 17:31:54.959 V/AudioSystem( 277): getOutputSamplingRate() reading from output desc
07-06 17:31:54.959 V/AudioSystem( 277): getOutputSamplingRate() streamType 1, output 1, sampling rate 44100
07-06 17:31:54.959 V/AudioSystem( 277): getOutput() read 1 from cache for stream 1
07-06 17:31:54.959 V/AudioSystem( 277): getOutputSamplingRate() reading from output desc
07-06 17:31:54.959 V/AudioSystem( 277): getOutputSamplingRate() streamType 1, output 1, sampling rate 44100
07-06 17:31:54.959 V/AudioSystem( 277): getOutput() read 1 from cache for stream 1
07-06 17:31:54.959 V/AudioSystem( 277): getOutputLatency() streamType 1, output 1, latency 36
07-06 17:31:54.959 V/AudioSystem( 277): getOutput() read 1 from cache for stream 1
07-06 17:31:54.959 V/AudioSystem( 277): getOutput() read 1 from cache for stream 1
07-06 17:31:54.959 V/AudioSystem( 277): getOutputSamplingRate() reading from output desc
07-06 17:31:54.959 V/AudioSystem( 277): getOutputSamplingRate() streamType 1, output 1, sampling rate 44100
07-06 17:31:54.959 V/AudioSystem( 277): getOutput() read 1 from cache for stream 1
07-06 17:31:54.959 V/AudioSystem( 277): getOutputFrameCount() streamType 1, output 1, frameCount 1200
07-06 17:31:54.959 V/AudioSystem( 277): getOutput() read 1 from cache for stream 1
07-06 17:31:54.959 V/AudioSystem( 277): getOutputLatency() streamType 1, output 1, latency 36
07-06 17:31:54.959 V/AudioPolicyManagerBase( 111): startOutput() output 1, stream 1, session 17
07-06 17:31:54.959 V/AudioPolicyManagerBase( 111): getDeviceForStrategy() from cache strategy 0, device 2
07-06 17:31:54.959 V/AudioPolicyManagerBase( 111): changeRefCount() stream 1, count 1
07-06 17:31:54.959 V/AudioPolicyManagerBase( 111): getDeviceForStrategy() from cache strategy 0, device 2
07-06 17:31:54.959 V/AudioPolicyManagerBase( 111): getNewDevice() selected device 2
07-06 17:31:54.959 V/AudioPolicyManager7x27a( 111): setOutputDevice() output 1 device 2 delayMs 0 force 0
07-06 17:31:54.959 V/AudioPolicyManager7x27a( 111): setOutputDevice output :0x1 mCurDevice:0x2
07-06 17:31:54.959 V/AudioPolicyManager7x27a( 111): setOutputDevice() setting same device 2 or null device for output 1
07-06 17:31:54.959 V/AudioPolicyManagerBase( 111): releaseOutput() 1
07-06 17:31:55.099 I/WindowManager( 277): SCREENLAYOUT_SIZE (1:small, 2:normal, 3:large, 4:xlarge) 2
07-06 17:31:55.099 D/MyClockApp(11219): +onStart
07-06 17:31:55.109 D/MyClockApp(11219): isAvailable: true
07-06 17:31:55.109 D/MyClockApp(11219): isConnected: true
07-06 17:31:55.109 D/MyClockApp(11219): isConnectedOrConnecting: true
07-06 17:31:55.109 D/MyClockApp(11219): isFailover: false
07-06 17:31:55.109 D/MyClockApp(11219): isRoaming: false
07-06 17:31:55.109 D/MyClockApp(11219): strExtra: null
07-06 17:31:55.109 D/MyClockApp(11219): strReason: null
07-06 17:31:55.109 D/MyClockApp(11219): iSubType: 0
07-06 17:31:55.109 D/MyClockApp(11219): strSubtypeName:
07-06 17:31:55.109 D/MyClockApp(11219): iType: 1
07-06 17:31:55.109 D/MyClockApp(11219): strType: WIFI
07-06 17:31:55.109 D/MyClockApp(11219): strString: NetworkInfo: type: WIFI[], state: CONNECTED/CONNECTED, reason: (unspecified), extra: (none), roaming: false, failover: false, isAvailable: true
07-06 17:31:55.119 D/MyClockApp.SntpClient(11219): +requestTime
07-06 17:31:55.239 D/MyClockApp.SntpClient(11219): -requestTime
07-06 17:31:55.239 D/MyClockApp(11219): iCtr: 0
07-06 17:31:55.239 D/MyClockApp(11219): lNtpTime: 1404700317368
07-06 17:31:55.239 D/MyClockApp(11219): lElapsedRealtime: 40879473
07-06 17:31:55.239 D/MyClockApp(11219): lNtptimeReference: 40879473
07-06 17:31:55.239 D/MyClockApp(11219): lSNTPTime: 1404700013229
07-06 17:31:55.239 D/MyClockApp(11219): +Datetime
07-06 17:31:55.239 D/MyClockApp(11219): Current time: Sun Jul 06 17:31:55 EDT 2014
07-06 17:31:55.239 D/MyClockApp(11219): -Datetime
07-06 17:31:55.249 D/MyClockApp(11219): +SNTPDatetime
07-06 17:31:55.249 D/MyClockApp(11219): lSNTPTime: 1404700317368
07-06 17:31:55.249 D/MyClockApp(11219): SNTP Current time: Sun Jul 06 22:31:57 EDT 2014
07-06 17:31:55.249 D/MyClockApp(11219): -SNTPDatetime
07-06 17:31:55.259 D/MyClockApp(11219): strStorageLocation: /data/data/org.gophotog.myclockapp/files
07-06 17:31:55.259 D/MyClockApp(11219): -onStart
07-06 17:31:55.279 I/Adreno200-EGLSUB(11219): : Format RGBA_8888.
07-06 17:31:55.279 D/memalloc( 108): /dev/pmem: Allocated buffer base:0x415fe000 size:614400 offset:1761280 fd:45
07-06 17:31:55.289 D/memalloc(11219): /dev/pmem: Mapped buffer base:0x50c3b000 size:2375680 offset:1761280 fd:43
07-06 17:31:55.319 D/memalloc( 108): /dev/pmem: Allocated buffer base:0x415fe000 size:614400 offset:2990080 fd:54
07-06 17:31:55.319 D/memalloc(11219): /dev/pmem: Mapped buffer base:0x5127e000 size:3604480 offset:2990080 fd:51
07-06 17:31:55.319 I/Adreno200-EGLSUB( 108): : Android Image
07-06 17:31:55.319 I/Adreno200-EGLSUB( 108): : RGBA_8888
07-06 17:31:55.339 D/memalloc( 573): /dev/pmem: Unmapping buffer base:0x51773000 size:6778880 offset:6164480
07-06 17:31:55.339 D/memalloc( 573): /dev/pmem: Unmapping buffer base:0x51dea000 size:2990080 offset:2375680
07-06 17:31:55.339 D/memalloc( 573): /dev/pmem: Unmapping buffer base:0x522a4000 size:1761280 offset:1146880
07-06 17:31:55.339 D/memalloc( 108): /dev/pmem: Freeing buffer base:0x41bdf000 size:614400 offset:6164480 fd:27
07-06 17:31:55.339 D/memalloc( 108): /dev/pmem: Freeing buffer base:0x41716000 size:614400 offset:1146880 fd:42
07-06 17:31:55.389 V/AudioPolicyManagerBase( 111): stopOutput() output 1, stream 1, session 17
07-06 17:31:55.389 V/AudioPolicyManagerBase( 111): changeRefCount() stream 1, count 0
07-06 17:31:55.389 V/AudioPolicyManagerBase( 111): getNewDevice() selected device 0
07-06 17:31:55.389 V/AudioPolicyManager7x27a( 111): setOutputDevice() output 1 device 0 delayMs 72 force 0
07-06 17:31:55.389 V/AudioPolicyManager7x27a( 111): setOutputDevice() setting same device 0 or null device for output 1
07-06 17:31:55.779 D/memalloc( 108): /dev/pmem: Allocated buffer base:0x415fe000 size:614400 offset:1146880 fd:27
07-06 17:31:55.799 D/memalloc(11219): /dev/pmem: Mapped buffer base:0x515ee000 size:1761280 offset:1146880 fd:54
07-06 17:31:55.799 I/Adreno200-EGLSUB( 108): : Android Image
07-06 17:31:55.799 I/Adreno200-EGLSUB( 108): : RGBA_8888
07-06 17:31:55.879 E/SMD ( 105): DCD OFF
07-06 17:31:55.969 D/memalloc( 108): /dev/pmem: Freeing buffer base:0x41842000 size:614400 offset:2375680 fd:30
07-06 17:31:56.769 I/Adreno200-EGLSUB( 108): : Android Image
07-06 17:31:56.769 I/Adreno200-EGLSUB( 108): : RGBA_8888
07-06 17:31:58.389 V/AudioFlinger( 111): Audio hardware entering standby, mixer 0xd9f428, mSuspended 0
07-06 17:31:58.889 E/SMD ( 105): DCD OFF
07-06 17:32:00.119 D/Tethering( 277): interfaceLinkStateChanged wlan0, true
07-06 17:32:00.119 D/Tethering( 277): interfaceStatusChanged wlan0, true
07-06 17:32:01.889 E/SMD ( 105): DCD OFF
07-06 17:32:04.889 E/SMD ( 105): DCD OFF
07-06 17:32:05.129 D/Tethering( 277): interfaceLinkStateChanged wlan0, true
07-06 17:32:05.129 D/Tethering( 277): interfaceStatusChanged wlan0, true
07-06 17:32:07.889 E/SMD ( 105): DCD OFF
07-06 17:32:10.899 E/SMD ( 105): DCD OFF
07-06 17:32:13.889 E/SMD ( 105): DCD OFF
07-06 17:32:16.899 E/SMD ( 105): DCD OFF
07-06 17:32:19.899 E/SMD ( 105): DCD OFF
07-06 17:32:22.899 E/SMD ( 105): DCD OFF
07-06 17:32:25.899 E/SMD ( 105): DCD OFF
07-06 17:32:28.909 E/SMD ( 105): DCD OFF
07-06 17:32:29.019 E/WifiStateMachine( 277): set suspend optimizations failed!
07-06 17:32:29.119 D/SensorManager( 754): registerListener :: handle = 0 name= BOSCH 3-axis Accelerometer delay= 10000 Listener= kvo@4134b0e8
07-06 17:32:29.119 E/SensorManager( 754): thread start
07-06 17:32:29.119 E/SensorManager( 754): =======>>>Sensor Thread RUNNING <<<========
07-06 17:32:29.779 D/Tethering( 277): interfaceLinkStateChanged wlan0, true
07-06 17:32:29.779 D/Tethering( 277): interfaceStatusChanged wlan0, true
07-06 17:32:29.789 D/Tethering( 277): interfaceLinkStateChanged wlan0, true
07-06 17:32:29.789 D/Tethering( 277): interfaceStatusChanged wlan0, true
07-06 17:32:29.929 E/WifiStateMachine( 277): set suspend optimizations failed!
07-06 17:32:30.389 I/GCoreUlr( 754): Successfully inserted location
07-06 17:32:30.389 I/GCoreUlr( 754): Not calling LocationReportingService, hasMoved: false, elapsed millis: 3416484, request: Phone
07-06 17:32:31.909 E/SMD ( 105): DCD OFF
07-06 17:32:32.429 W/SignalStrength( 277): getCdmaLevel=2
07-06 17:32:32.429 W/SignalStrength( 277): getEvdoLevel=0
07-06 17:32:32.429 W/SignalStrength( 277): getCdmaLevel=2
07-06 17:32:32.429 W/SignalStrength( 277): getLevel=2
07-06 17:32:32.429 W/SignalStrength( 484): getCdmaLevel=2
07-06 17:32:32.429 W/SignalStrength( 484): getEvdoLevel=0
07-06 17:32:32.429 W/SignalStrength( 484): getCdmaLevel=2
07-06 17:32:32.429 W/SignalStrength( 484): getLevel=2
07-06 17:32:32.769 I/SensorManager( 754): Set normal delay = true
07-06 17:32:32.849 D/SensorManager( 754): unregisterListener:: disable all sensors for this listener, name = BOSCH 3-axis Accelerometer listener = kvo@4134b0e8
07-06 17:32:34.909 E/SMD ( 105): DCD OFF
07-06 17:32:37.909 E/SMD ( 105): DCD OFF
07-06 17:32:40.919 E/SMD ( 105): DCD OFF
07-06 17:32:43.919 E/SMD ( 105): DCD OFF
07-06 17:32:46.919 E/SMD ( 105): DCD OFF
07-06 17:32:49.919 E/SMD ( 105): DCD OFF
07-06 17:32:52.929 E/SMD ( 105): DCD OFF
07-06 17:32:55.929 E/SMD ( 105): DCD OFF
07-06 17:32:58.929 E/SMD ( 105): DCD OFF
07-06 17:33:01.929 E/SMD ( 105): DCD OFF
07-06 17:33:04.939 E/SMD ( 105): DCD OFF
07-06 17:33:07.939 E/SMD ( 105): DCD OFF
07-06 17:33:10.939 E/SMD ( 105): DCD OFF
07-06 17:33:13.939 E/SMD ( 105): DCD OFF
07-06 17:33:16.439 W/SignalStrength( 277): getCdmaLevel=2
07-06 17:33:16.449 W/SignalStrength( 484): getCdmaLevel=2
07-06 17:33:16.449 W/SignalStrength( 484): getEvdoLevel=0
07-06 17:33:16.449 W/SignalStrength( 484): getCdmaLevel=2
07-06 17:33:16.449 W/SignalStrength( 484): getLevel=2
07-06 17:33:16.449 W/SignalStrength( 277): getEvdoLevel=0
07-06 17:33:16.449 W/SignalStrength( 277): getCdmaLevel=2
07-06 17:33:16.449 W/SignalStrength( 277): getLevel=2
07-06 17:33:16.939 E/SMD ( 105): DCD OFF
07-06 17:33:19.939 E/SMD ( 105): DCD OFF
07-06 17:33:22.949 E/SMD ( 105): DCD OFF
07-06 17:33:25.949 E/SMD ( 105): DCD OFF
07-06 17:33:28.949 E/SMD ( 105): DCD OFF
07-06 17:33:29.029 E/WifiStateMachine( 277): set suspend optimizations failed!
07-06 17:33:29.789 D/Tethering( 277): interfaceLinkStateChanged wlan0, true
07-06 17:33:29.789 D/Tethering( 277): interfaceStatusChanged wlan0, true
07-06 17:33:29.799 D/Tethering( 277): interfaceLinkStateChanged wlan0, true
07-06 17:33:29.799 D/Tethering( 277): interfaceStatusChanged wlan0, true
07-06 17:33:29.909 E/WifiStateMachine( 277): set suspend optimizations failed!
07-06 17:33:30.029 I/GCoreUlr( 754): Successfully inserted location
07-06 17:33:30.039 I/GCoreUlr( 754): Not calling LocationReportingService, hasMoved: false, elapsed millis: 3476129, request: Phone
07-06 17:33:31.949 E/SMD ( 105): DCD OFF
07-06 17:33:34.959 E/SMD ( 105): DCD OFF
07-06 17:33:37.959 E/SMD ( 105): DCD OFF
07-06 17:33:40.959 E/SMD ( 105): DCD OFF
07-06 17:33:43.969 E/SMD ( 105): DCD OFF
07-06 17:33:46.969 E/SMD ( 105): DCD OFF
07-06 17:33:49.969 E/SMD ( 105): DCD OFF
07-06 17:33:52.969 E/SMD ( 105): DCD OFF
07-06 17:33:55.979 E/SMD ( 105): DCD OFF
07-06 17:33:58.979 E/SMD ( 105): DCD OFF
07-06 17:34:01.979 E/SMD ( 105): DCD OFF
07-06 17:34:04.979 E/SMD ( 105): DCD OFF
07-06 17:34:07.979 E/SMD ( 105): DCD OFF
07-06 17:34:10.989 E/SMD ( 105): DCD OFF
07-06 17:34:13.989 E/SMD ( 105): DCD OFF
07-06 17:34:16.989 E/SMD ( 105): DCD OFF
07-06 17:34:19.999 E/SMD ( 105): DCD OFF
07-06 17:34:22.999 E/SMD ( 105): DCD OFF
07-06 17:34:25.999 E/SMD ( 105): DCD OFF
07-06 17:34:28.999 E/SMD ( 105): DCD OFF
07-06 17:34:29.049 E/WifiStateMachine( 277): set suspend optimizations failed!
07-06 17:34:29.079 D/SensorManager( 754): registerListener :: handle = 0 name= BOSCH 3-axis Accelerometer delay= 10000 Listener= kvo@41252790
07-06 17:34:29.089 E/SensorManager( 754): thread start
07-06 17:34:29.089 E/SensorManager( 754): =======>>>Sensor Thread RUNNING <<<========
07-06 17:34:29.799 D/Tethering( 277): interfaceLinkStateChanged wlan0, true
07-06 17:34:29.799 D/Tethering( 277): interfaceStatusChanged wlan0, true
07-06 17:34:29.799 D/Tethering( 277): interfaceLinkStateChanged wlan0, true
07-06 17:34:29.799 D/Tethering( 277): interfaceStatusChanged wlan0, true
07-06 17:34:29.939 E/WifiStateMachine( 277): set suspend optimizations failed!
07-06 17:34:30.049 I/GCoreUlr( 754): Successfully inserted location
07-06 17:34:30.059 I/GCoreUlr( 754): Not calling LocationReportingService, hasMoved: false, elapsed millis: 3536153, request: Phone
07-06 17:34:31.999 E/SMD ( 105): DCD OFF
07-06 17:34:32.629 I/SensorManager( 754): Set normal delay = true
07-06 17:34:32.709 D/SensorManager( 754): unregisterListener:: disable all sensors for this listener, name = BOSCH 3-axis Accelerometer listener = kvo@41252790
07-06 17:34:34.999 E/SMD ( 105): DCD OFF
07-06 17:34:38.009 E/SMD ( 105): DCD OFF
07-06 17:34:41.009 E/SMD ( 105): DCD OFF
07-06 17:34:44.009 E/SMD ( 105): DCD OFF
07-06 17:34:47.009 E/SMD ( 105): DCD OFF
07-06 17:34:50.019 E/SMD ( 105): DCD OFF
07-06 17:34:53.019 E/SMD ( 105): DCD OFF
07-06 17:34:56.019 E/SMD ( 105): DCD OFF
07-06 20:51:11.875 V/WindowOrientationListener( 277): nearestRotation : 0 Angle: 346 tilt: 12
07-06 20:51:13.355 W/SignalStrength( 277): getCdmaLevel=2
07-06 20:51:13.355 W/SignalStrength( 277): getEvdoLevel=0
07-06 20:51:13.355 W/SignalStrength( 277): getCdmaLevel=2
07-06 20:51:13.355 W/SignalStrength( 277): getLevel=2
07-06 20:51:13.365 W/SignalStrength( 484): getCdmaLevel=2
07-06 20:51:13.365 W/SignalStrength( 484): getEvdoLevel=0
07-06 20:51:13.365 W/SignalStrength( 484): getCdmaLevel=2
07-06 20:51:13.365 W/SignalStrength( 484): getLevel=2
07-06 17:34:59.029 E/SMD ( 105): DCD OFF
07-06 17:35:01.449 V/StatusBar.BatteryController( 484): status5batteryHealth 2
07-06 17:35:01.449 D/StatusBar.BatteryController( 484): mOldstatus5status 5
07-06 17:35:01.449 D/StatusBar.BatteryController( 484): now old status is 5
07-06 17:35:02.029 E/SMD ( 105): DCD OFF
07-06 17:35:05.029 E/SMD ( 105): DCD OFF
07-06 17:35:08.029 E/SMD ( 105): DCD OFF
07-06 17:35:11.029 E/SMD ( 105): DCD OFF
07-06 17:35:14.039 E/SMD ( 105): DCD OFF
07-06 17:35:17.039 E/SMD ( 105): DCD OFF
07-06 17:35:20.039 E/SMD ( 105): DCD OFF
07-06 17:35:21.489 V/StatusBar.BatteryController( 484): status5batteryHealth 2
07-06 17:35:21.489 D/StatusBar.BatteryController( 484): mOldstatus5status 5
07-06 17:35:21.489 D/StatusBar.BatteryController( 484): now old status is 5
07-06 17:35:23.039 E/SMD ( 105): DCD OFF
07-06 17:35:26.049 E/SMD ( 105): DCD OFF
07-06 17:35:29.049 E/SMD ( 105): DCD OFF
07-06 17:35:29.069 E/WifiStateMachine( 277): set suspend optimizations failed!
07-06 17:35:29.829 D/Tethering( 277): interfaceLinkStateChanged wlan0, true
07-06 17:35:29.829 D/Tethering( 277): interfaceStatusChanged wlan0, true
07-06 17:35:29.839 D/Tethering( 277): interfaceLinkStateChanged wlan0, true
07-06 17:35:29.849 D/Tethering( 277): interfaceStatusChanged wlan0, true
07-06 17:35:29.949 E/WifiStateMachine( 277): set suspend optimizations failed!
07-06 17:35:30.049 I/GCoreUlr( 754): Successfully inserted location
07-06 17:35:30.059 I/GCoreUlr( 754): Not calling LocationReportingService, hasMoved: false, elapsed millis: 3596149, request: Phone
07-06 17:35:31.509 V/StatusBar.BatteryController( 484): status5batteryHealth 2
07-06 17:35:31.509 D/StatusBar.BatteryController( 484): mOldstatus5status 5
07-06 17:35:31.509 D/StatusBar.BatteryController( 484): now old status is 5
07-06 17:35:32.049 E/SMD ( 105): DCD OFF
07-06 17:35:35.059 E/SMD ( 105): DCD OFF
07-06 17:35:38.049 E/SMD ( 105): DCD OFF
07-06 17:35:41.059 E/SMD ( 105): DCD OFF
07-06 17:35:41.529 V/StatusBar.BatteryController( 484): status5batteryHealth 2
07-06 17:35:41.539 D/StatusBar.BatteryController( 484): mOldstatus5status 5
07-06 17:35:41.539 D/StatusBar.BatteryController( 484): now old status is 5
07-06 17:35:44.059 E/SMD ( 105): DCD OFF
07-06 17:35:46.379 D/GCM ( 590): Ignoring attempt to send heartbeat on dead connection.
07-06 17:35:47.059 E/SMD ( 105): DCD OFF
07-06 17:35:50.059 E/SMD ( 105): DCD OFF
07-06 17:35:51.409 D/Tethering( 277): interfaceLinkStateChanged wlan0, true
07-06 17:35:51.409 D/Tethering( 277): interfaceStatusChanged wlan0, true
07-06 17:35:53.069 E/SMD ( 105): DCD OFF
07-06 17:35:56.069 E/SMD ( 105): DCD OFF
07-06 17:35:56.479 D/Tethering( 277): interfaceLinkStateChanged wlan0, true
07-06 17:35:56.479 D/Tethering( 277): interfaceStatusChanged wlan0, true
07-06 17:35:59.069 E/SMD ( 105): DCD OFF
07-06 17:36:02.079 E/SMD ( 105): DCD OFF
07-06 17:36:05.079 E/SMD ( 105): DCD OFF
07-06 17:36:08.079 E/SMD ( 105): DCD OFF
07-06 17:36:11.079 E/SMD ( 105): DCD OFF
07-06 17:36:14.079 E/SMD ( 105): DCD OFF
07-06 17:36:17.089 E/SMD ( 105): DCD OFF
07-06 17:36:20.089 E/SMD ( 105): DCD OFF
07-06 17:36:23.089 E/SMD ( 105): DCD OFF
07-06 17:36:26.089 E/SMD ( 105): DCD OFF
07-06 17:36:29.089 E/WifiStateMachine( 277): set suspend optimizations failed!
07-06 17:36:29.089 E/SMD ( 105): DCD OFF
07-06 17:36:29.119 D/SensorManager( 754): registerListener :: handle = 0 name= BOSCH 3-axis Accelerometer delay= 10000 Listener= kvo@4139d938
07-06 17:36:29.119 E/SensorManager( 754): thread start
07-06 17:36:29.119 E/SensorManager( 754): =======>>>Sensor Thread RUNNING <<<========
07-06 17:36:29.839 D/Tethering( 277): interfaceLinkStateChanged wlan0, true
07-06 17:36:29.839 D/Tethering( 277): interfaceStatusChanged wlan0, true
07-06 17:36:29.839 D/Tethering( 277): interfaceLinkStateChanged wlan0, true
07-06 17:36:29.839 D/Tethering( 277): interfaceStatusChanged wlan0, true
07-06 17:36:30.139 E/WifiStateMachine( 277): set suspend optimizations failed!
07-06 17:36:30.279 I/GCoreUlr( 754): Successfully inserted location
07-06 17:36:30.369 I/GCoreUlr( 754): Starting service, intent=Intent { cmp=xxxx }, extras=null
07-06 17:36:30.849 W/GLSUser ( 590): GoogleAccountDataService.getToken()
07-06 17:36:31.139 W/NetworkManagementSocketTagger( 754): untagSocket(72) failed with errno -22
07-06 17:36:31.139 I/mbi ( 754): I/O exception (org.apache.http.NoHttpResponseException) caught when processing request: The target server failed to respond
07-06 17:36:31.139 I/mbi ( 754): Retrying request
07-06 17:36:31.709 I/GCoreUlr( 754): Starting service, intent=Intent { act=com.google.android.location.reporting.ACTION_UPDATE_ACTIVE_STATE cmp=xxxx }, extras=null
07-06 17:36:31.729 I/AdsMeasurementBroadcastReceiver( 717): Reporting settings might have changed, alerting AdsMeasurementService
07-06 17:36:31.729 D/AdsMeasurementBroadcastReceiver( 717): Unauthorized to start the main service
07-06 17:36:31.739 I/GCoreUlr( 754): Batch Location Update succeeded for account account#15#
07-06 17:36:31.769 E/SqliteDatabaseCpp( 754): sqlite3_exec - Failed to set synchronous mode = 1(Normal)
07-06 17:36:31.849 I/GCoreUlr( 754): Ensuring that reporting is active for [account#15#]
07-06 17:36:31.859 I/GCoreUlr( 754): Starting service, intent=Intent { act=com.google.android.location.reporting.ACTION_LOCATION_STATUS cmp=xxxx (has extras) }, extras=Bundle[{status=LocationStatus[cell status: STATUS_SUCCESSFUL, wifi status: STATUS_SUCCESSFUL, elapsed realtime ns: 37497984000000]}]
07-06 17:36:32.099 E/SMD ( 105): DCD OFF
07-06 17:36:32.659 I/SensorManager( 754): Set normal delay = true
07-06 17:36:32.739 D/SensorManager( 754): unregisterListener:: disable all sensors for this listener, name = BOSCH 3-axis Accelerometer listener = kvo@4139d938
07-06 17:36:35.099 E/SMD ( 105): DCD OFF
07-06 17:36:38.099 E/SMD ( 105): DCD OFF
07-06 17:36:41.099 E/SMD ( 105): DCD OFF
07-06 17:36:41.139 D/Tethering( 277): interfaceLinkStateChanged wlan0, true
07-06 17:36:41.139 D/Tethering( 277): interfaceStatusChanged wlan0, true
07-06 17:36:41.659 V/StatusBar.BatteryController( 484): status5batteryHealth 2
07-06 17:36:41.659 D/StatusBar.BatteryController( 484): mOldstatus5status 5
07-06 17:36:41.659 D/StatusBar.BatteryController( 484): now old status is 5
07-06 17:36:44.109 E/SMD ( 105): DCD OFF
07-06 17:36:47.109 E/SMD ( 105): DCD OFF
07-06 17:36:47.849 W/PowerManagerService( 277): Timer 0x3->0x1|0x3
07-06 17:36:50.109 E/SMD ( 105): DCD OFF
07-06 17:36:51.669 V/StatusBar.BatteryController( 484): status5batteryHealth 2
07-06 17:36:51.669 D/StatusBar.BatteryController( 484): mOldstatus5status 5
07-06 17:36:51.669 D/StatusBar.BatteryController( 484): now old status is 5
07-06 17:36:53.109 E/SMD ( 105): DCD OFF
07-06 17:36:54.859 W/PowerManagerService( 277): Timer 0x3->0x0|0x3
07-06 17:36:54.859 E/PowerManagerService( 277): CurLock p:3 mPS:3
07-06 17:36:54.859 W/PowerManagerService( 277): type=SCREEN_BRIGHT_WAKE_LOCK 'KEEP_SCREEN_ON_FLAG' active (minState=3) activeT=299510
07-06 17:36:56.119 E/SMD ( 105): DCD OFF
07-06 17:36:59.119 E/SMD ( 105): DCD OFF
07-06 17:37:02.119 E/SMD ( 105): DCD OFF
07-06 17:37:05.129 E/SMD ( 105): DCD OFF
07-06 17:37:08.129 E/SMD ( 105): DCD OFF
07-06 17:37:11.129 E/SMD ( 105): DCD OFF
07-06 17:37:14.129 E/SMD ( 105): DCD OFF
07-06 17:37:17.139 E/SMD ( 105): DCD OFF
07-06 17:37:20.139 E/SMD ( 105): DCD OFF
07-06 17:37:23.139 E/SMD ( 105): DCD OFF
07-06 17:37:26.139 E/SMD ( 105): DCD OFF
07-06 17:37:29.099 E/WifiStateMachine( 277): set suspend optimizations failed!
07-06 17:37:29.149 E/SMD ( 105): DCD OFF
07-06 17:37:29.839 D/Tethering( 277): interfaceLinkStateChanged wlan0, true
07-06 17:37:29.839 D/Tethering( 277): interfaceStatusChanged wlan0, true
07-06 17:37:29.849 D/Tethering( 277): interfaceLinkStateChanged wlan0, true
07-06 17:37:29.849 D/Tethering( 277): interfaceStatusChanged wlan0, true
07-06 17:37:29.959 E/WifiStateMachine( 277): set suspend optimizations failed!
07-06 17:37:30.059 I/GCoreUlr( 754): Successfully inserted location
07-06 17:37:30.069 I/GCoreUlr( 754): Not calling LocationReportingService, hasMoved: false, elapsed millis: 59780, request: Phone
07-06 17:37:31.749 V/StatusBar.BatteryController( 484): status5batteryHealth 2
07-06 17:37:31.749 D/StatusBar.BatteryController( 484): mOldstatus5status 5
07-06 17:37:31.749 D/StatusBar.BatteryController( 484): now old status is 5
07-06 17:37:32.149 E/SMD ( 105): DCD OFF
07-06 17:37:35.149 E/SMD ( 105): DCD OFF
07-06 17:37:38.149 E/SMD ( 105): DCD OFF
07-06 17:37:41.149 E/SMD ( 105): DCD OFF
07-06 17:37:41.779 V/StatusBar.BatteryController( 484): status5batteryHealth 2
07-06 17:37:41.779 D/StatusBar.BatteryController( 484): mOldstatus5status 5
07-06 17:37:41.779 D/StatusBar.BatteryController( 484): now old status is 5
07-06 17:37:44.159 E/SMD ( 105): DCD OFF
07-06 17:37:47.159 E/SMD ( 105): DCD OFF
07-06 17:37:50.159 E/SMD ( 105): DCD OFF
07-06 17:37:51.789 V/StatusBar.BatteryController( 484): status5batteryHealth 2
07-06 17:37:51.789 D/StatusBar.BatteryController( 484): mOldstatus5status 5
07-06 17:37:51.789 D/StatusBar.BatteryController( 484): now old status is 5
07-06 17:37:53.159 E/SMD ( 105): DCD OFF
07-06 17:37:56.169 E/SMD ( 105): DCD OFF
07-06 17:37:59.179 E/SMD ( 105): DCD OFF
07-06 17:38:02.179 E/SMD ( 105): DCD OFF
07-06 17:38:02.559 W/SignalStrength( 277): getCdmaLevel=2
07-06 17:38:02.559 W/SignalStrength( 277): getEvdoLevel=0
07-06 17:38:02.559 W/SignalStrength( 277): getCdmaLevel=2
07-06 17:38:02.559 W/SignalStrength( 277): getLevel=2
07-06 17:38:02.559 W/SignalStrength( 484): getCdmaLevel=2
07-06 17:38:02.559 W/SignalStrength( 484): getEvdoLevel=0
07-06 17:38:02.559 W/SignalStrength( 484): getCdmaLevel=2
07-06 17:38:02.559 W/SignalStrength( 484): getLevel=2
07-06 17:38:05.179 E/SMD ( 105): DCD OFF
07-06 17:38:08.189 E/SMD ( 105): DCD OFF
07-06 17:38:11.179 E/SMD ( 105): DCD OFF
07-06 17:38:11.829 V/StatusBar.BatteryController( 484): status5batteryHealth 2
07-06 17:38:11.829 D/StatusBar.BatteryController( 484): mOldstatus5status 5
07-06 17:38:11.829 D/StatusBar.BatteryController( 484): now old status is 5
07-06 17:38:14.189 E/SMD ( 105): DCD OFF
07-06 17:38:17.189 E/SMD ( 105): DCD OFF
07-06 17:38:20.189 E/SMD ( 105): DCD OFF
07-06 17:38:23.199 E/SMD ( 105): DCD OFF
07-06 17:38:26.199 E/SMD ( 105): DCD OFF
07-06 17:38:29.119 E/WifiStateMachine( 277): set suspend optimizations failed!
07-06 17:38:29.149 D/SensorManager( 754): registerListener :: handle = 0 name= BOSCH 3-axis Accelerometer delay= 10000 Listener= kvo@412b3128
07-06 17:38:29.149 E/SensorManager( 754): thread start
07-06 17:38:29.149 E/SensorManager( 754): =======>>>Sensor Thread RUNNING <<<========
07-06 17:38:29.199 E/SMD ( 105): DCD OFF
07-06 17:38:29.839 D/Tethering( 277): interfaceLinkStateChanged wlan0, true
07-06 17:38:29.839 D/Tethering( 277): interfaceStatusChanged wlan0, true
07-06 17:38:29.849 D/Tethering( 277): interfaceLinkStateChanged wlan0, true
07-06 17:38:29.849 D/Tethering( 277): interfaceStatusChanged wlan0, true
07-06 17:38:29.999 E/WifiStateMachine( 277): set suspend optimizations failed!
07-06 17:38:30.109 I/GCoreUlr( 754): Successfully inserted location
07-06 17:38:30.119 I/GCoreUlr( 754): Not calling LocationReportingService, hasMoved: false, elapsed millis: 119835, request: Phone
07-06 17:38:31.879 V/StatusBar.BatteryController( 484): status5batteryHealth 2
07-06 17:38:31.879 D/StatusBar.BatteryController( 484): mOldstatus5status 5
07-06 17:38:31.879 D/StatusBar.BatteryController( 484): now old status is 5
07-06 17:38:32.199 E/SMD ( 105): DCD OFF
07-06 17:38:32.699 I/SensorManager( 754): Set normal delay = true
07-06 17:38:32.789 D/SensorManager( 754): unregisterListener:: disable all sensors for this listener, name = BOSCH 3-axis Accelerometer listener = kvo@412b3128
07-06 17:38:32.869 I/GCoreUlr( 754): Received powerMode change from NLP: com.google.android.location.activity.LOW_POWER_MODE_ENABLED
07-06 17:38:32.869 I/GCoreUlr( 754): Starting service, intent=Intent { act=com.google.android.location.reporting.ACTION_UPDATE_ACTIVE_STATE cmp=xxxx }, extras=null
07-06 17:38:32.909 I/GCoreUlr( 754): Ensuring that reporting is active for [account#15#]
07-06 17:38:32.919 I/GCoreUlr( 754): Starting service, intent=Intent { act=com.google.android.location.reporting.ACTION_LOCATION_STATUS cmp=xxxx (has extras) }, extras=Bundle[{status=LocationStatus[cell status: STATUS_SUCCESSFUL, wifi status: STATUS_SUCCESSFUL, elapsed realtime ns: 37497984000000]}]
07-06 17:38:33.039 I/GCoreUlr( 754): GMS FLP location and AR updates requested: {"timestampMs":1404682712899,"description":"stationary","samplePeriodMs":1080000,"sampleSource":"internal","sampleReason":"stationary"}
07-06 17:38:35.209 E/SMD ( 105): DCD OFF
07-06 17:38:36.279 I/wpa_supplicant( 1023): Associated with 00.D3.8E
07-06 17:38:36.279 I/wpa_supplicant( 1023): CTRL-EVENT-CONNECTED - Connection to 00.D3.8E completed (reauth) [id=0 id_str=]
07-06 17:38:36.289 D/Tethering( 277): interfaceLinkStateChanged wlan0, true
07-06 17:38:36.289 D/Tethering( 277): interfaceStatusChanged wlan0, true
07-06 17:38:36.289 D/Tethering( 277): interfaceLinkStateChanged wlan0, true
07-06 17:38:36.289 D/Tethering( 277): interfaceStatusChanged wlan0, true
07-06 17:38:36.299 D/Tethering( 277): interfaceLinkStateChanged wlan0, true
07-06 17:38:36.299 D/Tethering( 277): interfaceStatusChanged wlan0, true
07-06 17:38:36.299 D/Tethering( 277): interfaceLinkStateChanged wlan0, true
07-06 17:38:36.299 D/Tethering( 277): interfaceStatusChanged wlan0, true
07-06 17:38:36.309 D/Tethering( 277): interfaceLinkStateChanged wlan0, true
07-06 17:38:36.309 D/Tethering( 277): interfaceStatusChanged wlan0, true
07-06 17:38:36.309 D/Tethering( 277): interfaceLinkStateChanged wlan0, true
07-06 17:38:36.309 D/Tethering( 277): interfaceStatusChanged wlan0, true
07-06 17:38:37.569 W/SignalStrength( 277): getCdmaLevel=2
07-06 17:38:37.569 W/SignalStrength( 277): getEvdoLevel=0
07-06 17:38:37.569 W/SignalStrength( 277): getCdmaLevel=2
07-06 17:38:37.569 W/SignalStrength( 277): getLevel=2
07-06 17:38:37.579 W/SignalStrength( 484): getCdmaLevel=2
07-06 17:38:37.579 W/SignalStrength( 484): getEvdoLevel=0
07-06 17:38:37.579 W/SignalStrength( 484): getCdmaLevel=2
07-06 17:38:37.579 W/SignalStrength( 484): getLevel=2
07-06 17:38:38.209 E/SMD ( 105): DCD OFF
07-06 17:38:41.209 E/SMD ( 105): DCD OFF
07-06 17:38:41.889 V/StatusBar.BatteryController( 484): status5batteryHealth 2
07-06 17:38:41.889 D/StatusBar.BatteryController( 484): mOldstatus5status 5
07-06 17:38:41.889 D/StatusBar.BatteryController( 484): now old status is 5
07-06 17:38:44.209 E/SMD ( 105): DCD OFF
07-06 17:38:47.209 E/SMD ( 105): DCD OFF
07-06 17:38:50.219 E/SMD ( 105): DCD OFF
07-06 17:38:53.219 E/SMD ( 105): DCD OFF
07-06 17:38:56.219 E/SMD ( 105): DCD OFF
07-06 17:38:59.219 E/SMD ( 105): DCD OFF
07-06 17:39:02.219 E/SMD ( 105): DCD OFF
07-06 17:39:05.229 E/SMD ( 105): DCD OFF
07-06 17:39:08.229 E/SMD ( 105): DCD OFF
07-06 17:39:11.229 E/SMD ( 105): DCD OFF
07-06 17:39:11.949 V/StatusBar.BatteryController( 484): status5batteryHealth 2
07-06 17:39:11.949 D/StatusBar.BatteryController( 484): mOldstatus5status 5
07-06 17:39:11.949 D/StatusBar.BatteryController( 484): now old status is 5
07-06 17:39:14.229 E/SMD ( 105): DCD OFF
07-06 17:39:17.239 E/SMD ( 105): DCD OFF
07-06 17:39:20.239 E/SMD ( 105): DCD OFF
07-06 17:39:23.239 E/SMD ( 105): DCD OFF
07-06 17:39:26.249 E/SMD ( 105): DCD OFF
07-06 17:39:29.139 E/WifiStateMachine( 277): set suspend optimizations failed!
07-06 17:39:29.249 E/SMD ( 105): DCD OFF
07-06 17:39:29.909 D/Tethering( 277): interfaceLinkStateChanged wlan0, true
07-06 17:39:29.909 D/Tethering( 277): interfaceStatusChanged wlan0, true
07-06 17:39:29.919 D/Tethering( 277): interfaceLinkStateChanged wlan0, true
07-06 17:39:29.919 D/Tethering( 277): interfaceStatusChanged wlan0, true
07-06 17:39:30.019 E/WifiStateMachine( 277): set suspend optimizations failed!
07-06 17:39:30.129 I/GCoreUlr( 754): Successfully inserted location
07-06 17:39:30.139 I/GCoreUlr( 754): Not calling LocationReportingService, hasMoved: false, elapsed millis: 179852, request: Phone
07-06 17:39:31.989 V/StatusBar.BatteryController( 484): status5batteryHealth 2
07-06 17:39:31.989 D/StatusBar.BatteryController( 484): mOldstatus5status 5
07-06 17:39:31.989 D/StatusBar.BatteryController( 484): now old status is 5
07-06 17:39:32.249 E/SMD ( 105): DCD OFF
07-06 17:39:35.249 E/SMD ( 105): DCD OFF
07-06 17:39:38.249 E/SMD ( 105): DCD OFF
07-06 17:39:41.249 E/SMD ( 105): DCD OFF
07-06 17:39:42.009 V/StatusBar.BatteryController( 484): status5batteryHealth 2
07-06 17:39:42.009 D/StatusBar.BatteryController( 484): mOldstatus5status 5
07-06 17:39:42.009 D/StatusBar.BatteryController( 484): now old status is 5
07-06 17:39:44.259 E/SMD ( 105): DCD OFF
07-06 17:39:47.259 E/SMD ( 105): DCD OFF
07-06 17:39:50.259 E/SMD ( 105): DCD OFF
07-06 17:39:52.029 V/StatusBar.BatteryController( 484): status5batteryHealth 2
07-06 17:39:52.029 D/StatusBar.BatteryController( 484): mOldstatus5status 5
07-06 17:39:52.029 D/StatusBar.BatteryController( 484): now old status is 5
07-06 17:39:53.269 E/SMD ( 105): DCD OFF
07-06 17:39:56.259 E/SMD ( 105): DCD OFF
07-06 17:39:59.269 E/SMD ( 105): DCD OFF
07-06 17:40:02.269 E/SMD ( 105): DCD OFF
07-06 17:40:05.269 E/SMD ( 105): DCD OFF
07-06 17:40:08.269 E/SMD ( 105): DCD OFF
07-06 17:40:11.279 E/SMD ( 105): DCD OFF
07-06 17:40:12.069 V/StatusBar.BatteryController( 484): status5batteryHealth 2
07-06 17:40:12.069 D/StatusBar.BatteryController( 484): mOldstatus5status 5
07-06 17:40:12.069 D/StatusBar.BatteryController( 484): now old status is 5
07-06 17:40:14.279 E/SMD ( 105): DCD OFF
07-06 17:40:17.279 E/SMD ( 105): DCD OFF
07-06 17:40:20.289 E/SMD ( 105): DCD OFF
07-06 17:40:22.099 V/StatusBar.BatteryController( 484): status5batteryHealth 2
07-06 17:40:22.099 D/StatusBar.BatteryController( 484): mOldstatus5status 5
07-06 17:40:22.099 D/StatusBar.BatteryController( 484): now old status is 5
07-06 17:40:23.289 E/SMD ( 105): DCD OFF
07-06 17:40:26.289 E/SMD ( 105): DCD OFF
07-06 17:40:29.289 E/SMD ( 105): DCD OFF
07-06 17:40:31.019 D/SensorManager( 754): registerListener :: handle = 0 name= BOSCH 3-axis Accelerometer delay= 10000 Listener= kvo@4139a7a0
07-06 17:40:31.019 E/SensorManager( 754): thread start
07-06 17:40:31.019 E/SensorManager( 754): =======>>>Sensor Thread RUNNING <<<========
07-06 17:40:31.709 I/SensorManager( 754): Set normal delay = true
07-06 17:40:31.799 D/SensorManager( 754): unregisterListener:: disable all sensors for this listener, name = BOSCH 3-axis Accelerometer listener = kvo@4139a7a0
07-06 17:40:32.119 V/StatusBar.BatteryController( 484): status5batteryHealth 2
07-06 17:40:32.119 D/StatusBar.BatteryController( 484): mOldstatus5status 5
07-06 17:40:32.119 D/StatusBar.BatteryController( 484): now old status is 5
07-06 17:40:32.299 E/SMD ( 105): DCD OFF
07-06 17:40:35.299 E/SMD ( 105): DCD OFF
07-06 17:40:38.299 E/SMD ( 105): DCD OFF
07-06 17:40:41.299 E/SMD ( 105): DCD OFF
07-06 17:40:41.779 D/Tethering( 277): interfaceLinkStateChanged wlan0, true
07-06 17:40:41.779 D/Tethering( 277): interfaceStatusChanged wlan0, true
07-06 17:40:44.309 E/SMD ( 105): DCD OFF
07-06 17:40:47.309 E/SMD ( 105): DCD OFF
07-06 17:40:50.309 E/SMD ( 105): DCD OFF
07-06 17:40:53.309 E/SMD ( 105): DCD OFF
07-06 17:40:56.309 E/SMD ( 105): DCD OFF
07-06 17:40:59.309 E/SMD ( 105): DCD OFF
07-06 17:41:02.169 V/StatusBar.BatteryController( 484): status5batteryHealth 2
07-06 17:41:02.169 D/StatusBar.BatteryController( 484): mOldstatus5status 5
07-06 17:41:02.169 D/StatusBar.BatteryController( 484): now old status is 5
07-06 17:41:02.319 E/SMD ( 105): DCD OFF
07-06 17:41:05.319 E/SMD ( 105): DCD OFF
07-06 17:41:08.319 E/SMD ( 105): DCD OFF
07-06 17:41:11.319 E/SMD ( 105): DCD OFF
07-06 17:41:12.189 V/StatusBar.BatteryController( 484): status5batteryHealth 2
07-06 17:41:12.189 D/StatusBar.BatteryController( 484): mOldstatus5status 5
07-06 17:41:12.189 D/StatusBar.BatteryController( 484): now old status is 5
07-06 17:41:14.329 E/SMD ( 105): DCD OFF
07-06 17:41:17.329 E/SMD ( 105): DCD OFF
07-06 17:41:20.329 E/SMD ( 105): DCD OFF
07-06 17:41:23.339 E/SMD ( 105): DCD OFF
07-06 17:41:26.339 E/SMD ( 105): DCD OFF
07-06 17:41:29.339 E/SMD ( 105): DCD OFF
07-06 17:41:32.229 V/StatusBar.BatteryController( 484): status5batteryHealth 2
07-06 17:41:32.229 D/StatusBar.BatteryController( 484): mOldstatus5status 5
07-06 17:41:32.229 D/StatusBar.BatteryController( 484): now old status is 5
07-06 17:41:32.339 E/SMD ( 105): DCD OFF
07-06 17:41:35.349 E/SMD ( 105): DCD OFF
07-06 17:41:38.349 E/SMD ( 105): DCD OFF
07-06 17:41:41.349 E/SMD ( 105): DCD OFF
07-06 17:41:44.349 E/SMD ( 105): DCD OFF
07-06 17:41:47.349 E/SMD ( 105): DCD OFF
07-06 17:41:48.759 D/Tethering( 277): interfaceLinkStateChanged wlan0, true
07-06 17:41:48.759 D/Tethering( 277): interfaceStatusChanged wlan0, true
07-06 17:41:50.359 E/SMD ( 105): DCD OFF
07-06 17:41:52.269 V/StatusBar.BatteryController( 484): status5batteryHealth 2
07-06 17:41:52.269 D/StatusBar.BatteryController( 484): mOldstatus5status 5
07-06 17:41:52.269 D/StatusBar.BatteryController( 484): now old status is 5
07-06 17:41:53.359 E/SMD ( 105): DCD OFF
07-06 17:41:56.359 E/SMD ( 105): DCD OFF
07-06 17:41:59.359 E/SMD ( 105): DCD OFF
07-06 17:42:02.299 V/StatusBar.BatteryController( 484): status5batteryHealth 2
