07-06 20:48:50.725 D/memalloc(11219): /dev/pmem: Mapped buffer base:0x5128e000 size:6758400 offset:6144000 fd:52
07-06 20:48:50.725 I/ActivityManager( 277): Displayed shortComponentName: +935ms
07-06 20:48:50.735 D/InputTransport( 277): Input channel destroyed: ashmemFd=200, receivePipeFd=256, sendPipeFd=255
07-06 20:48:50.735 D/InputTransport( 277): Input channel destroyed: ashmemFd=201, receivePipeFd=203, sendPipeFd=257
07-06 20:48:50.735 D/PowerManagerService( 277): acquireWakeLock flags=0xa tag=KEEP_SCREEN_ON_FLAG uid=1000 pid=277 myUID=1000 myPID=277 myTID=436
07-06 20:48:50.785 I/Adreno200-EGLSUB( 108): : Android Image
07-06 20:48:50.785 I/Adreno200-EGLSUB( 108): : RGBA_8888
07-06 20:48:50.905 D/memalloc( 277): /dev/pmem: Unmapping buffer base:0x5188a000 size:1187840 offset:573440
07-06 20:48:50.935 D/memalloc( 108): /dev/pmem: Freeing buffer base:0x4168a000 size:614400 offset:573440 fd:33
07-06 20:48:51.005 D/memalloc( 108): /dev/pmem: Allocated buffer base:0x415fe000 size:614400 offset:573440 fd:33
07-06 20:48:51.005 D/memalloc(11219): /dev/pmem: Mapped buffer base:0x51a00000 size:1187840 offset:573440 fd:55
07-06 20:48:51.005 I/Adreno200-EGLSUB( 108): : Android Image
07-06 20:48:51.005 I/Adreno200-EGLSUB( 108): : RGBA_8888
07-06 20:48:52.005 I/Adreno200-EGLSUB( 108): : Android Image
07-06 20:48:52.005 I/Adreno200-EGLSUB( 108): : RGBA_8888
07-06 20:48:53.155 I/GAV2 (11141): Thread[GAThread,5,main]: No campaign data found.
07-06 20:48:53.345 E/SMD ( 105): DCD OFF
07-06 20:48:56.345 E/SMD ( 105): DCD OFF
07-06 20:48:56.595 W/PowerManagerService( 277): Timer 0x3->0x3|0x3
07-06 20:48:59.355 E/SMD ( 105): DCD OFF
07-06 20:49:00.545 D/MtpService(11156): addStorageLocked 65537 /mnt/sdcard
07-06 20:49:00.545 D/MtpService(11156): starting MTP server in MTP mode
07-06 20:49:00.565 D/MtpService(11156): addStorageLocked 65537 /mnt/sdcard
07-06 20:49:01.305 W/SignalStrength( 277): getCdmaLevel=2
07-06 20:49:01.305 W/SignalStrength( 277): getEvdoLevel=0
07-06 20:49:01.305 W/SignalStrength( 277): getCdmaLevel=2
07-06 20:49:01.305 W/SignalStrength( 277): getLevel=2
07-06 20:49:01.305 W/SignalStrength( 484): getCdmaLevel=2
07-06 20:49:01.305 W/SignalStrength( 484): getEvdoLevel=0
07-06 20:49:01.305 W/SignalStrength( 484): getCdmaLevel=2
07-06 20:49:01.305 W/SignalStrength( 484): getLevel=2
07-06 20:49:02.355 E/SMD ( 105): DCD OFF
07-06 20:49:02.415 D/Finsky (11073): [1] 5.onFinished: Installation state replication succeeded.
07-06 20:49:05.355 E/SMD ( 105): DCD OFF
07-06 20:49:08.355 E/SMD ( 105): DCD OFF
07-06 20:49:08.925 D/Tethering( 277): interfaceLinkStateChanged wlan0, true
07-06 20:49:08.925 D/Tethering( 277): interfaceStatusChanged wlan0, true
07-06 20:49:10.645 V/StatusBar.BatteryController( 484): status5batteryHealth 2
07-06 20:49:10.645 D/StatusBar.BatteryController( 484): mOldstatus5status 5
07-06 20:49:10.645 D/StatusBar.BatteryController( 484): now old status is 5
07-06 20:49:11.355 E/SMD ( 105): DCD OFF
07-06 20:49:14.365 E/SMD ( 105): DCD OFF
07-06 20:49:15.305 W/SignalStrength( 277): getCdmaLevel=3
07-06 20:49:15.305 W/SignalStrength( 277): getEvdoLevel=0
07-06 20:49:15.305 W/SignalStrength( 277): getCdmaLevel=3
07-06 20:49:15.305 W/SignalStrength( 277): getLevel=3
07-06 20:49:15.305 W/SignalStrength( 484): getCdmaLevel=3
07-06 20:49:15.305 W/SignalStrength( 484): getEvdoLevel=0
07-06 20:49:15.305 W/SignalStrength( 484): getCdmaLevel=3
07-06 20:49:15.305 W/SignalStrength( 484): getLevel=3
07-06 20:49:17.365 E/SMD ( 105): DCD OFF
07-06 20:49:20.365 E/SMD ( 105): DCD OFF
07-06 20:49:20.665 V/StatusBar.BatteryController( 484): status5batteryHealth 2
07-06 20:49:20.665 D/StatusBar.BatteryController( 484): mOldstatus5status 5
07-06 20:49:20.665 D/StatusBar.BatteryController( 484): now old status is 5
07-06 20:49:23.195 D/Tethering( 277): interfaceLinkStateChanged wlan0, true
07-06 20:49:23.195 D/Tethering( 277): interfaceStatusChanged wlan0, true
07-06 20:49:23.365 E/SMD ( 105): DCD OFF
07-06 20:49:26.375 E/SMD ( 105): DCD OFF
07-06 20:49:28.205 D/Tethering( 277): interfaceLinkStateChanged wlan0, true
07-06 20:49:28.205 D/Tethering( 277): interfaceStatusChanged wlan0, true
07-06 20:49:29.375 E/SMD ( 105): DCD OFF
07-06 20:49:30.685 V/StatusBar.BatteryController( 484): status5batteryHealth 2
07-06 20:49:30.685 D/StatusBar.BatteryController( 484): mOldstatus5status 5
07-06 20:49:30.685 D/StatusBar.BatteryController( 484): now old status is 5
07-06 20:49:32.375 E/SMD ( 105): DCD OFF
07-06 20:49:35.375 E/SMD ( 105): DCD OFF
07-06 20:49:38.375 E/SMD ( 105): DCD OFF
07-06 20:49:41.385 E/SMD ( 105): DCD OFF
07-06 20:49:42.315 W/SignalStrength( 277): getCdmaLevel=2
07-06 20:49:42.315 W/SignalStrength( 277): getEvdoLevel=0
07-06 20:49:42.315 W/SignalStrength( 277): getCdmaLevel=2
07-06 20:49:42.315 W/SignalStrength( 277): getLevel=2
07-06 20:49:42.315 W/SignalStrength( 484): getCdmaLevel=2
07-06 20:49:42.315 W/SignalStrength( 484): getEvdoLevel=0
07-06 20:49:42.315 W/SignalStrength( 484): getCdmaLevel=2
07-06 20:49:42.315 W/SignalStrength( 484): getLevel=2
07-06 20:49:43.315 W/SignalStrength( 277): getCdmaLevel=3
07-06 20:49:43.315 W/SignalStrength( 277): getEvdoLevel=0
07-06 20:49:43.315 W/SignalStrength( 277): getCdmaLevel=3
07-06 20:49:43.315 W/SignalStrength( 277): getLevel=3
07-06 20:49:43.315 W/SignalStrength( 484): getCdmaLevel=3
07-06 20:49:43.315 W/SignalStrength( 484): getEvdoLevel=0
07-06 20:49:43.315 W/SignalStrength( 484): getCdmaLevel=3
07-06 20:49:43.315 W/SignalStrength( 484): getLevel=3
07-06 20:49:44.385 E/SMD ( 105): DCD OFF
07-06 20:49:47.385 E/SMD ( 105): DCD OFF
07-06 20:49:50.385 E/SMD ( 105): DCD OFF
07-06 20:49:50.735 V/StatusBar.BatteryController( 484): status5batteryHealth 2
07-06 20:49:50.735 D/StatusBar.BatteryController( 484): mOldstatus5status 5
07-06 20:49:50.735 D/StatusBar.BatteryController( 484): now old status is 5
07-06 20:49:52.315 W/SignalStrength( 277): getCdmaLevel=2
07-06 20:49:52.315 W/SignalStrength( 277): getEvdoLevel=0
07-06 20:49:52.315 W/SignalStrength( 277): getCdmaLevel=2
07-06 20:49:52.315 W/SignalStrength( 277): getLevel=2
07-06 20:49:52.325 W/SignalStrength( 484): getCdmaLevel=2
07-06 20:49:52.325 W/SignalStrength( 484): getEvdoLevel=0
07-06 20:49:52.325 W/SignalStrength( 484): getCdmaLevel=2
07-06 20:49:52.325 W/SignalStrength( 484): getLevel=2
07-06 20:49:52.715 D/Tethering( 277): interfaceLinkStateChanged wlan0, true
07-06 20:49:52.715 D/Tethering( 277): interfaceStatusChanged wlan0, true
07-06 20:49:53.315 W/SignalStrength( 277): getCdmaLevel=3
07-06 20:49:53.315 W/SignalStrength( 277): getEvdoLevel=0
07-06 20:49:53.315 W/SignalStrength( 277): getCdmaLevel=3
07-06 20:49:53.315 W/SignalStrength( 277): getLevel=3
07-06 20:49:53.325 W/SignalStrength( 484): getCdmaLevel=3
07-06 20:49:53.325 W/SignalStrength( 484): getEvdoLevel=0
07-06 20:49:53.325 W/SignalStrength( 484): getCdmaLevel=3
07-06 20:49:53.325 W/SignalStrength( 484): getLevel=3
07-06 20:49:53.395 E/SMD ( 105): DCD OFF
07-06 20:49:56.395 E/SMD ( 105): DCD OFF
07-06 20:49:57.725 D/Tethering( 277): interfaceLinkStateChanged wlan0, true
07-06 20:49:57.725 D/Tethering( 277): interfaceStatusChanged wlan0, true
07-06 20:49:59.325 W/SignalStrength( 277): getCdmaLevel=2
07-06 20:49:59.325 W/SignalStrength( 277): getEvdoLevel=0
07-06 20:49:59.325 W/SignalStrength( 277): getCdmaLevel=2
07-06 20:49:59.325 W/SignalStrength( 277): getLevel=2
07-06 20:49:59.325 W/SignalStrength( 484): getCdmaLevel=2
07-06 20:49:59.325 W/SignalStrength( 484): getEvdoLevel=0
07-06 20:49:59.325 W/SignalStrength( 484): getCdmaLevel=2
07-06 20:49:59.325 W/SignalStrength( 484): getLevel=2
07-06 20:49:59.395 E/SMD ( 105): DCD OFF
07-06 20:50:00.755 V/StatusBar.BatteryController( 484): status5batteryHealth 2
07-06 20:50:00.755 D/StatusBar.BatteryController( 484): mOldstatus5status 5
07-06 20:50:00.755 D/StatusBar.BatteryController( 484): now old status is 5
07-06 20:50:02.395 E/SMD ( 105): DCD OFF
07-06 20:50:05.405 E/SMD ( 105): DCD OFF
07-06 20:50:08.405 E/SMD ( 105): DCD OFF
07-06 20:50:11.405 E/SMD ( 105): DCD OFF
07-06 20:50:14.405 E/SMD ( 105): DCD OFF
07-06 20:50:17.405 E/SMD ( 105): DCD OFF
07-06 20:50:19.325 W/SignalStrength( 277): getCdmaLevel=3
07-06 20:50:19.325 W/SignalStrength( 277): getEvdoLevel=0
07-06 20:50:19.325 W/SignalStrength( 277): getCdmaLevel=3
07-06 20:50:19.325 W/SignalStrength( 277): getLevel=3
07-06 20:50:19.335 W/SignalStrength( 484): getCdmaLevel=3
07-06 20:50:19.335 W/SignalStrength( 484): getEvdoLevel=0
07-06 20:50:19.335 W/SignalStrength( 484): getCdmaLevel=3
07-06 20:50:19.335 W/SignalStrength( 484): getLevel=3
07-06 20:50:20.415 E/SMD ( 105): DCD OFF
07-06 20:50:23.415 E/SMD ( 105): DCD OFF
07-06 20:50:26.415 E/SMD ( 105): DCD OFF
07-06 20:50:28.615 D/GCM ( 590): Ignoring attempt to send heartbeat on dead connection.
07-06 20:50:29.415 E/SMD ( 105): DCD OFF
07-06 20:50:30.965 D/SensorManager( 754): registerListener :: handle = 0 name= BOSCH 3-axis Accelerometer delay= 10000 Listener= kvo@41463aa8
07-06 20:50:30.965 E/SensorManager( 754): thread start
07-06 20:50:30.965 E/SensorManager( 754): =======>>>Sensor Thread RUNNING <<<========
07-06 20:50:31.665 I/SensorManager( 754): Set normal delay = true
07-06 20:50:31.745 D/SensorManager( 754): unregisterListener:: disable all sensors for this listener, name = BOSCH 3-axis Accelerometer listener = kvo@41463aa8
07-06 20:50:32.415 E/SMD ( 105): DCD OFF
07-06 20:50:33.645 D/Tethering( 277): interfaceLinkStateChanged wlan0, true
07-06 20:50:33.645 D/Tethering( 277): interfaceStatusChanged wlan0, true
07-06 20:50:35.425 E/SMD ( 105): DCD OFF
07-06 20:50:37.175 E/DataRouter( 103): After the usb select
07-06 20:50:37.175 E/DataRouter( 103): read length is zero
07-06 20:50:37.175 E/DataRouter( 103): dr_usb_deinit
07-06 20:50:37.175 E/DataRouter( 103): dr_usb_init
07-06 20:50:37.175 E/DataRouter( 103): USB Interface is open with 0xa
07-06 20:50:37.175 E/DataRouter( 103): USB interface is now configured for usb_fd = 0xa
07-06 20:50:37.175 E/DataRouter( 103): pcsyncreset
07-06 20:50:37.185 E/DTT ( 106): [DR->DTT]Received data notification
07-06 20:50:37.185 E/SMD ( 105): ***Received data notification[DR->SMD]***
07-06 20:50:37.185 E/SMD ( 105): Path set is DATA_PATH_DR_SMD_MANAGER
07-06 20:50:37.185 E/SMD ( 105): Message:
07-06 20:50:37.185 E/SMD ( 105): Sending data to SMD: Len = [3]
07-06 20:50:37.185 E/SMD ( 105): buffer = []
07-06 20:50:37.185 E/SMD ( 105): Wrote 3 chars to SMD PORT fd=7 ch = 81
07-06 20:50:37.335 D/BatteryService( 277): CHARGER :: mBatteryStatus = 3
07-06 20:50:37.345 V/UsbDeviceManager( 277): USB UEVENT: {USB_STATE=DISCONNECTED, SUBSYSTEM=android_usb, DEVPATH=/devices/virtual/android_usb/android0, SEQNUM=5062, ACTION=change}
07-06 20:50:37.395 I/ActivityManager( 277): Start proc app.processName for broadcast hostingNameStr: pid=11262 uid=10012 gids={1006, 3003, 1015, 1023}
07-06 20:50:37.395 D/UsbDeviceManager( 277): handleMessage -> MSG_UPDATE_STATE connected = 0,configured = 0
07-06 20:50:37.395 D/UsbDeviceManager( 277): updateUsbNotification mConnected = false, mConnected = false, mCurrentFunctions = mtp,adb, mUsbNotificationId = 17040450
07-06 20:50:37.655 D/UsbDeviceManager( 277): updateAdbNotification : mAdbEnabled = true, mConnected = false, mAdbNotificationShown = false
07-06 20:50:37.655 D/UsbDeviceManager( 277): sending intent : ACTION_USB_STATE : connected = false, configured = false, functions = mtp,adb
07-06 20:50:37.915 W/dalvikvm(11262): VFY: unable to resolve static method 1547: Landroid/provider/Settings$Global;.getInt (Landroid/content/ContentResolver;Ljava/lang/String;I)I
07-06 20:50:37.955 I/ActivityThread(11262): Pub com.android.chrome.AutofillDataProvider: com.google.android.apps.chrome.autofill.AutofillDataProvider
07-06 20:50:37.955 I/ActivityThread(11262): Pub com.android.chrome.icing: com.google.android.apps.chrome.icing.IcingProvider
07-06 20:50:37.975 I/ActivityThread(11262): Pub com.android.chrome.snapshot: com.google.android.apps.chrome.snapshot.SnapshotProvider
07-06 20:50:37.975 I/ActivityThread(11262): Pub com.android.chrome.ChromeBrowserProvider;com.android.chrome.browser;com.android.chrome: com.google.android.apps.chrome.ChromeBrowserProvider
07-06 20:50:38.005 W/dalvikvm(11262): VFY: unable to resolve static method 1210: Landroid/os/Binder;.getCallingUserHandle ()Landroid/os/UserHandle;
07-06 20:50:38.425 E/SMD ( 105): DCD OFF
07-06 20:50:38.715 D/Tethering( 277): interfaceLinkStateChanged wlan0, true
07-06 20:50:38.715 D/Tethering( 277): interfaceStatusChanged wlan0, true
07-06 20:50:39.195 E/DataRouter( 103): init_cur_sock
07-06 20:50:39.195 E/DataRouter( 103): dr_usb_deinit
07-06 20:50:39.195 E/DataRouter( 103): Initialise USB and start the thread
07-06 20:50:39.195 E/DataRouter( 103): dr_usb_init
07-06 20:50:39.195 E/DataRouter( 103): USB Interface is open with 0xa
07-06 20:50:39.195 E/DataRouter( 103): USB interface is now configured for usb_fd = 0xa
07-06 20:50:39.195 E/DataRouter( 103): THREAD LAUNCH
07-06 20:50:39.195 E/DataRouter( 103): monitor_data_of_usb
07-06 20:50:39.195 E/DataRouter( 103): USB monitor thread launched, usb_fd= 0xa
07-06 20:50:39.195 E/DataRouter( 103): init_cur_sock
07-06 20:50:39.195 E/DataRouter( 103): Before the usb select
07-06 20:50:40.345 W/SignalStrength( 277): getCdmaLevel=2
07-06 20:50:40.345 W/SignalStrength( 277): getEvdoLevel=0
07-06 20:50:40.345 W/SignalStrength( 277): getCdmaLevel=2
07-06 20:50:40.345 W/SignalStrength( 277): getLevel=2
07-06 20:50:40.345 W/SignalStrength( 484): getCdmaLevel=2
07-06 20:50:40.345 W/SignalStrength( 484): getEvdoLevel=0
07-06 20:50:40.345 W/SignalStrength( 484): getCdmaLevel=2
07-06 20:50:40.345 W/SignalStrength( 484): getLevel=2
07-06 20:50:43.345 W/PowerManagerService( 277): Timer 0x3->0x3|0x3
07-06 20:50:56.345 W/SignalStrength( 277): getCdmaLevel=3
07-06 20:50:56.345 W/SignalStrength( 277): getEvdoLevel=0
07-06 20:50:56.345 W/SignalStrength( 277): getCdmaLevel=3
07-06 20:50:56.345 W/SignalStrength( 277): getLevel=3
07-06 20:50:56.355 W/SignalStrength( 484): getCdmaLevel=3
07-06 20:50:56.355 W/SignalStrength( 484): getEvdoLevel=0
07-06 20:50:56.355 W/SignalStrength( 484): getCdmaLevel=3
07-06 20:50:56.355 W/SignalStrength( 484): getLevel=3
07-06 20:51:03.355 W/SignalStrength( 277): getCdmaLevel=2
07-06 20:51:03.355 W/SignalStrength( 277): getEvdoLevel=0
07-06 20:51:03.355 W/SignalStrength( 277): getCdmaLevel=2
07-06 20:51:03.355 W/SignalStrength( 277): getLevel=2
07-06 20:51:03.355 W/SignalStrength( 484): getCdmaLevel=2
07-06 20:51:03.355 W/SignalStrength( 484): getEvdoLevel=0
07-06 20:51:03.355 W/SignalStrength( 484): getCdmaLevel=2
07-06 20:51:03.355 W/SignalStrength( 484): getLevel=2
07-06 20:51:05.355 W/SignalStrength( 277): getCdmaLevel=3
07-06 20:51:05.355 W/SignalStrength( 277): getEvdoLevel=0
07-06 20:51:05.355 W/SignalStrength( 277): getCdmaLevel=3
07-06 20:51:05.355 W/SignalStrength( 277): getLevel=3
07-06 20:51:05.355 W/SignalStrength( 484): getCdmaLevel=3
07-06 20:51:05.355 W/SignalStrength( 484): getEvdoLevel=0
07-06 20:51:05.355 W/SignalStrength( 484): getCdmaLevel=3
07-06 20:51:05.355 W/SignalStrength( 484): getLevel=3
07-06 15:51:32.129 W/SignalStrength( 277): getCdmaLevel=3
07-06 15:51:32.129 W/SignalStrength( 277): getEvdoLevel=0
07-06 15:51:32.129 W/SignalStrength( 277): getCdmaLevel=3
07-06 15:51:32.129 W/SignalStrength( 277): getLevel=3
07-06 15:51:32.129 W/SignalStrength( 484): getCdmaLevel=3
07-06 15:51:32.129 W/SignalStrength( 484): getEvdoLevel=0
07-06 15:51:32.129 W/SignalStrength( 484): getCdmaLevel=3
07-06 15:51:32.129 W/SignalStrength( 484): getLevel=3
07-06 15:51:37.129 W/SignalStrength( 277): getCdmaLevel=2
07-06 15:51:37.129 W/SignalStrength( 277): getEvdoLevel=0
07-06 15:51:37.129 W/SignalStrength( 277): getCdmaLevel=2
07-06 15:51:37.129 W/SignalStrength( 277): getLevel=2
07-06 15:51:37.139 W/SignalStrength( 484): getCdmaLevel=2
07-06 15:51:37.139 W/SignalStrength( 484): getEvdoLevel=0
07-06 15:51:37.139 W/SignalStrength( 484): getCdmaLevel=2
07-06 15:51:37.139 W/SignalStrength( 484): getLevel=2
07-06 15:51:51.129 W/SignalStrength( 277): getCdmaLevel=3
07-06 15:51:51.129 W/SignalStrength( 277): getEvdoLevel=0
07-06 15:51:51.129 W/SignalStrength( 277): getCdmaLevel=3
07-06 15:51:51.129 W/SignalStrength( 277): getLevel=3
07-06 15:51:51.139 W/SignalStrength( 484): getCdmaLevel=3
07-06 15:51:51.139 W/SignalStrength( 484): getEvdoLevel=0
07-06 15:51:51.139 W/SignalStrength( 484): getCdmaLevel=3
07-06 15:51:51.139 W/SignalStrength( 484): getLevel=3
07-06 15:51:59.139 W/SignalStrength( 277): getCdmaLevel=2
07-06 15:51:59.139 W/SignalStrength( 277): getEvdoLevel=0
07-06 15:51:59.139 W/SignalStrength( 277): getCdmaLevel=2
07-06 15:51:59.139 W/SignalStrength( 277): getLevel=2
07-06 15:51:59.139 W/SignalStrength( 484): getCdmaLevel=2
07-06 15:51:59.139 W/SignalStrength( 484): getEvdoLevel=0
07-06 15:51:59.139 W/SignalStrength( 484): getCdmaLevel=2
07-06 15:51:59.139 W/SignalStrength( 484): getLevel=2
07-06 15:52:04.139 W/SignalStrength( 277): getCdmaLevel=1
07-06 15:52:04.139 W/SignalStrength( 277): getEvdoLevel=0
07-06 15:52:04.139 W/SignalStrength( 277): getCdmaLevel=1
07-06 15:52:04.139 W/SignalStrength( 277): getLevel=1
07-06 15:52:04.149 W/SignalStrength( 484): getCdmaLevel=1
07-06 15:52:04.149 W/SignalStrength( 484): getEvdoLevel=0
07-06 15:52:04.149 W/SignalStrength( 484): getCdmaLevel=1
07-06 15:52:04.149 W/SignalStrength( 484): getLevel=1
07-06 15:52:05.139 W/SignalStrength( 277): getCdmaLevel=2
07-06 15:52:05.139 W/SignalStrength( 277): getEvdoLevel=0
07-06 15:52:05.139 W/SignalStrength( 277): getCdmaLevel=2
07-06 15:52:05.139 W/SignalStrength( 277): getLevel=2
07-06 15:52:05.139 W/SignalStrength( 484): getCdmaLevel=2
07-06 15:52:05.139 W/SignalStrength( 484): getEvdoLevel=0
07-06 15:52:05.139 W/SignalStrength( 484): getCdmaLevel=2
07-06 15:52:05.139 W/SignalStrength( 484): getLevel=2
07-06 15:52:08.889 D/AudioService( 277): getStreamVolume(5)
07-06 15:52:08.919 V/MediaPlayer( 277): constructor
07-06 15:52:08.989 V/MediaPlayer( 277): setListener
07-06 15:52:08.989 V/MediaPlayer( 277): MediaPlayer::setAudioStreamType
07-06 15:52:08.989 E/MediaPlayer( 277): Uri is system/media/audio/ui/Charger_Connection.ogg
07-06 15:52:08.989 V/MediaPlayer( 277): setDataSource()
07-06 15:52:08.989 V/MediaPlayerService( 111): Client(7) constructor
07-06 15:52:08.989 V/MediaPlayerService( 111): Create new client(7) from pid 277, uid 1000,
07-06 15:52:08.989 V/MediaPlayerService( 111): setDataSource()
07-06 15:52:08.989 V/MediaPlayerService( 111): player type = 3
07-06 15:52:08.989 V/MediaPlayerService( 111): create StagefrightPlayer
07-06 15:52:08.989 V/AudioSink( 111): AudioOutput(11)
07-06 15:52:08.989 V/MediaPlayerService( 111): setDataSource
07-06 15:52:08.989 V/MediaPlayer( 277): MediaPlayer::setLooping
07-06 15:52:08.989 V/MediaPlayerService( 111): [7] setLooping(0)
07-06 15:52:08.989 V/MediaPlayer( 277): setVideoSurfaceTexture
07-06 15:52:08.989 V/MediaPlayerService( 111): [7] setVideoSurfaceTexture(0x0)
07-06 15:52:08.989 V/MediaPlayer( 277): prepare
07-06 15:52:08.989 V/MediaPlayerService( 111): [7] setAudioStreamType(5)
07-06 15:52:08.989 V/MediaPlayerService( 111): [7] prepareAsync
07-06 15:52:09.009 V/AwesomePlayer( 111): track of type 'audio/vorbis' does not publish bitrate
07-06 15:52:09.009 V/AwesomePlayer( 111): mBitrate = -1 bits/sec
07-06 15:52:09.009 E/OMXCodec( 111): Attempting to allocate OMX node
07-06 15:52:09.009 E/OMXCodec( 111): Successfully allocated OMX node
07-06 15:52:09.019 V/MediaPlayerService( 111): [7] notify (0xddb1d0, 5, 0, 0)
07-06 15:52:09.019 V/MediaPlayerService( 111): [7] notify (0xddb1d0, 1, 0, 0)
07-06 15:52:09.019 V/MediaPlayer( 277): message received msg=5, ext1=0, ext2=0
07-06 15:52:09.019 V/MediaPlayer( 277): callback application
07-06 15:52:09.019 V/MediaPlayer( 277): back from callback
07-06 15:52:09.019 V/MediaPlayer( 277): message received msg=1, ext1=0, ext2=0
07-06 15:52:09.019 V/MediaPlayer( 277): prepared
07-06 15:52:09.019 V/MediaPlayer( 277): signal application thread
07-06 15:52:09.019 V/MediaPlayer( 277): callback application
07-06 15:52:09.019 V/MediaPlayer( 277): back from callback
07-06 15:52:09.019 V/MediaPlayer( 277): prepare complete - status=0
07-06 15:52:09.019 I/AudioService( 277): AudioFocus requestAudioFocus() from android.media.AudioManager$4167d718
07-06 15:52:09.019 V/MediaPlayer( 277): getDuration
07-06 15:52:09.019 V/MediaPlayerService( 111): getDuration
07-06 15:52:09.019 V/MediaPlayerService( 111): [7] getDuration = 558
07-06 15:52:09.019 D/MediaPlayer( 277): start() mUri is system/media/audio/ui/Charger_Connection.ogg
07-06 15:52:09.019 V/MediaPlayer( 277): getVideoWidth
07-06 15:52:09.019 V/MediaPlayer( 277): getVideoHeight
07-06 15:52:09.019 D/MediaPlayer( 277): Updating Battery SYSFS to true from start() for Music
07-06 15:52:09.019 V/MediaPlayer( 277): start
07-06 15:52:09.019 V/MediaPlayerService( 111): [7] setLooping(0)
07-06 15:52:09.019 V/MediaPlayerService( 111): [7] setVolume(1.000000, 1.000000)
07-06 15:52:09.019 V/AudioSink( 111): setVolume(1.000000, 1.000000)
07-06 15:52:09.019 V/MediaPlayerService( 111): [7] setAuxEffectSendLevel(0.000000)
07-06 15:52:09.019 V/AudioSink( 111): setAuxEffectSendLevel(0.000000)
07-06 15:52:09.019 V/MediaPlayerService( 111): [7] start
07-06 15:52:09.019 V/MediaPlayerService( 111): pausedClient = 0
07-06 15:52:09.019 V/MediaPlayerService( 111): incrementing started clients
07-06 15:52:09.019 V/MediaPlayerService( 111): numofclients = 1
07-06 15:52:09.029 V/AudioSink( 111): open(44100, 1, 1, 4, 11)
07-06 15:52:09.029 V/AudioSystem( 111): getOutput() read 1 from cache for stream 5
07-06 15:52:09.029 V/AudioSystem( 111): getOutputFrameCount() streamType 5, output 1, frameCount 1200
07-06 15:52:09.029 V/AudioSystem( 111): getOutput() read 1 from cache for stream 5
07-06 15:52:09.029 V/AudioSystem( 111): getOutputSamplingRate() reading from output desc
07-06 15:52:09.029 V/AudioSystem( 111): getOutputSamplingRate() streamType 5, output 1, sampling rate 44100
07-06 15:52:09.029 V/AudioSystem( 111): getOutput() read 1 from cache for stream 5
07-06 15:52:09.029 V/AudioSystem( 111): getOutputSamplingRate() reading from output desc
07-06 15:52:09.029 V/AudioSystem( 111): getOutputSamplingRate() streamType 5, output 1, sampling rate 44100
07-06 15:52:09.029 V/AudioSystem( 111): getOutput() read 1 from cache for stream 5
07-06 15:52:09.029 V/AudioSystem( 111): getOutputLatency() streamType 5, output 1, latency 36
07-06 15:52:09.029 V/AudioSystem( 111): getOutput() read 1 from cache for stream 5
07-06 15:52:09.029 V/AudioSystem( 111): getOutput() read 1 from cache for stream 5
07-06 15:52:09.029 V/AudioSystem( 111): getOutputSamplingRate() reading from output desc
07-06 15:52:09.029 V/AudioSystem( 111): getOutputSamplingRate() streamType 5, output 1, sampling rate 44100
07-06 15:52:09.029 V/AudioSystem( 111): getOutput() read 1 from cache for stream 5
07-06 15:52:09.029 V/AudioSystem( 111): getOutputFrameCount() streamType 5, output 1, frameCount 1200
07-06 15:52:09.029 V/AudioSystem( 111): getOutput() read 1 from cache for stream 5
07-06 15:52:09.029 V/AudioSystem( 111): getOutputLatency() streamType 5, output 1, latency 36
07-06 15:52:09.029 V/AudioSink( 111): setVolume
07-06 15:52:09.029 V/AudioSink( 111): start
07-06 15:52:09.029 V/AudioPolicyManagerBase( 111): startOutput() output 1, stream 5, session 11
07-06 15:52:09.029 V/AudioPolicyManagerBase( 111): getDeviceForStrategy() from cache strategy 2, device 2
07-06 15:52:09.029 V/AudioPolicyManagerBase( 111): changeRefCount() stream 5, count 1
07-06 15:52:09.029 V/AudioPolicyManagerBase( 111): getDeviceForStrategy() from cache strategy 2, device 2
07-06 15:52:09.029 V/AudioPolicyManagerBase( 111): getNewDevice() selected device 2
07-06 15:52:09.029 V/AudioPolicyManager7x27a( 111): setOutputDevice() output 1 device 2 delayMs 0 force 0
07-06 15:52:09.029 V/AudioPolicyManager7x27a( 111): setOutputDevice output :0x1 mCurDevice:0x2
07-06 15:52:09.029 V/AudioPolicyManager7x27a( 111): setOutputDevice() setting same device 2 or null device for output 1
07-06 15:52:09.029 V/AwesomePlayer( 111): addBatteryData
07-06 15:52:09.029 V/MediaPlayer( 277): Number of Clients: 1
07-06 15:52:09.029 D/MediaPlayer( 277): Number of Clients updated = 1
07-06 15:52:09.029 V/MediaPlayer( 277): setListener
07-06 15:52:09.029 V/MediaPlayer( 277): disconnect
07-06 15:52:09.029 V/MediaPlayerService( 111): disconnect(6) from pid 277
07-06 15:52:09.029 V/AudioSink( 111): stop
07-06 15:52:09.029 V/AudioSink( 111): close
07-06 15:52:09.029 V/AudioPolicyManagerBase( 111): releaseOutput() 1
07-06 15:52:09.029 V/MediaPlayer( 277): destructor
07-06 15:52:09.029 V/MediaPlayerService( 111): Client(6) destructor pid = 277
07-06 15:52:09.029 V/AudioSink( 111): close
07-06 15:52:09.029 V/MediaPlayerService( 111): disconnect(6) from pid 277
07-06 15:52:09.029 V/MediaPlayerService( 111): pausedClient = 0
07-06 15:52:09.029 V/MediaPlayerService( 111): startedClient = 0
07-06 15:52:09.029 V/MediaPlayer( 277): disconnect
07-06 15:52:09.029 E/MediaPlayer( 277): mOnVideoSizeChangedListener is null. Failed to send MEDIA_SET_VIDEO_SIZE message.
07-06 15:52:09.029 E/MediaPlayer( 277): mOnPreparedListener is null. Failed to send MEDIA_PREPARED message.
07-06 15:52:09.839 V/MediaPlayerService( 111): [7] notify (0xddb1d0, 2, 0, 0)
07-06 15:52:09.839 V/MediaPlayerService( 111): Playback complete!
07-06 15:52:09.839 V/MediaPlayerService( 111): decrementing started clients
07-06 15:52:09.839 V/MediaPlayerService( 111): numofclients = 0
07-06 15:52:09.839 V/AudioSink( 111): stop
07-06 15:52:09.839 V/MediaPlayer( 277): message received msg=2, ext1=0, ext2=0
07-06 15:52:09.839 V/MediaPlayer( 277): playback complete
07-06 15:52:09.839 V/MediaPlayer( 277): callback application
07-06 15:52:09.839 V/MediaPlayer( 277): back from callback
07-06 15:52:09.839 I/MediaPlayer( 277): mOnCompletionListener. Send MEDIA_PLAYBACK_COMPLETE message.
07-06 15:52:09.839 V/AudioPolicyManagerBase( 111): stopOutput() output 1, stream 5, session 11
07-06 15:52:09.839 V/AudioPolicyManagerBase( 111): changeRefCount() stream 5, count 0
07-06 15:52:09.839 V/AudioPolicyManagerBase( 111): getNewDevice() selected device 0
07-06 15:52:09.839 V/AudioPolicyManager7x27a( 111): setOutputDevice() output 1 device 0 delayMs 72 force 0
07-06 15:52:09.839 V/AudioPolicyManager7x27a( 111): setOutputDevice() setting same device 0 or null device for output 1
07-06 15:52:09.839 V/MediaPlayer( 277): Number of Clients: 0
07-06 15:52:09.839 D/MediaPlayer( 277): Number of Clients updated = 0
07-06 15:52:09.839 D/MediaPlayer( 277): Updating Battery SYSFS to false from playbackcomplete() for Music
07-06 15:52:09.839 V/AwesomePlayer( 111): addBatteryData
07-06 15:52:09.839 I/AudioService( 277): AudioFocus abandonAudioFocus() from android.media.AudioManager$4167d718
07-06 15:52:12.949 V/AudioFlinger( 111): Audio hardware entering standby, mixer 0xd9f428, mSuspended 0
07-06 15:53:28.679 D/SensorManager( 754): registerListener :: handle = 0 name= BOSCH 3-axis Accelerometer delay= 10000 Listener= kvo@41229f60
07-06 15:53:28.679 E/SensorManager( 754): thread start
07-06 15:53:28.679 E/SensorManager( 754): =======>>>Sensor Thread RUNNING <<<========
07-06 15:53:29.379 I/SensorManager( 754): Set normal delay = true
07-06 15:53:29.459 D/SensorManager( 754): unregisterListener:: disable all sensors for this listener, name = BOSCH 3-axis Accelerometer listener = kvo@41229f60
07-06 15:54:56.199 W/SignalStrength( 277): getCdmaLevel=2
07-06 15:54:56.199 W/SignalStrength( 277): getEvdoLevel=0
07-06 15:54:56.199 W/SignalStrength( 277): getCdmaLevel=2
07-06 15:54:56.199 W/SignalStrength( 277): getLevel=2
07-06 15:54:56.209 W/SignalStrength( 484): getCdmaLevel=2
07-06 15:54:56.209 W/SignalStrength( 484): getEvdoLevel=0
07-06 15:54:56.209 W/SignalStrength( 484): getCdmaLevel=2
07-06 15:54:56.209 W/SignalStrength( 484): getLevel=2
07-06 15:56:18.229 W/SignalStrength( 277): getCdmaLevel=2
07-06 15:56:18.229 W/SignalStrength( 277): getEvdoLevel=0
07-06 15:56:18.229 W/SignalStrength( 277): getCdmaLevel=2
07-06 15:56:18.229 W/SignalStrength( 277): getLevel=2
07-06 15:56:18.229 W/SignalStrength( 484): getCdmaLevel=2
07-06 15:56:18.229 W/SignalStrength( 484): getEvdoLevel=0
07-06 15:56:18.229 W/SignalStrength( 484): getCdmaLevel=2
07-06 15:56:18.229 W/SignalStrength( 484): getLevel=2
07-06 15:56:27.639 D/SensorManager( 754): registerListener :: handle = 0 name= BOSCH 3-axis Accelerometer delay= 10000 Listener= kvo@41427460
07-06 15:56:27.639 E/SensorManager( 754): thread start
07-06 15:56:27.639 E/SensorManager( 754): =======>>>Sensor Thread RUNNING <<<========
07-06 15:56:28.329 I/SensorManager( 754): Set normal delay = true
07-06 15:56:28.409 D/SensorManager( 754): unregisterListener:: disable all sensors for this listener, name = BOSCH 3-axis Accelerometer listener = kvo@41427460
07-06 15:56:48.269 E/WifiStateMachine( 277): set suspend optimizations failed!
07-06 15:56:48.309 D/Tethering( 277): interfaceLinkStateChanged wlan0, true
07-06 15:56:48.309 D/Tethering( 277): interfaceStatusChanged wlan0, true
07-06 15:56:48.309 D/Tethering( 277): interfaceLinkStateChanged wlan0, true
07-06 15:56:48.309 D/Tethering( 277): interfaceStatusChanged wlan0, true
07-06 15:56:48.309 D/Tethering( 277): interfaceLinkStateChanged wlan0, true
07-06 15:56:48.309 D/Tethering( 277): interfaceStatusChanged wlan0, true
07-06 15:56:48.309 D/Tethering( 277): interfaceLinkStateChanged wlan0, true
07-06 15:56:48.309 D/Tethering( 277): interfaceStatusChanged wlan0, true
07-06 15:56:48.319 D/Tethering( 277): interfaceLinkStateChanged wlan0, true
07-06 15:56:48.319 D/Tethering( 277): interfaceStatusChanged wlan0, true
07-06 15:56:48.329 I/wpa_supplicant( 1023): Associated with 00.D3.8E
07-06 15:56:48.329 I/wpa_supplicant( 1023): CTRL-EVENT-CONNECTED - Connection to 00.D3.8E completed (reauth) [id=0 id_str=]
07-06 15:56:48.329 D/Tethering( 277): interfaceLinkStateChanged wlan0, true
07-06 15:56:48.329 D/Tethering( 277): interfaceStatusChanged wlan0, true
07-06 15:56:51.909 E/WifiStateMachine( 277): set suspend optimizations failed!
07-06 15:56:58.299 D/Tethering( 277): interfaceLinkStateChanged wlan0, true
07-06 15:56:58.299 D/Tethering( 277): interfaceStatusChanged wlan0, true
07-06 15:57:04.459 D/Tethering( 277): interfaceLinkStateChanged wlan0, true
07-06 15:57:04.459 D/Tethering( 277): interfaceStatusChanged wlan0, true
07-06 15:59:32.799 E/WifiStateMachine( 277): set suspend optimizations failed!
07-06 15:59:32.849 D/SensorManager( 754): registerListener :: handle = 0 name= BOSCH 3-axis Accelerometer delay= 10000 Listener= kvo@413bd610
07-06 15:59:32.849 E/SensorManager( 754): thread start
07-06 15:59:32.849 E/SensorManager( 754): =======>>>Sensor Thread RUNNING <<<========
07-06 15:59:33.529 D/Tethering( 277): interfaceLinkStateChanged wlan0, true
07-06 15:59:33.529 D/Tethering( 277): interfaceStatusChanged wlan0, true
07-06 15:59:33.529 D/Tethering( 277): interfaceLinkStateChanged wlan0, true
07-06 15:59:33.529 D/Tethering( 277): interfaceStatusChanged wlan0, true
07-06 15:59:33.579 E/WifiStateMachine( 277): set suspend optimizations failed!
07-06 15:59:33.679 I/SensorManager( 754): Set normal delay = true
07-06 15:59:33.719 I/GCoreUlr( 754): Successfully inserted location
07-06 15:59:33.769 D/SensorManager( 754): unregisterListener:: disable all sensors for this listener, name = BOSCH 3-axis Accelerometer listener = kvo@413bd610
07-06 15:59:33.809 I/GCoreUlr( 754): Received powerMode change from NLP: com.google.android.location.activity.LOW_POWER_MODE_ENABLED
07-06 15:59:33.809 I/GCoreUlr( 754): Starting service, intent=Intent { act=com.google.android.location.reporting.ACTION_UPDATE_ACTIVE_STATE cmp=xxxx }, extras=null
07-06 15:59:33.879 I/GCoreUlr( 754): Starting service, intent=Intent { cmp=xxxx }, extras=null
07-06 15:59:33.899 I/wpa_supplicant( 1023): Associated with 00.D3.8E
07-06 15:59:33.899 I/wpa_supplicant( 1023): CTRL-EVENT-CONNECTED - Connection to 00.D3.8E completed (reauth) [id=0 id_str=]
07-06 15:59:33.899 D/Tethering( 277): interfaceLinkStateChanged wlan0, true
07-06 15:59:33.899 D/Tethering( 277): interfaceStatusChanged wlan0, true
07-06 15:59:33.909 D/Tethering( 277): interfaceLinkStateChanged wlan0, true
07-06 15:59:33.909 D/Tethering( 277): interfaceStatusChanged wlan0, true
07-06 15:59:33.909 D/Tethering( 277): interfaceLinkStateChanged wlan0, true
07-06 15:59:33.909 D/Tethering( 277): interfaceStatusChanged wlan0, true
07-06 15:59:33.909 D/Tethering( 277): interfaceLinkStateChanged wlan0, true
07-06 15:59:33.909 D/Tethering( 277): interfaceStatusChanged wlan0, true
07-06 15:59:33.909 D/Tethering( 277): interfaceLinkStateChanged wlan0, true
07-06 15:59:33.909 D/Tethering( 277): interfaceStatusChanged wlan0, true
07-06 15:59:33.909 D/Tethering( 277): interfaceLinkStateChanged wlan0, true
07-06 15:59:33.909 D/Tethering( 277): interfaceStatusChanged wlan0, true
07-06 15:59:34.169 I/GCoreUlr( 754): Ensuring that reporting is active for [account#15#]
07-06 15:59:34.269 W/GLSUser ( 590): GoogleAccountDataService.getToken()
07-06 15:59:34.319 I/GCoreUlr( 754): Starting service, intent=Intent { act=com.google.android.location.reporting.ACTION_LOCATION_STATUS cmp=xxxx (has extras) }, extras=Bundle[{status=LocationStatus[cell status: STATUS_SUCCESSFUL, wifi status: STATUS_INVALID_SCAN, elapsed realtime ns: 237188000000]}]
07-06 15:59:34.349 W/NetworkManagementSocketTagger( 754): untagSocket(57) failed with errno -22
07-06 15:59:34.359 I/mbi ( 754): I/O exception (org.apache.http.NoHttpResponseException) caught when processing request: The target server failed to respond
07-06 15:59:34.359 I/mbi ( 754): Retrying request
07-06 15:59:35.549 W/mbi ( 754): Authentication error: Unable to respond to any of these challenges: {bearer=WWW-Authenticate: Bearer realm="https://accounts.google.com/AuthSubRequest", error=invalid_token}
07-06 15:59:35.559 E/Volley ( 754): [79] tm.a: Unexpected response code 401 for https://www.googleapis.com/userlocation/v1/reports/902092423?nlpVersion=2010&platform=android%2Fsamsung%2Famazing3gtrf%2Famazing3gtrf%3A4.0.4%2FIMM76D%2FS738CWYAMJ1%3Auser%2Frelease-keys
07-06 15:59:35.729 W/GLSUser ( 590): GoogleAccountDataService.getToken()
07-06 15:59:36.159 W/GLSUser ( 590): [avd][avd] Permission for com.google.android.gms to access oauth2:https://www.googleapis.com/auth/userlocation.reporting will be managed locally.
07-06 15:59:36.439 W/NetworkManagementSocketTagger( 754): untagSocket(73) failed with errno -22
07-06 15:59:36.489 I/GCoreUlr( 754): Starting service, intent=Intent { act=com.google.android.location.reporting.ACTION_UPDATE_ACTIVE_STATE cmp=xxxx }, extras=null
07-06 15:59:36.499 I/AdsMeasurementBroadcastReceiver( 717): Reporting settings might have changed, alerting AdsMeasurementService
07-06 15:59:36.499 D/AdsMeasurementBroadcastReceiver( 717): Unauthorized to start the main service
07-06 15:59:36.499 I/GCoreUlr( 754): Batch Location Update succeeded for account account#15#
07-06 15:59:36.519 E/SqliteDatabaseCpp( 754): sqlite3_exec - Failed to set synchronous mode = 1(Normal)
07-06 15:59:36.579 I/GCoreUlr( 754): Ensuring that reporting is active for [account#15#]
07-06 15:59:36.579 I/GCoreUlr( 754): Starting service, intent=Intent { act=com.google.android.location.reporting.ACTION_LOCATION_STATUS cmp=xxxx (has extras) }, extras=Bundle[{status=LocationStatus[cell status: STATUS_SUCCESSFUL, wifi status: STATUS_INVALID_SCAN, elapsed realtime ns: 237188000000]}]
07-06 15:59:48.879 D/Tethering( 277): interfaceLinkStateChanged wlan0, true
07-06 15:59:48.889 D/Tethering( 277): interfaceStatusChanged wlan0, true
07-06 16:00:00.279 D/Tethering( 277): interfaceLinkStateChanged wlan0, true
07-06 16:00:00.279 D/Tethering( 277): interfaceStatusChanged wlan0, true
07-06 16:00:16.959 D/Tethering( 277): interfaceLinkStateChanged wlan0, true
07-06 16:00:16.959 D/Tethering( 277): interfaceStatusChanged wlan0, true
07-06 16:00:23.329 W/SignalStrength( 277): getCdmaLevel=2
07-06 16:00:23.329 W/SignalStrength( 277): getEvdoLevel=0
07-06 16:00:23.329 W/SignalStrength( 277): getCdmaLevel=2
07-06 16:00:23.329 W/SignalStrength( 277): getLevel=2
07-06 16:00:23.339 W/SignalStrength( 484): getCdmaLevel=2
07-06 16:00:23.339 W/SignalStrength( 484): getEvdoLevel=0
07-06 16:00:23.339 W/SignalStrength( 484): getCdmaLevel=2
07-06 16:00:23.339 W/SignalStrength( 484): getLevel=2
07-06 16:00:47.509 I/wpa_supplicant( 1023): Associated with 00.D3.8E
07-06 16:00:47.509 I/wpa_supplicant( 1023): CTRL-EVENT-CONNECTED - Connection to 00.D3.8E completed (reauth) [id=0 id_str=]
07-06 16:00:47.519 D/Tethering( 277): interfaceLinkStateChanged wlan0, true
07-06 16:00:47.519 D/Tethering( 277): interfaceStatusChanged wlan0, true
07-06 16:00:47.529 D/Tethering( 277): interfaceLinkStateChanged wlan0, true
07-06 16:00:47.529 D/Tethering( 277): interfaceStatusChanged wlan0, true
07-06 16:00:47.539 D/Tethering( 277): interfaceLinkStateChanged wlan0, true
07-06 16:00:47.539 D/Tethering( 277): interfaceStatusChanged wlan0, true
07-06 16:00:47.539 D/Tethering( 277): interfaceLinkStateChanged wlan0, true
07-06 16:00:47.539 D/Tethering( 277): interfaceStatusChanged wlan0, true
07-06 16:00:47.549 D/Tethering( 277): interfaceLinkStateChanged wlan0, true
07-06 16:00:47.549 D/Tethering( 277): interfaceStatusChanged wlan0, true
07-06 16:00:47.549 D/Tethering( 277): interfaceLinkStateChanged wlan0, true
07-06 16:00:47.549 D/Tethering( 277): interfaceStatusChanged wlan0, true
07-06 16:00:55.319 D/Tethering( 277): interfaceLinkStateChanged wlan0, true
07-06 16:00:55.319 D/Tethering( 277): interfaceStatusChanged wlan0, true
07-06 16:01:10.919 D/Tethering( 277): interfaceLinkStateChanged wlan0, true
07-06 16:01:10.919 D/Tethering( 277): interfaceStatusChanged wlan0, true
07-06 16:01:45.359 W/SignalStrength( 277): getCdmaLevel=2
07-06 16:01:45.359 W/SignalStrength( 277): getEvdoLevel=0
07-06 16:01:45.359 W/SignalStrength( 277): getCdmaLevel=2
07-06 16:01:45.359 W/SignalStrength( 277): getLevel=2
07-06 16:01:45.369 W/SignalStrength( 484): getCdmaLevel=2
07-06 16:01:45.369 W/SignalStrength( 484): getEvdoLevel=0
07-06 16:01:45.369 W/SignalStrength( 484): getCdmaLevel=2
07-06 16:01:45.369 W/SignalStrength( 484): getLevel=2
07-06 16:02:31.949 D/SensorManager( 754): registerListener :: handle = 0 name= BOSCH 3-axis Accelerometer delay= 10000 Listener= kvo@41160ef8
07-06 16:02:31.949 E/SensorManager( 754): thread start
07-06 16:02:31.949 E/SensorManager( 754): =======>>>Sensor Thread RUNNING <<<========
07-06 16:02:32.649 I/SensorManager( 754): Set normal delay = true
07-06 16:02:32.729 D/SensorManager( 754): unregisterListener:: disable all sensors for this listener, name = BOSCH 3-axis Accelerometer listener = kvo@41160ef8
07-06 16:03:07.399 W/SignalStrength( 277): getCdmaLevel=2
07-06 16:03:07.399 W/SignalStrength( 277): getEvdoLevel=0
07-06 16:03:07.399 W/SignalStrength( 277): getCdmaLevel=2
07-06 16:03:07.399 W/SignalStrength( 277): getLevel=2
07-06 16:03:07.409 W/SignalStrength( 484): getCdmaLevel=2
07-06 16:03:07.409 W/SignalStrength( 484): getEvdoLevel=0
07-06 16:03:07.409 W/SignalStrength( 484): getCdmaLevel=2
07-06 16:03:07.409 W/SignalStrength( 484): getLevel=2
07-06 16:03:37.499 I/wpa_supplicant( 1023): Associated with 00.D3.8E
07-06 16:03:37.499 D/Tethering( 277): interfaceLinkStateChanged wlan0, true
07-06 16:03:37.499 D/Tethering( 277): interfaceStatusChanged wlan0, true
07-06 16:03:37.509 I/wpa_supplicant( 1023): CTRL-EVENT-CONNECTED - Connection to 00.D3.8E completed (reauth) [id=0 id_str=]
07-06 16:03:37.509 D/Tethering( 277): interfaceLinkStateChanged wlan0, true
07-06 16:03:37.509 D/Tethering( 277): interfaceStatusChanged wlan0, true
07-06 16:03:37.519 D/Tethering( 277): interfaceLinkStateChanged wlan0, true
07-06 16:03:37.519 D/Tethering( 277): interfaceStatusChanged wlan0, true
07-06 16:03:37.529 D/Tethering( 277): interfaceLinkStateChanged wlan0, true
07-06 16:03:37.529 D/Tethering( 277): interfaceStatusChanged wlan0, true
07-06 16:03:37.529 D/Tethering( 277): interfaceLinkStateChanged wlan0, true
07-06 16:03:37.529 D/Tethering( 277): interfaceStatusChanged wlan0, true
07-06 16:03:37.539 D/Tethering( 277): interfaceLinkStateChanged wlan0, true
07-06 16:03:37.539 D/Tethering( 277): interfaceStatusChanged wlan0, true
07-06 16:03:48.419 W/SignalStrength( 277): getCdmaLevel=2
07-06 16:03:48.419 W/SignalStrength( 277): getEvdoLevel=0
07-06 16:03:48.419 W/SignalStrength( 277): getCdmaLevel=2
07-06 16:03:48.419 W/SignalStrength( 277): getLevel=2
07-06 16:03:48.419 W/SignalStrength( 484): getCdmaLevel=2
07-06 16:03:48.419 W/SignalStrength( 484): getEvdoLevel=0
07-06 16:03:48.419 W/SignalStrength( 484): getCdmaLevel=2
07-06 16:03:48.419 W/SignalStrength( 484): getLevel=2
07-06 16:03:52.489 D/Tethering( 277): interfaceLinkStateChanged wlan0, true
07-06 16:03:52.489 D/Tethering( 277): interfaceStatusChanged wlan0, true
07-06 16:05:10.449 W/SignalStrength( 277): getCdmaLevel=2
07-06 16:05:10.449 W/SignalStrength( 277): getEvdoLevel=0
07-06 16:05:10.449 W/SignalStrength( 277): getCdmaLevel=2
07-06 16:05:10.449 W/SignalStrength( 277): getLevel=2
07-06 16:05:10.459 W/SignalStrength( 484): getCdmaLevel=2
07-06 16:05:10.459 W/SignalStrength( 484): getEvdoLevel=0
07-06 16:05:10.459 W/SignalStrength( 484): getCdmaLevel=2
07-06 16:05:10.459 W/SignalStrength( 484): getLevel=2
07-06 16:05:27.479 D/GCM ( 590): Ignoring attempt to send heartbeat on dead connection.
07-06 16:05:28.459 I/wpa_supplicant( 1023): Associated with 00.D3.8E
07-06 16:05:28.469 D/Tethering( 277): interfaceLinkStateChanged wlan0, true
07-06 16:05:28.469 D/Tethering( 277): interfaceStatusChanged wlan0, true
07-06 16:05:28.469 I/wpa_supplicant( 1023): CTRL-EVENT-CONNECTED - Connection to 00.D3.8E completed (reauth) [id=0 id_str=]
07-06 16:05:28.479 D/Tethering( 277): interfaceLinkStateChanged wlan0, true
07-06 16:05:28.479 D/Tethering( 277): interfaceStatusChanged wlan0, true
07-06 16:05:28.489 D/Tethering( 277): interfaceLinkStateChanged wlan0, true
07-06 16:05:28.489 D/Tethering( 277): interfaceStatusChanged wlan0, true
07-06 16:05:28.499 D/Tethering( 277): interfaceLinkStateChanged wlan0, true
07-06 16:05:28.499 D/Tethering( 277): interfaceStatusChanged wlan0, true
07-06 16:05:28.499 D/Tethering( 277): interfaceLinkStateChanged wlan0, true
07-06 16:05:28.499 D/Tethering( 277): interfaceStatusChanged wlan0, true
07-06 16:05:28.509 D/Tethering( 277): interfaceLinkStateChanged wlan0, true
07-06 16:05:28.509 D/Tethering( 277): interfaceStatusChanged wlan0, true
07-06 16:05:30.919 D/SensorManager( 754): registerListener :: handle = 0 name= BOSCH 3-axis Accelerometer delay= 10000 Listener= kvo@412221b8
07-06 16:05:30.919 E/SensorManager( 754): thread start
07-06 16:05:30.919 E/SensorManager( 754): =======>>>Sensor Thread RUNNING <<<========
07-06 16:05:31.609 I/SensorManager( 754): Set normal delay = true
07-06 16:05:31.689 D/SensorManager( 754): unregisterListener:: disable all sensors for this listener, name = BOSCH 3-axis Accelerometer listener = kvo@412221b8
07-06 16:05:37.659 D/Tethering( 277): interfaceLinkStateChanged wlan0, true
07-06 16:05:37.659 D/Tethering( 277): interfaceStatusChanged wlan0, true
07-06 16:05:43.109 D/Tethering( 277): interfaceLinkStateChanged wlan0, true
07-06 16:05:43.109 D/Tethering( 277): interfaceStatusChanged wlan0, true
07-06 16:05:51.469 W/SignalStrength( 277): getCdmaLevel=2
07-06 16:05:51.469 W/SignalStrength( 277): getEvdoLevel=0
07-06 16:05:51.469 W/SignalStrength( 277): getCdmaLevel=2
07-06 16:05:51.469 W/SignalStrength( 277): getLevel=2
07-06 16:05:51.469 W/SignalStrength( 484): getCdmaLevel=2
07-06 16:05:51.479 W/SignalStrength( 484): getEvdoLevel=0
07-06 16:05:51.479 W/SignalStrength( 484): getCdmaLevel=2
07-06 16:05:51.479 W/SignalStrength( 484): getLevel=2
07-06 16:08:29.859 D/SensorManager( 754): registerListener :: handle = 0 name= BOSCH 3-axis Accelerometer delay= 10000 Listener= kvo@4114ca38
07-06 16:08:29.859 E/SensorManager( 754): thread start
07-06 16:08:29.859 E/SensorManager( 754): =======>>>Sensor Thread RUNNING <<<========
07-06 16:08:30.589 I/SensorManager( 754): Set normal delay = true
07-06 16:08:30.669 D/SensorManager( 754): unregisterListener:: disable all sensors for this listener, name = BOSCH 3-axis Accelerometer listener = kvo@4114ca38
07-06 16:08:36.529 W/SignalStrength( 277): getCdmaLevel=2
07-06 16:08:36.529 W/SignalStrength( 277): getEvdoLevel=0
07-06 16:08:36.529 W/SignalStrength( 277): getCdmaLevel=2
07-06 16:08:36.529 W/SignalStrength( 277): getLevel=2
07-06 16:08:36.529 W/SignalStrength( 484): getCdmaLevel=2
07-06 16:08:36.529 W/SignalStrength( 484): getEvdoLevel=0
07-06 16:08:36.529 W/SignalStrength( 484): getCdmaLevel=2
07-06 16:08:36.529 W/SignalStrength( 484): getLevel=2
07-06 16:09:15.549 W/SignalStrength( 277): getCdmaLevel=2
07-06 16:09:15.549 W/SignalStrength( 277): getEvdoLevel=0
07-06 16:09:15.549 W/SignalStrength( 277): getCdmaLevel=2
07-06 16:09:15.549 W/SignalStrength( 277): getLevel=2
07-06 16:09:15.549 W/SignalStrength( 484): getCdmaLevel=2
07-06 16:09:15.549 W/SignalStrength( 484): getEvdoLevel=0
07-06 16:09:15.549 W/SignalStrength( 484): getCdmaLevel=2
07-06 16:09:15.549 W/SignalStrength( 484): getLevel=2
07-06 16:10:38.579 W/SignalStrength( 277): getCdmaLevel=2
07-06 16:10:38.579 W/SignalStrength( 277): getEvdoLevel=0
07-06 16:10:38.579 W/SignalStrength( 277): getCdmaLevel=2
07-06 16:10:38.579 W/SignalStrength( 277): getLevel=2
07-06 16:10:38.579 W/SignalStrength( 484): getCdmaLevel=2
07-06 16:10:38.579 W/SignalStrength( 484): getEvdoLevel=0
07-06 16:10:38.579 W/SignalStrength( 484): getCdmaLevel=2
07-06 16:10:38.579 W/SignalStrength( 484): getLevel=2
07-06 16:11:19.589 W/SignalStrength( 277): getCdmaLevel=2
07-06 16:11:19.589 W/SignalStrength( 277): getEvdoLevel=0
07-06 16:11:19.589 W/SignalStrength( 277): getCdmaLevel=2
07-06 16:11:19.589 W/SignalStrength( 277): getLevel=2
07-06 16:11:19.599 W/SignalStrength( 484): getCdmaLevel=2
07-06 16:11:19.599 W/SignalStrength( 484): getEvdoLevel=0
07-06 16:11:19.599 W/SignalStrength( 484): getCdmaLevel=2
07-06 16:11:19.599 W/SignalStrength( 484): getLevel=2
07-06 16:11:28.839 D/SensorManager( 754): registerListener :: handle = 0 name= BOSCH 3-axis Accelerometer delay= 10000 Listener= kvo@41297638
07-06 16:11:28.839 E/SensorManager( 754): thread start
07-06 16:11:28.839 E/SensorManager( 754): =======>>>Sensor Thread RUNNING <<<========
07-06 16:11:29.539 I/SensorManager( 754): Set normal delay = true
07-06 16:11:29.619 D/SensorManager( 754): unregisterListener:: disable all sensors for this listener, name = BOSCH 3-axis Accelerometer listener = kvo@41297638
07-06 16:11:29.649 I/GCoreUlr( 754): Received powerMode change from NLP: com.google.android.location.activity.LOW_POWER_MODE_ENABLED
07-06 16:11:29.649 I/GCoreUlr( 754): Starting service, intent=Intent { act=com.google.android.location.reporting.ACTION_UPDATE_ACTIVE_STATE cmp=xxxx }, extras=null
07-06 16:11:29.689 I/GCoreUlr( 754): Ensuring that reporting is active for [account#15#]
07-06 16:11:29.699 I/GCoreUlr( 754): Starting service, intent=Intent { act=com.google.android.location.reporting.ACTION_LOCATION_STATUS cmp=xxxx (has extras) }, extras=Bundle[{status=LocationStatus[cell status: STATUS_SUCCESSFUL, wifi status: STATUS_INVALID_SCAN, elapsed realtime ns: 237188000000]}]
07-06 16:11:38.669 W/GAV2 (11327): Thread[main,5,main]: Need to call initialize() and be in fallback mode to start dispatch.
07-06 16:11:38.709 W/dalvikvm(11327): VFY: unable to resolve virtual method 89: Landroid/app/AlarmManager;.setExact (IJLandroid/app/PendingIntent;)V
07-06 16:11:38.789 D/Tethering( 277): interfaceLinkStateChanged wlan0, true
07-06 16:11:38.789 D/Tethering( 277): interfaceStatusChanged wlan0, true
07-06 16:11:38.799 I/wpa_supplicant( 1023): Associated with 00.D3.8E
07-06 16:11:38.799 I/wpa_supplicant( 1023): CTRL-EVENT-CONNECTED - Connection to 00.D3.8E completed (reauth) [id=0 id_str=]
07-06 16:11:38.799 D/Tethering( 277): interfaceLinkStateChanged wlan0, true
07-06 16:11:38.799 D/Tethering( 277): interfaceStatusChanged wlan0, true
07-06 16:11:38.799 D/Tethering( 277): interfaceLinkStateChanged wlan0, true
07-06 16:11:38.799 D/Tethering( 277): interfaceStatusChanged wlan0, true
07-06 16:11:38.799 D/Tethering( 277): interfaceLinkStateChanged wlan0, true
07-06 16:11:38.799 D/Tethering( 277): interfaceStatusChanged wlan0, true
07-06 16:11:38.799 D/Tethering( 277): interfaceLinkStateChanged wlan0, true
07-06 16:11:38.799 D/Tethering( 277): interfaceStatusChanged wlan0, true
07-06 16:11:38.799 D/Tethering( 277): interfaceLinkStateChanged wlan0, true
07-06 16:11:38.799 D/Tethering( 277): interfaceStatusChanged wlan0, true
07-06 16:11:43.709 I/GAV2 (11327): Thread[GAThread,5,main]: No campaign data found.
07-06 16:11:48.779 D/Tethering( 277): interfaceLinkStateChanged wlan0, true
07-06 16:11:48.779 D/Tethering( 277): interfaceStatusChanged wlan0, true
07-06 16:11:54.829 D/Tethering( 277): interfaceLinkStateChanged wlan0, true
07-06 16:11:54.829 D/Tethering( 277): interfaceStatusChanged wlan0, true
07-06 16:12:40.619 W/SignalStrength( 277): getCdmaLevel=2
07-06 16:12:40.619 W/SignalStrength( 277): getEvdoLevel=0
07-06 16:12:40.619 W/SignalStrength( 277): getCdmaLevel=2
07-06 16:12:40.619 W/SignalStrength( 277): getLevel=2
07-06 16:12:40.629 W/SignalStrength( 484): getCdmaLevel=2
07-06 16:12:40.629 W/SignalStrength( 484): getEvdoLevel=0
07-06 16:12:40.629 W/SignalStrength( 484): getCdmaLevel=2
07-06 16:12:40.629 W/SignalStrength( 484): getLevel=2
07-06 16:14:27.799 D/SensorManager( 754): registerListener :: handle = 0 name= BOSCH 3-axis Accelerometer delay= 10000 Listener= kvo@412a2140
07-06 16:14:27.799 E/SensorManager( 754): thread start
07-06 16:14:27.799 E/SensorManager( 754): =======>>>Sensor Thread RUNNING <<<========
07-06 16:14:28.499 I/SensorManager( 754): Set normal delay = true
