07-06 18:59:55.805 W/SignalStrength( 484): getCdmaLevel=2
07-06 18:59:55.805 W/SignalStrength( 484): getLevel=2
07-06 18:59:57.065 E/SMD ( 105): DCD OFF
07-06 18:59:57.565 V/StatusBar.BatteryController( 484): status5batteryHealth 2
07-06 18:59:57.565 D/StatusBar.BatteryController( 484): mOldstatus5status 5
07-06 18:59:57.565 D/StatusBar.BatteryController( 484): now old status is 5
07-06 19:00:00.075 E/SMD ( 105): DCD OFF
07-06 19:00:03.075 E/SMD ( 105): DCD OFF
07-06 19:00:03.805 W/SignalStrength( 277): getCdmaLevel=3
07-06 19:00:03.805 W/SignalStrength( 277): getEvdoLevel=0
07-06 19:00:03.805 W/SignalStrength( 277): getCdmaLevel=3
07-06 19:00:03.805 W/SignalStrength( 277): getLevel=3
07-06 19:00:03.805 W/SignalStrength( 484): getCdmaLevel=3
07-06 19:00:03.805 W/SignalStrength( 484): getEvdoLevel=0
07-06 19:00:03.805 W/SignalStrength( 484): getCdmaLevel=3
07-06 19:00:03.805 W/SignalStrength( 484): getLevel=3
07-06 19:00:06.075 E/SMD ( 105): DCD OFF
07-06 19:00:09.075 E/SMD ( 105): DCD OFF
07-06 19:00:12.085 E/SMD ( 105): DCD OFF
07-06 19:00:12.805 W/SignalStrength( 277): getCdmaLevel=2
07-06 19:00:12.805 W/SignalStrength( 277): getEvdoLevel=0
07-06 19:00:12.805 W/SignalStrength( 277): getCdmaLevel=2
07-06 19:00:12.805 W/SignalStrength( 277): getLevel=2
07-06 19:00:12.815 W/SignalStrength( 484): getCdmaLevel=2
07-06 19:00:12.815 W/SignalStrength( 484): getEvdoLevel=0
07-06 19:00:12.815 W/SignalStrength( 484): getCdmaLevel=2
07-06 19:00:12.815 W/SignalStrength( 484): getLevel=2
07-06 19:00:15.085 E/SMD ( 105): DCD OFF
07-06 19:00:18.085 E/SMD ( 105): DCD OFF
07-06 19:00:18.815 W/SignalStrength( 484): getCdmaLevel=3
07-06 19:00:18.815 W/SignalStrength( 484): getEvdoLevel=0
07-06 19:00:18.815 W/SignalStrength( 484): getCdmaLevel=3
07-06 19:00:18.815 W/SignalStrength( 484): getLevel=3
07-06 19:00:18.815 W/SignalStrength( 277): getCdmaLevel=3
07-06 19:00:18.815 W/SignalStrength( 277): getEvdoLevel=0
07-06 19:00:18.815 W/SignalStrength( 277): getCdmaLevel=3
07-06 19:00:18.815 W/SignalStrength( 277): getLevel=3
07-06 19:00:21.085 E/SMD ( 105): DCD OFF
07-06 19:00:24.095 E/SMD ( 105): DCD OFF
07-06 19:00:27.095 E/SMD ( 105): DCD OFF
07-06 19:00:28.815 W/SignalStrength( 277): getCdmaLevel=2
07-06 19:00:28.815 W/SignalStrength( 277): getEvdoLevel=0
07-06 19:00:28.815 W/SignalStrength( 277): getCdmaLevel=2
07-06 19:00:28.815 W/SignalStrength( 277): getLevel=2
07-06 19:00:28.815 W/SignalStrength( 484): getCdmaLevel=2
07-06 19:00:28.815 W/SignalStrength( 484): getEvdoLevel=0
07-06 19:00:28.815 W/SignalStrength( 484): getCdmaLevel=2
07-06 19:00:28.815 W/SignalStrength( 484): getLevel=2
07-06 19:00:30.095 E/SMD ( 105): DCD OFF
07-06 19:00:33.095 E/SMD ( 105): DCD OFF
07-06 19:00:36.105 E/SMD ( 105): DCD OFF
07-06 19:00:37.645 V/StatusBar.BatteryController( 484): status5batteryHealth 2
07-06 19:00:37.645 D/StatusBar.BatteryController( 484): mOldstatus5status 5
07-06 19:00:37.645 D/StatusBar.BatteryController( 484): now old status is 5
07-06 19:00:39.105 E/SMD ( 105): DCD OFF
07-06 19:00:39.815 W/SignalStrength( 277): getCdmaLevel=3
07-06 19:00:39.815 W/SignalStrength( 277): getEvdoLevel=0
07-06 19:00:39.815 W/SignalStrength( 277): getCdmaLevel=3
07-06 19:00:39.815 W/SignalStrength( 277): getLevel=3
07-06 19:00:39.825 W/SignalStrength( 484): getCdmaLevel=3
07-06 19:00:39.825 W/SignalStrength( 484): getEvdoLevel=0
07-06 19:00:39.825 W/SignalStrength( 484): getCdmaLevel=3
07-06 19:00:39.825 W/SignalStrength( 484): getLevel=3
07-06 19:00:42.105 E/SMD ( 105): DCD OFF
07-06 19:00:45.105 E/SMD ( 105): DCD OFF
07-06 19:00:47.665 V/StatusBar.BatteryController( 484): status5batteryHealth 2
07-06 19:00:47.665 D/StatusBar.BatteryController( 484): mOldstatus5status 5
07-06 19:00:47.665 D/StatusBar.BatteryController( 484): now old status is 5
07-06 19:00:48.105 E/SMD ( 105): DCD OFF
07-06 19:00:51.115 E/SMD ( 105): DCD OFF
07-06 19:00:54.115 E/SMD ( 105): DCD OFF
07-06 19:00:57.115 E/SMD ( 105): DCD OFF
07-06 19:00:57.685 V/StatusBar.BatteryController( 484): status5batteryHealth 2
07-06 19:00:57.685 D/StatusBar.BatteryController( 484): mOldstatus5status 5
07-06 19:00:57.685 D/StatusBar.BatteryController( 484): now old status is 5
07-06 19:01:00.115 E/SMD ( 105): DCD OFF
07-06 19:01:03.125 E/SMD ( 105): DCD OFF
07-06 19:01:06.125 E/SMD ( 105): DCD OFF
07-06 19:01:09.125 E/SMD ( 105): DCD OFF
07-06 19:01:12.125 E/SMD ( 105): DCD OFF
07-06 19:01:15.135 E/SMD ( 105): DCD OFF
07-06 19:01:18.135 E/SMD ( 105): DCD OFF
07-06 19:01:21.135 E/SMD ( 105): DCD OFF
07-06 19:01:24.135 E/SMD ( 105): DCD OFF
07-06 19:01:27.145 E/SMD ( 105): DCD OFF
07-06 19:01:27.745 V/StatusBar.BatteryController( 484): status5batteryHealth 2
07-06 19:01:27.745 D/StatusBar.BatteryController( 484): mOldstatus5status 5
07-06 19:01:27.745 D/StatusBar.BatteryController( 484): now old status is 5
07-06 19:01:29.835 W/SignalStrength( 277): getCdmaLevel=2
07-06 19:01:29.835 W/SignalStrength( 277): getEvdoLevel=0
07-06 19:01:29.835 W/SignalStrength( 277): getCdmaLevel=2
07-06 19:01:29.835 W/SignalStrength( 277): getLevel=2
07-06 19:01:29.845 W/SignalStrength( 484): getCdmaLevel=2
07-06 19:01:29.845 W/SignalStrength( 484): getEvdoLevel=0
07-06 19:01:29.845 W/SignalStrength( 484): getCdmaLevel=2
07-06 19:01:29.845 W/SignalStrength( 484): getLevel=2
07-06 19:01:30.145 E/SMD ( 105): DCD OFF
07-06 19:01:33.145 E/SMD ( 105): DCD OFF
07-06 19:01:36.145 E/SMD ( 105): DCD OFF
07-06 19:01:39.145 E/SMD ( 105): DCD OFF
07-06 19:01:40.845 W/SignalStrength( 277): getCdmaLevel=3
07-06 19:01:40.845 W/SignalStrength( 277): getEvdoLevel=0
07-06 19:01:40.845 W/SignalStrength( 277): getCdmaLevel=3
07-06 19:01:40.845 W/SignalStrength( 277): getLevel=3
07-06 19:01:40.845 W/SignalStrength( 484): getCdmaLevel=3
07-06 19:01:40.845 W/SignalStrength( 484): getEvdoLevel=0
07-06 19:01:40.845 W/SignalStrength( 484): getCdmaLevel=3
07-06 19:01:40.845 W/SignalStrength( 484): getLevel=3
07-06 19:01:42.155 E/SMD ( 105): DCD OFF
07-06 19:01:45.155 E/SMD ( 105): DCD OFF
07-06 19:01:47.785 V/StatusBar.BatteryController( 484): status5batteryHealth 2
07-06 19:01:47.785 D/StatusBar.BatteryController( 484): mOldstatus5status 5
07-06 19:01:47.785 D/StatusBar.BatteryController( 484): now old status is 5
07-06 19:01:48.155 E/SMD ( 105): DCD OFF
07-06 19:01:49.845 W/SignalStrength( 277): getCdmaLevel=2
07-06 19:01:49.845 W/SignalStrength( 277): getEvdoLevel=0
07-06 19:01:49.845 W/SignalStrength( 277): getCdmaLevel=2
07-06 19:01:49.845 W/SignalStrength( 277): getLevel=2
07-06 19:01:49.845 W/SignalStrength( 484): getCdmaLevel=2
07-06 19:01:49.845 W/SignalStrength( 484): getEvdoLevel=0
07-06 19:01:49.845 W/SignalStrength( 484): getCdmaLevel=2
07-06 19:01:49.845 W/SignalStrength( 484): getLevel=2
07-06 19:01:51.155 E/SMD ( 105): DCD OFF
07-06 19:01:54.165 E/SMD ( 105): DCD OFF
07-06 19:01:57.165 E/SMD ( 105): DCD OFF
07-06 19:01:57.805 V/StatusBar.BatteryController( 484): status5batteryHealth 2
07-06 19:01:57.805 D/StatusBar.BatteryController( 484): mOldstatus5status 5
07-06 19:01:57.805 D/StatusBar.BatteryController( 484): now old status is 5
07-06 19:02:00.165 E/SMD ( 105): DCD OFF
07-06 19:02:01.845 W/SignalStrength( 277): getCdmaLevel=3
07-06 19:02:01.845 W/SignalStrength( 277): getEvdoLevel=0
07-06 19:02:01.845 W/SignalStrength( 277): getCdmaLevel=3
07-06 19:02:01.845 W/SignalStrength( 277): getLevel=3
07-06 19:02:01.855 W/SignalStrength( 484): getCdmaLevel=3
07-06 19:02:01.855 W/SignalStrength( 484): getEvdoLevel=0
07-06 19:02:01.855 W/SignalStrength( 484): getCdmaLevel=3
07-06 19:02:01.855 W/SignalStrength( 484): getLevel=3
07-06 19:02:03.165 E/SMD ( 105): DCD OFF
07-06 19:02:06.165 E/SMD ( 105): DCD OFF
07-06 19:02:07.825 V/StatusBar.BatteryController( 484): status5batteryHealth 2
07-06 19:02:07.825 D/StatusBar.BatteryController( 484): mOldstatus5status 5
07-06 19:02:07.825 D/StatusBar.BatteryController( 484): now old status is 5
07-06 19:02:09.175 E/SMD ( 105): DCD OFF
07-06 19:02:10.855 W/SignalStrength( 277): getCdmaLevel=2
07-06 19:02:10.855 W/SignalStrength( 277): getEvdoLevel=0
07-06 19:02:10.855 W/SignalStrength( 277): getCdmaLevel=2
07-06 19:02:10.855 W/SignalStrength( 277): getLevel=2
07-06 19:02:10.855 W/SignalStrength( 484): getCdmaLevel=2
07-06 19:02:10.865 W/SignalStrength( 484): getEvdoLevel=0
07-06 19:02:10.865 W/SignalStrength( 484): getCdmaLevel=2
07-06 19:02:10.865 W/SignalStrength( 484): getLevel=2
07-06 19:02:12.175 E/SMD ( 105): DCD OFF
07-06 19:02:15.175 E/SMD ( 105): DCD OFF
07-06 19:02:17.845 V/StatusBar.BatteryController( 484): status5batteryHealth 2
07-06 19:02:17.845 D/StatusBar.BatteryController( 484): mOldstatus5status 5
07-06 19:02:17.845 D/StatusBar.BatteryController( 484): now old status is 5
07-06 19:02:18.175 E/SMD ( 105): DCD OFF
07-06 19:02:21.185 E/SMD ( 105): DCD OFF
07-06 19:02:24.185 E/SMD ( 105): DCD OFF
07-06 19:02:27.185 E/SMD ( 105): DCD OFF
07-06 19:02:30.185 E/SMD ( 105): DCD OFF
07-06 19:02:30.305 D/Tethering( 277): interfaceLinkStateChanged wlan0, true
07-06 19:02:30.305 D/Tethering( 277): interfaceStatusChanged wlan0, true
07-06 19:02:31.275 D/SensorManager( 754): registerListener :: handle = 0 name= BOSCH 3-axis Accelerometer delay= 10000 Listener= kvo@413b6ba8
07-06 19:02:31.275 E/SensorManager( 754): thread start
07-06 19:02:31.275 E/SensorManager( 754): =======>>>Sensor Thread RUNNING <<<========
07-06 19:02:31.965 I/SensorManager( 754): Set normal delay = true
07-06 19:02:32.045 D/SensorManager( 754): unregisterListener:: disable all sensors for this listener, name = BOSCH 3-axis Accelerometer listener = kvo@413b6ba8
07-06 19:02:33.195 E/SMD ( 105): DCD OFF
07-06 19:02:34.645 D/Tethering( 277): interfaceLinkStateChanged wlan0, true
07-06 19:02:34.645 D/Tethering( 277): interfaceStatusChanged wlan0, true
07-06 19:02:36.195 E/SMD ( 105): DCD OFF
07-06 19:02:39.195 E/SMD ( 105): DCD OFF
07-06 19:02:42.195 E/SMD ( 105): DCD OFF
07-06 19:02:42.595 W/ThrottleService( 277): unable to find stats for iface rmnet0
07-06 19:02:44.865 W/SignalStrength( 277): getCdmaLevel=3
07-06 19:02:44.865 W/SignalStrength( 277): getEvdoLevel=0
07-06 19:02:44.865 W/SignalStrength( 277): getCdmaLevel=3
07-06 19:02:44.865 W/SignalStrength( 277): getLevel=3
07-06 19:02:44.875 W/SignalStrength( 484): getCdmaLevel=3
07-06 19:02:44.875 W/SignalStrength( 484): getEvdoLevel=0
07-06 19:02:44.875 W/SignalStrength( 484): getCdmaLevel=3
07-06 19:02:44.875 W/SignalStrength( 484): getLevel=3
07-06 19:02:45.195 E/SMD ( 105): DCD OFF
07-06 19:02:47.905 V/StatusBar.BatteryController( 484): status5batteryHealth 2
07-06 19:02:47.905 D/StatusBar.BatteryController( 484): mOldstatus5status 5
07-06 19:02:47.905 D/StatusBar.BatteryController( 484): now old status is 5
07-06 19:02:48.205 E/SMD ( 105): DCD OFF
07-06 19:02:51.205 E/SMD ( 105): DCD OFF
07-06 19:02:54.205 E/SMD ( 105): DCD OFF
07-06 19:02:54.875 W/SignalStrength( 277): getCdmaLevel=2
07-06 19:02:54.875 W/SignalStrength( 277): getEvdoLevel=0
07-06 19:02:54.875 W/SignalStrength( 277): getCdmaLevel=2
07-06 19:02:54.875 W/SignalStrength( 277): getLevel=2
07-06 19:02:54.875 W/SignalStrength( 484): getCdmaLevel=2
07-06 19:02:54.875 W/SignalStrength( 484): getEvdoLevel=0
07-06 19:02:54.875 W/SignalStrength( 484): getCdmaLevel=2
07-06 19:02:54.875 W/SignalStrength( 484): getLevel=2
07-06 19:02:57.205 E/SMD ( 105): DCD OFF
07-06 19:02:58.875 W/SignalStrength( 277): getCdmaLevel=3
07-06 19:02:58.875 W/SignalStrength( 277): getEvdoLevel=0
07-06 19:02:58.875 W/SignalStrength( 277): getCdmaLevel=3
07-06 19:02:58.875 W/SignalStrength( 277): getLevel=3
07-06 19:02:58.875 W/SignalStrength( 484): getCdmaLevel=3
07-06 19:02:58.875 W/SignalStrength( 484): getEvdoLevel=0
07-06 19:02:58.875 W/SignalStrength( 484): getCdmaLevel=3
07-06 19:02:58.885 W/SignalStrength( 484): getLevel=3
07-06 19:03:00.215 E/SMD ( 105): DCD OFF
07-06 19:03:03.215 E/SMD ( 105): DCD OFF
07-06 19:03:06.215 E/SMD ( 105): DCD OFF
07-06 19:03:07.945 V/StatusBar.BatteryController( 484): status5batteryHealth 2
07-06 19:03:07.945 D/StatusBar.BatteryController( 484): mOldstatus5status 5
07-06 19:03:07.945 D/StatusBar.BatteryController( 484): now old status is 5
07-06 19:03:09.215 E/SMD ( 105): DCD OFF
07-06 19:03:11.875 W/SignalStrength( 277): getCdmaLevel=2
07-06 19:03:11.875 W/SignalStrength( 277): getEvdoLevel=0
07-06 19:03:11.875 W/SignalStrength( 277): getCdmaLevel=2
07-06 19:03:11.875 W/SignalStrength( 277): getLevel=2
07-06 19:03:11.875 W/SignalStrength( 484): getCdmaLevel=2
07-06 19:03:11.875 W/SignalStrength( 484): getEvdoLevel=0
07-06 19:03:11.875 W/SignalStrength( 484): getCdmaLevel=2
07-06 19:03:11.875 W/SignalStrength( 484): getLevel=2
07-06 19:03:12.215 E/SMD ( 105): DCD OFF
07-06 19:03:12.875 W/SignalStrength( 277): getCdmaLevel=3
07-06 19:03:12.875 W/SignalStrength( 277): getEvdoLevel=0
07-06 19:03:12.875 W/SignalStrength( 277): getCdmaLevel=3
07-06 19:03:12.875 W/SignalStrength( 277): getLevel=3
07-06 19:03:12.875 W/SignalStrength( 484): getCdmaLevel=3
07-06 19:03:12.875 W/SignalStrength( 484): getEvdoLevel=0
07-06 19:03:12.875 W/SignalStrength( 484): getCdmaLevel=3
07-06 19:03:12.875 W/SignalStrength( 484): getLevel=3
07-06 19:03:15.225 E/SMD ( 105): DCD OFF
07-06 19:03:17.965 V/StatusBar.BatteryController( 484): status5batteryHealth 2
07-06 19:03:17.965 D/StatusBar.BatteryController( 484): mOldstatus5status 5
07-06 19:03:17.965 D/StatusBar.BatteryController( 484): now old status is 5
07-06 19:03:18.225 E/SMD ( 105): DCD OFF
07-06 19:03:21.225 E/SMD ( 105): DCD OFF
07-06 19:03:24.225 E/SMD ( 105): DCD OFF
07-06 19:03:27.235 E/SMD ( 105): DCD OFF
07-06 19:03:27.985 V/StatusBar.BatteryController( 484): status5batteryHealth 2
07-06 19:03:27.985 D/StatusBar.BatteryController( 484): mOldstatus5status 5
07-06 19:03:27.985 D/StatusBar.BatteryController( 484): now old status is 5
07-06 19:03:30.235 E/SMD ( 105): DCD OFF
07-06 19:03:33.235 E/SMD ( 105): DCD OFF
07-06 19:03:36.235 E/SMD ( 105): DCD OFF
07-06 19:03:38.015 V/StatusBar.BatteryController( 484): status5batteryHealth 2
07-06 19:03:38.015 D/StatusBar.BatteryController( 484): mOldstatus5status 5
07-06 19:03:38.015 D/StatusBar.BatteryController( 484): now old status is 5
07-06 19:03:39.245 E/SMD ( 105): DCD OFF
07-06 19:03:42.245 E/SMD ( 105): DCD OFF
07-06 19:03:45.245 E/SMD ( 105): DCD OFF
07-06 19:03:48.245 E/SMD ( 105): DCD OFF
07-06 19:03:49.885 W/SignalStrength( 277): getCdmaLevel=2
07-06 19:03:49.885 W/SignalStrength( 277): getEvdoLevel=0
07-06 19:03:49.885 W/SignalStrength( 277): getCdmaLevel=2
07-06 19:03:49.885 W/SignalStrength( 277): getLevel=2
07-06 19:03:49.895 W/SignalStrength( 484): getCdmaLevel=2
07-06 19:03:49.895 W/SignalStrength( 484): getEvdoLevel=0
07-06 19:03:49.895 W/SignalStrength( 484): getCdmaLevel=2
07-06 19:03:49.895 W/SignalStrength( 484): getLevel=2
07-06 19:03:51.255 E/SMD ( 105): DCD OFF
07-06 19:03:54.255 E/SMD ( 105): DCD OFF
07-06 19:03:57.255 E/SMD ( 105): DCD OFF
07-06 19:04:00.255 E/SMD ( 105): DCD OFF
07-06 19:04:03.265 E/SMD ( 105): DCD OFF
07-06 19:04:06.265 E/SMD ( 105): DCD OFF
07-06 19:04:09.265 E/SMD ( 105): DCD OFF
07-06 19:04:12.265 E/SMD ( 105): DCD OFF
07-06 19:04:15.275 E/SMD ( 105): DCD OFF
07-06 19:04:18.275 E/SMD ( 105): DCD OFF
07-06 19:04:21.275 E/SMD ( 105): DCD OFF
07-06 19:04:24.275 E/SMD ( 105): DCD OFF
07-06 19:04:27.275 E/SMD ( 105): DCD OFF
07-06 19:04:28.105 V/StatusBar.BatteryController( 484): status5batteryHealth 2
07-06 19:04:28.105 D/StatusBar.BatteryController( 484): mOldstatus5status 5
07-06 19:04:28.105 D/StatusBar.BatteryController( 484): now old status is 5
07-06 19:04:30.285 E/SMD ( 105): DCD OFF
07-06 19:04:33.285 E/SMD ( 105): DCD OFF
07-06 19:04:36.285 E/SMD ( 105): DCD OFF
07-06 19:04:36.905 W/SignalStrength( 277): getCdmaLevel=3
07-06 19:04:36.905 W/SignalStrength( 277): getEvdoLevel=0
07-06 19:04:36.905 W/SignalStrength( 277): getCdmaLevel=3
07-06 19:04:36.905 W/SignalStrength( 277): getLevel=3
07-06 19:04:36.905 W/SignalStrength( 484): getCdmaLevel=3
07-06 19:04:36.905 W/SignalStrength( 484): getEvdoLevel=0
07-06 19:04:36.905 W/SignalStrength( 484): getCdmaLevel=3
07-06 19:04:36.905 W/SignalStrength( 484): getLevel=3
07-06 19:04:38.125 V/StatusBar.BatteryController( 484): status5batteryHealth 2
07-06 19:04:38.125 D/StatusBar.BatteryController( 484): mOldstatus5status 5
07-06 19:04:38.125 D/StatusBar.BatteryController( 484): now old status is 5
07-06 19:04:39.285 E/SMD ( 105): DCD OFF
07-06 19:04:41.905 W/SignalStrength( 277): getCdmaLevel=2
07-06 19:04:41.905 W/SignalStrength( 277): getEvdoLevel=0
07-06 19:04:41.905 W/SignalStrength( 277): getCdmaLevel=2
07-06 19:04:41.905 W/SignalStrength( 277): getLevel=2
07-06 19:04:41.915 W/SignalStrength( 484): getCdmaLevel=2
07-06 19:04:41.915 W/SignalStrength( 484): getEvdoLevel=0
07-06 19:04:41.915 W/SignalStrength( 484): getCdmaLevel=2
07-06 19:04:41.915 W/SignalStrength( 484): getLevel=2
07-06 19:04:42.295 E/SMD ( 105): DCD OFF
07-06 19:04:45.295 E/SMD ( 105): DCD OFF
07-06 19:04:48.295 E/SMD ( 105): DCD OFF
07-06 19:04:51.295 E/SMD ( 105): DCD OFF
07-06 19:04:54.305 E/SMD ( 105): DCD OFF
07-06 19:04:57.305 E/SMD ( 105): DCD OFF
07-06 19:04:58.165 V/StatusBar.BatteryController( 484): status5batteryHealth 2
07-06 19:04:58.165 D/StatusBar.BatteryController( 484): mOldstatus5status 5
07-06 19:04:58.165 D/StatusBar.BatteryController( 484): now old status is 5
07-06 19:05:00.305 E/SMD ( 105): DCD OFF
07-06 19:05:03.305 E/SMD ( 105): DCD OFF
07-06 19:05:06.315 E/SMD ( 105): DCD OFF
07-06 19:05:08.185 V/StatusBar.BatteryController( 484): status5batteryHealth 2
07-06 19:05:08.185 D/StatusBar.BatteryController( 484): mOldstatus5status 5
07-06 19:05:08.185 D/StatusBar.BatteryController( 484): now old status is 5
07-06 19:05:09.315 E/SMD ( 105): DCD OFF
07-06 19:05:12.315 E/SMD ( 105): DCD OFF
07-06 19:05:15.315 E/SMD ( 105): DCD OFF
07-06 19:05:18.315 E/SMD ( 105): DCD OFF
07-06 19:05:21.325 E/SMD ( 105): DCD OFF
07-06 19:05:24.325 E/SMD ( 105): DCD OFF
07-06 19:05:27.325 E/SMD ( 105): DCD OFF
07-06 19:05:30.225 D/SensorManager( 754): registerListener :: handle = 0 name= BOSCH 3-axis Accelerometer delay= 10000 Listener= kvo@414e6050
07-06 19:05:30.225 E/SensorManager( 754): thread start
07-06 19:05:30.225 E/SensorManager( 754): =======>>>Sensor Thread RUNNING <<<========
07-06 19:05:30.325 E/SMD ( 105): DCD OFF
07-06 19:05:30.925 I/SensorManager( 754): Set normal delay = true
07-06 19:05:31.005 D/SensorManager( 754): unregisterListener:: disable all sensors for this listener, name = BOSCH 3-axis Accelerometer listener = kvo@414e6050
07-06 19:05:33.335 E/SMD ( 105): DCD OFF
07-06 19:05:36.335 E/SMD ( 105): DCD OFF
07-06 19:05:38.045 D/Tethering( 277): interfaceLinkStateChanged wlan0, true
07-06 19:05:38.045 D/Tethering( 277): interfaceStatusChanged wlan0, true
07-06 19:05:38.245 V/StatusBar.BatteryController( 484): status5batteryHealth 2
07-06 19:05:38.245 D/StatusBar.BatteryController( 484): mOldstatus5status 5
07-06 19:05:38.245 D/StatusBar.BatteryController( 484): now old status is 5
07-06 19:05:39.335 E/SMD ( 105): DCD OFF
07-06 19:05:42.335 E/SMD ( 105): DCD OFF
07-06 19:05:42.935 W/SignalStrength( 277): getCdmaLevel=3
07-06 19:05:42.935 W/SignalStrength( 277): getEvdoLevel=0
07-06 19:05:42.935 W/SignalStrength( 277): getCdmaLevel=3
07-06 19:05:42.935 W/SignalStrength( 277): getLevel=3
07-06 19:05:42.935 W/SignalStrength( 484): getCdmaLevel=3
07-06 19:05:42.935 W/SignalStrength( 484): getEvdoLevel=0
07-06 19:05:42.935 W/SignalStrength( 484): getCdmaLevel=3
07-06 19:05:42.935 W/SignalStrength( 484): getLevel=3
07-06 19:05:45.345 E/SMD ( 105): DCD OFF
07-06 19:05:48.265 V/StatusBar.BatteryController( 484): status5batteryHealth 2
07-06 19:05:48.265 D/StatusBar.BatteryController( 484): mOldstatus5status 5
07-06 19:05:48.265 D/StatusBar.BatteryController( 484): now old status is 5
07-06 19:05:48.345 E/SMD ( 105): DCD OFF
07-06 19:05:49.935 W/SignalStrength( 277): getCdmaLevel=2
07-06 19:05:49.935 W/SignalStrength( 277): getEvdoLevel=0
07-06 19:05:49.935 W/SignalStrength( 277): getCdmaLevel=2
07-06 19:05:49.935 W/SignalStrength( 277): getLevel=2
07-06 19:05:49.945 W/SignalStrength( 484): getCdmaLevel=2
07-06 19:05:49.945 W/SignalStrength( 484): getEvdoLevel=0
07-06 19:05:49.945 W/SignalStrength( 484): getCdmaLevel=2
07-06 19:05:49.945 W/SignalStrength( 484): getLevel=2
07-06 19:05:51.345 E/SMD ( 105): DCD OFF
07-06 19:05:54.345 E/SMD ( 105): DCD OFF
07-06 19:05:56.935 W/SignalStrength( 277): getCdmaLevel=3
07-06 19:05:56.935 W/SignalStrength( 277): getEvdoLevel=0
07-06 19:05:56.935 W/SignalStrength( 277): getCdmaLevel=3
07-06 19:05:56.935 W/SignalStrength( 277): getLevel=3
07-06 19:05:56.945 W/SignalStrength( 484): getCdmaLevel=3
07-06 19:05:56.945 W/SignalStrength( 484): getEvdoLevel=0
07-06 19:05:56.945 W/SignalStrength( 484): getCdmaLevel=3
07-06 19:05:56.945 W/SignalStrength( 484): getLevel=3
07-06 19:05:57.355 E/SMD ( 105): DCD OFF
07-06 19:05:58.285 V/StatusBar.BatteryController( 484): status5batteryHealth 2
07-06 19:05:58.285 D/StatusBar.BatteryController( 484): mOldstatus5status 5
07-06 19:05:58.285 D/StatusBar.BatteryController( 484): now old status is 5
07-06 19:06:00.355 E/SMD ( 105): DCD OFF
07-06 19:06:03.355 E/SMD ( 105): DCD OFF
07-06 19:06:05.935 W/SignalStrength( 277): getCdmaLevel=2
07-06 19:06:05.945 W/SignalStrength( 277): getEvdoLevel=0
07-06 19:06:05.945 W/SignalStrength( 277): getCdmaLevel=2
07-06 19:06:05.945 W/SignalStrength( 277): getLevel=2
07-06 19:06:05.945 W/SignalStrength( 484): getCdmaLevel=2
07-06 19:06:05.945 W/SignalStrength( 484): getEvdoLevel=0
07-06 19:06:05.945 W/SignalStrength( 484): getCdmaLevel=2
07-06 19:06:05.955 W/SignalStrength( 484): getLevel=2
07-06 19:06:06.355 E/SMD ( 105): DCD OFF
07-06 19:06:06.945 W/SignalStrength( 484): getCdmaLevel=3
07-06 19:06:06.945 W/SignalStrength( 484): getEvdoLevel=0
07-06 19:06:06.945 W/SignalStrength( 484): getCdmaLevel=3
07-06 19:06:06.945 W/SignalStrength( 484): getLevel=3
07-06 19:06:06.945 W/SignalStrength( 277): getCdmaLevel=3
07-06 19:06:06.945 W/SignalStrength( 277): getEvdoLevel=0
07-06 19:06:06.945 W/SignalStrength( 277): getCdmaLevel=3
07-06 19:06:06.945 W/SignalStrength( 277): getLevel=3
07-06 19:06:08.305 V/StatusBar.BatteryController( 484): status5batteryHealth 2
07-06 19:06:08.305 D/StatusBar.BatteryController( 484): mOldstatus5status 5
07-06 19:06:08.305 D/StatusBar.BatteryController( 484): now old status is 5
07-06 19:06:09.355 E/SMD ( 105): DCD OFF
07-06 19:06:12.365 E/SMD ( 105): DCD OFF
07-06 19:06:15.365 E/SMD ( 105): DCD OFF
07-06 19:06:16.945 W/SignalStrength( 277): getCdmaLevel=2
07-06 19:06:16.945 W/SignalStrength( 277): getEvdoLevel=0
07-06 19:06:16.945 W/SignalStrength( 277): getCdmaLevel=2
07-06 19:06:16.945 W/SignalStrength( 277): getLevel=2
07-06 19:06:16.955 W/SignalStrength( 484): getCdmaLevel=2
07-06 19:06:16.955 W/SignalStrength( 484): getEvdoLevel=0
07-06 19:06:16.955 W/SignalStrength( 484): getCdmaLevel=2
07-06 19:06:16.955 W/SignalStrength( 484): getLevel=2
07-06 19:06:18.325 V/StatusBar.BatteryController( 484): status5batteryHealth 2
07-06 19:06:18.325 D/StatusBar.BatteryController( 484): mOldstatus5status 5
07-06 19:06:18.325 D/StatusBar.BatteryController( 484): now old status is 5
07-06 19:06:18.365 E/SMD ( 105): DCD OFF
07-06 19:06:21.365 E/SMD ( 105): DCD OFF
07-06 19:06:22.945 W/SignalStrength( 277): getCdmaLevel=3
07-06 19:06:22.945 W/SignalStrength( 277): getEvdoLevel=0
07-06 19:06:22.945 W/SignalStrength( 277): getCdmaLevel=3
07-06 19:06:22.945 W/SignalStrength( 277): getLevel=3
07-06 19:06:22.955 W/SignalStrength( 484): getCdmaLevel=3
07-06 19:06:22.955 W/SignalStrength( 484): getEvdoLevel=0
07-06 19:06:22.955 W/SignalStrength( 484): getCdmaLevel=3
07-06 19:06:22.955 W/SignalStrength( 484): getLevel=3
07-06 19:06:24.375 E/SMD ( 105): DCD OFF
07-06 19:06:27.375 E/SMD ( 105): DCD OFF
07-06 19:06:28.345 V/StatusBar.BatteryController( 484): status5batteryHealth 2
07-06 19:06:28.345 D/StatusBar.BatteryController( 484): mOldstatus5status 5
07-06 19:06:28.345 D/StatusBar.BatteryController( 484): now old status is 5
07-06 19:06:30.375 E/SMD ( 105): DCD OFF
07-06 19:06:31.945 W/SignalStrength( 277): getCdmaLevel=2
07-06 19:06:31.945 W/SignalStrength( 277): getEvdoLevel=0
07-06 19:06:31.945 W/SignalStrength( 277): getCdmaLevel=2
07-06 19:06:31.955 W/SignalStrength( 277): getLevel=2
07-06 19:06:31.955 W/SignalStrength( 484): getCdmaLevel=2
07-06 19:06:31.965 W/SignalStrength( 484): getEvdoLevel=0
07-06 19:06:31.965 W/SignalStrength( 484): getCdmaLevel=2
07-06 19:06:31.965 W/SignalStrength( 484): getLevel=2
07-06 19:06:33.375 E/SMD ( 105): DCD OFF
07-06 19:06:36.385 E/SMD ( 105): DCD OFF
07-06 19:06:37.955 W/SignalStrength( 277): getCdmaLevel=3
07-06 19:06:37.955 W/SignalStrength( 277): getEvdoLevel=0
07-06 19:06:37.955 W/SignalStrength( 277): getCdmaLevel=3
07-06 19:06:37.955 W/SignalStrength( 277): getLevel=3
07-06 19:06:37.965 W/SignalStrength( 484): getCdmaLevel=3
07-06 19:06:37.965 W/SignalStrength( 484): getEvdoLevel=0
07-06 19:06:37.965 W/SignalStrength( 484): getCdmaLevel=3
07-06 19:06:37.965 W/SignalStrength( 484): getLevel=3
07-06 19:06:38.365 V/StatusBar.BatteryController( 484): status5batteryHealth 2
07-06 19:06:38.365 D/StatusBar.BatteryController( 484): mOldstatus5status 5
07-06 19:06:38.365 D/StatusBar.BatteryController( 484): now old status is 5
07-06 19:06:39.385 E/SMD ( 105): DCD OFF
07-06 19:06:42.385 E/SMD ( 105): DCD OFF
07-06 19:06:44.625 W/GamesSyncAdapter( 717): User is not G+ enabled. Aborting sync
07-06 19:06:45.385 E/SMD ( 105): DCD OFF
07-06 19:06:48.385 E/SMD ( 105): DCD OFF
07-06 19:06:49.595 D/Tethering( 277): interfaceLinkStateChanged wlan0, true
07-06 19:06:49.595 D/Tethering( 277): interfaceStatusChanged wlan0, true
07-06 19:06:51.395 E/SMD ( 105): DCD OFF
07-06 19:06:54.395 E/SMD ( 105): DCD OFF
07-06 19:06:54.605 D/Tethering( 277): interfaceLinkStateChanged wlan0, true
07-06 19:06:54.605 D/Tethering( 277): interfaceStatusChanged wlan0, true
07-06 19:06:57.395 E/SMD ( 105): DCD OFF
07-06 19:07:00.395 E/SMD ( 105): DCD OFF
07-06 19:07:03.405 E/SMD ( 105): DCD OFF
07-06 19:07:06.405 E/SMD ( 105): DCD OFF
07-06 19:07:09.405 E/SMD ( 105): DCD OFF
07-06 19:07:12.405 E/SMD ( 105): DCD OFF
07-06 19:07:15.415 E/SMD ( 105): DCD OFF
07-06 19:07:18.415 E/SMD ( 105): DCD OFF
07-06 19:07:21.415 E/SMD ( 105): DCD OFF
07-06 19:07:24.415 E/SMD ( 105): DCD OFF
07-06 19:07:27.415 E/SMD ( 105): DCD OFF
07-06 19:07:30.425 E/SMD ( 105): DCD OFF
07-06 19:07:33.425 E/SMD ( 105): DCD OFF
07-06 19:07:36.425 E/SMD ( 105): DCD OFF
07-06 19:07:39.425 E/SMD ( 105): DCD OFF
07-06 19:07:42.435 E/SMD ( 105): DCD OFF
07-06 19:07:43.975 W/SignalStrength( 277): getCdmaLevel=2
07-06 19:07:43.975 W/SignalStrength( 277): getEvdoLevel=0
07-06 19:07:43.975 W/SignalStrength( 277): getCdmaLevel=2
07-06 19:07:43.975 W/SignalStrength( 277): getLevel=2
07-06 19:07:43.985 W/SignalStrength( 484): getCdmaLevel=2
07-06 19:07:43.985 W/SignalStrength( 484): getEvdoLevel=0
07-06 19:07:43.985 W/SignalStrength( 484): getCdmaLevel=2
07-06 19:07:43.985 W/SignalStrength( 484): getLevel=2
07-06 19:07:44.975 W/SignalStrength( 277): getCdmaLevel=3
07-06 19:07:44.975 W/SignalStrength( 277): getEvdoLevel=0
07-06 19:07:44.975 W/SignalStrength( 277): getCdmaLevel=3
07-06 19:07:44.975 W/SignalStrength( 277): getLevel=3
07-06 19:07:44.985 W/SignalStrength( 484): getCdmaLevel=3
07-06 19:07:44.985 W/SignalStrength( 484): getEvdoLevel=0
07-06 19:07:44.985 W/SignalStrength( 484): getCdmaLevel=3
07-06 19:07:44.985 W/SignalStrength( 484): getLevel=3
07-06 19:07:45.435 E/SMD ( 105): DCD OFF
07-06 19:07:48.435 E/SMD ( 105): DCD OFF
07-06 19:07:48.515 V/StatusBar.BatteryController( 484): status5batteryHealth 2
07-06 19:07:48.515 D/StatusBar.BatteryController( 484): mOldstatus5status 5
07-06 19:07:48.515 D/StatusBar.BatteryController( 484): now old status is 5
07-06 19:07:49.975 W/SignalStrength( 277): getCdmaLevel=3
07-06 19:07:49.975 W/SignalStrength( 277): getEvdoLevel=0
07-06 19:07:49.975 W/SignalStrength( 277): getCdmaLevel=3
07-06 19:07:49.975 W/SignalStrength( 277): getLevel=3
07-06 19:07:49.985 W/SignalStrength( 484): getCdmaLevel=3
07-06 19:07:49.985 W/SignalStrength( 484): getEvdoLevel=0
07-06 19:07:49.985 W/SignalStrength( 484): getCdmaLevel=3
07-06 19:07:49.985 W/SignalStrength( 484): getLevel=3
07-06 19:07:51.435 E/SMD ( 105): DCD OFF
07-06 19:07:54.445 E/SMD ( 105): DCD OFF
07-06 19:07:57.445 E/SMD ( 105): DCD OFF
07-06 19:07:58.525 V/StatusBar.BatteryController( 484): status5batteryHealth 2
07-06 19:07:58.525 D/StatusBar.BatteryController( 484): mOldstatus5status 5
07-06 19:07:58.525 D/StatusBar.BatteryController( 484): now old status is 5
07-06 19:08:00.445 E/SMD ( 105): DCD OFF
07-06 19:08:03.445 E/SMD ( 105): DCD OFF
07-06 19:08:06.455 E/SMD ( 105): DCD OFF
07-06 19:08:09.455 E/SMD ( 105): DCD OFF
07-06 19:08:12.455 E/SMD ( 105): DCD OFF
07-06 19:08:12.985 W/SignalStrength( 277): getCdmaLevel=2
07-06 19:08:12.985 W/SignalStrength( 277): getEvdoLevel=0
07-06 19:08:12.985 W/SignalStrength( 277): getCdmaLevel=2
07-06 19:08:12.985 W/SignalStrength( 277): getLevel=2
07-06 19:08:12.995 W/SignalStrength( 484): getCdmaLevel=2
07-06 19:08:12.995 W/SignalStrength( 484): getEvdoLevel=0
07-06 19:08:12.995 W/SignalStrength( 484): getCdmaLevel=2
07-06 19:08:13.005 W/SignalStrength( 484): getLevel=2
07-06 19:08:15.455 E/SMD ( 105): DCD OFF
07-06 19:08:15.985 W/SignalStrength( 277): getCdmaLevel=3
07-06 19:08:15.985 W/SignalStrength( 277): getEvdoLevel=0
07-06 19:08:15.985 W/SignalStrength( 277): getCdmaLevel=3
07-06 19:08:15.985 W/SignalStrength( 277): getLevel=3
07-06 19:08:15.995 W/SignalStrength( 484): getCdmaLevel=3
07-06 19:08:15.995 W/SignalStrength( 484): getEvdoLevel=0
07-06 19:08:15.995 W/SignalStrength( 484): getCdmaLevel=3
07-06 19:08:15.995 W/SignalStrength( 484): getLevel=3
07-06 19:08:18.465 E/SMD ( 105): DCD OFF
07-06 19:08:18.575 V/StatusBar.BatteryController( 484): status5batteryHealth 2
07-06 19:08:18.575 D/StatusBar.BatteryController( 484): mOldstatus5status 5
07-06 19:08:18.575 D/StatusBar.BatteryController( 484): now old status is 5
07-06 19:08:21.465 E/SMD ( 105): DCD OFF
07-06 19:08:24.465 E/SMD ( 105): DCD OFF
07-06 19:08:24.995 W/SignalStrength( 277): getCdmaLevel=3
07-06 19:08:24.995 W/SignalStrength( 277): getEvdoLevel=0
07-06 19:08:24.995 W/SignalStrength( 277): getCdmaLevel=3
07-06 19:08:24.995 W/SignalStrength( 277): getLevel=3
07-06 19:08:24.995 W/SignalStrength( 484): getCdmaLevel=3
07-06 19:08:24.995 W/SignalStrength( 484): getEvdoLevel=0
07-06 19:08:25.005 W/SignalStrength( 484): getCdmaLevel=3
07-06 19:08:25.005 W/SignalStrength( 484): getLevel=3
07-06 19:08:27.465 E/SMD ( 105): DCD OFF
07-06 19:08:28.585 V/StatusBar.BatteryController( 484): status5batteryHealth 2
07-06 19:08:28.585 D/StatusBar.BatteryController( 484): mOldstatus5status 5
07-06 19:08:28.585 D/StatusBar.BatteryController( 484): now old status is 5
07-06 19:08:29.175 D/SensorManager( 754): registerListener :: handle = 0 name= BOSCH 3-axis Accelerometer delay= 10000 Listener= kvo@41445340
07-06 19:08:29.175 E/SensorManager( 754): thread start
07-06 19:08:29.175 E/SensorManager( 754): =======>>>Sensor Thread RUNNING <<<========
07-06 19:08:29.875 I/SensorManager( 754): Set normal delay = true
07-06 19:08:29.955 D/SensorManager( 754): unregisterListener:: disable all sensors for this listener, name = BOSCH 3-axis Accelerometer listener = kvo@41445340
07-06 19:08:30.465 E/SMD ( 105): DCD OFF
07-06 19:08:33.475 E/SMD ( 105): DCD OFF
07-06 19:08:36.475 E/SMD ( 105): DCD OFF
07-06 19:08:39.475 E/SMD ( 105): DCD OFF
07-06 19:08:42.485 E/SMD ( 105): DCD OFF
07-06 19:08:45.485 E/SMD ( 105): DCD OFF
07-06 19:08:48.485 E/SMD ( 105): DCD OFF
07-06 19:08:48.635 V/StatusBar.BatteryController( 484): status5batteryHealth 2
07-06 19:08:48.635 D/StatusBar.BatteryController( 484): mOldstatus5status 5
07-06 19:08:48.635 D/StatusBar.BatteryController( 484): now old status is 5
07-06 19:08:48.645 E/WifiStateMachine( 277): set suspend optimizations failed!
07-06 19:08:49.135 E/WifiStateMachine( 277): set suspend optimizations failed!
07-06 19:08:51.485 E/SMD ( 105): DCD OFF
07-06 19:08:54.495 E/SMD ( 105): DCD OFF
07-06 19:08:55.005 W/SignalStrength( 277): getCdmaLevel=2
07-06 19:08:55.005 W/SignalStrength( 277): getEvdoLevel=0
07-06 19:08:55.005 W/SignalStrength( 277): getCdmaLevel=2
07-06 19:08:55.005 W/SignalStrength( 277): getLevel=2
07-06 19:08:55.005 W/SignalStrength( 484): getCdmaLevel=2
07-06 19:08:55.005 W/SignalStrength( 484): getEvdoLevel=0
07-06 19:08:55.005 W/SignalStrength( 484): getCdmaLevel=2
07-06 19:08:55.005 W/SignalStrength( 484): getLevel=2
07-06 19:08:56.005 W/SignalStrength( 277): getCdmaLevel=3
07-06 19:08:56.005 W/SignalStrength( 277): getEvdoLevel=0
07-06 19:08:56.005 W/SignalStrength( 277): getCdmaLevel=3
07-06 19:08:56.005 W/SignalStrength( 277): getLevel=3
07-06 19:08:56.005 W/SignalStrength( 484): getCdmaLevel=3
07-06 19:08:56.005 W/SignalStrength( 484): getEvdoLevel=0
07-06 19:08:56.005 W/SignalStrength( 484): getCdmaLevel=3
07-06 19:08:56.005 W/SignalStrength( 484): getLevel=3
07-06 19:08:57.495 E/SMD ( 105): DCD OFF
07-06 19:08:58.655 V/StatusBar.BatteryController( 484): status5batteryHealth 2
07-06 19:08:58.655 D/StatusBar.BatteryController( 484): mOldstatus5status 5
07-06 19:08:58.655 D/StatusBar.BatteryController( 484): now old status is 5
07-06 19:09:00.495 E/SMD ( 105): DCD OFF
07-06 19:09:03.495 E/SMD ( 105): DCD OFF
07-06 19:09:03.675 D/Tethering( 277): interfaceLinkStateChanged wlan0, true
07-06 19:09:03.675 D/Tethering( 277): interfaceStatusChanged wlan0, true
07-06 19:09:06.495 E/SMD ( 105): DCD OFF
07-06 19:09:09.505 E/SMD ( 105): DCD OFF
07-06 19:09:11.135 D/Tethering( 277): interfaceLinkStateChanged wlan0, true
07-06 19:09:11.135 D/Tethering( 277): interfaceStatusChanged wlan0, true
07-06 19:09:12.505 E/SMD ( 105): DCD OFF
07-06 19:09:15.505 E/SMD ( 105): DCD OFF
07-06 19:09:16.145 D/Tethering( 277): interfaceLinkStateChanged wlan0, true
07-06 19:09:16.145 D/Tethering( 277): interfaceStatusChanged wlan0, true
07-06 19:09:18.505 E/SMD ( 105): DCD OFF
07-06 19:09:18.695 V/StatusBar.BatteryController( 484): status5batteryHealth 2
07-06 19:09:18.695 D/StatusBar.BatteryController( 484): mOldstatus5status 5
07-06 19:09:18.695 D/StatusBar.BatteryController( 484): now old status is 5
07-06 19:09:21.515 E/SMD ( 105): DCD OFF
07-06 19:09:24.515 E/SMD ( 105): DCD OFF
07-06 19:09:27.515 E/SMD ( 105): DCD OFF
07-06 19:09:28.475 D/Tethering( 277): interfaceLinkStateChanged wlan0, true
07-06 19:09:28.475 D/Tethering( 277): interfaceStatusChanged wlan0, true
07-06 19:09:28.705 V/StatusBar.BatteryController( 484): status5batteryHealth 2
07-06 19:09:28.705 D/StatusBar.BatteryController( 484): mOldstatus5status 5
07-06 19:09:28.705 D/StatusBar.BatteryController( 484): now old status is 5
07-06 19:09:30.515 E/SMD ( 105): DCD OFF
07-06 19:09:33.525 E/SMD ( 105): DCD OFF
07-06 19:09:36.015 W/SignalStrength( 277): getCdmaLevel=2
07-06 19:09:36.015 W/SignalStrength( 277): getEvdoLevel=0
07-06 19:09:36.015 W/SignalStrength( 277): getCdmaLevel=2
07-06 19:09:36.015 W/SignalStrength( 277): getLevel=2
07-06 19:09:36.025 W/SignalStrength( 484): getCdmaLevel=2
07-06 19:09:36.025 W/SignalStrength( 484): getEvdoLevel=0
07-06 19:09:36.025 W/SignalStrength( 484): getCdmaLevel=2
07-06 19:09:36.025 W/SignalStrength( 484): getLevel=2
07-06 19:09:36.525 E/SMD ( 105): DCD OFF
07-06 19:09:37.015 W/SignalStrength( 277): getCdmaLevel=3
07-06 19:09:37.015 W/SignalStrength( 277): getEvdoLevel=0
07-06 19:09:37.015 W/SignalStrength( 277): getCdmaLevel=3
07-06 19:09:37.015 W/SignalStrength( 277): getLevel=3
07-06 19:09:37.025 W/SignalStrength( 484): getCdmaLevel=3
07-06 19:09:37.025 W/SignalStrength( 484): getEvdoLevel=0
07-06 19:09:37.025 W/SignalStrength( 484): getCdmaLevel=3
07-06 19:09:37.025 W/SignalStrength( 484): getLevel=3
07-06 19:09:38.735 V/StatusBar.BatteryController( 484): status5batteryHealth 2
07-06 19:09:38.735 D/StatusBar.BatteryController( 484): mOldstatus5status 5
07-06 19:09:38.735 D/StatusBar.BatteryController( 484): now old status is 5
07-06 19:09:39.525 E/SMD ( 105): DCD OFF
07-06 19:09:42.525 E/SMD ( 105): DCD OFF
07-06 19:09:45.525 E/SMD ( 105): DCD OFF
07-06 19:09:48.535 E/SMD ( 105): DCD OFF
07-06 19:09:51.535 E/SMD ( 105): DCD OFF
07-06 19:09:54.535 E/SMD ( 105): DCD OFF
07-06 19:09:55.025 W/SignalStrength( 277): getCdmaLevel=2
07-06 19:09:55.025 W/SignalStrength( 277): getEvdoLevel=0
07-06 19:09:55.025 W/SignalStrength( 277): getCdmaLevel=2
07-06 19:09:55.025 W/SignalStrength( 277): getLevel=2
07-06 19:09:55.025 W/SignalStrength( 484): getCdmaLevel=2
07-06 19:09:55.025 W/SignalStrength( 484): getEvdoLevel=0
07-06 19:09:55.025 W/SignalStrength( 484): getCdmaLevel=2
07-06 19:09:55.035 W/SignalStrength( 484): getLevel=2
07-06 19:09:57.535 E/SMD ( 105): DCD OFF
07-06 19:09:58.775 V/StatusBar.BatteryController( 484): status5batteryHealth 2
07-06 19:09:58.775 D/StatusBar.BatteryController( 484): mOldstatus5status 5
07-06 19:09:58.775 D/StatusBar.BatteryController( 484): now old status is 5
07-06 19:10:00.035 W/SignalStrength( 277): getCdmaLevel=3
07-06 19:10:00.035 W/SignalStrength( 277): getEvdoLevel=0
07-06 19:10:00.035 W/SignalStrength( 277): getCdmaLevel=3
07-06 19:10:00.035 W/SignalStrength( 277): getLevel=3
07-06 19:10:00.045 W/SignalStrength( 484): getCdmaLevel=3
07-06 19:10:00.045 W/SignalStrength( 484): getEvdoLevel=0
07-06 19:10:00.045 W/SignalStrength( 484): getCdmaLevel=3
07-06 19:10:00.045 W/SignalStrength( 484): getLevel=3
07-06 19:10:00.545 E/SMD ( 105): DCD OFF
07-06 19:10:03.115 D/Tethering( 277): interfaceLinkStateChanged wlan0, true
07-06 19:10:03.115 D/Tethering( 277): interfaceStatusChanged wlan0, true
07-06 19:10:03.545 E/SMD ( 105): DCD OFF
07-06 19:10:06.545 E/SMD ( 105): DCD OFF
07-06 19:10:07.035 W/SignalStrength( 277): getCdmaLevel=2
07-06 19:10:07.035 W/SignalStrength( 277): getEvdoLevel=0
07-06 19:10:07.035 W/SignalStrength( 277): getCdmaLevel=2
07-06 19:10:07.035 W/SignalStrength( 277): getLevel=2
07-06 19:10:07.035 W/SignalStrength( 484): getCdmaLevel=2
07-06 19:10:07.035 W/SignalStrength( 484): getEvdoLevel=0
07-06 19:10:07.035 W/SignalStrength( 484): getCdmaLevel=2
07-06 19:10:07.035 W/SignalStrength( 484): getLevel=2
07-06 19:10:08.125 D/Tethering( 277): interfaceLinkStateChanged wlan0, true
07-06 19:10:08.125 D/Tethering( 277): interfaceStatusChanged wlan0, true
07-06 19:10:08.795 V/StatusBar.BatteryController( 484): status5batteryHealth 2
07-06 19:10:08.795 D/StatusBar.BatteryController( 484): mOldstatus5status 5
07-06 19:10:08.795 D/StatusBar.BatteryController( 484): now old status is 5
07-06 19:10:09.545 E/SMD ( 105): DCD OFF
07-06 19:10:12.555 E/SMD ( 105): DCD OFF
07-06 19:10:15.555 E/SMD ( 105): DCD OFF
07-06 19:10:18.035 W/SignalStrength( 277): getCdmaLevel=3
07-06 19:10:18.035 W/SignalStrength( 277): getEvdoLevel=0
07-06 19:10:18.035 W/SignalStrength( 277): getCdmaLevel=3
07-06 19:10:18.035 W/SignalStrength( 277): getLevel=3
07-06 19:10:18.045 W/SignalStrength( 484): getCdmaLevel=3
07-06 19:10:18.045 W/SignalStrength( 484): getEvdoLevel=0
07-06 19:10:18.045 W/SignalStrength( 484): getCdmaLevel=3
07-06 19:10:18.045 W/SignalStrength( 484): getLevel=3
07-06 19:10:18.555 E/SMD ( 105): DCD OFF
07-06 19:10:18.815 V/StatusBar.BatteryController( 484): status5batteryHealth 2
07-06 19:10:18.815 D/StatusBar.BatteryController( 484): mOldstatus5status 5
07-06 19:10:18.815 D/StatusBar.BatteryController( 484): now old status is 5
07-06 19:10:21.555 E/SMD ( 105): DCD OFF
07-06 19:10:24.565 E/SMD ( 105): DCD OFF
07-06 19:10:27.565 E/SMD ( 105): DCD OFF
07-06 19:10:30.565 E/SMD ( 105): DCD OFF
07-06 19:10:33.565 E/SMD ( 105): DCD OFF
07-06 19:10:36.575 E/SMD ( 105): DCD OFF
07-06 19:10:39.575 E/SMD ( 105): DCD OFF
07-06 19:10:42.575 E/SMD ( 105): DCD OFF
07-06 19:10:45.575 E/SMD ( 105): DCD OFF
07-06 19:10:48.575 E/SMD ( 105): DCD OFF
07-06 19:10:48.885 V/StatusBar.BatteryController( 484): status5batteryHealth 2
07-06 19:10:48.885 D/StatusBar.BatteryController( 484): mOldstatus5status 5
07-06 19:10:48.885 D/StatusBar.BatteryController( 484): now old status is 5
07-06 19:10:51.585 E/SMD ( 105): DCD OFF
07-06 19:10:54.585 E/SMD ( 105): DCD OFF
07-06 19:10:57.585 E/SMD ( 105): DCD OFF
07-06 19:11:00.585 E/SMD ( 105): DCD OFF
07-06 19:11:01.055 W/SignalStrength( 277): getCdmaLevel=2
07-06 19:11:01.055 W/SignalStrength( 277): getEvdoLevel=0
07-06 19:11:01.055 W/SignalStrength( 277): getCdmaLevel=2
07-06 19:11:01.055 W/SignalStrength( 277): getLevel=2
07-06 19:11:01.055 W/SignalStrength( 484): getCdmaLevel=2
07-06 19:11:01.055 W/SignalStrength( 484): getEvdoLevel=0
07-06 19:11:01.055 W/SignalStrength( 484): getCdmaLevel=2
07-06 19:11:01.055 W/SignalStrength( 484): getLevel=2
07-06 19:11:03.595 E/SMD ( 105): DCD OFF
07-06 19:11:06.595 E/SMD ( 105): DCD OFF
07-06 19:11:08.915 V/StatusBar.BatteryController( 484): status5batteryHealth 2
07-06 19:11:08.915 D/StatusBar.BatteryController( 484): mOldstatus5status 5
07-06 19:11:08.915 D/StatusBar.BatteryController( 484): now old status is 5
07-06 19:11:09.595 E/SMD ( 105): DCD OFF
07-06 19:11:12.595 E/SMD ( 105): DCD OFF
07-06 19:11:15.055 W/SignalStrength( 277): getCdmaLevel=2
07-06 19:11:15.055 W/SignalStrength( 277): getEvdoLevel=0
07-06 19:11:15.055 W/SignalStrength( 277): getCdmaLevel=2
07-06 19:11:15.055 W/SignalStrength( 277): getLevel=2
07-06 19:11:15.065 W/SignalStrength( 484): getCdmaLevel=2
07-06 19:11:15.065 W/SignalStrength( 484): getEvdoLevel=0
07-06 19:11:15.065 W/SignalStrength( 484): getCdmaLevel=2
07-06 19:11:15.065 W/SignalStrength( 484): getLevel=2
07-06 19:11:15.605 E/SMD ( 105): DCD OFF
07-06 19:11:18.605 E/SMD ( 105): DCD OFF
07-06 19:11:21.065 W/SignalStrength( 484): getCdmaLevel=2
07-06 19:11:21.065 W/SignalStrength( 484): getEvdoLevel=0
07-06 19:11:21.065 W/SignalStrength( 484): getCdmaLevel=2
07-06 19:11:21.065 W/SignalStrength( 484): getLevel=2
07-06 19:11:21.065 W/SignalStrength( 277): getCdmaLevel=2
07-06 19:11:21.065 W/SignalStrength( 277): getEvdoLevel=0
07-06 19:11:21.065 W/SignalStrength( 277): getCdmaLevel=2
07-06 19:11:21.065 W/SignalStrength( 277): getLevel=2
07-06 19:11:21.605 E/SMD ( 105): DCD OFF
07-06 19:11:24.605 E/SMD ( 105): DCD OFF
07-06 19:11:27.605 E/SMD ( 105): DCD OFF
07-06 19:11:30.615 E/SMD ( 105): DCD OFF
07-06 19:11:33.615 E/SMD ( 105): DCD OFF
07-06 19:11:33.915 E/WifiStateMachine( 277): set suspend optimizations failed!
07-06 19:11:33.965 D/SensorManager( 754): registerListener :: handle = 0 name= BOSCH 3-axis Accelerometer delay= 10000 Listener= kvo@4111f568
07-06 19:11:33.965 E/SensorManager( 754): thread start
07-06 19:11:33.965 E/SensorManager( 754): =======>>>Sensor Thread RUNNING <<<========
07-06 19:11:34.655 I/SensorManager( 754): Set normal delay = true
07-06 19:11:34.695 D/Tethering( 277): interfaceLinkStateChanged wlan0, true
07-06 19:11:34.695 D/Tethering( 277): interfaceStatusChanged wlan0, true
07-06 19:11:34.695 D/Tethering( 277): interfaceLinkStateChanged wlan0, true
07-06 19:11:34.695 D/Tethering( 277): interfaceStatusChanged wlan0, true
07-06 19:11:34.745 E/WifiStateMachine( 277): set suspend optimizations failed!
07-06 19:11:34.765 D/SensorManager( 754): unregisterListener:: disable all sensors for this listener, name = BOSCH 3-axis Accelerometer listener = kvo@4111f568
07-06 19:11:34.785 I/GCoreUlr( 754): Received powerMode change from NLP: com.google.android.location.activity.LOW_POWER_MODE_ENABLED
07-06 19:11:34.785 I/GCoreUlr( 754): Starting service, intent=Intent { act=com.google.android.location.reporting.ACTION_UPDATE_ACTIVE_STATE cmp=xxxx }, extras=null
07-06 19:11:34.915 I/GCoreUlr( 754): Successfully inserted location
07-06 19:11:34.925 I/GCoreUlr( 754): Not calling LocationReportingService, hasMoved: false, elapsed millis: 2160092, request: Phone
07-06 19:11:34.975 I/GCoreUlr( 754): Ensuring that reporting is active for [account#15#]
07-06 19:11:34.975 I/GCoreUlr( 754): Starting service, intent=Intent { act=com.google.android.location.reporting.ACTION_LOCATION_STATUS cmp=xxxx (has extras) }, extras=Bundle[{status=LocationStatus[cell status: STATUS_SUCCESSFUL, wifi status: STATUS_INVALID_SCAN, elapsed realtime ns: 237188000000]}]
07-06 19:11:35.065 W/SignalStrength( 277): getCdmaLevel=3
07-06 19:11:35.065 W/SignalStrength( 277): getEvdoLevel=0
07-06 19:11:35.065 W/SignalStrength( 277): getCdmaLevel=3
07-06 19:11:35.065 W/SignalStrength( 277): getLevel=3
07-06 19:11:35.065 W/SignalStrength( 484): getCdmaLevel=3
07-06 19:11:35.065 W/SignalStrength( 484): getEvdoLevel=0
07-06 19:11:35.065 W/SignalStrength( 484): getCdmaLevel=3
07-06 19:11:35.065 W/SignalStrength( 484): getLevel=3
07-06 19:11:36.615 E/SMD ( 105): DCD OFF
07-06 19:11:38.965 V/StatusBar.BatteryController( 484): status5batteryHealth 2
07-06 19:11:38.965 D/StatusBar.BatteryController( 484): mOldstatus5status 5
07-06 19:11:38.965 D/StatusBar.BatteryController( 484): now old status is 5
07-06 19:11:39.615 E/SMD ( 105): DCD OFF
07-06 19:11:42.625 E/SMD ( 105): DCD OFF
07-06 19:11:45.625 E/SMD ( 105): DCD OFF
07-06 19:11:46.065 W/SignalStrength( 277): getCdmaLevel=2
07-06 19:11:46.065 W/SignalStrength( 277): getEvdoLevel=0
07-06 19:11:46.065 W/SignalStrength( 277): getCdmaLevel=2
07-06 19:11:46.065 W/SignalStrength( 277): getLevel=2
07-06 19:11:46.075 W/SignalStrength( 484): getCdmaLevel=2
07-06 19:11:46.075 W/SignalStrength( 484): getEvdoLevel=0
07-06 19:11:46.075 W/SignalStrength( 484): getCdmaLevel=2
07-06 19:11:46.075 W/SignalStrength( 484): getLevel=2
07-06 19:11:48.625 E/SMD ( 105): DCD OFF
07-06 19:11:49.515 D/Tethering( 277): interfaceLinkStateChanged wlan0, true
07-06 19:11:49.525 D/Tethering( 277): interfaceStatusChanged wlan0, true
07-06 19:11:51.625 E/SMD ( 105): DCD OFF
07-06 19:11:54.635 E/SMD ( 105): DCD OFF
07-06 19:11:57.635 E/SMD ( 105): DCD OFF
07-06 19:12:00.635 E/SMD ( 105): DCD OFF
07-06 19:12:03.075 W/SignalStrength( 277): getCdmaLevel=3
07-06 19:12:03.075 W/SignalStrength( 277): getEvdoLevel=0
07-06 19:12:03.075 W/SignalStrength( 277): getCdmaLevel=3
07-06 19:12:03.075 W/SignalStrength( 277): getLevel=3
07-06 19:12:03.075 W/SignalStrength( 484): getCdmaLevel=3
07-06 19:12:03.075 W/SignalStrength( 484): getEvdoLevel=0
07-06 19:12:03.075 W/SignalStrength( 484): getCdmaLevel=3
07-06 19:12:03.085 W/SignalStrength( 484): getLevel=3
07-06 19:12:03.635 E/SMD ( 105): DCD OFF
07-06 19:12:06.645 E/SMD ( 105): DCD OFF
07-06 19:12:07.075 W/SignalStrength( 277): getCdmaLevel=3
07-06 19:12:07.075 W/SignalStrength( 277): getEvdoLevel=0
07-06 19:12:07.075 W/SignalStrength( 277): getCdmaLevel=3
07-06 19:12:07.075 W/SignalStrength( 277): getLevel=3
07-06 19:12:07.085 W/SignalStrength( 484): getCdmaLevel=3
07-06 19:12:07.085 W/SignalStrength( 484): getEvdoLevel=0
07-06 19:12:07.085 W/SignalStrength( 484): getCdmaLevel=3
07-06 19:12:07.085 W/SignalStrength( 484): getLevel=3
07-06 19:12:09.645 E/SMD ( 105): DCD OFF
07-06 19:12:12.645 E/SMD ( 105): DCD OFF
07-06 19:12:13.075 W/SignalStrength( 277): getCdmaLevel=3
07-06 19:12:13.075 W/SignalStrength( 277): getEvdoLevel=0
07-06 19:12:13.075 W/SignalStrength( 277): getCdmaLevel=3
07-06 19:12:13.075 W/SignalStrength( 277): getLevel=3
07-06 19:12:13.085 W/SignalStrength( 484): getCdmaLevel=3
07-06 19:12:13.085 W/SignalStrength( 484): getEvdoLevel=0
07-06 19:12:13.085 W/SignalStrength( 484): getCdmaLevel=3
07-06 19:12:13.085 W/SignalStrength( 484): getLevel=3
07-06 19:12:15.645 E/SMD ( 105): DCD OFF
07-06 19:12:18.655 E/SMD ( 105): DCD OFF
07-06 19:12:21.655 E/SMD ( 105): DCD OFF
07-06 19:12:24.655 E/SMD ( 105): DCD OFF
07-06 19:12:27.655 E/SMD ( 105): DCD OFF
07-06 19:12:30.655 E/SMD ( 105): DCD OFF
07-06 19:12:33.665 E/SMD ( 105): DCD OFF
07-06 19:12:36.665 E/SMD ( 105): DCD OFF
07-06 19:12:39.665 E/SMD ( 105): DCD OFF
07-06 19:12:42.605 W/ThrottleService( 277): unable to find stats for iface rmnet0
07-06 19:12:42.665 E/SMD ( 105): DCD OFF
07-06 19:12:45.675 E/SMD ( 105): DCD OFF
07-06 19:12:48.675 E/SMD ( 105): DCD OFF
07-06 19:12:50.095 W/SignalStrength( 277): getCdmaLevel=2
07-06 19:12:50.095 W/SignalStrength( 277): getEvdoLevel=0
07-06 19:12:50.095 W/SignalStrength( 277): getCdmaLevel=2
07-06 19:12:50.095 W/SignalStrength( 277): getLevel=2
07-06 19:12:50.095 W/SignalStrength( 484): getCdmaLevel=2
07-06 19:12:50.095 W/SignalStrength( 484): getEvdoLevel=0
07-06 19:12:50.095 W/SignalStrength( 484): getCdmaLevel=2
07-06 19:12:50.095 W/SignalStrength( 484): getLevel=2
07-06 19:12:51.675 E/SMD ( 105): DCD OFF
07-06 19:12:53.095 W/SignalStrength( 277): getCdmaLevel=3
07-06 19:12:53.095 W/SignalStrength( 277): getEvdoLevel=0
07-06 19:12:53.095 W/SignalStrength( 277): getCdmaLevel=3
07-06 19:12:53.095 W/SignalStrength( 277): getLevel=3
07-06 19:12:53.095 W/SignalStrength( 484): getCdmaLevel=3
07-06 19:12:53.095 W/SignalStrength( 484): getEvdoLevel=0
07-06 19:12:53.095 W/SignalStrength( 484): getCdmaLevel=3
07-06 19:12:53.095 W/SignalStrength( 484): getLevel=3
07-06 19:12:54.675 E/SMD ( 105): DCD OFF
07-06 19:12:57.675 E/SMD ( 105): DCD OFF
07-06 19:12:59.215 D/Tethering( 277): interfaceLinkStateChanged wlan0, true
07-06 19:12:59.215 D/Tethering( 277): interfaceStatusChanged wlan0, true
07-06 19:13:00.685 E/SMD ( 105): DCD OFF
07-06 19:13:01.095 W/SignalStrength( 277): getCdmaLevel=2
07-06 19:13:01.095 W/SignalStrength( 277): getEvdoLevel=0
07-06 19:13:01.095 W/SignalStrength( 277): getCdmaLevel=2
07-06 19:13:01.095 W/SignalStrength( 277): getLevel=2
07-06 19:13:01.105 W/SignalStrength( 484): getCdmaLevel=2
07-06 19:13:01.105 W/SignalStrength( 484): getEvdoLevel=0
07-06 19:13:01.105 W/SignalStrength( 484): getCdmaLevel=2
07-06 19:13:01.105 W/SignalStrength( 484): getLevel=2
07-06 19:13:03.685 E/SMD ( 105): DCD OFF
07-06 19:13:06.685 E/SMD ( 105): DCD OFF
07-06 19:13:07.095 W/SignalStrength( 277): getCdmaLevel=3
07-06 19:13:07.095 W/SignalStrength( 277): getEvdoLevel=0
07-06 19:13:07.095 W/SignalStrength( 277): getCdmaLevel=3
07-06 19:13:07.095 W/SignalStrength( 277): getLevel=3
07-06 19:13:07.105 W/SignalStrength( 484): getCdmaLevel=3
07-06 19:13:07.105 W/SignalStrength( 484): getEvdoLevel=0
