07-06 19:38:52.225 V/StatusBar.BatteryController( 484): status5batteryHealth 2
07-06 19:38:52.225 D/StatusBar.BatteryController( 484): mOldstatus5status 5
07-06 19:38:52.225 D/StatusBar.BatteryController( 484): now old status is 5
07-06 19:38:52.925 E/SMD ( 105): DCD OFF
07-06 19:38:55.925 E/SMD ( 105): DCD OFF
07-06 19:38:58.925 E/SMD ( 105): DCD OFF
07-06 19:39:01.935 E/SMD ( 105): DCD OFF
07-06 19:39:02.245 V/StatusBar.BatteryController( 484): status5batteryHealth 2
07-06 19:39:02.245 D/StatusBar.BatteryController( 484): mOldstatus5status 5
07-06 19:39:02.245 D/StatusBar.BatteryController( 484): now old status is 5
07-06 19:39:04.935 E/SMD ( 105): DCD OFF
07-06 19:39:07.935 E/SMD ( 105): DCD OFF
07-06 19:39:10.705 W/SignalStrength( 277): getCdmaLevel=3
07-06 19:39:10.705 W/SignalStrength( 277): getEvdoLevel=0
07-06 19:39:10.705 W/SignalStrength( 277): getCdmaLevel=3
07-06 19:39:10.705 W/SignalStrength( 277): getLevel=3
07-06 19:39:10.705 W/SignalStrength( 484): getCdmaLevel=3
07-06 19:39:10.705 W/SignalStrength( 484): getEvdoLevel=0
07-06 19:39:10.705 W/SignalStrength( 484): getCdmaLevel=3
07-06 19:39:10.705 W/SignalStrength( 484): getLevel=3
07-06 19:39:10.935 E/SMD ( 105): DCD OFF
07-06 19:39:12.275 V/StatusBar.BatteryController( 484): status5batteryHealth 2
07-06 19:39:12.275 D/StatusBar.BatteryController( 484): mOldstatus5status 5
07-06 19:39:12.275 D/StatusBar.BatteryController( 484): now old status is 5
07-06 19:39:13.945 E/SMD ( 105): DCD OFF
07-06 19:39:16.945 E/SMD ( 105): DCD OFF
07-06 19:39:19.945 E/SMD ( 105): DCD OFF
07-06 19:39:20.705 W/SignalStrength( 277): getCdmaLevel=2
07-06 19:39:20.705 W/SignalStrength( 277): getEvdoLevel=0
07-06 19:39:20.705 W/SignalStrength( 277): getCdmaLevel=2
07-06 19:39:20.705 W/SignalStrength( 277): getLevel=2
07-06 19:39:20.715 W/SignalStrength( 484): getCdmaLevel=2
07-06 19:39:20.715 W/SignalStrength( 484): getEvdoLevel=0
07-06 19:39:20.715 W/SignalStrength( 484): getCdmaLevel=2
07-06 19:39:20.715 W/SignalStrength( 484): getLevel=2
07-06 19:39:22.285 V/StatusBar.BatteryController( 484): status5batteryHealth 2
07-06 19:39:22.285 D/StatusBar.BatteryController( 484): mOldstatus5status 5
07-06 19:39:22.285 D/StatusBar.BatteryController( 484): now old status is 5
07-06 19:39:22.945 E/SMD ( 105): DCD OFF
07-06 19:39:25.945 E/SMD ( 105): DCD OFF
07-06 19:39:28.955 E/SMD ( 105): DCD OFF
07-06 19:39:31.955 E/SMD ( 105): DCD OFF
07-06 19:39:34.955 E/SMD ( 105): DCD OFF
07-06 19:39:37.955 E/SMD ( 105): DCD OFF
07-06 19:39:40.965 E/SMD ( 105): DCD OFF
07-06 19:39:43.965 E/SMD ( 105): DCD OFF
07-06 19:39:46.965 E/SMD ( 105): DCD OFF
07-06 19:39:49.965 E/SMD ( 105): DCD OFF
07-06 19:39:52.975 E/SMD ( 105): DCD OFF
07-06 19:39:55.975 E/SMD ( 105): DCD OFF
07-06 19:39:58.975 E/SMD ( 105): DCD OFF
07-06 19:40:01.975 E/SMD ( 105): DCD OFF
07-06 19:40:04.985 E/SMD ( 105): DCD OFF
07-06 19:40:07.985 E/SMD ( 105): DCD OFF
07-06 19:40:10.985 E/SMD ( 105): DCD OFF
07-06 19:40:12.395 V/StatusBar.BatteryController( 484): status5batteryHealth 2
07-06 19:40:12.395 D/StatusBar.BatteryController( 484): mOldstatus5status 5
07-06 19:40:12.395 D/StatusBar.BatteryController( 484): now old status is 5
07-06 19:40:13.985 E/SMD ( 105): DCD OFF
07-06 19:40:16.995 E/SMD ( 105): DCD OFF
07-06 19:40:19.995 E/SMD ( 105): DCD OFF
07-06 19:40:22.405 V/StatusBar.BatteryController( 484): status5batteryHealth 2
07-06 19:40:22.405 D/StatusBar.BatteryController( 484): mOldstatus5status 5
07-06 19:40:22.405 D/StatusBar.BatteryController( 484): now old status is 5
07-06 19:40:22.995 E/SMD ( 105): DCD OFF
07-06 19:40:25.995 E/SMD ( 105): DCD OFF
07-06 19:40:27.725 W/SignalStrength( 277): getCdmaLevel=3
07-06 19:40:27.725 W/SignalStrength( 277): getEvdoLevel=0
07-06 19:40:27.725 W/SignalStrength( 277): getCdmaLevel=3
07-06 19:40:27.725 W/SignalStrength( 277): getLevel=3
07-06 19:40:27.735 W/SignalStrength( 484): getCdmaLevel=3
07-06 19:40:27.735 W/SignalStrength( 484): getEvdoLevel=0
07-06 19:40:27.735 W/SignalStrength( 484): getCdmaLevel=3
07-06 19:40:27.735 W/SignalStrength( 484): getLevel=3
07-06 19:40:29.005 E/SMD ( 105): DCD OFF
07-06 19:40:32.005 E/SMD ( 105): DCD OFF
07-06 19:40:34.735 W/SignalStrength( 277): getCdmaLevel=2
07-06 19:40:34.735 W/SignalStrength( 277): getEvdoLevel=0
07-06 19:40:34.735 W/SignalStrength( 277): getCdmaLevel=2
07-06 19:40:34.735 W/SignalStrength( 277): getLevel=2
07-06 19:40:34.735 W/SignalStrength( 484): getCdmaLevel=2
07-06 19:40:34.735 W/SignalStrength( 484): getEvdoLevel=0
07-06 19:40:34.735 W/SignalStrength( 484): getCdmaLevel=2
07-06 19:40:34.735 W/SignalStrength( 484): getLevel=2
07-06 19:40:35.005 E/SMD ( 105): DCD OFF
07-06 19:40:35.735 W/SignalStrength( 277): getCdmaLevel=3
07-06 19:40:35.735 W/SignalStrength( 277): getEvdoLevel=0
07-06 19:40:35.735 W/SignalStrength( 277): getCdmaLevel=3
07-06 19:40:35.735 W/SignalStrength( 277): getLevel=3
07-06 19:40:35.735 W/SignalStrength( 484): getCdmaLevel=3
07-06 19:40:35.735 W/SignalStrength( 484): getEvdoLevel=0
07-06 19:40:35.735 W/SignalStrength( 484): getCdmaLevel=3
07-06 19:40:35.735 W/SignalStrength( 484): getLevel=3
07-06 19:40:38.005 E/SMD ( 105): DCD OFF
07-06 19:40:41.015 E/SMD ( 105): DCD OFF
07-06 19:40:42.465 V/StatusBar.BatteryController( 484): status5batteryHealth 2
07-06 19:40:42.465 D/StatusBar.BatteryController( 484): mOldstatus5status 5
07-06 19:40:42.465 D/StatusBar.BatteryController( 484): now old status is 5
07-06 19:40:44.015 E/SMD ( 105): DCD OFF
07-06 19:40:47.015 E/SMD ( 105): DCD OFF
07-06 19:40:49.735 W/SignalStrength( 277): getCdmaLevel=2
07-06 19:40:49.735 W/SignalStrength( 277): getEvdoLevel=0
07-06 19:40:49.735 W/SignalStrength( 277): getCdmaLevel=2
07-06 15:51:20.639 V/WindowOrientationListener( 277): nearestRotation : 0 Angle: 350 tilt: 3
07-06 19:40:49.735 W/SignalStrength( 277): getLevel=2
07-06 15:51:30.639 V/WindowOrientationListener( 277): nearestRotation : 0 Angle: 356 tilt: 10
07-06 19:40:49.745 W/SignalStrength( 484): getCdmaLevel=2
07-06 15:51:40.639 V/WindowOrientationListener( 277): nearestRotation : 0 Angle: 356 tilt: 17
07-06 19:40:49.745 W/SignalStrength( 484): getEvdoLevel=0
07-06 15:51:50.639 V/WindowOrientationListener( 277): nearestRotation : 0 Angle: 355 tilt: 2
07-06 19:40:49.745 W/SignalStrength( 484): getCdmaLevel=2
07-06 15:52:01.839 V/WindowOrientationListener( 277): nearestRotation : 0 Angle: 352 tilt: 48
07-06 19:40:49.745 W/SignalStrength( 484): getLevel=2
07-06 15:52:08.889 D/BatteryService( 277): CHARGER :: mBatteryStatus = 2
07-06 19:40:50.015 E/SMD ( 105): DCD OFF
07-06 15:52:08.889 E/NotificationService( 277): Ignoring notification with icon==0: Notification(contentView=null vibrate=null,sound=system/media/audio/ui/Charger_Connection.ogg,defaults=0x0,flags=0x0)
07-06 19:40:50.735 W/SignalStrength( 277): getCdmaLevel=3
07-06 15:52:08.899 V/StatusBar.BatteryController( 484): status2batteryHealth 2
07-06 19:40:50.735 W/SignalStrength( 277): getEvdoLevel=0
07-06 15:52:08.899 D/StatusBar.BatteryController( 484): mOldstatus5status 2
07-06 19:40:50.735 W/SignalStrength( 277): getCdmaLevel=3
07-06 15:52:08.899 D/StatusBar.BatteryController( 484): now old status is 2
07-06 19:40:50.735 W/SignalStrength( 277): getLevel=3
07-06 15:52:08.909 W/PowerUI ( 484): unknown intent: Intent { act=android.intent.action.ACTION_POWER_CONNECTED flg=0x10000010 }
07-06 19:40:50.745 W/SignalStrength( 484): getCdmaLevel=3
07-06 15:52:09.019 W/BatteryStats( 277): updateBatterySysfs...
07-06 19:40:50.745 W/SignalStrength( 484): getEvdoLevel=0
07-06 15:52:09.019 W/BatteryStats( 277): updateSysfs...
07-06 19:40:50.745 W/SignalStrength( 484): getCdmaLevel=3
07-06 15:52:09.839 W/BatteryStats( 277): updateBatterySysfs...
07-06 19:40:50.755 W/SignalStrength( 484): getLevel=3
07-06 19:40:52.475 V/StatusBar.BatteryController( 484): status5batteryHealth 2
07-06 19:40:52.475 D/StatusBar.BatteryController( 484): mOldstatus5status 5
07-06 19:40:52.475 D/StatusBar.BatteryController( 484): now old status is 5
07-06 15:52:09.839 W/BatteryStats( 277): updateSysfs...
07-06 19:40:53.025 E/SMD ( 105): DCD OFF
07-06 15:52:12.719 V/StatusBar.BatteryController( 484): status2batteryHealth 2
07-06 19:40:55.395 D/Tethering( 277): interfaceLinkStateChanged wlan0, true
07-06 15:52:12.719 D/StatusBar.BatteryController( 484): mOldstatus2status 2
07-06 19:40:55.395 D/Tethering( 277): interfaceStatusChanged wlan0, true
07-06 15:52:12.719 D/StatusBar.BatteryController( 484): now old status is 2
07-06 19:40:56.025 E/SMD ( 105): DCD OFF
07-06 15:52:12.789 V/WindowOrientationListener( 277): nearestRotation : 0 Angle: 345 tilt: 45
07-06 19:40:59.025 E/SMD ( 105): DCD OFF
07-06 15:52:14.899 W/PowerManagerService( 277): Timer 0x3->0x3|0x3
07-06 19:41:02.025 E/SMD ( 105): DCD OFF
07-06 15:52:22.789 V/WindowOrientationListener( 277): nearestRotation : 0 Angle: 354 tilt: 41
07-06 19:41:05.035 E/SMD ( 105): DCD OFF
07-06 15:52:27.729 V/StatusBar.BatteryController( 484): status2batteryHealth 2
07-06 19:41:05.745 W/SignalStrength( 277): getCdmaLevel=2
07-06 15:52:27.729 D/StatusBar.BatteryController( 484): mOldstatus2status 2
07-06 19:41:05.745 W/SignalStrength( 277): getEvdoLevel=0
07-06 15:52:27.729 D/StatusBar.BatteryController( 484): now old status is 2
07-06 19:41:05.745 W/SignalStrength( 277): getCdmaLevel=2
07-06 15:52:37.739 D/BatteryService( 277): CHARGER :: mBatteryStatus = 5
07-06 19:41:05.745 W/SignalStrength( 277): getLevel=2
07-06 15:52:37.749 V/StatusBar.BatteryController( 484): status5batteryHealth 2
07-06 19:41:05.745 W/SignalStrength( 484): getCdmaLevel=2
07-06 15:52:37.749 D/StatusBar.BatteryController( 484): mOldstatus2status 5
07-06 19:41:05.745 W/SignalStrength( 484): getEvdoLevel=0
07-06 15:52:37.749 D/StatusBar.BatteryController( 484): now old status is 5
07-06 19:41:05.745 W/SignalStrength( 484): getCdmaLevel=2
07-06 15:52:41.419 W/ThrottleService( 277): unable to find stats for iface rmnet0
07-06 19:41:05.745 W/SignalStrength( 484): getLevel=2
07-06 15:52:57.799 V/StatusBar.BatteryController( 484): status5batteryHealth 2
07-06 19:41:08.035 E/SMD ( 105): DCD OFF
07-06 15:52:57.799 D/StatusBar.BatteryController( 484): mOldstatus5status 5
07-06 19:41:11.035 E/SMD ( 105): DCD OFF
07-06 19:41:12.515 V/StatusBar.BatteryController( 484): status5batteryHealth 2
07-06 19:41:12.515 D/StatusBar.BatteryController( 484): mOldstatus5status 5
07-06 19:41:12.515 D/StatusBar.BatteryController( 484): now old status is 5
07-06 15:52:57.799 D/StatusBar.BatteryController( 484): now old status is 5
07-06 19:41:14.035 E/SMD ( 105): DCD OFF
07-06 15:53:07.809 V/StatusBar.BatteryController( 484): status5batteryHealth 2
07-06 19:41:16.745 W/SignalStrength( 277): getCdmaLevel=3
07-06 15:53:07.809 D/StatusBar.BatteryController( 484): mOldstatus5status 5
07-06 19:41:16.745 W/SignalStrength( 277): getEvdoLevel=0
07-06 15:53:07.809 D/StatusBar.BatteryController( 484): now old status is 5
07-06 19:41:16.745 W/SignalStrength( 277): getCdmaLevel=3
07-06 15:53:37.869 V/StatusBar.BatteryController( 484): status5batteryHealth 2
07-06 19:41:16.745 W/SignalStrength( 277): getLevel=3
07-06 15:53:37.869 D/StatusBar.BatteryController( 484): mOldstatus5status 5
07-06 19:41:16.755 W/SignalStrength( 484): getCdmaLevel=3
07-06 15:53:37.869 D/StatusBar.BatteryController( 484): now old status is 5
07-06 19:41:16.755 W/SignalStrength( 484): getEvdoLevel=0
07-06 15:53:47.899 V/StatusBar.BatteryController( 484): status5batteryHealth 2
07-06 19:41:16.755 W/SignalStrength( 484): getCdmaLevel=3
07-06 15:53:47.899 D/StatusBar.BatteryController( 484): mOldstatus5status 5
07-06 19:41:16.765 W/SignalStrength( 484): getLevel=3
07-06 15:53:47.899 D/StatusBar.BatteryController( 484): now old status is 5
07-06 19:41:17.045 E/SMD ( 105): DCD OFF
07-06 15:54:27.979 V/StatusBar.BatteryController( 484): status5batteryHealth 2
07-06 19:41:20.045 E/SMD ( 105): DCD OFF
07-06 19:41:22.525 V/StatusBar.BatteryController( 484): status5batteryHealth 2
07-06 19:41:22.525 D/StatusBar.BatteryController( 484): mOldstatus5status 5
07-06 19:41:22.525 D/StatusBar.BatteryController( 484): now old status is 5
07-06 15:54:27.979 D/StatusBar.BatteryController( 484): mOldstatus5status 5
07-06 19:41:23.045 E/SMD ( 105): DCD OFF
07-06 15:54:27.979 D/StatusBar.BatteryController( 484): now old status is 5
07-06 19:41:25.755 W/SignalStrength( 277): getCdmaLevel=2
07-06 15:54:37.999 V/StatusBar.BatteryController( 484): status5batteryHealth 2
07-06 19:41:25.755 W/SignalStrength( 277): getEvdoLevel=0
07-06 15:54:37.999 D/StatusBar.BatteryController( 484): mOldstatus5status 5
07-06 19:41:25.755 W/SignalStrength( 277): getCdmaLevel=2
07-06 15:54:37.999 D/StatusBar.BatteryController( 484): now old status is 5
07-06 19:41:25.755 W/SignalStrength( 277): getLevel=2
07-06 15:54:48.019 V/StatusBar.BatteryController( 484): status5batteryHealth 2
07-06 19:41:25.755 W/SignalStrength( 484): getCdmaLevel=2
07-06 15:54:48.019 D/StatusBar.BatteryController( 484): mOldstatus5status 5
07-06 19:41:25.755 W/SignalStrength( 484): getEvdoLevel=0
07-06 15:54:48.019 D/StatusBar.BatteryController( 484): now old status is 5
07-06 19:41:25.755 W/SignalStrength( 484): getCdmaLevel=2
07-06 15:54:58.039 V/StatusBar.BatteryController( 484): status5batteryHealth 2
07-06 19:41:25.755 W/SignalStrength( 484): getLevel=2
07-06 15:54:58.039 D/StatusBar.BatteryController( 484): mOldstatus5status 5
07-06 19:41:26.045 E/SMD ( 105): DCD OFF
07-06 15:54:58.039 D/StatusBar.BatteryController( 484): now old status is 5
07-06 19:41:26.755 W/SignalStrength( 277): getCdmaLevel=3
07-06 15:55:08.059 V/StatusBar.BatteryController( 484): status5batteryHealth 2
07-06 19:41:26.755 W/SignalStrength( 277): getEvdoLevel=0
07-06 15:55:08.059 D/StatusBar.BatteryController( 484): mOldstatus5status 5
07-06 19:41:26.755 W/SignalStrength( 277): getCdmaLevel=3
07-06 15:55:08.059 D/StatusBar.BatteryController( 484): now old status is 5
07-06 19:41:26.755 W/SignalStrength( 277): getLevel=3
07-06 15:55:28.099 V/StatusBar.BatteryController( 484): status5batteryHealth 2
07-06 19:41:26.765 W/SignalStrength( 484): getCdmaLevel=3
07-06 15:55:28.099 D/StatusBar.BatteryController( 484): mOldstatus5status 5
07-06 19:41:26.765 W/SignalStrength( 484): getEvdoLevel=0
07-06 15:55:28.099 D/StatusBar.BatteryController( 484): now old status is 5
07-06 19:41:26.765 W/SignalStrength( 484): getCdmaLevel=3
07-06 15:55:38.119 V/StatusBar.BatteryController( 484): status5batteryHealth 2
07-06 19:41:26.765 W/SignalStrength( 484): getLevel=3
07-06 15:55:38.119 D/StatusBar.BatteryController( 484): mOldstatus5status 5
07-06 19:41:29.055 E/SMD ( 105): DCD OFF
07-06 15:55:38.119 D/StatusBar.BatteryController( 484): now old status is 5
07-06 19:41:29.815 D/SensorManager( 754): registerListener :: handle = 0 name= BOSCH 3-axis Accelerometer delay= 10000 Listener= kvo@41470638
07-06 15:55:48.139 V/StatusBar.BatteryController( 484): status5batteryHealth 2
07-06 19:41:29.815 E/SensorManager( 754): thread start
07-06 15:55:48.139 D/StatusBar.BatteryController( 484): mOldstatus5status 5
07-06 19:41:29.815 E/SensorManager( 754): =======>>>Sensor Thread RUNNING <<<========
07-06 15:55:48.139 D/StatusBar.BatteryController( 484): now old status is 5
07-06 19:41:30.525 I/SensorManager( 754): Set normal delay = true
07-06 15:56:18.199 V/StatusBar.BatteryController( 484): status5batteryHealth 2
07-06 19:41:30.605 D/SensorManager( 754): unregisterListener:: disable all sensors for this listener, name = BOSCH 3-axis Accelerometer listener = kvo@41470638
07-06 15:56:18.199 D/StatusBar.BatteryController( 484): mOldstatus5status 5
07-06 19:41:32.055 E/SMD ( 105): DCD OFF
07-06 19:41:32.555 V/StatusBar.BatteryController( 484): status5batteryHealth 2
07-06 19:41:32.555 D/StatusBar.BatteryController( 484): mOldstatus5status 5
07-06 19:41:32.555 D/StatusBar.BatteryController( 484): now old status is 5
07-06 15:56:18.199 D/StatusBar.BatteryController( 484): now old status is 5
07-06 19:41:35.055 E/SMD ( 105): DCD OFF
07-06 15:56:48.259 V/StatusBar.BatteryController( 484): status5batteryHealth 2
07-06 19:41:38.055 E/SMD ( 105): DCD OFF
07-06 15:56:48.259 D/StatusBar.BatteryController( 484): mOldstatus5status 5
07-06 19:41:39.755 W/SignalStrength( 277): getCdmaLevel=2
07-06 15:56:48.259 D/StatusBar.BatteryController( 484): now old status is 5
07-06 19:41:39.755 W/SignalStrength( 277): getEvdoLevel=0
07-06 15:56:58.279 V/StatusBar.BatteryController( 484): status5batteryHealth 2
07-06 19:41:39.755 W/SignalStrength( 277): getCdmaLevel=2
07-06 15:56:58.279 D/StatusBar.BatteryController( 484): mOldstatus5status 5
07-06 19:41:39.755 W/SignalStrength( 277): getLevel=2
07-06 15:56:58.279 D/StatusBar.BatteryController( 484): now old status is 5
07-06 19:41:39.755 W/SignalStrength( 484): getCdmaLevel=2
07-06 15:57:01.999 W/PowerManagerService( 277): Timer 0x3->0x1|0x3
07-06 19:41:39.755 W/SignalStrength( 484): getEvdoLevel=0
07-06 15:57:08.299 V/StatusBar.BatteryController( 484): status5batteryHealth 2
07-06 19:41:39.755 W/SignalStrength( 484): getCdmaLevel=2
07-06 15:57:08.299 D/StatusBar.BatteryController( 484): mOldstatus5status 5
07-06 19:41:39.755 W/SignalStrength( 484): getLevel=2
07-06 15:57:08.299 D/StatusBar.BatteryController( 484): now old status is 5
07-06 19:41:41.065 E/SMD ( 105): DCD OFF
07-06 19:41:42.575 V/StatusBar.BatteryController( 484): status5batteryHealth 2
07-06 19:41:42.575 D/StatusBar.BatteryController( 484): mOldstatus5status 5
07-06 19:41:42.575 D/StatusBar.BatteryController( 484): now old status is 5
07-06 15:57:09.009 W/PowerManagerService( 277): Timer 0x3->0x0|0x3
07-06 19:41:43.755 W/SignalStrength( 277): getCdmaLevel=3
07-06 15:57:09.009 E/PowerManagerService( 277): CurLock p:3 mPS:3
07-06 19:41:43.755 W/SignalStrength( 277): getEvdoLevel=0
07-06 15:57:09.009 W/PowerManagerService( 277): type=SCREEN_BRIGHT_WAKE_LOCK 'KEEP_SCREEN_ON_FLAG' active (minState=3) activeT=499504
07-06 19:41:43.755 W/SignalStrength( 277): getCdmaLevel=3
07-06 15:57:18.319 V/StatusBar.BatteryController( 484): status5batteryHealth 2
07-06 19:41:43.755 W/SignalStrength( 277): getLevel=3
07-06 15:57:18.319 D/StatusBar.BatteryController( 484): mOldstatus5status 5
07-06 19:41:43.765 W/SignalStrength( 484): getCdmaLevel=3
07-06 15:57:18.319 D/StatusBar.BatteryController( 484): now old status is 5
07-06 19:41:43.765 W/SignalStrength( 484): getEvdoLevel=0
07-06 15:57:28.339 V/StatusBar.BatteryController( 484): status5batteryHealth 2
07-06 19:41:43.765 W/SignalStrength( 484): getCdmaLevel=3
07-06 15:57:28.339 D/StatusBar.BatteryController( 484): mOldstatus5status 5
07-06 19:41:43.765 W/SignalStrength( 484): getLevel=3
07-06 15:57:28.339 D/StatusBar.BatteryController( 484): now old status is 5
07-06 19:41:44.065 E/SMD ( 105): DCD OFF
07-06 15:57:38.359 V/StatusBar.BatteryController( 484): status5batteryHealth 2
07-06 19:41:47.065 E/SMD ( 105): DCD OFF
07-06 15:57:38.359 D/StatusBar.BatteryController( 484): mOldstatus5status 5
07-06 19:41:50.065 E/SMD ( 105): DCD OFF
07-06 15:57:38.359 D/StatusBar.BatteryController( 484): now old status is 5
07-06 19:41:50.765 W/SignalStrength( 277): getCdmaLevel=2
07-06 15:57:48.379 V/StatusBar.BatteryController( 484): status5batteryHealth 2
07-06 19:41:50.765 W/SignalStrength( 277): getEvdoLevel=0
07-06 15:57:48.379 D/StatusBar.BatteryController( 484): mOldstatus5status 5
07-06 19:41:50.765 W/SignalStrength( 277): getCdmaLevel=2
07-06 15:57:48.379 D/StatusBar.BatteryController( 484): now old status is 5
07-06 19:41:50.765 W/SignalStrength( 277): getLevel=2
07-06 15:57:58.399 V/StatusBar.BatteryController( 484): status5batteryHealth 2
07-06 19:41:50.765 W/SignalStrength( 484): getCdmaLevel=2
07-06 15:57:58.399 D/StatusBar.BatteryController( 484): mOldstatus5status 5
07-06 19:41:50.765 W/SignalStrength( 484): getEvdoLevel=0
07-06 15:57:58.399 D/StatusBar.BatteryController( 484): now old status is 5
07-06 19:41:50.765 W/SignalStrength( 484): getCdmaLevel=2
07-06 15:58:28.459 V/StatusBar.BatteryController( 484): status5batteryHealth 2
07-06 19:41:50.765 W/SignalStrength( 484): getLevel=2
07-06 15:58:28.459 D/StatusBar.BatteryController( 484): mOldstatus5status 5
07-06 19:41:53.065 E/SMD ( 105): DCD OFF
07-06 15:58:28.459 D/StatusBar.BatteryController( 484): now old status is 5
07-06 19:41:54.525 D/Tethering( 277): interfaceLinkStateChanged wlan0, true
07-06 15:58:38.479 V/StatusBar.BatteryController( 484): status5batteryHealth 2
07-06 19:41:54.525 D/Tethering( 277): interfaceStatusChanged wlan0, true
07-06 15:58:38.479 D/StatusBar.BatteryController( 484): mOldstatus5status 5
07-06 19:41:56.075 E/SMD ( 105): DCD OFF
07-06 15:58:38.479 D/StatusBar.BatteryController( 484): now old status is 5
07-06 19:41:59.075 E/SMD ( 105): DCD OFF
07-06 15:58:48.499 V/StatusBar.BatteryController( 484): status5batteryHealth 2
07-06 19:42:02.075 E/SMD ( 105): DCD OFF
07-06 19:42:02.615 V/StatusBar.BatteryController( 484): status5batteryHealth 2
07-06 19:42:02.615 D/StatusBar.BatteryController( 484): mOldstatus5status 5
07-06 19:42:02.615 D/StatusBar.BatteryController( 484): now old status is 5
07-06 15:58:48.499 D/StatusBar.BatteryController( 484): mOldstatus5status 5
07-06 19:42:02.765 W/SignalStrength( 277): getCdmaLevel=3
07-06 15:58:48.499 D/StatusBar.BatteryController( 484): now old status is 5
07-06 19:42:02.765 W/SignalStrength( 277): getEvdoLevel=0
07-06 15:58:58.519 V/StatusBar.BatteryController( 484): status5batteryHealth 2
07-06 19:42:02.765 W/SignalStrength( 277): getCdmaLevel=3
07-06 15:58:58.519 D/StatusBar.BatteryController( 484): mOldstatus5status 5
07-06 19:42:02.765 W/SignalStrength( 277): getLevel=3
07-06 15:58:58.519 D/StatusBar.BatteryController( 484): now old status is 5
07-06 19:42:02.765 W/SignalStrength( 484): getCdmaLevel=3
07-06 15:59:08.539 V/StatusBar.BatteryController( 484): status5batteryHealth 2
07-06 19:42:02.765 W/SignalStrength( 484): getEvdoLevel=0
07-06 15:59:08.539 D/StatusBar.BatteryController( 484): mOldstatus5status 5
07-06 19:42:02.765 W/SignalStrength( 484): getCdmaLevel=3
07-06 15:59:08.539 D/StatusBar.BatteryController( 484): now old status is 5
07-06 19:42:02.765 W/SignalStrength( 484): getLevel=3
07-06 15:59:28.579 V/StatusBar.BatteryController( 484): status5batteryHealth 2
07-06 19:42:05.075 E/SMD ( 105): DCD OFF
07-06 15:59:28.579 D/StatusBar.BatteryController( 484): mOldstatus5status 5
07-06 19:42:08.085 E/SMD ( 105): DCD OFF
07-06 15:59:28.579 D/StatusBar.BatteryController( 484): now old status is 5
07-06 19:42:11.085 E/SMD ( 105): DCD OFF
07-06 15:59:38.599 V/StatusBar.BatteryController( 484): status5batteryHealth 2
07-06 19:42:11.765 W/SignalStrength( 277): getCdmaLevel=2
07-06 15:59:38.599 D/StatusBar.BatteryController( 484): mOldstatus5status 5
07-06 19:42:11.765 W/SignalStrength( 277): getEvdoLevel=0
07-06 15:59:38.599 D/StatusBar.BatteryController( 484): now old status is 5
07-06 19:42:11.765 W/SignalStrength( 277): getCdmaLevel=2
07-06 15:59:48.619 V/StatusBar.BatteryController( 484): status5batteryHealth 2
07-06 19:42:11.765 W/SignalStrength( 277): getLevel=2
07-06 15:59:48.619 D/StatusBar.BatteryController( 484): mOldstatus5status 5
07-06 19:42:11.775 W/SignalStrength( 484): getCdmaLevel=2
07-06 15:59:48.619 D/StatusBar.BatteryController( 484): now old status is 5
07-06 19:42:11.775 W/SignalStrength( 484): getEvdoLevel=0
07-06 16:00:18.679 V/StatusBar.BatteryController( 484): status5batteryHealth 2
07-06 19:42:11.785 W/SignalStrength( 484): getCdmaLevel=2
07-06 16:00:18.679 D/StatusBar.BatteryController( 484): mOldstatus5status 5
07-06 19:42:11.785 W/SignalStrength( 484): getLevel=2
07-06 16:00:18.679 D/StatusBar.BatteryController( 484): now old status is 5
07-06 19:42:14.085 E/SMD ( 105): DCD OFF
07-06 16:00:28.699 V/StatusBar.BatteryController( 484): status5batteryHealth 2
07-06 19:42:17.085 E/SMD ( 105): DCD OFF
07-06 16:00:28.699 D/StatusBar.BatteryController( 484): mOldstatus5status 5
07-06 19:42:17.775 W/SignalStrength( 277): getCdmaLevel=3
07-06 16:00:28.699 D/StatusBar.BatteryController( 484): now old status is 5
07-06 19:42:17.775 W/SignalStrength( 277): getEvdoLevel=0
07-06 16:00:38.719 V/StatusBar.BatteryController( 484): status5batteryHealth 2
07-06 19:42:17.775 W/SignalStrength( 277): getCdmaLevel=3
07-06 16:00:38.719 D/StatusBar.BatteryController( 484): mOldstatus5status 5
07-06 19:42:17.775 W/SignalStrength( 277): getLevel=3
07-06 16:00:38.719 D/StatusBar.BatteryController( 484): now old status is 5
07-06 19:42:17.775 W/SignalStrength( 484): getCdmaLevel=3
07-06 16:01:08.779 V/StatusBar.BatteryController( 484): status5batteryHealth 2
07-06 19:42:17.775 W/SignalStrength( 484): getEvdoLevel=0
07-06 16:01:08.779 D/StatusBar.BatteryController( 484): mOldstatus5status 5
07-06 19:42:17.775 W/SignalStrength( 484): getCdmaLevel=3
07-06 16:01:08.779 D/StatusBar.BatteryController( 484): now old status is 5
07-06 19:42:17.775 W/SignalStrength( 484): getLevel=3
07-06 16:01:18.799 V/StatusBar.BatteryController( 484): status5batteryHealth 2
07-06 19:42:20.095 E/SMD ( 105): DCD OFF
07-06 16:01:18.799 D/StatusBar.BatteryController( 484): mOldstatus5status 5
07-06 19:42:23.095 E/SMD ( 105): DCD OFF
07-06 16:01:18.799 D/StatusBar.BatteryController( 484): now old status is 5
07-06 19:42:26.095 E/SMD ( 105): DCD OFF
07-06 16:01:28.819 V/StatusBar.BatteryController( 484): status5batteryHealth 2
07-06 19:42:29.095 E/SMD ( 105): DCD OFF
07-06 16:01:28.819 D/StatusBar.BatteryController( 484): mOldstatus5status 5
07-06 19:42:32.105 E/SMD ( 105): DCD OFF
07-06 19:42:32.675 V/StatusBar.BatteryController( 484): status5batteryHealth 2
07-06 19:42:32.675 D/StatusBar.BatteryController( 484): mOldstatus5status 5
07-06 19:42:32.675 D/StatusBar.BatteryController( 484): now old status is 5
07-06 16:01:28.819 D/StatusBar.BatteryController( 484): now old status is 5
07-06 19:42:35.105 E/SMD ( 105): DCD OFF
07-06 16:01:38.839 V/StatusBar.BatteryController( 484): status5batteryHealth 2
07-06 19:42:37.775 W/SignalStrength( 277): getCdmaLevel=2
07-06 16:01:38.839 D/StatusBar.BatteryController( 484): mOldstatus5status 5
07-06 19:42:37.775 W/SignalStrength( 277): getEvdoLevel=0
07-06 16:01:38.839 D/StatusBar.BatteryController( 484): now old status is 5
07-06 19:42:37.775 W/SignalStrength( 277): getCdmaLevel=2
07-06 16:01:48.859 V/StatusBar.BatteryController( 484): status5batteryHealth 2
07-06 19:42:37.775 W/SignalStrength( 277): getLevel=2
07-06 16:01:48.859 D/StatusBar.BatteryController( 484): mOldstatus5status 5
07-06 19:42:37.785 W/SignalStrength( 484): getCdmaLevel=2
07-06 16:01:48.859 D/StatusBar.BatteryController( 484): now old status is 5
07-06 19:42:37.785 W/SignalStrength( 484): getEvdoLevel=0
07-06 16:02:08.899 V/StatusBar.BatteryController( 484): status5batteryHealth 2
07-06 19:42:37.785 W/SignalStrength( 484): getCdmaLevel=2
07-06 16:02:08.899 D/StatusBar.BatteryController( 484): mOldstatus5status 5
07-06 19:42:37.785 W/SignalStrength( 484): getLevel=2
07-06 16:02:08.899 D/StatusBar.BatteryController( 484): now old status is 5
07-06 19:42:38.105 E/SMD ( 105): DCD OFF
07-06 16:02:18.919 V/StatusBar.BatteryController( 484): status5batteryHealth 2
07-06 19:42:41.105 E/SMD ( 105): DCD OFF
07-06 19:42:42.615 W/ThrottleService( 277): unable to find stats for iface rmnet0
07-06 16:02:18.919 D/StatusBar.BatteryController( 484): mOldstatus5status 5
07-06 19:42:44.115 E/SMD ( 105): DCD OFF
07-06 16:02:18.919 D/StatusBar.BatteryController( 484): now old status is 5
07-06 19:42:47.115 E/SMD ( 105): DCD OFF
07-06 16:02:28.939 V/StatusBar.BatteryController( 484): status5batteryHealth 2
07-06 19:42:50.115 E/SMD ( 105): DCD OFF
07-06 19:42:52.705 V/StatusBar.BatteryController( 484): status5batteryHealth 2
07-06 19:42:52.705 D/StatusBar.BatteryController( 484): mOldstatus5status 5
07-06 19:42:52.705 D/StatusBar.BatteryController( 484): now old status is 5
07-06 16:02:28.939 D/StatusBar.BatteryController( 484): mOldstatus5status 5
07-06 19:42:53.115 E/SMD ( 105): DCD OFF
07-06 16:02:28.939 D/StatusBar.BatteryController( 484): now old status is 5
07-06 19:42:55.785 W/SignalStrength( 277): getCdmaLevel=3
07-06 16:02:41.419 W/ThrottleService( 277): unable to find stats for iface rmnet0
07-06 19:42:55.785 W/SignalStrength( 277): getEvdoLevel=0
07-06 16:02:59.009 V/StatusBar.BatteryController( 484): status5batteryHealth 2
07-06 19:42:55.785 W/SignalStrength( 277): getCdmaLevel=3
07-06 16:02:59.009 D/StatusBar.BatteryController( 484): mOldstatus5status 5
07-06 19:42:55.785 W/SignalStrength( 277): getLevel=3
07-06 16:02:59.009 D/StatusBar.BatteryController( 484): now old status is 5
07-06 19:42:55.795 W/SignalStrength( 484): getCdmaLevel=3
07-06 16:03:09.019 V/StatusBar.BatteryController( 484): status5batteryHealth 2
07-06 19:42:55.795 W/SignalStrength( 484): getEvdoLevel=0
07-06 16:03:09.019 D/StatusBar.BatteryController( 484): mOldstatus5status 5
07-06 19:42:55.795 W/SignalStrength( 484): getCdmaLevel=3
07-06 16:03:09.019 D/StatusBar.BatteryController( 484): now old status is 5
07-06 19:42:55.795 W/SignalStrength( 484): getLevel=3
07-06 16:03:19.039 V/StatusBar.BatteryController( 484): status5batteryHealth 2
07-06 19:42:56.125 E/SMD ( 105): DCD OFF
07-06 16:03:19.039 D/StatusBar.BatteryController( 484): mOldstatus5status 5
07-06 19:42:59.125 E/SMD ( 105): DCD OFF
07-06 16:03:19.039 D/StatusBar.BatteryController( 484): now old status is 5
07-06 19:43:02.125 E/SMD ( 105): DCD OFF
07-06 16:03:29.059 V/StatusBar.BatteryController( 484): status5batteryHealth 2
07-06 19:43:05.125 E/SMD ( 105): DCD OFF
07-06 16:03:29.059 D/StatusBar.BatteryController( 484): mOldstatus5status 5
07-06 19:43:08.135 E/SMD ( 105): DCD OFF
07-06 16:03:29.059 D/StatusBar.BatteryController( 484): now old status is 5
07-06 19:43:08.795 W/SignalStrength( 277): getCdmaLevel=2
07-06 16:03:39.079 V/StatusBar.BatteryController( 484): status5batteryHealth 2
07-06 19:43:08.795 W/SignalStrength( 277): getEvdoLevel=0
07-06 16:03:39.079 D/StatusBar.BatteryController( 484): mOldstatus5status 5
07-06 19:43:08.795 W/SignalStrength( 277): getCdmaLevel=2
07-06 16:03:39.079 D/StatusBar.BatteryController( 484): now old status is 5
07-06 19:43:08.795 W/SignalStrength( 277): getLevel=2
07-06 16:03:59.119 V/StatusBar.BatteryController( 484): status5batteryHealth 2
07-06 19:43:08.805 W/SignalStrength( 484): getCdmaLevel=2
07-06 16:03:59.119 D/StatusBar.BatteryController( 484): mOldstatus5status 5
07-06 19:43:08.805 W/SignalStrength( 484): getEvdoLevel=0
07-06 16:03:59.119 D/StatusBar.BatteryController( 484): now old status is 5
07-06 19:43:08.805 W/SignalStrength( 484): getCdmaLevel=2
07-06 16:04:39.199 V/StatusBar.BatteryController( 484): status5batteryHealth 2
07-06 19:43:08.805 W/SignalStrength( 484): getLevel=2
07-06 16:04:39.199 D/StatusBar.BatteryController( 484): mOldstatus5status 5
07-06 19:43:11.135 E/SMD ( 105): DCD OFF
07-06 16:04:39.199 D/StatusBar.BatteryController( 484): now old status is 5
07-06 19:43:14.135 E/SMD ( 105): DCD OFF
07-06 16:04:49.219 V/StatusBar.BatteryController( 484): status5batteryHealth 2
07-06 19:43:17.135 E/SMD ( 105): DCD OFF
07-06 16:04:49.219 D/StatusBar.BatteryController( 484): mOldstatus5status 5
07-06 19:43:20.145 E/SMD ( 105): DCD OFF
07-06 16:04:49.219 D/StatusBar.BatteryController( 484): now old status is 5
07-06 19:43:21.795 W/SignalStrength( 277): getCdmaLevel=3
07-06 16:04:59.239 V/StatusBar.BatteryController( 484): status5batteryHealth 2
07-06 19:43:21.795 W/SignalStrength( 277): getEvdoLevel=0
07-06 16:04:59.239 D/StatusBar.BatteryController( 484): mOldstatus5status 5
07-06 19:43:21.795 W/SignalStrength( 277): getCdmaLevel=3
07-06 16:04:59.239 D/StatusBar.BatteryController( 484): now old status is 5
07-06 19:43:21.795 W/SignalStrength( 277): getLevel=3
07-06 16:05:19.279 V/StatusBar.BatteryController( 484): status5batteryHealth 2
07-06 19:43:21.805 W/SignalStrength( 484): getCdmaLevel=3
07-06 16:05:19.279 D/StatusBar.BatteryController( 484): mOldstatus5status 5
07-06 19:43:21.805 W/SignalStrength( 484): getEvdoLevel=0
07-06 16:05:19.279 D/StatusBar.BatteryController( 484): now old status is 5
07-06 19:43:21.805 W/SignalStrength( 484): getCdmaLevel=3
07-06 16:05:39.319 V/StatusBar.BatteryController( 484): status5batteryHealth 2
07-06 19:43:21.805 W/SignalStrength( 484): getLevel=3
07-06 16:05:39.319 D/StatusBar.BatteryController( 484): mOldstatus5status 5
07-06 19:43:23.145 E/SMD ( 105): DCD OFF
07-06 16:05:39.319 D/StatusBar.BatteryController( 484): now old status is 5
07-06 19:43:26.145 E/SMD ( 105): DCD OFF
07-06 16:05:49.339 V/StatusBar.BatteryController( 484): status5batteryHealth 2
07-06 19:43:26.795 W/SignalStrength( 277): getCdmaLevel=2
07-06 16:05:49.339 D/StatusBar.BatteryController( 484): mOldstatus5status 5
07-06 19:43:26.795 W/SignalStrength( 277): getEvdoLevel=0
07-06 16:05:49.339 D/StatusBar.BatteryController( 484): now old status is 5
07-06 19:43:26.795 W/SignalStrength( 277): getCdmaLevel=2
07-06 16:05:59.359 V/StatusBar.BatteryController( 484): status5batteryHealth 2
07-06 19:43:26.795 W/SignalStrength( 277): getLevel=2
07-06 16:05:59.359 D/StatusBar.BatteryController( 484): mOldstatus5status 5
07-06 19:43:26.805 W/SignalStrength( 484): getCdmaLevel=2
07-06 16:05:59.359 D/StatusBar.BatteryController( 484): now old status is 5
07-06 19:43:26.805 W/SignalStrength( 484): getEvdoLevel=0
07-06 16:06:19.399 V/StatusBar.BatteryController( 484): status5batteryHealth 2
07-06 19:43:26.815 W/SignalStrength( 484): getCdmaLevel=2
07-06 16:06:19.399 D/StatusBar.BatteryController( 484): mOldstatus5status 5
07-06 19:43:26.815 W/SignalStrength( 484): getLevel=2
07-06 16:06:19.399 D/StatusBar.BatteryController( 484): now old status is 5
07-06 19:43:29.145 E/SMD ( 105): DCD OFF
07-06 16:06:29.429 V/StatusBar.BatteryController( 484): status5batteryHealth 2
07-06 19:43:32.155 E/SMD ( 105): DCD OFF
07-06 19:43:32.795 V/StatusBar.BatteryController( 484): status5batteryHealth 2
07-06 19:43:32.795 D/StatusBar.BatteryController( 484): mOldstatus5status 5
07-06 19:43:32.795 D/StatusBar.BatteryController( 484): now old status is 5
07-06 16:06:29.429 D/StatusBar.BatteryController( 484): mOldstatus5status 5
07-06 19:43:35.155 E/SMD ( 105): DCD OFF
07-06 16:06:29.429 D/StatusBar.BatteryController( 484): now old status is 5
07-06 19:43:38.155 E/SMD ( 105): DCD OFF
07-06 16:06:39.439 V/StatusBar.BatteryController( 484): status5batteryHealth 2
07-06 19:43:41.155 E/SMD ( 105): DCD OFF
07-06 19:43:42.815 V/StatusBar.BatteryController( 484): status5batteryHealth 2
07-06 19:43:42.815 D/StatusBar.BatteryController( 484): mOldstatus5status 5
07-06 19:43:42.815 D/StatusBar.BatteryController( 484): now old status is 5
07-06 16:06:39.439 D/StatusBar.BatteryController( 484): mOldstatus5status 5
07-06 19:43:44.165 E/SMD ( 105): DCD OFF
07-06 16:06:39.439 D/StatusBar.BatteryController( 484): now old status is 5
07-06 19:43:47.165 E/SMD ( 105): DCD OFF
07-06 16:06:59.479 V/StatusBar.BatteryController( 484): status5batteryHealth 2
07-06 19:43:50.165 E/SMD ( 105): DCD OFF
07-06 19:43:52.825 V/StatusBar.BatteryController( 484): status5batteryHealth 2
07-06 19:43:52.825 D/StatusBar.BatteryController( 484): mOldstatus5status 5
07-06 19:43:52.825 D/StatusBar.BatteryController( 484): now old status is 5
07-06 16:06:59.479 D/StatusBar.BatteryController( 484): mOldstatus5status 5
07-06 19:43:53.165 E/SMD ( 105): DCD OFF
07-06 16:06:59.479 D/StatusBar.BatteryController( 484): now old status is 5
07-06 19:43:56.175 E/SMD ( 105): DCD OFF
07-06 16:07:09.499 V/StatusBar.BatteryController( 484): status5batteryHealth 2
07-06 19:43:59.175 E/SMD ( 105): DCD OFF
07-06 16:07:09.499 D/StatusBar.BatteryController( 484): mOldstatus5status 5
07-06 19:44:02.175 E/SMD ( 105): DCD OFF
07-06 19:44:02.855 V/StatusBar.BatteryController( 484): status5batteryHealth 2
07-06 19:44:02.855 D/StatusBar.BatteryController( 484): mOldstatus5status 5
07-06 19:44:02.855 D/StatusBar.BatteryController( 484): now old status is 5
07-06 16:07:09.499 D/StatusBar.BatteryController( 484): now old status is 5
07-06 19:44:03.815 W/SignalStrength( 277): getCdmaLevel=3
07-06 16:07:39.559 V/StatusBar.BatteryController( 484): status5batteryHealth 2
07-06 19:44:03.815 W/SignalStrength( 277): getEvdoLevel=0
07-06 16:07:39.559 D/StatusBar.BatteryController( 484): mOldstatus5status 5
07-06 19:44:03.815 W/SignalStrength( 277): getCdmaLevel=3
07-06 16:07:39.559 D/StatusBar.BatteryController( 484): now old status is 5
07-06 19:44:03.815 W/SignalStrength( 277): getLevel=3
07-06 16:07:49.579 V/StatusBar.BatteryController( 484): status5batteryHealth 2
07-06 19:44:03.825 W/SignalStrength( 484): getCdmaLevel=3
07-06 16:07:49.579 D/StatusBar.BatteryController( 484): mOldstatus5status 5
07-06 19:44:03.825 W/SignalStrength( 484): getEvdoLevel=0
07-06 16:07:49.579 D/StatusBar.BatteryController( 484): now old status is 5
07-06 19:44:03.825 W/SignalStrength( 484): getCdmaLevel=3
07-06 16:08:19.639 V/StatusBar.BatteryController( 484): status5batteryHealth 2
07-06 19:44:03.825 W/SignalStrength( 484): getLevel=3
07-06 16:08:19.639 D/StatusBar.BatteryController( 484): mOldstatus5status 5
07-06 19:44:05.175 E/SMD ( 105): DCD OFF
07-06 16:08:19.639 D/StatusBar.BatteryController( 484): now old status is 5
07-06 19:44:08.175 E/SMD ( 105): DCD OFF
07-06 16:08:39.679 V/StatusBar.BatteryController( 484): status5batteryHealth 2
07-06 19:44:09.815 W/SignalStrength( 277): getCdmaLevel=2
07-06 16:08:39.679 D/StatusBar.BatteryController( 484): mOldstatus5status 5
07-06 19:44:09.815 W/SignalStrength( 277): getEvdoLevel=0
07-06 16:08:39.679 D/StatusBar.BatteryController( 484): now old status is 5
07-06 19:44:09.815 W/SignalStrength( 277): getCdmaLevel=2
07-06 16:08:49.699 V/StatusBar.BatteryController( 484): status5batteryHealth 2
07-06 19:44:09.815 W/SignalStrength( 277): getLevel=2
07-06 16:08:49.699 D/StatusBar.BatteryController( 484): mOldstatus5status 5
07-06 19:44:09.825 W/SignalStrength( 484): getCdmaLevel=2
07-06 16:08:49.699 D/StatusBar.BatteryController( 484): now old status is 5
07-06 19:44:09.825 W/SignalStrength( 484): getEvdoLevel=0
07-06 16:08:59.709 V/StatusBar.BatteryController( 484): status5batteryHealth 2
07-06 19:44:09.825 W/SignalStrength( 484): getCdmaLevel=2
07-06 16:08:59.709 D/StatusBar.BatteryController( 484): mOldstatus5status 5
07-06 19:44:09.825 W/SignalStrength( 484): getLevel=2
07-06 16:08:59.709 D/StatusBar.BatteryController( 484): now old status is 5
07-06 19:44:10.815 W/SignalStrength( 277): getCdmaLevel=3
07-06 16:09:19.759 V/StatusBar.BatteryController( 484): status5batteryHealth 2
07-06 19:44:10.815 W/SignalStrength( 277): getEvdoLevel=0
07-06 16:09:19.759 D/StatusBar.BatteryController( 484): mOldstatus5status 5
07-06 19:44:10.815 W/SignalStrength( 277): getCdmaLevel=3
07-06 16:09:19.759 D/StatusBar.BatteryController( 484): now old status is 5
07-06 19:44:10.815 W/SignalStrength( 277): getLevel=3
07-06 16:09:39.799 V/StatusBar.BatteryController( 484): status5batteryHealth 2
07-06 19:44:10.815 W/SignalStrength( 484): getCdmaLevel=3
07-06 16:09:39.799 D/StatusBar.BatteryController( 484): mOldstatus5status 5
07-06 19:44:10.815 W/SignalStrength( 484): getEvdoLevel=0
07-06 16:09:39.799 D/StatusBar.BatteryController( 484): now old status is 5
07-06 19:44:10.815 W/SignalStrength( 484): getCdmaLevel=3
07-06 16:10:49.929 V/StatusBar.BatteryController( 484): status5batteryHealth 2
07-06 19:44:10.815 W/SignalStrength( 484): getLevel=3
07-06 16:10:49.929 D/StatusBar.BatteryController( 484): mOldstatus5status 5
07-06 19:44:11.185 E/SMD ( 105): DCD OFF
07-06 19:44:12.875 V/StatusBar.BatteryController( 484): status5batteryHealth 2
07-06 19:44:12.875 D/StatusBar.BatteryController( 484): mOldstatus5status 5
07-06 19:44:12.875 D/StatusBar.BatteryController( 484): now old status is 5
07-06 16:10:49.929 D/StatusBar.BatteryController( 484): now old status is 5
07-06 19:44:14.185 E/SMD ( 105): DCD OFF
07-06 16:10:59.949 V/StatusBar.BatteryController( 484): status5batteryHealth 2
07-06 19:44:17.185 E/SMD ( 105): DCD OFF
07-06 16:10:59.949 D/StatusBar.BatteryController( 484): mOldstatus5status 5
07-06 19:44:20.185 E/SMD ( 105): DCD OFF
07-06 19:44:22.885 V/StatusBar.BatteryController( 484): status5batteryHealth 2
07-06 19:44:22.885 D/StatusBar.BatteryController( 484): mOldstatus5status 5
07-06 19:44:22.885 D/StatusBar.BatteryController( 484): now old status is 5
07-06 16:10:59.949 D/StatusBar.BatteryController( 484): now old status is 5
07-06 19:44:23.195 E/SMD ( 105): DCD OFF
07-06 16:11:09.969 V/StatusBar.BatteryController( 484): status5batteryHealth 2
07-06 19:44:26.195 E/SMD ( 105): DCD OFF
07-06 16:11:09.969 D/StatusBar.BatteryController( 484): mOldstatus5status 5
07-06 19:44:27.825 W/SignalStrength( 277): getCdmaLevel=2
07-06 16:11:09.969 D/StatusBar.BatteryController( 484): now old status is 5
07-06 19:44:27.825 W/SignalStrength( 277): getEvdoLevel=0
07-06 16:11:19.989 V/StatusBar.BatteryController( 484): status5batteryHealth 2
07-06 19:44:27.825 W/SignalStrength( 277): getCdmaLevel=2
07-06 16:11:19.989 D/StatusBar.BatteryController( 484): mOldstatus5status 5
07-06 19:44:27.825 W/SignalStrength( 277): getLevel=2
07-06 16:11:19.989 D/StatusBar.BatteryController( 484): now old status is 5
07-06 19:44:27.835 W/SignalStrength( 484): getCdmaLevel=2
07-06 16:11:30.019 V/StatusBar.BatteryController( 484): status5batteryHealth 2
07-06 19:44:27.835 W/SignalStrength( 484): getEvdoLevel=0
07-06 16:11:30.019 D/StatusBar.BatteryController( 484): mOldstatus5status 5
07-06 19:44:27.835 W/SignalStrength( 484): getCdmaLevel=2
07-06 16:11:30.019 D/StatusBar.BatteryController( 484): now old status is 5
07-06 19:44:27.835 W/SignalStrength( 484): getLevel=2
07-06 16:11:38.279 I/ActivityManager( 277): Start proc app.processName for service hostingNameStr: pid=11327 uid=10058 gids={3003, 1015, 1023}
07-06 19:44:28.925 D/SensorManager( 754): registerListener :: handle = 0 name= BOSCH 3-axis Accelerometer delay= 10000 Listener= kvo@413acbc0
07-06 16:11:38.749 I/ActivityManager( 277): No longer want app.processName (pid 11046): hidden #16
07-06 19:44:28.925 E/SensorManager( 754): thread start
07-06 16:11:50.049 V/StatusBar.BatteryController( 484): status5batteryHealth 2
07-06 19:44:28.925 E/SensorManager( 754): =======>>>Sensor Thread RUNNING <<<========
07-06 16:11:50.049 D/StatusBar.BatteryController( 484): mOldstatus5status 5
07-06 19:44:29.195 E/SMD ( 105): DCD OFF
07-06 16:11:50.049 D/StatusBar.BatteryController( 484): now old status is 5
07-06 19:44:29.655 I/SensorManager( 754): Set normal delay = true
07-06 16:12:40.159 V/StatusBar.BatteryController( 484): status5batteryHealth 2
07-06 19:44:29.735 D/SensorManager( 754): unregisterListener:: disable all sensors for this listener, name = BOSCH 3-axis Accelerometer listener = kvo@413acbc0
07-06 16:12:40.159 D/StatusBar.BatteryController( 484): mOldstatus5status 5
07-06 19:44:32.195 E/SMD ( 105): DCD OFF
07-06 16:12:40.159 D/StatusBar.BatteryController( 484): now old status is 5
07-06 19:44:35.205 E/SMD ( 105): DCD OFF
07-06 16:12:41.429 W/ThrottleService( 277): unable to find stats for iface rmnet0
07-06 19:44:38.205 E/SMD ( 105): DCD OFF
07-06 16:12:50.169 V/StatusBar.BatteryController( 484): status5batteryHealth 2
07-06 19:44:39.825 W/SignalStrength( 277): getCdmaLevel=3
07-06 16:12:50.169 D/StatusBar.BatteryController( 484): mOldstatus5status 5
07-06 19:44:39.825 W/SignalStrength( 277): getEvdoLevel=0
07-06 16:12:50.169 D/StatusBar.BatteryController( 484): now old status is 5
07-06 19:44:39.825 W/SignalStrength( 277): getCdmaLevel=3
07-06 16:13:00.199 V/StatusBar.BatteryController( 484): status5batteryHealth 2
07-06 19:44:39.825 W/SignalStrength( 277): getLevel=3
07-06 16:13:00.199 D/StatusBar.BatteryController( 484): mOldstatus5status 5
07-06 19:44:39.835 W/SignalStrength( 484): getCdmaLevel=3
07-06 16:13:00.199 D/StatusBar.BatteryController( 484): now old status is 5
07-06 19:44:39.835 W/SignalStrength( 484): getEvdoLevel=0
07-06 16:13:10.219 V/StatusBar.BatteryController( 484): status5batteryHealth 2
07-06 19:44:39.835 W/SignalStrength( 484): getCdmaLevel=3
07-06 16:13:10.219 D/StatusBar.BatteryController( 484): mOldstatus5status 5
07-06 19:44:39.835 W/SignalStrength( 484): getLevel=3
07-06 16:13:10.219 D/StatusBar.BatteryController( 484): now old status is 5
07-06 19:44:39.855 E/WifiStateMachine( 277): set suspend optimizations failed!
07-06 16:13:30.249 V/StatusBar.BatteryController( 484): status5batteryHealth 2
07-06 19:44:40.405 E/WifiStateMachine( 277): set suspend optimizations failed!
07-06 16:13:30.249 D/StatusBar.BatteryController( 484): mOldstatus5status 5
07-06 19:44:41.205 E/SMD ( 105): DCD OFF
07-06 16:13:30.249 D/StatusBar.BatteryController( 484): now old status is 5
07-06 19:44:42.835 W/SignalStrength( 277): getCdmaLevel=2
07-06 16:13:50.289 V/StatusBar.BatteryController( 484): status5batteryHealth 2
07-06 19:44:42.835 W/SignalStrength( 277): getEvdoLevel=0
07-06 16:13:50.289 D/StatusBar.BatteryController( 484): mOldstatus5status 5
07-06 19:44:42.835 W/SignalStrength( 277): getCdmaLevel=2
07-06 16:13:50.289 D/StatusBar.BatteryController( 484): now old status is 5
07-06 19:44:42.835 W/SignalStrength( 277): getLevel=2
07-06 16:14:00.319 V/StatusBar.BatteryController( 484): status5batteryHealth 2
07-06 19:44:42.845 W/SignalStrength( 484): getCdmaLevel=2
07-06 16:14:00.319 D/StatusBar.BatteryController( 484): mOldstatus5status 5
07-06 19:44:42.845 W/SignalStrength( 484): getEvdoLevel=0
07-06 16:14:00.319 D/StatusBar.BatteryController( 484): now old status is 5
07-06 19:44:42.845 W/SignalStrength( 484): getCdmaLevel=2
07-06 16:14:10.329 V/StatusBar.BatteryController( 484): status5batteryHealth 2
07-06 19:44:42.845 W/SignalStrength( 484): getLevel=2
07-06 16:14:10.329 D/StatusBar.BatteryController( 484): mOldstatus5status 5
07-06 19:44:44.205 E/SMD ( 105): DCD OFF
07-06 16:14:10.329 D/StatusBar.BatteryController( 484): now old status is 5
07-06 19:44:47.205 E/SMD ( 105): DCD OFF
07-06 16:14:50.409 V/StatusBar.BatteryController( 484): status5batteryHealth 2
07-06 19:44:49.975 D/Tethering( 277): interfaceLinkStateChanged wlan0, true
07-06 16:14:50.409 D/StatusBar.BatteryController( 484): mOldstatus5status 5
07-06 19:44:49.975 D/Tethering( 277): interfaceStatusChanged wlan0, true
07-06 16:14:50.409 D/StatusBar.BatteryController( 484): now old status is 5
07-06 19:44:50.215 E/SMD ( 105): DCD OFF
07-06 16:15:00.439 V/StatusBar.BatteryController( 484): status5batteryHealth 2
07-06 19:44:51.825 W/SignalStrength( 277): getCdmaLevel=3
07-06 16:15:00.439 D/StatusBar.BatteryController( 484): mOldstatus5status 5
07-06 19:44:51.825 W/SignalStrength( 277): getEvdoLevel=0
07-06 16:15:00.439 D/StatusBar.BatteryController( 484): now old status is 5
07-06 19:44:51.825 W/SignalStrength( 277): getCdmaLevel=3
07-06 16:15:30.489 V/StatusBar.BatteryController( 484): status5batteryHealth 2
07-06 19:44:51.825 W/SignalStrength( 277): getLevel=3
07-06 16:15:30.489 D/StatusBar.BatteryController( 484): mOldstatus5status 5
07-06 19:44:51.835 W/SignalStrength( 484): getCdmaLevel=3
07-06 16:15:30.489 D/StatusBar.BatteryController( 484): now old status is 5
07-06 19:44:51.835 W/SignalStrength( 484): getEvdoLevel=0
07-06 16:15:40.509 V/StatusBar.BatteryController( 484): status5batteryHealth 2
07-06 19:44:51.835 W/SignalStrength( 484): getCdmaLevel=3
07-06 16:15:40.509 D/StatusBar.BatteryController( 484): mOldstatus5status 5
07-06 19:44:51.835 W/SignalStrength( 484): getLevel=3
07-06 16:15:40.509 D/StatusBar.BatteryController( 484): now old status is 5
07-06 19:44:53.215 E/SMD ( 105): DCD OFF
07-06 16:15:50.539 V/StatusBar.BatteryController( 484): status5batteryHealth 2
07-06 19:44:56.215 E/SMD ( 105): DCD OFF
07-06 16:15:50.539 D/StatusBar.BatteryController( 484): mOldstatus5status 5
07-06 19:44:59.215 E/SMD ( 105): DCD OFF
07-06 16:15:50.539 D/StatusBar.BatteryController( 484): now old status is 5
07-06 19:45:00.835 W/SignalStrength( 277): getCdmaLevel=2
07-06 16:16:00.559 V/StatusBar.BatteryController( 484): status5batteryHealth 2
07-06 19:45:00.835 W/SignalStrength( 277): getEvdoLevel=0
07-06 16:16:00.559 D/StatusBar.BatteryController( 484): mOldstatus5status 5
07-06 19:45:00.835 W/SignalStrength( 277): getCdmaLevel=2
07-06 16:16:00.559 D/StatusBar.BatteryController( 484): now old status is 5
07-06 19:45:00.835 W/SignalStrength( 277): getLevel=2
07-06 16:16:10.569 V/StatusBar.BatteryController( 484): status5batteryHealth 2
07-06 19:45:00.845 W/SignalStrength( 484): getCdmaLevel=2
07-06 16:16:10.569 D/StatusBar.BatteryController( 484): mOldstatus5status 5
07-06 19:45:00.845 W/SignalStrength( 484): getEvdoLevel=0
07-06 16:16:10.569 D/StatusBar.BatteryController( 484): now old status is 5
07-06 19:45:00.845 W/SignalStrength( 484): getCdmaLevel=2
07-06 16:16:20.599 V/StatusBar.BatteryController( 484): status5batteryHealth 2
07-06 19:45:00.845 W/SignalStrength( 484): getLevel=2
07-06 16:16:20.599 D/StatusBar.BatteryController( 484): mOldstatus5status 5
07-06 19:45:02.225 E/SMD ( 105): DCD OFF
07-06 16:16:20.599 D/StatusBar.BatteryController( 484): now old status is 5
07-06 19:45:05.225 E/SMD ( 105): DCD OFF
07-06 16:16:30.619 V/StatusBar.BatteryController( 484): status5batteryHealth 2
07-06 19:45:06.835 W/SignalStrength( 277): getCdmaLevel=3
07-06 16:16:30.619 D/StatusBar.BatteryController( 484): mOldstatus5status 5
07-06 19:45:06.835 W/SignalStrength( 277): getEvdoLevel=0
07-06 16:16:30.619 D/StatusBar.BatteryController( 484): now old status is 5
07-06 19:45:06.835 W/SignalStrength( 277): getCdmaLevel=3
07-06 16:16:40.629 V/StatusBar.BatteryController( 484): status5batteryHealth 2
07-06 19:45:06.835 W/SignalStrength( 277): getLevel=3
07-06 16:16:40.629 D/StatusBar.BatteryController( 484): mOldstatus5status 5
07-06 19:45:06.835 W/SignalStrength( 484): getCdmaLevel=3
07-06 16:16:40.629 D/StatusBar.BatteryController( 484): now old status is 5
07-06 19:45:06.835 W/SignalStrength( 484): getEvdoLevel=0
07-06 16:16:50.659 V/StatusBar.BatteryController( 484): status5batteryHealth 2
07-06 19:45:06.835 W/SignalStrength( 484): getCdmaLevel=3
07-06 16:16:50.659 D/StatusBar.BatteryController( 484): mOldstatus5status 5
07-06 19:45:06.835 W/SignalStrength( 484): getLevel=3
