07-06 20:07:56.355 W/SignalStrength( 484): getLevel=3
07-06 20:07:57.345 E/SMD ( 105): DCD OFF
07-06 20:08:00.345 E/SMD ( 105): DCD OFF
07-06 20:08:00.355 W/SignalStrength( 277): getCdmaLevel=2
07-06 20:08:00.355 W/SignalStrength( 277): getEvdoLevel=0
07-06 20:08:00.355 W/SignalStrength( 277): getCdmaLevel=2
07-06 20:08:00.355 W/SignalStrength( 277): getLevel=2
07-06 20:08:00.365 W/SignalStrength( 484): getCdmaLevel=2
07-06 20:08:00.365 W/SignalStrength( 484): getEvdoLevel=0
07-06 20:08:00.375 W/SignalStrength( 484): getCdmaLevel=2
07-06 20:08:00.375 W/SignalStrength( 484): getLevel=2
07-06 20:08:03.345 E/SMD ( 105): DCD OFF
07-06 20:08:05.725 V/StatusBar.BatteryController( 484): status5batteryHealth 2
07-06 20:08:05.725 D/StatusBar.BatteryController( 484): mOldstatus5status 5
07-06 20:08:05.725 D/StatusBar.BatteryController( 484): now old status is 5
07-06 20:08:06.355 E/SMD ( 105): DCD OFF
07-06 20:08:09.355 E/SMD ( 105): DCD OFF
07-06 20:08:12.355 E/SMD ( 105): DCD OFF
07-06 20:08:15.355 E/SMD ( 105): DCD OFF
07-06 20:08:15.745 V/StatusBar.BatteryController( 484): status5batteryHealth 2
07-06 20:08:15.745 D/StatusBar.BatteryController( 484): mOldstatus5status 5
07-06 20:08:15.745 D/StatusBar.BatteryController( 484): now old status is 5
07-06 20:08:18.355 E/SMD ( 105): DCD OFF
07-06 20:08:21.365 E/SMD ( 105): DCD OFF
07-06 20:08:24.365 E/SMD ( 105): DCD OFF
07-06 20:08:25.365 W/SignalStrength( 277): getCdmaLevel=3
07-06 20:08:25.365 W/SignalStrength( 277): getEvdoLevel=0
07-06 20:08:25.365 W/SignalStrength( 277): getCdmaLevel=3
07-06 20:08:25.365 W/SignalStrength( 277): getLevel=3
07-06 20:08:25.375 W/SignalStrength( 484): getCdmaLevel=3
07-06 20:08:25.375 W/SignalStrength( 484): getEvdoLevel=0
07-06 20:08:25.375 W/SignalStrength( 484): getCdmaLevel=3
07-06 20:08:25.375 W/SignalStrength( 484): getLevel=3
07-06 20:08:25.765 V/StatusBar.BatteryController( 484): status5batteryHealth 2
07-06 20:08:25.765 D/StatusBar.BatteryController( 484): mOldstatus5status 5
07-06 20:08:25.765 D/StatusBar.BatteryController( 484): now old status is 5
07-06 20:08:27.365 E/SMD ( 105): DCD OFF
07-06 20:08:30.365 E/SMD ( 105): DCD OFF
07-06 20:08:33.045 D/SensorManager( 754): registerListener :: handle = 0 name= BOSCH 3-axis Accelerometer delay= 10000 Listener= kvo@41421468
07-06 20:08:33.045 E/SensorManager( 754): thread start
07-06 20:08:33.055 E/SensorManager( 754): =======>>>Sensor Thread RUNNING <<<========
07-06 20:08:33.375 E/SMD ( 105): DCD OFF
07-06 20:08:33.865 I/SensorManager( 754): Set normal delay = true
07-06 20:08:33.945 D/SensorManager( 754): unregisterListener:: disable all sensors for this listener, name = BOSCH 3-axis Accelerometer listener = kvo@41421468
07-06 20:08:36.375 E/SMD ( 105): DCD OFF
07-06 20:08:39.375 W/SignalStrength( 277): getCdmaLevel=2
07-06 20:08:39.375 W/SignalStrength( 277): getEvdoLevel=0
07-06 20:08:39.375 W/SignalStrength( 277): getCdmaLevel=2
07-06 20:08:39.375 W/SignalStrength( 277): getLevel=2
07-06 20:08:39.375 E/SMD ( 105): DCD OFF
07-06 20:08:39.385 W/SignalStrength( 484): getCdmaLevel=2
07-06 20:08:39.385 W/SignalStrength( 484): getEvdoLevel=0
07-06 20:08:39.385 W/SignalStrength( 484): getCdmaLevel=2
07-06 20:08:39.385 W/SignalStrength( 484): getLevel=2
07-06 20:08:42.385 E/SMD ( 105): DCD OFF
07-06 20:08:45.385 E/SMD ( 105): DCD OFF
07-06 20:08:45.805 V/StatusBar.BatteryController( 484): status5batteryHealth 2
07-06 20:08:45.815 D/StatusBar.BatteryController( 484): mOldstatus5status 5
07-06 20:08:45.815 D/StatusBar.BatteryController( 484): now old status is 5
07-06 20:08:48.045 D/Tethering( 277): interfaceLinkStateChanged wlan0, true
07-06 20:08:48.045 D/Tethering( 277): interfaceStatusChanged wlan0, true
07-06 20:08:48.385 E/SMD ( 105): DCD OFF
07-06 20:08:50.375 W/SignalStrength( 277): getCdmaLevel=3
07-06 20:08:50.375 W/SignalStrength( 277): getEvdoLevel=0
07-06 20:08:50.375 W/SignalStrength( 277): getCdmaLevel=3
07-06 20:08:50.375 W/SignalStrength( 277): getLevel=3
07-06 20:08:50.385 W/SignalStrength( 484): getCdmaLevel=3
07-06 20:08:50.385 W/SignalStrength( 484): getEvdoLevel=0
07-06 20:08:50.385 W/SignalStrength( 484): getCdmaLevel=3
07-06 20:08:50.385 W/SignalStrength( 484): getLevel=3
07-06 20:08:51.395 E/SMD ( 105): DCD OFF
07-06 20:08:54.395 E/SMD ( 105): DCD OFF
07-06 20:08:54.455 D/Tethering( 277): interfaceLinkStateChanged wlan0, true
07-06 20:08:54.455 D/Tethering( 277): interfaceStatusChanged wlan0, true
07-06 20:08:55.825 V/StatusBar.BatteryController( 484): status5batteryHealth 2
07-06 20:08:55.835 D/StatusBar.BatteryController( 484): mOldstatus5status 5
07-06 20:08:55.835 D/StatusBar.BatteryController( 484): now old status is 5
07-06 20:08:56.385 W/SignalStrength( 277): getCdmaLevel=2
07-06 20:08:56.385 W/SignalStrength( 277): getEvdoLevel=0
07-06 20:08:56.385 W/SignalStrength( 277): getCdmaLevel=2
07-06 20:08:56.385 W/SignalStrength( 277): getLevel=2
07-06 20:08:56.385 W/SignalStrength( 484): getCdmaLevel=2
07-06 20:08:56.385 W/SignalStrength( 484): getEvdoLevel=0
07-06 20:08:56.385 W/SignalStrength( 484): getCdmaLevel=2
07-06 20:08:56.385 W/SignalStrength( 484): getLevel=2
07-06 20:08:57.395 E/SMD ( 105): DCD OFF
07-06 20:09:00.395 E/SMD ( 105): DCD OFF
07-06 20:09:03.405 E/SMD ( 105): DCD OFF
07-06 20:09:05.845 V/StatusBar.BatteryController( 484): status5batteryHealth 2
07-06 20:09:05.845 D/StatusBar.BatteryController( 484): mOldstatus5status 5
07-06 20:09:05.845 D/StatusBar.BatteryController( 484): now old status is 5
07-06 20:09:06.405 E/SMD ( 105): DCD OFF
07-06 20:09:09.405 E/SMD ( 105): DCD OFF
07-06 20:09:11.115 D/Tethering( 277): interfaceLinkStateChanged wlan0, true
07-06 20:09:11.115 D/Tethering( 277): interfaceStatusChanged wlan0, true
07-06 20:09:12.405 E/SMD ( 105): DCD OFF
07-06 20:09:14.385 W/SignalStrength( 277): getCdmaLevel=2
07-06 20:09:14.385 W/SignalStrength( 277): getEvdoLevel=0
07-06 20:09:14.385 W/SignalStrength( 277): getCdmaLevel=2
07-06 20:09:14.385 W/SignalStrength( 277): getLevel=2
07-06 20:09:14.395 W/SignalStrength( 484): getCdmaLevel=2
07-06 20:09:14.395 W/SignalStrength( 484): getEvdoLevel=0
07-06 20:09:14.395 W/SignalStrength( 484): getCdmaLevel=2
07-06 20:09:14.395 W/SignalStrength( 484): getLevel=2
07-06 20:09:15.415 E/SMD ( 105): DCD OFF
07-06 20:09:15.875 V/StatusBar.BatteryController( 484): status5batteryHealth 2
07-06 20:09:15.875 D/StatusBar.BatteryController( 484): mOldstatus5status 5
07-06 20:09:15.875 D/StatusBar.BatteryController( 484): now old status is 5
07-06 20:09:16.125 D/Tethering( 277): interfaceLinkStateChanged wlan0, true
07-06 20:09:16.125 D/Tethering( 277): interfaceStatusChanged wlan0, true
07-06 20:09:18.415 E/SMD ( 105): DCD OFF
07-06 20:09:21.415 E/SMD ( 105): DCD OFF
07-06 20:09:24.415 E/SMD ( 105): DCD OFF
07-06 20:09:25.895 V/StatusBar.BatteryController( 484): status5batteryHealth 2
07-06 20:09:25.895 D/StatusBar.BatteryController( 484): mOldstatus5status 5
07-06 20:09:25.895 D/StatusBar.BatteryController( 484): now old status is 5
07-06 20:09:27.415 E/SMD ( 105): DCD OFF
07-06 20:09:30.425 E/SMD ( 105): DCD OFF
07-06 20:09:31.395 W/SignalStrength( 277): getCdmaLevel=3
07-06 20:09:31.395 W/SignalStrength( 277): getEvdoLevel=0
07-06 20:09:31.395 W/SignalStrength( 277): getCdmaLevel=3
07-06 20:09:31.395 W/SignalStrength( 277): getLevel=3
07-06 20:09:31.395 W/SignalStrength( 484): getCdmaLevel=3
07-06 20:09:31.395 W/SignalStrength( 484): getEvdoLevel=0
07-06 20:09:31.395 W/SignalStrength( 484): getCdmaLevel=3
07-06 20:09:31.395 W/SignalStrength( 484): getLevel=3
07-06 20:09:33.425 E/SMD ( 105): DCD OFF
07-06 20:09:36.425 E/SMD ( 105): DCD OFF
07-06 20:09:39.425 E/SMD ( 105): DCD OFF
07-06 20:09:42.435 E/SMD ( 105): DCD OFF
07-06 20:09:44.475 D/Tethering( 277): interfaceLinkStateChanged wlan0, true
07-06 20:09:44.475 D/Tethering( 277): interfaceStatusChanged wlan0, true
07-06 20:09:45.435 E/SMD ( 105): DCD OFF
07-06 20:09:48.435 E/SMD ( 105): DCD OFF
07-06 20:09:49.485 D/Tethering( 277): interfaceLinkStateChanged wlan0, true
07-06 20:09:49.485 D/Tethering( 277): interfaceStatusChanged wlan0, true
07-06 20:09:51.435 E/SMD ( 105): DCD OFF
07-06 20:09:53.405 W/SignalStrength( 277): getCdmaLevel=3
07-06 20:09:53.405 W/SignalStrength( 277): getEvdoLevel=0
07-06 20:09:53.405 W/SignalStrength( 277): getCdmaLevel=3
07-06 20:09:53.405 W/SignalStrength( 277): getLevel=3
07-06 20:09:53.405 W/SignalStrength( 484): getCdmaLevel=3
07-06 20:09:53.405 W/SignalStrength( 484): getEvdoLevel=0
07-06 20:09:53.405 W/SignalStrength( 484): getCdmaLevel=3
07-06 20:09:53.405 W/SignalStrength( 484): getLevel=3
07-06 20:09:54.445 E/SMD ( 105): DCD OFF
07-06 20:09:55.955 V/StatusBar.BatteryController( 484): status5batteryHealth 2
07-06 20:09:55.955 D/StatusBar.BatteryController( 484): mOldstatus5status 5
07-06 20:09:55.955 D/StatusBar.BatteryController( 484): now old status is 5
07-06 20:09:57.445 E/SMD ( 105): DCD OFF
07-06 20:10:00.445 E/SMD ( 105): DCD OFF
07-06 20:10:03.445 E/SMD ( 105): DCD OFF
07-06 20:10:04.695 D/SnetService( 717): snet destroyed
07-06 20:10:05.965 V/StatusBar.BatteryController( 484): status5batteryHealth 2
07-06 20:10:05.965 D/StatusBar.BatteryController( 484): mOldstatus5status 5
07-06 20:10:05.965 D/StatusBar.BatteryController( 484): now old status is 5
07-06 20:10:06.445 E/SMD ( 105): DCD OFF
07-06 20:10:09.455 E/SMD ( 105): DCD OFF
07-06 20:10:12.455 E/SMD ( 105): DCD OFF
07-06 20:10:15.455 E/SMD ( 105): DCD OFF
07-06 20:10:15.995 V/StatusBar.BatteryController( 484): status5batteryHealth 2
07-06 20:10:15.995 D/StatusBar.BatteryController( 484): mOldstatus5status 5
07-06 20:10:15.995 D/StatusBar.BatteryController( 484): now old status is 5
07-06 20:10:18.455 E/SMD ( 105): DCD OFF
07-06 20:10:21.465 E/SMD ( 105): DCD OFF
07-06 20:10:24.465 E/SMD ( 105): DCD OFF
07-06 20:10:27.465 E/SMD ( 105): DCD OFF
07-06 20:10:30.465 E/SMD ( 105): DCD OFF
07-06 20:10:32.415 W/SignalStrength( 277): getCdmaLevel=3
07-06 20:10:32.415 W/SignalStrength( 277): getEvdoLevel=0
07-06 20:10:32.415 W/SignalStrength( 277): getCdmaLevel=3
07-06 20:10:32.415 W/SignalStrength( 277): getLevel=3
07-06 20:10:32.425 W/SignalStrength( 484): getCdmaLevel=3
07-06 20:10:32.425 W/SignalStrength( 484): getEvdoLevel=0
07-06 20:10:32.425 W/SignalStrength( 484): getCdmaLevel=3
07-06 20:10:32.425 W/SignalStrength( 484): getLevel=3
07-06 20:10:33.475 E/SMD ( 105): DCD OFF
07-06 20:10:36.025 V/StatusBar.BatteryController( 484): status5batteryHealth 2
07-06 20:10:36.025 D/StatusBar.BatteryController( 484): mOldstatus5status 5
07-06 20:10:36.025 D/StatusBar.BatteryController( 484): now old status is 5
07-06 20:10:36.475 E/SMD ( 105): DCD OFF
07-06 20:10:39.425 W/SignalStrength( 484): getCdmaLevel=3
07-06 20:10:39.425 W/SignalStrength( 484): getEvdoLevel=0
07-06 20:10:39.425 W/SignalStrength( 484): getCdmaLevel=3
07-06 20:10:39.425 W/SignalStrength( 484): getLevel=3
07-06 20:10:39.425 W/SignalStrength( 277): getCdmaLevel=3
07-06 20:10:39.425 W/SignalStrength( 277): getEvdoLevel=0
07-06 20:10:39.425 W/SignalStrength( 277): getCdmaLevel=3
07-06 20:10:39.425 W/SignalStrength( 277): getLevel=3
07-06 20:10:39.475 E/SMD ( 105): DCD OFF
07-06 20:10:42.475 E/SMD ( 105): DCD OFF
07-06 20:10:45.485 E/SMD ( 105): DCD OFF
07-06 20:10:46.055 V/StatusBar.BatteryController( 484): status5batteryHealth 2
07-06 20:10:46.055 D/StatusBar.BatteryController( 484): mOldstatus5status 5
07-06 20:10:46.055 D/StatusBar.BatteryController( 484): now old status is 5
07-06 20:10:48.485 E/SMD ( 105): DCD OFF
07-06 20:10:51.485 E/SMD ( 105): DCD OFF
07-06 20:10:54.485 E/SMD ( 105): DCD OFF
07-06 20:10:56.075 V/StatusBar.BatteryController( 484): status5batteryHealth 2
07-06 20:10:56.075 D/StatusBar.BatteryController( 484): mOldstatus5status 5
07-06 20:10:56.075 D/StatusBar.BatteryController( 484): now old status is 5
07-06 20:10:57.485 E/SMD ( 105): DCD OFF
07-06 20:11:00.495 E/SMD ( 105): DCD OFF
07-06 20:11:03.495 E/SMD ( 105): DCD OFF
07-06 20:11:04.435 W/SignalStrength( 484): getCdmaLevel=2
07-06 20:11:04.435 W/SignalStrength( 484): getEvdoLevel=0
07-06 20:11:04.435 W/SignalStrength( 484): getCdmaLevel=2
07-06 20:11:04.435 W/SignalStrength( 484): getLevel=2
07-06 20:11:04.435 W/SignalStrength( 277): getCdmaLevel=2
07-06 20:11:04.435 W/SignalStrength( 277): getEvdoLevel=0
07-06 20:11:04.435 W/SignalStrength( 277): getCdmaLevel=2
07-06 20:11:04.435 W/SignalStrength( 277): getLevel=2
07-06 20:11:06.495 E/SMD ( 105): DCD OFF
07-06 20:11:09.495 E/SMD ( 105): DCD OFF
07-06 20:11:10.435 W/SignalStrength( 277): getCdmaLevel=3
07-06 20:11:10.435 W/SignalStrength( 277): getEvdoLevel=0
07-06 20:11:10.435 W/SignalStrength( 277): getCdmaLevel=3
07-06 20:11:10.435 W/SignalStrength( 277): getLevel=3
07-06 20:11:10.445 W/SignalStrength( 484): getCdmaLevel=3
07-06 20:11:10.445 W/SignalStrength( 484): getEvdoLevel=0
07-06 20:11:10.445 W/SignalStrength( 484): getCdmaLevel=3
07-06 20:11:10.445 W/SignalStrength( 484): getLevel=3
07-06 20:11:12.505 E/SMD ( 105): DCD OFF
07-06 20:11:15.505 E/SMD ( 105): DCD OFF
07-06 20:11:17.435 W/SignalStrength( 277): getCdmaLevel=2
07-06 20:11:17.435 W/SignalStrength( 277): getEvdoLevel=0
07-06 20:11:17.435 W/SignalStrength( 277): getCdmaLevel=2
07-06 20:11:17.435 W/SignalStrength( 277): getLevel=2
07-06 20:11:17.445 W/SignalStrength( 484): getCdmaLevel=2
07-06 20:11:17.445 W/SignalStrength( 484): getEvdoLevel=0
07-06 20:11:17.445 W/SignalStrength( 484): getCdmaLevel=2
07-06 20:11:17.445 W/SignalStrength( 484): getLevel=2
07-06 20:11:18.505 E/SMD ( 105): DCD OFF
07-06 20:11:19.435 W/SignalStrength( 277): getCdmaLevel=3
07-06 20:11:19.435 W/SignalStrength( 277): getEvdoLevel=0
07-06 20:11:19.435 W/SignalStrength( 277): getCdmaLevel=3
07-06 20:11:19.435 W/SignalStrength( 277): getLevel=3
07-06 20:11:19.445 W/SignalStrength( 484): getCdmaLevel=3
07-06 20:11:19.445 W/SignalStrength( 484): getEvdoLevel=0
07-06 20:11:19.445 W/SignalStrength( 484): getCdmaLevel=3
07-06 20:11:19.445 W/SignalStrength( 484): getLevel=3
07-06 20:11:21.505 E/SMD ( 105): DCD OFF
07-06 20:11:24.515 E/SMD ( 105): DCD OFF
07-06 20:11:26.135 V/StatusBar.BatteryController( 484): status5batteryHealth 2
07-06 20:11:26.135 D/StatusBar.BatteryController( 484): mOldstatus5status 5
07-06 20:11:26.135 D/StatusBar.BatteryController( 484): now old status is 5
07-06 20:11:27.515 E/SMD ( 105): DCD OFF
07-06 20:11:30.515 E/SMD ( 105): DCD OFF
07-06 20:11:32.255 D/SensorManager( 754): registerListener :: handle = 0 name= BOSCH 3-axis Accelerometer delay= 10000 Listener= kvo@41292a58
07-06 20:11:32.255 E/SensorManager( 754): thread start
07-06 20:11:32.255 E/SensorManager( 754): =======>>>Sensor Thread RUNNING <<<========
07-06 20:11:33.005 I/SensorManager( 754): Set normal delay = true
07-06 20:11:33.085 D/SensorManager( 754): unregisterListener:: disable all sensors for this listener, name = BOSCH 3-axis Accelerometer listener = kvo@41292a58
07-06 20:11:33.115 I/GCoreUlr( 754): Received powerMode change from NLP: com.google.android.location.activity.LOW_POWER_MODE_ENABLED
07-06 20:11:33.115 I/GCoreUlr( 754): Starting service, intent=Intent { act=com.google.android.location.reporting.ACTION_UPDATE_ACTIVE_STATE cmp=xxxx }, extras=null
07-06 20:11:33.165 I/GCoreUlr( 754): Ensuring that reporting is active for [account#15#]
07-06 20:11:33.165 I/GCoreUlr( 754): Starting service, intent=Intent { act=com.google.android.location.reporting.ACTION_LOCATION_STATUS cmp=xxxx (has extras) }, extras=Bundle[{status=LocationStatus[cell status: STATUS_SUCCESSFUL, wifi status: STATUS_INVALID_SCAN, elapsed realtime ns: 237188000000]}]
07-06 20:11:33.515 E/SMD ( 105): DCD OFF
07-06 20:11:36.145 V/StatusBar.BatteryController( 484): status5batteryHealth 2
07-06 20:11:36.145 D/StatusBar.BatteryController( 484): mOldstatus5status 5
07-06 20:11:36.145 D/StatusBar.BatteryController( 484): now old status is 5
07-06 20:11:36.525 E/SMD ( 105): DCD OFF
07-06 20:11:39.525 E/SMD ( 105): DCD OFF
07-06 20:11:42.525 E/SMD ( 105): DCD OFF
07-06 20:11:45.525 E/SMD ( 105): DCD OFF
07-06 20:11:46.175 V/StatusBar.BatteryController( 484): status5batteryHealth 2
07-06 20:11:46.175 D/StatusBar.BatteryController( 484): mOldstatus5status 5
07-06 20:11:46.175 D/StatusBar.BatteryController( 484): now old status is 5
07-06 20:11:48.525 E/SMD ( 105): DCD OFF
07-06 20:11:49.525 D/Tethering( 277): interfaceLinkStateChanged wlan0, true
07-06 20:11:49.525 D/Tethering( 277): interfaceStatusChanged wlan0, true
07-06 20:11:51.535 E/SMD ( 105): DCD OFF
07-06 20:11:54.535 E/SMD ( 105): DCD OFF
07-06 20:11:56.185 V/StatusBar.BatteryController( 484): status5batteryHealth 2
07-06 20:11:56.185 D/StatusBar.BatteryController( 484): mOldstatus5status 5
07-06 20:11:56.185 D/StatusBar.BatteryController( 484): now old status is 5
07-06 20:11:57.535 E/SMD ( 105): DCD OFF
07-06 20:12:00.535 E/SMD ( 105): DCD OFF
07-06 20:12:03.545 E/SMD ( 105): DCD OFF
07-06 20:12:04.455 W/SignalStrength( 277): getCdmaLevel=2
07-06 20:12:04.455 W/SignalStrength( 277): getEvdoLevel=0
07-06 20:12:04.455 W/SignalStrength( 277): getCdmaLevel=2
07-06 20:12:04.455 W/SignalStrength( 277): getLevel=2
07-06 20:12:04.465 W/SignalStrength( 484): getCdmaLevel=2
07-06 20:12:04.465 W/SignalStrength( 484): getEvdoLevel=0
07-06 20:12:04.465 W/SignalStrength( 484): getCdmaLevel=2
07-06 20:12:04.465 W/SignalStrength( 484): getLevel=2
07-06 20:12:06.215 V/StatusBar.BatteryController( 484): status5batteryHealth 2
07-06 20:12:06.215 D/StatusBar.BatteryController( 484): mOldstatus5status 5
07-06 20:12:06.215 D/StatusBar.BatteryController( 484): now old status is 5
07-06 20:12:06.545 E/SMD ( 105): DCD OFF
07-06 20:12:09.545 E/SMD ( 105): DCD OFF
07-06 20:12:12.545 E/SMD ( 105): DCD OFF
07-06 20:12:15.545 E/SMD ( 105): DCD OFF
07-06 20:12:18.555 E/SMD ( 105): DCD OFF
07-06 20:12:21.555 E/SMD ( 105): DCD OFF
07-06 20:12:22.455 W/SignalStrength( 277): getCdmaLevel=3
07-06 20:12:22.455 W/SignalStrength( 277): getEvdoLevel=0
07-06 20:12:22.455 W/SignalStrength( 277): getCdmaLevel=3
07-06 20:12:22.455 W/SignalStrength( 277): getLevel=3
07-06 20:12:22.465 W/SignalStrength( 484): getCdmaLevel=3
07-06 20:12:22.465 W/SignalStrength( 484): getEvdoLevel=0
07-06 20:12:22.465 W/SignalStrength( 484): getCdmaLevel=3
07-06 20:12:22.475 W/SignalStrength( 484): getLevel=3
07-06 20:12:24.555 E/SMD ( 105): DCD OFF
07-06 20:12:26.245 V/StatusBar.BatteryController( 484): status5batteryHealth 2
07-06 20:12:26.245 D/StatusBar.BatteryController( 484): mOldstatus5status 5
07-06 20:12:26.245 D/StatusBar.BatteryController( 484): now old status is 5
07-06 20:12:27.555 E/SMD ( 105): DCD OFF
07-06 20:12:30.565 E/SMD ( 105): DCD OFF
07-06 20:12:33.565 E/SMD ( 105): DCD OFF
07-06 20:12:34.465 W/SignalStrength( 277): getCdmaLevel=2
07-06 20:12:34.465 W/SignalStrength( 277): getEvdoLevel=0
07-06 20:12:34.465 W/SignalStrength( 277): getCdmaLevel=2
07-06 20:12:34.465 W/SignalStrength( 277): getLevel=2
07-06 20:12:34.475 W/SignalStrength( 484): getCdmaLevel=2
07-06 20:12:34.475 W/SignalStrength( 484): getEvdoLevel=0
07-06 20:12:34.475 W/SignalStrength( 484): getCdmaLevel=2
07-06 20:12:34.475 W/SignalStrength( 484): getLevel=2
07-06 20:12:36.285 V/StatusBar.BatteryController( 484): status5batteryHealth 2
07-06 20:12:36.285 D/StatusBar.BatteryController( 484): mOldstatus5status 5
07-06 20:12:36.285 D/StatusBar.BatteryController( 484): now old status is 5
07-06 20:12:36.565 E/SMD ( 105): DCD OFF
07-06 20:12:39.565 E/SMD ( 105): DCD OFF
07-06 20:12:42.575 E/SMD ( 105): DCD OFF
07-06 20:12:42.625 W/ThrottleService( 277): unable to find stats for iface rmnet0
07-06 20:12:45.575 E/SMD ( 105): DCD OFF
07-06 20:12:46.305 V/StatusBar.BatteryController( 484): status5batteryHealth 2
07-06 20:12:46.305 D/StatusBar.BatteryController( 484): mOldstatus5status 5
07-06 20:12:46.305 D/StatusBar.BatteryController( 484): now old status is 5
07-06 20:12:48.575 E/SMD ( 105): DCD OFF
07-06 20:12:51.575 E/SMD ( 105): DCD OFF
07-06 20:12:54.475 W/SignalStrength( 277): getCdmaLevel=3
07-06 20:12:54.475 W/SignalStrength( 277): getEvdoLevel=0
07-06 20:12:54.475 W/SignalStrength( 277): getCdmaLevel=3
07-06 20:12:54.475 W/SignalStrength( 277): getLevel=3
07-06 20:12:54.475 W/SignalStrength( 484): getCdmaLevel=3
07-06 20:12:54.485 W/SignalStrength( 484): getEvdoLevel=0
07-06 20:12:54.485 W/SignalStrength( 484): getCdmaLevel=3
07-06 20:12:54.485 W/SignalStrength( 484): getLevel=3
07-06 20:12:54.575 E/SMD ( 105): DCD OFF
07-06 20:12:56.305 V/StatusBar.BatteryController( 484): status5batteryHealth 2
07-06 20:12:56.305 D/StatusBar.BatteryController( 484): mOldstatus5status 5
07-06 20:12:56.305 D/StatusBar.BatteryController( 484): now old status is 5
07-06 20:12:57.585 E/SMD ( 105): DCD OFF
07-06 20:13:00.585 E/SMD ( 105): DCD OFF
07-06 20:13:03.475 W/SignalStrength( 277): getCdmaLevel=2
07-06 20:13:03.475 W/SignalStrength( 277): getEvdoLevel=0
07-06 20:13:03.475 W/SignalStrength( 277): getCdmaLevel=2
07-06 20:13:03.475 W/SignalStrength( 277): getLevel=2
07-06 20:13:03.485 W/SignalStrength( 484): getCdmaLevel=2
07-06 20:13:03.485 W/SignalStrength( 484): getEvdoLevel=0
07-06 20:13:03.485 W/SignalStrength( 484): getCdmaLevel=2
07-06 20:13:03.485 W/SignalStrength( 484): getLevel=2
07-06 20:13:03.585 E/SMD ( 105): DCD OFF
07-06 20:13:06.325 V/StatusBar.BatteryController( 484): status5batteryHealth 2
07-06 20:13:06.325 D/StatusBar.BatteryController( 484): mOldstatus5status 5
07-06 20:13:06.325 D/StatusBar.BatteryController( 484): now old status is 5
07-06 20:13:06.595 E/SMD ( 105): DCD OFF
07-06 20:13:09.595 E/SMD ( 105): DCD OFF
07-06 20:13:12.595 E/SMD ( 105): DCD OFF
07-06 20:13:15.595 E/SMD ( 105): DCD OFF
07-06 20:13:18.595 E/SMD ( 105): DCD OFF
07-06 20:13:21.605 E/SMD ( 105): DCD OFF
07-06 20:13:24.605 E/SMD ( 105): DCD OFF
07-06 20:13:27.605 E/SMD ( 105): DCD OFF
07-06 20:13:29.485 W/SignalStrength( 277): getCdmaLevel=3
07-06 20:13:29.485 W/SignalStrength( 277): getEvdoLevel=0
07-06 20:13:29.485 W/SignalStrength( 277): getCdmaLevel=3
07-06 20:13:29.485 W/SignalStrength( 277): getLevel=3
07-06 20:13:29.495 W/SignalStrength( 484): getCdmaLevel=3
07-06 20:13:29.495 W/SignalStrength( 484): getEvdoLevel=0
07-06 20:13:29.495 W/SignalStrength( 484): getCdmaLevel=3
07-06 20:13:29.495 W/SignalStrength( 484): getLevel=3
07-06 20:13:30.605 E/SMD ( 105): DCD OFF
07-06 20:13:33.615 E/SMD ( 105): DCD OFF
07-06 20:13:34.485 W/SignalStrength( 277): getCdmaLevel=2
07-06 20:13:34.485 W/SignalStrength( 277): getEvdoLevel=0
07-06 20:13:34.485 W/SignalStrength( 277): getCdmaLevel=2
07-06 20:13:34.485 W/SignalStrength( 277): getLevel=2
07-06 20:13:34.495 W/SignalStrength( 484): getCdmaLevel=2
07-06 20:13:34.495 W/SignalStrength( 484): getEvdoLevel=0
07-06 20:13:34.495 W/SignalStrength( 484): getCdmaLevel=2
07-06 20:13:34.495 W/SignalStrength( 484): getLevel=2
07-06 20:13:36.385 V/StatusBar.BatteryController( 484): status5batteryHealth 2
07-06 20:13:36.385 D/StatusBar.BatteryController( 484): mOldstatus5status 5
07-06 20:13:36.385 D/StatusBar.BatteryController( 484): now old status is 5
07-06 20:13:36.615 E/SMD ( 105): DCD OFF
07-06 20:13:39.615 E/SMD ( 105): DCD OFF
07-06 20:13:42.615 E/SMD ( 105): DCD OFF
07-06 20:13:45.495 W/SignalStrength( 277): getCdmaLevel=3
07-06 20:13:45.495 W/SignalStrength( 277): getEvdoLevel=0
07-06 20:13:45.495 W/SignalStrength( 277): getCdmaLevel=3
07-06 20:13:45.495 W/SignalStrength( 277): getLevel=3
07-06 20:13:45.495 W/SignalStrength( 484): getCdmaLevel=3
07-06 20:13:45.495 W/SignalStrength( 484): getEvdoLevel=0
07-06 20:13:45.495 W/SignalStrength( 484): getCdmaLevel=3
07-06 20:13:45.495 W/SignalStrength( 484): getLevel=3
07-06 20:13:45.625 E/SMD ( 105): DCD OFF
07-06 20:13:46.405 V/StatusBar.BatteryController( 484): status5batteryHealth 2
07-06 20:13:46.405 D/StatusBar.BatteryController( 484): mOldstatus5status 5
07-06 20:13:46.405 D/StatusBar.BatteryController( 484): now old status is 5
07-06 20:13:48.625 E/SMD ( 105): DCD OFF
07-06 20:13:49.495 W/SignalStrength( 277): getCdmaLevel=2
07-06 20:13:49.495 W/SignalStrength( 277): getEvdoLevel=0
07-06 20:13:49.495 W/SignalStrength( 277): getCdmaLevel=2
07-06 20:13:49.495 W/SignalStrength( 277): getLevel=2
07-06 20:13:49.505 W/SignalStrength( 484): getCdmaLevel=2
07-06 20:13:49.505 W/SignalStrength( 484): getEvdoLevel=0
07-06 20:13:49.505 W/SignalStrength( 484): getCdmaLevel=2
07-06 20:13:49.505 W/SignalStrength( 484): getLevel=2
07-06 20:13:51.625 E/SMD ( 105): DCD OFF
07-06 20:13:54.625 E/SMD ( 105): DCD OFF
07-06 20:13:56.425 V/StatusBar.BatteryController( 484): status5batteryHealth 2
07-06 20:13:56.425 D/StatusBar.BatteryController( 484): mOldstatus5status 5
07-06 20:13:56.425 D/StatusBar.BatteryController( 484): now old status is 5
07-06 20:13:57.495 W/SignalStrength( 277): getCdmaLevel=3
07-06 20:13:57.495 W/SignalStrength( 277): getEvdoLevel=0
07-06 20:13:57.495 W/SignalStrength( 277): getCdmaLevel=3
07-06 20:13:57.495 W/SignalStrength( 277): getLevel=3
07-06 20:13:57.495 W/SignalStrength( 484): getCdmaLevel=3
07-06 20:13:57.495 W/SignalStrength( 484): getEvdoLevel=0
07-06 20:13:57.495 W/SignalStrength( 484): getCdmaLevel=3
07-06 20:13:57.495 W/SignalStrength( 484): getLevel=3
07-06 20:13:57.635 E/SMD ( 105): DCD OFF
07-06 20:14:00.635 E/SMD ( 105): DCD OFF
07-06 20:14:03.635 E/SMD ( 105): DCD OFF
07-06 20:14:04.495 W/SignalStrength( 277): getCdmaLevel=2
07-06 20:14:04.495 W/SignalStrength( 277): getEvdoLevel=0
07-06 20:14:04.495 W/SignalStrength( 277): getCdmaLevel=2
07-06 20:14:04.495 W/SignalStrength( 277): getLevel=2
07-06 20:14:04.505 W/SignalStrength( 484): getCdmaLevel=2
07-06 20:14:04.505 W/SignalStrength( 484): getEvdoLevel=0
07-06 20:14:04.505 W/SignalStrength( 484): getCdmaLevel=2
07-06 20:14:04.505 W/SignalStrength( 484): getLevel=2
07-06 20:14:06.445 V/StatusBar.BatteryController( 484): status5batteryHealth 2
07-06 20:14:06.445 D/StatusBar.BatteryController( 484): mOldstatus5status 5
07-06 20:14:06.445 D/StatusBar.BatteryController( 484): now old status is 5
07-06 20:14:06.635 E/SMD ( 105): DCD OFF
07-06 20:14:09.645 E/SMD ( 105): DCD OFF
07-06 20:14:12.645 E/SMD ( 105): DCD OFF
07-06 20:14:15.645 E/SMD ( 105): DCD OFF
07-06 20:14:16.465 V/StatusBar.BatteryController( 484): status5batteryHealth 2
07-06 20:14:16.465 D/StatusBar.BatteryController( 484): mOldstatus5status 5
07-06 20:14:16.465 D/StatusBar.BatteryController( 484): now old status is 5
07-06 20:14:18.645 E/SMD ( 105): DCD OFF
07-06 20:14:21.655 E/SMD ( 105): DCD OFF
07-06 20:14:24.655 E/SMD ( 105): DCD OFF
07-06 20:14:26.485 V/StatusBar.BatteryController( 484): status5batteryHealth 2
07-06 20:14:26.485 D/StatusBar.BatteryController( 484): mOldstatus5status 5
07-06 20:14:26.485 D/StatusBar.BatteryController( 484): now old status is 5
07-06 20:14:27.655 E/SMD ( 105): DCD OFF
07-06 20:14:30.655 E/SMD ( 105): DCD OFF
07-06 20:14:31.265 D/SensorManager( 754): registerListener :: handle = 0 name= BOSCH 3-axis Accelerometer delay= 10000 Listener= kvo@411e4a50
07-06 20:14:31.265 E/SensorManager( 754): thread start
07-06 20:14:31.265 E/SensorManager( 754): =======>>>Sensor Thread RUNNING <<<========
07-06 20:14:31.965 I/SensorManager( 754): Set normal delay = true
07-06 20:14:32.045 D/SensorManager( 754): unregisterListener:: disable all sensors for this listener, name = BOSCH 3-axis Accelerometer listener = kvo@411e4a50
07-06 20:14:33.655 E/SMD ( 105): DCD OFF
07-06 20:14:36.505 V/StatusBar.BatteryController( 484): status5batteryHealth 2
07-06 20:14:36.505 D/StatusBar.BatteryController( 484): mOldstatus5status 5
07-06 20:14:36.505 D/StatusBar.BatteryController( 484): now old status is 5
07-06 20:14:36.665 E/SMD ( 105): DCD OFF
07-06 20:14:39.665 E/SMD ( 105): DCD OFF
07-06 20:14:42.665 E/SMD ( 105): DCD OFF
07-06 20:14:45.665 E/SMD ( 105): DCD OFF
07-06 20:14:48.675 E/SMD ( 105): DCD OFF
07-06 20:14:49.515 W/SignalStrength( 277): getCdmaLevel=3
07-06 20:14:49.515 W/SignalStrength( 277): getEvdoLevel=0
07-06 20:14:49.515 W/SignalStrength( 277): getCdmaLevel=3
07-06 20:14:49.515 W/SignalStrength( 277): getLevel=3
07-06 20:14:49.515 W/SignalStrength( 484): getCdmaLevel=3
07-06 20:14:49.515 W/SignalStrength( 484): getEvdoLevel=0
07-06 20:14:49.515 W/SignalStrength( 484): getCdmaLevel=3
07-06 20:14:49.515 W/SignalStrength( 484): getLevel=3
07-06 20:14:51.675 E/SMD ( 105): DCD OFF
07-06 20:14:54.675 E/SMD ( 105): DCD OFF
07-06 20:14:57.675 E/SMD ( 105): DCD OFF
07-06 20:14:58.515 W/SignalStrength( 277): getCdmaLevel=2
07-06 20:14:58.515 W/SignalStrength( 277): getEvdoLevel=0
07-06 20:14:58.515 W/SignalStrength( 277): getCdmaLevel=2
07-06 20:14:58.515 W/SignalStrength( 277): getLevel=2
07-06 20:14:58.525 W/SignalStrength( 484): getCdmaLevel=2
07-06 20:14:58.525 W/SignalStrength( 484): getEvdoLevel=0
07-06 20:14:58.525 W/SignalStrength( 484): getCdmaLevel=2
07-06 20:14:58.525 W/SignalStrength( 484): getLevel=2
07-06 20:14:59.515 W/SignalStrength( 277): getCdmaLevel=3
07-06 20:14:59.515 W/SignalStrength( 277): getEvdoLevel=0
07-06 20:14:59.515 W/SignalStrength( 277): getCdmaLevel=3
07-06 20:14:59.515 W/SignalStrength( 277): getLevel=3
07-06 20:14:59.525 W/SignalStrength( 484): getCdmaLevel=3
07-06 20:14:59.525 W/SignalStrength( 484): getEvdoLevel=0
07-06 20:14:59.525 W/SignalStrength( 484): getCdmaLevel=3
07-06 20:14:59.525 W/SignalStrength( 484): getLevel=3
07-06 20:15:00.685 E/SMD ( 105): DCD OFF
07-06 20:15:03.685 E/SMD ( 105): DCD OFF
07-06 20:15:06.565 V/StatusBar.BatteryController( 484): status5batteryHealth 2
07-06 20:15:06.565 D/StatusBar.BatteryController( 484): mOldstatus5status 5
07-06 20:15:06.565 D/StatusBar.BatteryController( 484): now old status is 5
07-06 20:15:06.685 E/SMD ( 105): DCD OFF
07-06 20:15:08.525 W/SignalStrength( 277): getCdmaLevel=2
07-06 20:15:08.525 W/SignalStrength( 277): getEvdoLevel=0
07-06 20:15:08.525 W/SignalStrength( 277): getCdmaLevel=2
07-06 20:15:08.525 W/SignalStrength( 277): getLevel=2
07-06 20:15:08.525 W/SignalStrength( 484): getCdmaLevel=2
07-06 20:15:08.525 W/SignalStrength( 484): getEvdoLevel=0
07-06 20:15:08.525 W/SignalStrength( 484): getCdmaLevel=2
07-06 20:15:08.525 W/SignalStrength( 484): getLevel=2
07-06 20:15:09.525 W/SignalStrength( 277): getCdmaLevel=3
07-06 20:15:09.525 W/SignalStrength( 277): getEvdoLevel=0
07-06 20:15:09.525 W/SignalStrength( 277): getCdmaLevel=3
07-06 20:15:09.525 W/SignalStrength( 277): getLevel=3
07-06 20:15:09.525 W/SignalStrength( 484): getCdmaLevel=3
07-06 20:15:09.525 W/SignalStrength( 484): getEvdoLevel=0
07-06 20:15:09.525 W/SignalStrength( 484): getCdmaLevel=3
07-06 20:15:09.525 W/SignalStrength( 484): getLevel=3
07-06 20:15:09.685 E/SMD ( 105): DCD OFF
07-06 20:15:12.695 E/SMD ( 105): DCD OFF
07-06 20:15:15.695 E/SMD ( 105): DCD OFF
07-06 20:15:18.695 E/SMD ( 105): DCD OFF
07-06 20:15:21.695 E/SMD ( 105): DCD OFF
07-06 20:15:24.705 E/SMD ( 105): DCD OFF
07-06 20:15:26.605 V/StatusBar.BatteryController( 484): status5batteryHealth 2
07-06 20:15:26.605 D/StatusBar.BatteryController( 484): mOldstatus5status 5
07-06 20:15:26.605 D/StatusBar.BatteryController( 484): now old status is 5
07-06 20:15:27.705 E/SMD ( 105): DCD OFF
07-06 20:15:30.705 E/SMD ( 105): DCD OFF
07-06 20:15:33.715 E/SMD ( 105): DCD OFF
07-06 20:15:36.625 V/StatusBar.BatteryController( 484): status5batteryHealth 2
07-06 20:15:36.625 D/StatusBar.BatteryController( 484): mOldstatus5status 5
07-06 20:15:36.625 D/StatusBar.BatteryController( 484): now old status is 5
07-06 20:15:36.725 E/SMD ( 105): DCD OFF
07-06 20:15:39.735 E/SMD ( 105): DCD OFF
07-06 20:15:42.745 E/SMD ( 105): DCD OFF
07-06 20:15:45.745 E/SMD ( 105): DCD OFF
07-06 20:15:46.645 V/StatusBar.BatteryController( 484): status5batteryHealth 2
07-06 20:15:46.645 D/StatusBar.BatteryController( 484): mOldstatus5status 5
07-06 20:15:46.645 D/StatusBar.BatteryController( 484): now old status is 5
07-06 20:15:47.535 W/SignalStrength( 277): getCdmaLevel=2
07-06 20:15:47.535 W/SignalStrength( 277): getEvdoLevel=0
07-06 20:15:47.535 W/SignalStrength( 277): getCdmaLevel=2
07-06 20:15:47.535 W/SignalStrength( 277): getLevel=2
07-06 20:15:47.545 W/SignalStrength( 484): getCdmaLevel=2
07-06 20:15:47.545 W/SignalStrength( 484): getEvdoLevel=0
07-06 20:15:47.545 W/SignalStrength( 484): getCdmaLevel=2
07-06 20:15:47.545 W/SignalStrength( 484): getLevel=2
07-06 20:15:48.755 E/SMD ( 105): DCD OFF
07-06 20:15:51.755 E/SMD ( 105): DCD OFF
07-06 20:15:54.755 E/SMD ( 105): DCD OFF
07-06 20:15:56.665 V/StatusBar.BatteryController( 484): status5batteryHealth 2
07-06 20:15:56.665 D/StatusBar.BatteryController( 484): mOldstatus5status 5
07-06 20:15:56.665 D/StatusBar.BatteryController( 484): now old status is 5
07-06 20:15:57.755 E/SMD ( 105): DCD OFF
07-06 20:16:00.765 E/SMD ( 105): DCD OFF
07-06 20:16:03.765 E/SMD ( 105): DCD OFF
07-06 20:16:06.765 E/SMD ( 105): DCD OFF
07-06 20:16:09.765 E/SMD ( 105): DCD OFF
07-06 20:16:12.775 E/SMD ( 105): DCD OFF
07-06 20:16:15.775 E/SMD ( 105): DCD OFF
07-06 20:16:16.705 V/StatusBar.BatteryController( 484): status5batteryHealth 2
07-06 20:16:16.705 D/StatusBar.BatteryController( 484): mOldstatus5status 5
07-06 20:16:16.705 D/StatusBar.BatteryController( 484): now old status is 5
07-06 20:16:18.775 E/SMD ( 105): DCD OFF
07-06 20:16:21.775 E/SMD ( 105): DCD OFF
07-06 20:16:24.775 E/SMD ( 105): DCD OFF
07-06 20:16:27.785 E/SMD ( 105): DCD OFF
07-06 20:16:30.785 E/SMD ( 105): DCD OFF
07-06 20:16:33.785 E/SMD ( 105): DCD OFF
07-06 20:16:36.745 V/StatusBar.BatteryController( 484): status5batteryHealth 2
07-06 20:16:36.745 D/StatusBar.BatteryController( 484): mOldstatus5status 5
07-06 20:16:36.745 D/StatusBar.BatteryController( 484): now old status is 5
07-06 20:16:36.785 E/SMD ( 105): DCD OFF
07-06 20:16:39.795 E/SMD ( 105): DCD OFF
07-06 20:16:42.795 E/SMD ( 105): DCD OFF
07-06 20:16:45.795 E/SMD ( 105): DCD OFF
07-06 20:16:46.765 V/StatusBar.BatteryController( 484): status5batteryHealth 2
07-06 20:16:46.765 D/StatusBar.BatteryController( 484): mOldstatus5status 5
07-06 20:16:46.765 D/StatusBar.BatteryController( 484): now old status is 5
07-06 20:16:48.795 E/SMD ( 105): DCD OFF
07-06 20:16:51.805 E/SMD ( 105): DCD OFF
07-06 20:16:54.805 E/SMD ( 105): DCD OFF
07-06 20:16:57.805 E/SMD ( 105): DCD OFF
07-06 20:17:00.805 E/SMD ( 105): DCD OFF
07-06 20:17:03.805 E/SMD ( 105): DCD OFF
07-06 20:17:06.805 V/StatusBar.BatteryController( 484): status5batteryHealth 2
07-06 20:17:06.805 D/StatusBar.BatteryController( 484): mOldstatus5status 5
07-06 20:17:06.805 D/StatusBar.BatteryController( 484): now old status is 5
07-06 20:17:06.815 E/SMD ( 105): DCD OFF
07-06 20:17:09.815 E/SMD ( 105): DCD OFF
07-06 20:17:12.815 E/SMD ( 105): DCD OFF
07-06 20:17:15.575 W/SignalStrength( 277): getCdmaLevel=3
07-06 20:17:15.575 W/SignalStrength( 277): getEvdoLevel=0
07-06 20:17:15.575 W/SignalStrength( 277): getCdmaLevel=3
07-06 20:17:15.575 W/SignalStrength( 277): getLevel=3
07-06 20:17:15.575 W/SignalStrength( 484): getCdmaLevel=3
07-06 20:17:15.575 W/SignalStrength( 484): getEvdoLevel=0
07-06 20:17:15.575 W/SignalStrength( 484): getCdmaLevel=3
07-06 20:17:15.575 W/SignalStrength( 484): getLevel=3
07-06 20:17:15.815 E/SMD ( 105): DCD OFF
07-06 20:17:18.825 E/SMD ( 105): DCD OFF
07-06 20:17:21.575 W/SignalStrength( 277): getCdmaLevel=2
07-06 20:17:21.575 W/SignalStrength( 277): getEvdoLevel=0
07-06 20:17:21.575 W/SignalStrength( 277): getCdmaLevel=2
07-06 20:17:21.575 W/SignalStrength( 277): getLevel=2
07-06 20:17:21.575 W/SignalStrength( 484): getCdmaLevel=2
07-06 20:17:21.575 W/SignalStrength( 484): getEvdoLevel=0
07-06 20:17:21.575 W/SignalStrength( 484): getCdmaLevel=2
07-06 20:17:21.575 W/SignalStrength( 484): getLevel=2
07-06 20:17:21.825 E/SMD ( 105): DCD OFF
07-06 20:17:22.575 W/SignalStrength( 277): getCdmaLevel=3
07-06 20:17:22.575 W/SignalStrength( 277): getEvdoLevel=0
07-06 20:17:22.575 W/SignalStrength( 277): getCdmaLevel=3
07-06 20:17:22.575 W/SignalStrength( 277): getLevel=3
07-06 20:17:22.575 W/SignalStrength( 484): getCdmaLevel=3
07-06 20:17:22.575 W/SignalStrength( 484): getEvdoLevel=0
07-06 20:17:22.575 W/SignalStrength( 484): getCdmaLevel=3
07-06 20:17:22.575 W/SignalStrength( 484): getLevel=3
07-06 20:17:24.825 E/SMD ( 105): DCD OFF
07-06 20:17:27.825 E/SMD ( 105): DCD OFF
07-06 20:17:30.215 D/SensorManager( 754): registerListener :: handle = 0 name= BOSCH 3-axis Accelerometer delay= 10000 Listener= kvo@412f1718
07-06 20:17:30.215 E/SensorManager( 754): thread start
07-06 20:17:30.225 E/SensorManager( 754): =======>>>Sensor Thread RUNNING <<<========
07-06 20:17:30.835 E/SMD ( 105): DCD OFF
07-06 20:17:30.935 I/SensorManager( 754): Set normal delay = true
07-06 20:17:31.025 D/SensorManager( 754): unregisterListener:: disable all sensors for this listener, name = BOSCH 3-axis Accelerometer listener = kvo@412f1718
07-06 20:17:33.835 E/SMD ( 105): DCD OFF
07-06 20:17:36.575 W/SignalStrength( 277): getCdmaLevel=2
07-06 20:17:36.575 W/SignalStrength( 277): getEvdoLevel=0
07-06 20:17:36.575 W/SignalStrength( 277): getCdmaLevel=2
07-06 20:17:36.575 W/SignalStrength( 277): getLevel=2
07-06 20:17:36.585 W/SignalStrength( 484): getCdmaLevel=2
07-06 20:17:36.585 W/SignalStrength( 484): getEvdoLevel=0
07-06 20:17:36.585 W/SignalStrength( 484): getCdmaLevel=2
07-06 20:17:36.585 W/SignalStrength( 484): getLevel=2
07-06 20:17:36.835 E/SMD ( 105): DCD OFF
07-06 20:17:39.835 E/SMD ( 105): DCD OFF
07-06 20:17:42.585 W/SignalStrength( 277): getCdmaLevel=3
07-06 20:17:42.585 W/SignalStrength( 277): getEvdoLevel=0
07-06 20:17:42.585 W/SignalStrength( 277): getCdmaLevel=3
07-06 20:17:42.585 W/SignalStrength( 277): getLevel=3
07-06 20:17:42.585 W/SignalStrength( 484): getCdmaLevel=3
07-06 20:17:42.585 W/SignalStrength( 484): getEvdoLevel=0
07-06 20:17:42.585 W/SignalStrength( 484): getCdmaLevel=3
07-06 20:17:42.585 W/SignalStrength( 484): getLevel=3
07-06 20:17:42.845 E/SMD ( 105): DCD OFF
07-06 20:17:45.845 E/SMD ( 105): DCD OFF
07-06 20:17:48.845 E/SMD ( 105): DCD OFF
07-06 20:17:51.845 E/SMD ( 105): DCD OFF
07-06 20:17:52.585 W/SignalStrength( 277): getCdmaLevel=2
07-06 20:17:52.585 W/SignalStrength( 277): getEvdoLevel=0
07-06 20:17:52.585 W/SignalStrength( 277): getCdmaLevel=2
07-06 20:17:52.585 W/SignalStrength( 277): getLevel=2
07-06 20:17:52.595 W/SignalStrength( 484): getCdmaLevel=2
07-06 20:17:52.595 W/SignalStrength( 484): getEvdoLevel=0
07-06 20:17:52.595 W/SignalStrength( 484): getCdmaLevel=2
07-06 20:17:52.595 W/SignalStrength( 484): getLevel=2
07-06 20:17:54.855 E/SMD ( 105): DCD OFF
07-06 20:17:56.905 V/StatusBar.BatteryController( 484): status5batteryHealth 2
07-06 20:17:56.915 D/StatusBar.BatteryController( 484): mOldstatus5status 5
07-06 20:17:56.915 D/StatusBar.BatteryController( 484): now old status is 5
07-06 20:17:57.855 E/SMD ( 105): DCD OFF
07-06 20:18:00.855 E/SMD ( 105): DCD OFF
07-06 20:18:03.855 E/SMD ( 105): DCD OFF
07-06 20:18:06.855 E/SMD ( 105): DCD OFF
07-06 20:18:09.865 E/SMD ( 105): DCD OFF
07-06 20:18:12.865 E/SMD ( 105): DCD OFF
07-06 20:18:15.865 E/SMD ( 105): DCD OFF
07-06 20:18:16.955 V/StatusBar.BatteryController( 484): status5batteryHealth 2
07-06 20:18:16.955 D/StatusBar.BatteryController( 484): mOldstatus5status 5
07-06 20:18:16.955 D/StatusBar.BatteryController( 484): now old status is 5
07-06 20:18:18.595 W/SignalStrength( 277): getCdmaLevel=3
07-06 20:18:18.595 W/SignalStrength( 277): getEvdoLevel=0
07-06 20:18:18.595 W/SignalStrength( 277): getCdmaLevel=3
07-06 20:18:18.595 W/SignalStrength( 277): getLevel=3
07-06 20:18:18.595 W/SignalStrength( 484): getCdmaLevel=3
07-06 20:18:18.595 W/SignalStrength( 484): getEvdoLevel=0
07-06 20:18:18.595 W/SignalStrength( 484): getCdmaLevel=3
07-06 20:18:18.595 W/SignalStrength( 484): getLevel=3
07-06 20:18:18.865 E/SMD ( 105): DCD OFF
07-06 20:18:21.875 E/SMD ( 105): DCD OFF
07-06 20:18:24.875 E/SMD ( 105): DCD OFF
07-06 20:18:26.975 V/StatusBar.BatteryController( 484): status5batteryHealth 2
07-06 20:18:26.975 D/StatusBar.BatteryController( 484): mOldstatus5status 5
07-06 20:18:26.975 D/StatusBar.BatteryController( 484): now old status is 5
07-06 20:18:27.875 E/SMD ( 105): DCD OFF
07-06 20:18:30.875 E/SMD ( 105): DCD OFF
07-06 20:18:33.605 W/SignalStrength( 277): getCdmaLevel=2
07-06 20:18:33.605 W/SignalStrength( 277): getEvdoLevel=0
07-06 20:18:33.605 W/SignalStrength( 277): getCdmaLevel=2
07-06 20:18:33.605 W/SignalStrength( 277): getLevel=2
07-06 20:18:33.605 W/SignalStrength( 484): getCdmaLevel=2
07-06 20:18:33.605 W/SignalStrength( 484): getEvdoLevel=0
07-06 20:18:33.605 W/SignalStrength( 484): getCdmaLevel=2
07-06 20:18:33.605 W/SignalStrength( 484): getLevel=2
07-06 20:18:33.885 E/SMD ( 105): DCD OFF
07-06 20:18:36.885 E/SMD ( 105): DCD OFF
07-06 20:18:39.885 E/SMD ( 105): DCD OFF
07-06 20:18:42.885 E/SMD ( 105): DCD OFF
07-06 20:18:44.605 W/SignalStrength( 277): getCdmaLevel=3
07-06 20:18:44.605 W/SignalStrength( 277): getEvdoLevel=0
07-06 20:18:44.605 W/SignalStrength( 277): getCdmaLevel=3
07-06 20:18:44.605 W/SignalStrength( 277): getLevel=3
07-06 20:18:44.615 W/SignalStrength( 484): getCdmaLevel=3
07-06 20:18:44.615 W/SignalStrength( 484): getEvdoLevel=0
07-06 20:18:44.615 W/SignalStrength( 484): getCdmaLevel=3
07-06 20:18:44.615 W/SignalStrength( 484): getLevel=3
07-06 20:18:45.895 E/SMD ( 105): DCD OFF
07-06 20:18:47.015 V/StatusBar.BatteryController( 484): status5batteryHealth 2
07-06 20:18:47.015 D/StatusBar.BatteryController( 484): mOldstatus5status 5
07-06 20:18:47.015 D/StatusBar.BatteryController( 484): now old status is 5
07-06 20:18:48.895 E/SMD ( 105): DCD OFF
07-06 20:18:51.895 E/SMD ( 105): DCD OFF
07-06 20:18:52.605 W/SignalStrength( 277): getCdmaLevel=2
07-06 20:18:52.605 W/SignalStrength( 277): getEvdoLevel=0
07-06 20:18:52.605 W/SignalStrength( 277): getCdmaLevel=2
07-06 20:18:52.605 W/SignalStrength( 277): getLevel=2
07-06 20:18:52.615 W/SignalStrength( 484): getCdmaLevel=2
07-06 20:18:52.615 W/SignalStrength( 484): getEvdoLevel=0
07-06 20:18:52.615 W/SignalStrength( 484): getCdmaLevel=2
07-06 20:18:52.615 W/SignalStrength( 484): getLevel=2
07-06 20:18:54.895 E/SMD ( 105): DCD OFF
07-06 20:18:57.025 V/StatusBar.BatteryController( 484): status5batteryHealth 2
07-06 20:18:57.025 D/StatusBar.BatteryController( 484): mOldstatus5status 5
07-06 20:18:57.025 D/StatusBar.BatteryController( 484): now old status is 5
07-06 20:18:57.895 E/SMD ( 105): DCD OFF
07-06 20:18:59.615 W/SignalStrength( 277): getCdmaLevel=3
07-06 20:18:59.615 W/SignalStrength( 277): getEvdoLevel=0
07-06 20:18:59.615 W/SignalStrength( 277): getCdmaLevel=3
07-06 20:18:59.615 W/SignalStrength( 277): getLevel=3
07-06 20:18:59.615 W/SignalStrength( 484): getCdmaLevel=3
07-06 20:18:59.615 W/SignalStrength( 484): getEvdoLevel=0
07-06 20:18:59.625 W/SignalStrength( 484): getCdmaLevel=3
07-06 20:18:59.625 W/SignalStrength( 484): getLevel=3
07-06 20:19:00.905 E/SMD ( 105): DCD OFF
07-06 20:19:03.905 E/SMD ( 105): DCD OFF
07-06 20:19:06.905 E/SMD ( 105): DCD OFF
07-06 20:19:07.045 V/StatusBar.BatteryController( 484): status5batteryHealth 2
07-06 20:19:07.045 D/StatusBar.BatteryController( 484): mOldstatus5status 5
07-06 20:19:07.045 D/StatusBar.BatteryController( 484): now old status is 5
07-06 20:19:09.905 E/SMD ( 105): DCD OFF
07-06 20:19:11.615 W/SignalStrength( 277): getCdmaLevel=2
07-06 20:19:11.615 W/SignalStrength( 277): getEvdoLevel=0
07-06 20:19:11.615 W/SignalStrength( 277): getCdmaLevel=2
07-06 20:19:11.615 W/SignalStrength( 277): getLevel=2
07-06 20:19:11.625 W/SignalStrength( 484): getCdmaLevel=2
07-06 20:19:11.625 W/SignalStrength( 484): getEvdoLevel=0
07-06 20:19:11.625 W/SignalStrength( 484): getCdmaLevel=2
07-06 20:19:11.625 W/SignalStrength( 484): getLevel=2
07-06 20:19:12.915 E/SMD ( 105): DCD OFF
07-06 20:19:15.915 E/SMD ( 105): DCD OFF
07-06 20:19:17.065 V/StatusBar.BatteryController( 484): status5batteryHealth 2
07-06 20:19:17.065 D/StatusBar.BatteryController( 484): mOldstatus5status 5
07-06 20:19:17.065 D/StatusBar.BatteryController( 484): now old status is 5
07-06 20:19:17.615 W/SignalStrength( 277): getCdmaLevel=3
07-06 20:19:17.615 W/SignalStrength( 277): getEvdoLevel=0
07-06 20:19:17.615 W/SignalStrength( 277): getCdmaLevel=3
07-06 20:19:17.615 W/SignalStrength( 277): getLevel=3
07-06 20:19:17.625 W/SignalStrength( 484): getCdmaLevel=3
07-06 20:19:17.625 W/SignalStrength( 484): getEvdoLevel=0
07-06 20:19:17.625 W/SignalStrength( 484): getCdmaLevel=3
07-06 20:19:17.625 W/SignalStrength( 484): getLevel=3
07-06 20:19:18.915 E/SMD ( 105): DCD OFF
07-06 20:19:21.915 E/SMD ( 105): DCD OFF
07-06 20:19:24.915 E/SMD ( 105): DCD OFF
07-06 20:19:27.925 E/SMD ( 105): DCD OFF
07-06 20:19:30.925 E/SMD ( 105): DCD OFF
07-06 20:19:32.625 W/SignalStrength( 277): getCdmaLevel=2
07-06 20:19:32.625 W/SignalStrength( 277): getEvdoLevel=0
07-06 20:19:32.625 W/SignalStrength( 277): getCdmaLevel=2
07-06 20:19:32.625 W/SignalStrength( 277): getLevel=2
07-06 20:19:32.635 W/SignalStrength( 484): getCdmaLevel=2
07-06 20:19:32.635 W/SignalStrength( 484): getEvdoLevel=0
07-06 20:19:32.635 W/SignalStrength( 484): getCdmaLevel=2
07-06 20:19:32.635 W/SignalStrength( 484): getLevel=2
07-06 20:19:33.925 E/SMD ( 105): DCD OFF
07-06 20:19:36.625 W/SignalStrength( 277): getCdmaLevel=3
07-06 20:19:36.625 W/SignalStrength( 277): getEvdoLevel=0
07-06 20:19:36.625 W/SignalStrength( 277): getCdmaLevel=3
07-06 20:19:36.625 W/SignalStrength( 277): getLevel=3
07-06 20:19:36.625 W/SignalStrength( 484): getCdmaLevel=3
07-06 20:19:36.625 W/SignalStrength( 484): getEvdoLevel=0
07-06 20:19:36.625 W/SignalStrength( 484): getCdmaLevel=3
07-06 20:19:36.625 W/SignalStrength( 484): getLevel=3
07-06 20:19:36.925 E/SMD ( 105): DCD OFF
07-06 20:19:39.935 E/SMD ( 105): DCD OFF
07-06 20:19:42.935 E/SMD ( 105): DCD OFF
07-06 20:19:44.625 W/SignalStrength( 277): getCdmaLevel=2
07-06 20:19:44.625 W/SignalStrength( 277): getEvdoLevel=0
07-06 20:19:44.625 W/SignalStrength( 277): getCdmaLevel=2
07-06 20:19:44.625 W/SignalStrength( 277): getLevel=2
07-06 20:19:44.635 W/SignalStrength( 484): getCdmaLevel=2
07-06 20:19:44.635 W/SignalStrength( 484): getEvdoLevel=0
07-06 20:19:44.635 W/SignalStrength( 484): getCdmaLevel=2
07-06 20:19:44.635 W/SignalStrength( 484): getLevel=2
07-06 20:19:45.935 E/SMD ( 105): DCD OFF
07-06 20:19:48.945 E/SMD ( 105): DCD OFF
07-06 20:19:51.945 E/SMD ( 105): DCD OFF
07-06 20:19:52.635 W/SignalStrength( 277): getCdmaLevel=3
07-06 20:19:52.635 W/SignalStrength( 277): getEvdoLevel=0
07-06 20:19:52.635 W/SignalStrength( 277): getCdmaLevel=3
07-06 20:19:52.635 W/SignalStrength( 277): getLevel=3
07-06 20:19:52.635 W/SignalStrength( 484): getCdmaLevel=3
07-06 20:19:52.635 W/SignalStrength( 484): getEvdoLevel=0
07-06 20:19:52.645 W/SignalStrength( 484): getCdmaLevel=3
07-06 20:19:52.645 W/SignalStrength( 484): getLevel=3
07-06 20:19:54.945 E/SMD ( 105): DCD OFF
07-06 20:19:57.145 V/StatusBar.BatteryController( 484): status5batteryHealth 2
07-06 20:19:57.145 D/StatusBar.BatteryController( 484): mOldstatus5status 5
07-06 20:19:57.145 D/StatusBar.BatteryController( 484): now old status is 5
07-06 20:19:57.945 E/SMD ( 105): DCD OFF
07-06 20:20:00.635 W/SignalStrength( 277): getCdmaLevel=2
07-06 20:20:00.635 W/SignalStrength( 277): getEvdoLevel=0
07-06 20:20:00.635 W/SignalStrength( 277): getCdmaLevel=2
07-06 20:20:00.635 W/SignalStrength( 277): getLevel=2
07-06 20:20:00.645 W/SignalStrength( 484): getCdmaLevel=2
07-06 20:20:00.645 W/SignalStrength( 484): getEvdoLevel=0
07-06 20:20:00.645 W/SignalStrength( 484): getCdmaLevel=2
07-06 20:20:00.645 W/SignalStrength( 484): getLevel=2
07-06 20:20:00.945 E/SMD ( 105): DCD OFF
07-06 20:20:03.955 E/SMD ( 105): DCD OFF
07-06 20:20:06.955 E/SMD ( 105): DCD OFF
07-06 20:20:07.165 V/StatusBar.BatteryController( 484): status5batteryHealth 2
07-06 20:20:07.165 D/StatusBar.BatteryController( 484): mOldstatus5status 5
07-06 20:20:07.165 D/StatusBar.BatteryController( 484): now old status is 5
07-06 20:20:08.635 W/SignalStrength( 277): getCdmaLevel=3
07-06 20:20:08.635 W/SignalStrength( 277): getEvdoLevel=0
07-06 20:20:08.635 W/SignalStrength( 277): getCdmaLevel=3
07-06 20:20:08.635 W/SignalStrength( 277): getLevel=3
07-06 20:20:08.645 W/SignalStrength( 484): getCdmaLevel=3
07-06 20:20:08.645 W/SignalStrength( 484): getEvdoLevel=0
07-06 20:20:08.645 W/SignalStrength( 484): getCdmaLevel=3
07-06 20:20:08.645 W/SignalStrength( 484): getLevel=3
07-06 20:20:09.955 E/SMD ( 105): DCD OFF
07-06 20:20:12.955 E/SMD ( 105): DCD OFF
07-06 20:20:15.635 W/SignalStrength( 277): getCdmaLevel=2
07-06 20:20:15.635 W/SignalStrength( 277): getEvdoLevel=0
07-06 20:20:15.635 W/SignalStrength( 277): getCdmaLevel=2
07-06 20:20:15.635 W/SignalStrength( 277): getLevel=2
07-06 20:20:15.645 W/SignalStrength( 484): getCdmaLevel=2
07-06 20:20:15.645 W/SignalStrength( 484): getEvdoLevel=0
07-06 20:20:15.645 W/SignalStrength( 484): getCdmaLevel=2
07-06 20:20:15.645 W/SignalStrength( 484): getLevel=2
07-06 20:20:15.965 E/SMD ( 105): DCD OFF
07-06 20:20:17.185 V/StatusBar.BatteryController( 484): status5batteryHealth 2
07-06 20:20:17.185 D/StatusBar.BatteryController( 484): mOldstatus5status 5
07-06 20:20:17.185 D/StatusBar.BatteryController( 484): now old status is 5
07-06 20:20:18.965 E/SMD ( 105): DCD OFF
07-06 20:20:21.965 E/SMD ( 105): DCD OFF
07-06 20:20:24.965 E/SMD ( 105): DCD OFF
07-06 20:20:26.645 W/SignalStrength( 277): getCdmaLevel=3
07-06 20:20:26.645 W/SignalStrength( 277): getEvdoLevel=0
07-06 20:20:26.645 W/SignalStrength( 277): getCdmaLevel=3
07-06 20:20:26.645 W/SignalStrength( 277): getLevel=3
07-06 20:20:26.655 W/SignalStrength( 484): getCdmaLevel=3
07-06 20:20:26.655 W/SignalStrength( 484): getEvdoLevel=0
07-06 20:20:26.655 W/SignalStrength( 484): getCdmaLevel=3
07-06 20:20:26.655 W/SignalStrength( 484): getLevel=3
07-06 20:20:27.205 V/StatusBar.BatteryController( 484): status5batteryHealth 2
07-06 20:20:27.205 D/StatusBar.BatteryController( 484): mOldstatus5status 5
07-06 20:20:27.205 D/StatusBar.BatteryController( 484): now old status is 5
07-06 20:20:27.975 E/SMD ( 105): DCD OFF
07-06 20:20:28.405 D/GCM ( 590): Ignoring attempt to send heartbeat on dead connection.
07-06 20:20:29.205 D/SensorManager( 754): registerListener :: handle = 0 name= BOSCH 3-axis Accelerometer delay= 10000 Listener= kvo@413d8d40
