07-06 16:16:50.659 D/StatusBar.BatteryController( 484): now old status is 5
07-06 19:45:08.225 E/SMD ( 105): DCD OFF
07-06 16:17:30.739 V/StatusBar.BatteryController( 484): status5batteryHealth 2
07-06 19:45:11.225 E/SMD ( 105): DCD OFF
07-06 16:17:30.739 D/StatusBar.BatteryController( 484): mOldstatus5status 5
07-06 19:45:14.235 E/SMD ( 105): DCD OFF
07-06 16:17:30.739 D/StatusBar.BatteryController( 484): now old status is 5
07-06 19:45:15.835 W/SignalStrength( 277): getCdmaLevel=2
07-06 16:17:50.779 V/StatusBar.BatteryController( 484): status5batteryHealth 2
07-06 19:45:15.835 W/SignalStrength( 277): getEvdoLevel=0
07-06 16:17:50.779 D/StatusBar.BatteryController( 484): mOldstatus5status 5
07-06 19:45:15.835 W/SignalStrength( 277): getCdmaLevel=2
07-06 16:17:50.779 D/StatusBar.BatteryController( 484): now old status is 5
07-06 19:45:15.835 W/SignalStrength( 277): getLevel=2
07-06 16:18:00.799 V/StatusBar.BatteryController( 484): status5batteryHealth 2
07-06 19:45:15.845 W/SignalStrength( 484): getCdmaLevel=2
07-06 16:18:00.799 D/StatusBar.BatteryController( 484): mOldstatus5status 5
07-06 19:45:15.845 W/SignalStrength( 484): getEvdoLevel=0
07-06 16:18:00.799 D/StatusBar.BatteryController( 484): now old status is 5
07-06 19:45:15.845 W/SignalStrength( 484): getCdmaLevel=2
07-06 16:18:20.829 V/StatusBar.BatteryController( 484): status5batteryHealth 2
07-06 19:45:15.845 W/SignalStrength( 484): getLevel=2
07-06 16:18:20.829 D/StatusBar.BatteryController( 484): mOldstatus5status 5
07-06 19:45:17.235 E/SMD ( 105): DCD OFF
07-06 16:18:20.829 D/StatusBar.BatteryController( 484): now old status is 5
07-06 19:45:17.835 W/SignalStrength( 277): getCdmaLevel=3
07-06 16:18:30.849 V/StatusBar.BatteryController( 484): status5batteryHealth 2
07-06 19:45:17.835 W/SignalStrength( 277): getEvdoLevel=0
07-06 16:18:30.849 D/StatusBar.BatteryController( 484): mOldstatus5status 5
07-06 19:45:17.835 W/SignalStrength( 277): getCdmaLevel=3
07-06 16:18:30.849 D/StatusBar.BatteryController( 484): now old status is 5
07-06 19:45:17.835 W/SignalStrength( 277): getLevel=3
07-06 16:18:50.889 V/StatusBar.BatteryController( 484): status5batteryHealth 2
07-06 19:45:17.845 W/SignalStrength( 484): getCdmaLevel=3
07-06 16:18:50.889 D/StatusBar.BatteryController( 484): mOldstatus5status 5
07-06 19:45:17.845 W/SignalStrength( 484): getEvdoLevel=0
07-06 16:18:50.889 D/StatusBar.BatteryController( 484): now old status is 5
07-06 19:45:17.845 W/SignalStrength( 484): getCdmaLevel=3
07-06 16:18:59.999 I/ActivityManager( 277): No longer want app.processName (pid 11103): hidden #16
07-06 19:45:17.845 W/SignalStrength( 484): getLevel=3
07-06 16:18:59.999 I/ActivityManager( 277): No longer want app.processName (pid 11060): hidden #17
07-06 19:45:20.235 E/SMD ( 105): DCD OFF
07-06 16:19:00.059 W/ActivityManager( 277): Scheduling restart of crashed service r.shortName in 5000ms
07-06 19:45:23.235 E/SMD ( 105): DCD OFF
07-06 16:19:00.909 V/StatusBar.BatteryController( 484): status5batteryHealth 2
07-06 19:45:26.245 E/SMD ( 105): DCD OFF
07-06 16:19:00.909 D/StatusBar.BatteryController( 484): mOldstatus5status 5
07-06 19:45:26.845 W/SignalStrength( 277): getCdmaLevel=2
07-06 16:19:00.909 D/StatusBar.BatteryController( 484): now old status is 5
07-06 19:45:26.845 W/SignalStrength( 277): getEvdoLevel=0
07-06 16:19:05.079 I/ActivityManager( 277): Start proc app.processName for service hostingNameStr: pid=11354 uid=10043 gids={3003}
07-06 19:45:26.845 W/SignalStrength( 277): getCdmaLevel=2
07-06 16:19:05.149 I/ActivityManager( 277): Start proc app.processName for service hostingNameStr: pid=11368 uid=1000 gids={3001, 3002, 1023, 1006, 1007, 3003, 1015, 1001, 3007}
07-06 19:45:26.845 W/SignalStrength( 277): getLevel=2
07-06 16:19:05.209 W/ActivityThread(11368): ClassLoader.getResources: The class loader returned by Thread.getContextClassLoader() may fail for processes that host multiple applications. You should explicitly specify a context class loader. For example: Thread.setContextClassLoader(getClass().getClassLoader());
07-06 19:45:26.845 W/SignalStrength( 484): getCdmaLevel=2
07-06 16:19:40.999 V/StatusBar.BatteryController( 484): status5batteryHealth 2
07-06 19:45:26.845 W/SignalStrength( 484): getEvdoLevel=0
07-06 16:19:40.999 D/StatusBar.BatteryController( 484): mOldstatus5status 5
07-06 19:45:26.845 W/SignalStrength( 484): getCdmaLevel=2
07-06 16:19:40.999 D/StatusBar.BatteryController( 484): now old status is 5
07-06 19:45:26.845 W/SignalStrength( 484): getLevel=2
07-06 16:19:51.009 V/StatusBar.BatteryController( 484): status5batteryHealth 2
07-06 19:45:29.245 E/SMD ( 105): DCD OFF
07-06 16:19:51.009 D/StatusBar.BatteryController( 484): mOldstatus5status 5
07-06 19:45:32.245 E/SMD ( 105): DCD OFF
07-06 16:19:51.009 D/StatusBar.BatteryController( 484): now old status is 5
07-06 19:45:34.845 W/SignalStrength( 277): getCdmaLevel=3
07-06 16:20:21.069 V/StatusBar.BatteryController( 484): status5batteryHealth 2
07-06 19:45:34.845 W/SignalStrength( 277): getEvdoLevel=0
07-06 16:20:21.069 D/StatusBar.BatteryController( 484): mOldstatus5status 5
07-06 19:45:34.845 W/SignalStrength( 277): getCdmaLevel=3
07-06 16:20:21.069 D/StatusBar.BatteryController( 484): now old status is 5
07-06 19:45:34.845 W/SignalStrength( 277): getLevel=3
07-06 16:20:31.099 V/StatusBar.BatteryController( 484): status5batteryHealth 2
07-06 19:45:34.845 W/SignalStrength( 484): getCdmaLevel=3
07-06 16:20:31.099 D/StatusBar.BatteryController( 484): mOldstatus5status 5
07-06 19:45:34.845 W/SignalStrength( 484): getEvdoLevel=0
07-06 16:20:31.099 D/StatusBar.BatteryController( 484): now old status is 5
07-06 19:45:34.855 W/SignalStrength( 484): getCdmaLevel=3
07-06 16:20:41.109 V/StatusBar.BatteryController( 484): status5batteryHealth 2
07-06 19:45:34.855 W/SignalStrength( 484): getLevel=3
07-06 16:20:41.109 D/StatusBar.BatteryController( 484): mOldstatus5status 5
07-06 19:45:35.245 E/SMD ( 105): DCD OFF
07-06 16:20:41.109 D/StatusBar.BatteryController( 484): now old status is 5
07-06 19:45:38.255 E/SMD ( 105): DCD OFF
07-06 16:20:51.129 V/StatusBar.BatteryController( 484): status5batteryHealth 2
07-06 19:45:41.255 E/SMD ( 105): DCD OFF
07-06 16:20:51.129 D/StatusBar.BatteryController( 484): mOldstatus5status 5
07-06 19:45:44.255 E/SMD ( 105): DCD OFF
07-06 16:20:51.129 D/StatusBar.BatteryController( 484): now old status is 5
07-06 19:45:47.255 E/SMD ( 105): DCD OFF
07-06 16:21:01.159 V/StatusBar.BatteryController( 484): status5batteryHealth 2
07-06 19:45:50.255 E/SMD ( 105): DCD OFF
07-06 19:45:53.065 V/StatusBar.BatteryController( 484): status5batteryHealth 2
07-06 19:45:53.065 D/StatusBar.BatteryController( 484): mOldstatus5status 5
07-06 19:45:53.065 D/StatusBar.BatteryController( 484): now old status is 5
07-06 16:21:01.159 D/StatusBar.BatteryController( 484): mOldstatus5status 5
07-06 19:45:53.265 E/SMD ( 105): DCD OFF
07-06 16:21:01.159 D/StatusBar.BatteryController( 484): now old status is 5
07-06 19:45:56.265 E/SMD ( 105): DCD OFF
07-06 16:21:11.169 V/StatusBar.BatteryController( 484): status5batteryHealth 2
07-06 19:45:59.265 E/SMD ( 105): DCD OFF
07-06 16:21:11.169 D/StatusBar.BatteryController( 484): mOldstatus5status 5
07-06 19:46:02.265 E/SMD ( 105): DCD OFF
07-06 16:21:11.169 D/StatusBar.BatteryController( 484): now old status is 5
07-06 19:46:05.275 E/SMD ( 105): DCD OFF
07-06 16:21:29.459 I/ActivityManager( 277): Start proc app.processName for service hostingNameStr: pid=11387 uid=10013 gids={3003, 1015, 1023, 1007, 1006, 3002, 3001, 2001, 3006}
07-06 19:46:07.855 W/SignalStrength( 277): getCdmaLevel=2
07-06 16:21:29.559 I/ActivityManager( 277): No longer want app.processName (pid 10993): hidden #16
07-06 19:46:07.855 W/SignalStrength( 277): getEvdoLevel=0
07-06 16:21:41.229 V/StatusBar.BatteryController( 484): status5batteryHealth 2
07-06 19:46:07.855 W/SignalStrength( 277): getCdmaLevel=2
07-06 16:21:41.229 D/StatusBar.BatteryController( 484): mOldstatus5status 5
07-06 19:46:07.855 W/SignalStrength( 277): getLevel=2
07-06 16:21:41.229 D/StatusBar.BatteryController( 484): now old status is 5
07-06 19:46:07.865 W/SignalStrength( 484): getCdmaLevel=2
07-06 16:21:51.259 V/StatusBar.BatteryController( 484): status5batteryHealth 2
07-06 19:46:07.865 W/SignalStrength( 484): getEvdoLevel=0
07-06 16:21:51.259 D/StatusBar.BatteryController( 484): mOldstatus5status 5
07-06 19:46:07.865 W/SignalStrength( 484): getCdmaLevel=2
07-06 16:21:51.259 D/StatusBar.BatteryController( 484): now old status is 5
07-06 19:46:07.865 W/SignalStrength( 484): getLevel=2
07-06 16:22:41.439 W/ThrottleService( 277): unable to find stats for iface rmnet0
07-06 19:46:08.275 E/SMD ( 105): DCD OFF
07-06 16:23:11.409 V/StatusBar.BatteryController( 484): status5batteryHealth 2
07-06 19:46:08.855 W/SignalStrength( 277): getCdmaLevel=3
07-06 16:23:11.409 D/StatusBar.BatteryController( 484): mOldstatus5status 5
07-06 19:46:08.855 W/SignalStrength( 277): getEvdoLevel=0
07-06 16:23:11.409 D/StatusBar.BatteryController( 484): now old status is 5
07-06 19:46:08.855 W/SignalStrength( 277): getCdmaLevel=3
07-06 16:23:21.439 V/StatusBar.BatteryController( 484): status5batteryHealth 2
07-06 19:46:08.855 W/SignalStrength( 277): getLevel=3
07-06 16:23:21.439 D/StatusBar.BatteryController( 484): mOldstatus5status 5
07-06 19:46:08.865 W/SignalStrength( 484): getCdmaLevel=3
07-06 16:23:21.439 D/StatusBar.BatteryController( 484): now old status is 5
07-06 19:46:08.865 W/SignalStrength( 484): getEvdoLevel=0
07-06 16:23:31.449 V/StatusBar.BatteryController( 484): status5batteryHealth 2
07-06 19:46:08.865 W/SignalStrength( 484): getCdmaLevel=3
07-06 16:23:31.449 D/StatusBar.BatteryController( 484): mOldstatus5status 5
07-06 19:46:08.865 W/SignalStrength( 484): getLevel=3
07-06 16:23:31.449 D/StatusBar.BatteryController( 484): now old status is 5
07-06 19:46:11.275 E/SMD ( 105): DCD OFF
07-06 19:46:13.105 V/StatusBar.BatteryController( 484): status5batteryHealth 2
07-06 19:46:13.105 D/StatusBar.BatteryController( 484): mOldstatus5status 5
07-06 19:46:13.105 D/StatusBar.BatteryController( 484): now old status is 5
07-06 16:23:41.469 V/StatusBar.BatteryController( 484): status5batteryHealth 2
07-06 19:46:14.285 E/SMD ( 105): DCD OFF
07-06 16:23:41.469 D/StatusBar.BatteryController( 484): mOldstatus5status 5
07-06 19:46:17.285 E/SMD ( 105): DCD OFF
07-06 16:23:41.469 D/StatusBar.BatteryController( 484): now old status is 5
07-06 19:46:20.285 E/SMD ( 105): DCD OFF
07-06 19:46:23.135 V/StatusBar.BatteryController( 484): status5batteryHealth 2
07-06 19:46:23.135 D/StatusBar.BatteryController( 484): mOldstatus5status 5
07-06 19:46:23.135 D/StatusBar.BatteryController( 484): now old status is 5
07-06 16:23:51.499 V/StatusBar.BatteryController( 484): status5batteryHealth 2
07-06 19:46:23.285 E/SMD ( 105): DCD OFF
07-06 16:23:51.499 D/StatusBar.BatteryController( 484): mOldstatus5status 5
07-06 19:46:26.295 E/SMD ( 105): DCD OFF
07-06 16:23:51.499 D/StatusBar.BatteryController( 484): now old status is 5
07-06 19:46:29.295 E/SMD ( 105): DCD OFF
07-06 16:24:01.519 V/StatusBar.BatteryController( 484): status5batteryHealth 2
07-06 19:46:32.295 E/SMD ( 105): DCD OFF
07-06 19:46:33.155 V/StatusBar.BatteryController( 484): status5batteryHealth 2
07-06 19:46:33.155 D/StatusBar.BatteryController( 484): mOldstatus5status 5
07-06 19:46:33.155 D/StatusBar.BatteryController( 484): now old status is 5
07-06 16:24:01.519 D/StatusBar.BatteryController( 484): mOldstatus5status 5
07-06 19:46:35.295 E/SMD ( 105): DCD OFF
07-06 16:24:01.519 D/StatusBar.BatteryController( 484): now old status is 5
07-06 19:46:36.865 W/SignalStrength( 277): getCdmaLevel=2
07-06 16:24:11.529 V/StatusBar.BatteryController( 484): status5batteryHealth 2
07-06 19:46:36.865 W/SignalStrength( 277): getEvdoLevel=0
07-06 16:24:11.529 D/StatusBar.BatteryController( 484): mOldstatus5status 5
07-06 19:46:36.865 W/SignalStrength( 277): getCdmaLevel=2
07-06 16:24:11.529 D/StatusBar.BatteryController( 484): now old status is 5
07-06 19:46:36.865 W/SignalStrength( 277): getLevel=2
07-06 16:26:31.809 V/StatusBar.BatteryController( 484): status5batteryHealth 2
07-06 19:46:36.875 W/SignalStrength( 484): getCdmaLevel=2
07-06 16:26:31.809 D/StatusBar.BatteryController( 484): mOldstatus5status 5
07-06 19:46:36.875 W/SignalStrength( 484): getEvdoLevel=0
07-06 16:26:31.809 D/StatusBar.BatteryController( 484): now old status is 5
07-06 19:46:36.875 W/SignalStrength( 484): getCdmaLevel=2
07-06 16:26:41.839 V/StatusBar.BatteryController( 484): status5batteryHealth 2
07-06 19:46:36.875 W/SignalStrength( 484): getLevel=2
07-06 16:26:41.839 D/StatusBar.BatteryController( 484): mOldstatus5status 5
07-06 19:46:38.295 E/SMD ( 105): DCD OFF
07-06 16:26:41.839 D/StatusBar.BatteryController( 484): now old status is 5
07-06 19:46:41.305 E/SMD ( 105): DCD OFF
07-06 19:46:43.165 V/StatusBar.BatteryController( 484): status5batteryHealth 2
07-06 19:46:43.165 D/StatusBar.BatteryController( 484): mOldstatus5status 5
07-06 19:46:43.165 D/StatusBar.BatteryController( 484): now old status is 5
07-06 16:26:51.849 V/StatusBar.BatteryController( 484): status5batteryHealth 2
07-06 19:46:44.305 E/SMD ( 105): DCD OFF
07-06 16:26:51.849 D/StatusBar.BatteryController( 484): mOldstatus5status 5
07-06 19:46:46.875 W/SignalStrength( 277): getCdmaLevel=3
07-06 16:26:51.849 D/StatusBar.BatteryController( 484): now old status is 5
07-06 19:46:46.875 W/SignalStrength( 277): getEvdoLevel=0
07-06 16:27:21.909 V/StatusBar.BatteryController( 484): status5batteryHealth 2
07-06 19:46:46.875 W/SignalStrength( 277): getCdmaLevel=3
07-06 16:27:21.909 D/StatusBar.BatteryController( 484): mOldstatus5status 5
07-06 19:46:46.875 W/SignalStrength( 277): getLevel=3
07-06 16:27:21.909 D/StatusBar.BatteryController( 484): now old status is 5
07-06 19:46:46.875 W/SignalStrength( 484): getCdmaLevel=3
07-06 16:27:31.929 V/StatusBar.BatteryController( 484): status5batteryHealth 2
07-06 19:46:46.885 W/SignalStrength( 484): getEvdoLevel=0
07-06 16:27:31.929 D/StatusBar.BatteryController( 484): mOldstatus5status 5
07-06 19:46:46.885 W/SignalStrength( 484): getCdmaLevel=3
07-06 16:27:31.929 D/StatusBar.BatteryController( 484): now old status is 5
07-06 19:46:46.885 W/SignalStrength( 484): getLevel=3
07-06 16:27:41.949 V/StatusBar.BatteryController( 484): status5batteryHealth 2
07-06 19:46:47.305 E/SMD ( 105): DCD OFF
07-06 16:27:41.949 D/StatusBar.BatteryController( 484): mOldstatus5status 5
07-06 19:46:50.305 E/SMD ( 105): DCD OFF
07-06 19:46:53.195 V/StatusBar.BatteryController( 484): status5batteryHealth 2
07-06 19:46:53.195 D/StatusBar.BatteryController( 484): mOldstatus5status 5
07-06 19:46:53.195 D/StatusBar.BatteryController( 484): now old status is 5
07-06 16:27:41.949 D/StatusBar.BatteryController( 484): now old status is 5
07-06 19:46:53.315 E/SMD ( 105): DCD OFF
07-06 16:28:52.089 V/StatusBar.BatteryController( 484): status5batteryHealth 2
07-06 19:46:53.875 W/SignalStrength( 277): getCdmaLevel=2
07-06 16:28:52.089 D/StatusBar.BatteryController( 484): mOldstatus5status 5
07-06 19:46:53.875 W/SignalStrength( 277): getEvdoLevel=0
07-06 16:28:52.089 D/StatusBar.BatteryController( 484): now old status is 5
07-06 19:46:53.875 W/SignalStrength( 277): getCdmaLevel=2
07-06 16:29:02.109 V/StatusBar.BatteryController( 484): status5batteryHealth 2
07-06 19:46:53.875 W/SignalStrength( 277): getLevel=2
07-06 16:29:02.109 D/StatusBar.BatteryController( 484): mOldstatus5status 5
07-06 19:46:53.875 W/SignalStrength( 484): getCdmaLevel=2
07-06 16:29:02.109 D/StatusBar.BatteryController( 484): now old status is 5
07-06 19:46:53.875 W/SignalStrength( 484): getEvdoLevel=0
07-06 16:29:42.199 V/StatusBar.BatteryController( 484): status5batteryHealth 2
07-06 19:46:53.875 W/SignalStrength( 484): getCdmaLevel=2
07-06 16:29:42.199 D/StatusBar.BatteryController( 484): mOldstatus5status 5
07-06 19:46:53.875 W/SignalStrength( 484): getLevel=2
07-06 16:29:42.199 D/StatusBar.BatteryController( 484): now old status is 5
07-06 19:46:56.315 E/SMD ( 105): DCD OFF
07-06 16:30:02.239 V/StatusBar.BatteryController( 484): status5batteryHealth 2
07-06 19:46:59.315 E/SMD ( 105): DCD OFF
07-06 16:30:02.239 D/StatusBar.BatteryController( 484): mOldstatus5status 5
07-06 19:47:02.315 E/SMD ( 105): DCD OFF
07-06 16:30:02.239 D/StatusBar.BatteryController( 484): now old status is 5
07-06 19:47:05.325 E/SMD ( 105): DCD OFF
07-06 16:30:12.249 V/StatusBar.BatteryController( 484): status5batteryHealth 2
07-06 19:47:08.325 E/SMD ( 105): DCD OFF
07-06 16:30:12.249 D/StatusBar.BatteryController( 484): mOldstatus5status 5
07-06 19:47:11.325 E/SMD ( 105): DCD OFF
07-06 16:30:12.249 D/StatusBar.BatteryController( 484): now old status is 5
07-06 19:47:14.325 E/SMD ( 105): DCD OFF
07-06 16:30:22.279 V/StatusBar.BatteryController( 484): status5batteryHealth 2
07-06 19:47:16.885 W/SignalStrength( 277): getCdmaLevel=3
07-06 16:30:22.279 D/StatusBar.BatteryController( 484): mOldstatus5status 5
07-06 19:47:16.885 W/SignalStrength( 277): getEvdoLevel=0
07-06 16:30:22.279 D/StatusBar.BatteryController( 484): now old status is 5
07-06 19:47:16.885 W/SignalStrength( 277): getCdmaLevel=3
07-06 16:30:42.319 V/StatusBar.BatteryController( 484): status5batteryHealth 2
07-06 19:47:16.885 W/SignalStrength( 277): getLevel=3
07-06 16:30:42.319 D/StatusBar.BatteryController( 484): mOldstatus5status 5
07-06 19:47:16.885 W/SignalStrength( 484): getCdmaLevel=3
07-06 16:30:42.319 D/StatusBar.BatteryController( 484): now old status is 5
07-06 19:47:16.885 W/SignalStrength( 484): getEvdoLevel=0
07-06 16:31:32.419 V/StatusBar.BatteryController( 484): status5batteryHealth 2
07-06 19:47:16.885 W/SignalStrength( 484): getCdmaLevel=3
07-06 16:31:32.419 D/StatusBar.BatteryController( 484): mOldstatus5status 5
07-06 19:47:16.885 W/SignalStrength( 484): getLevel=3
07-06 16:31:32.419 D/StatusBar.BatteryController( 484): now old status is 5
07-06 19:47:17.325 E/SMD ( 105): DCD OFF
07-06 16:31:42.429 V/StatusBar.BatteryController( 484): status5batteryHealth 2
07-06 19:47:20.335 E/SMD ( 105): DCD OFF
07-06 16:31:42.429 D/StatusBar.BatteryController( 484): mOldstatus5status 5
07-06 19:47:20.885 W/SignalStrength( 277): getCdmaLevel=2
07-06 16:31:42.429 D/StatusBar.BatteryController( 484): now old status is 5
07-06 19:47:20.885 W/SignalStrength( 277): getEvdoLevel=0
07-06 16:32:02.479 V/StatusBar.BatteryController( 484): status5batteryHealth 2
07-06 19:47:20.885 W/SignalStrength( 277): getCdmaLevel=2
07-06 16:32:02.479 D/StatusBar.BatteryController( 484): mOldstatus5status 5
07-06 19:47:20.885 W/SignalStrength( 277): getLevel=2
07-06 16:32:02.479 D/StatusBar.BatteryController( 484): now old status is 5
07-06 19:47:20.895 W/SignalStrength( 484): getCdmaLevel=2
07-06 16:32:12.489 V/StatusBar.BatteryController( 484): status5batteryHealth 2
07-06 19:47:20.895 W/SignalStrength( 484): getEvdoLevel=0
07-06 16:32:12.489 D/StatusBar.BatteryController( 484): mOldstatus5status 5
07-06 19:47:20.895 W/SignalStrength( 484): getCdmaLevel=2
07-06 16:32:12.489 D/StatusBar.BatteryController( 484): now old status is 5
07-06 19:47:20.895 W/SignalStrength( 484): getLevel=2
07-06 19:47:23.265 V/StatusBar.BatteryController( 484): status5batteryHealth 2
07-06 19:47:23.265 D/StatusBar.BatteryController( 484): mOldstatus5status 5
07-06 19:47:23.265 D/StatusBar.BatteryController( 484): now old status is 5
07-06 16:32:22.519 V/StatusBar.BatteryController( 484): status5batteryHealth 2
07-06 19:47:23.335 E/SMD ( 105): DCD OFF
07-06 16:32:22.519 D/StatusBar.BatteryController( 484): mOldstatus5status 5
07-06 19:47:26.335 E/SMD ( 105): DCD OFF
07-06 16:32:22.519 D/StatusBar.BatteryController( 484): now old status is 5
07-06 19:47:29.335 E/SMD ( 105): DCD OFF
07-06 16:32:41.449 W/ThrottleService( 277): unable to find stats for iface rmnet0
07-06 19:47:32.345 E/SMD ( 105): DCD OFF
07-06 16:32:42.559 V/StatusBar.BatteryController( 484): status5batteryHealth 2
07-06 19:47:33.955 E/WifiStateMachine( 277): set suspend optimizations failed!
07-06 16:32:42.559 D/StatusBar.BatteryController( 484): mOldstatus5status 5
07-06 19:47:33.985 D/SensorManager( 754): registerListener :: handle = 0 name= BOSCH 3-axis Accelerometer delay= 10000 Listener= kvo@410f6f40
07-06 16:32:42.559 D/StatusBar.BatteryController( 484): now old status is 5
07-06 19:47:33.985 E/SensorManager( 754): thread start
07-06 16:32:52.579 V/StatusBar.BatteryController( 484): status5batteryHealth 2
07-06 19:47:33.985 E/SensorManager( 754): =======>>>Sensor Thread RUNNING <<<========
07-06 16:32:52.579 D/StatusBar.BatteryController( 484): mOldstatus5status 5
07-06 19:47:34.675 I/SensorManager( 754): Set normal delay = true
07-06 16:32:52.579 D/StatusBar.BatteryController( 484): now old status is 5
07-06 19:47:34.705 D/Tethering( 277): interfaceLinkStateChanged wlan0, true
07-06 16:33:12.619 V/StatusBar.BatteryController( 484): status5batteryHealth 2
07-06 19:47:34.705 D/Tethering( 277): interfaceStatusChanged wlan0, true
07-06 16:33:12.619 D/StatusBar.BatteryController( 484): mOldstatus5status 5
07-06 19:47:34.705 D/Tethering( 277): interfaceLinkStateChanged wlan0, true
07-06 16:33:12.619 D/StatusBar.BatteryController( 484): now old status is 5
07-06 19:47:34.705 D/Tethering( 277): interfaceStatusChanged wlan0, true
07-06 16:33:32.659 V/StatusBar.BatteryController( 484): status5batteryHealth 2
07-06 19:47:34.785 D/SensorManager( 754): unregisterListener:: disable all sensors for this listener, name = BOSCH 3-axis Accelerometer listener = kvo@410f6f40
07-06 16:33:32.659 D/StatusBar.BatteryController( 484): mOldstatus5status 5
07-06 19:47:34.815 E/WifiStateMachine( 277): set suspend optimizations failed!
07-06 16:33:32.659 D/StatusBar.BatteryController( 484): now old status is 5
07-06 19:47:34.825 I/GCoreUlr( 754): Received powerMode change from NLP: com.google.android.location.activity.LOW_POWER_MODE_ENABLED
07-06 16:33:42.679 V/StatusBar.BatteryController( 484): status5batteryHealth 2
07-06 19:47:34.825 I/GCoreUlr( 754): Starting service, intent=Intent { act=com.google.android.location.reporting.ACTION_UPDATE_ACTIVE_STATE cmp=xxxx }, extras=null
07-06 16:33:42.679 D/StatusBar.BatteryController( 484): mOldstatus5status 5
07-06 19:47:34.965 I/GCoreUlr( 754): Successfully inserted location
07-06 16:33:42.679 D/StatusBar.BatteryController( 484): now old status is 5
07-06 19:47:35.045 I/GCoreUlr( 754): Starting service, intent=Intent { cmp=xxxx }, extras=null
07-06 16:33:52.699 V/StatusBar.BatteryController( 484): status5batteryHealth 2
07-06 19:47:35.285 I/GCoreUlr( 754): Ensuring that reporting is active for [account#15#]
07-06 16:33:52.699 D/StatusBar.BatteryController( 484): mOldstatus5status 5
07-06 19:47:35.325 W/GLSUser ( 590): GoogleAccountDataService.getToken()
07-06 16:33:52.699 D/StatusBar.BatteryController( 484): now old status is 5
07-06 19:47:35.345 E/SMD ( 105): DCD OFF
07-06 16:34:22.759 V/StatusBar.BatteryController( 484): status5batteryHealth 2
07-06 19:47:35.405 I/GCoreUlr( 754): Starting service, intent=Intent { act=com.google.android.location.reporting.ACTION_LOCATION_STATUS cmp=xxxx (has extras) }, extras=Bundle[{status=LocationStatus[cell status: STATUS_SUCCESSFUL, wifi status: STATUS_INVALID_SCAN, elapsed realtime ns: 237188000000]}]
07-06 16:34:22.759 D/StatusBar.BatteryController( 484): mOldstatus5status 5
07-06 19:47:35.505 W/NetworkManagementSocketTagger( 754): untagSocket(57) failed with errno -22
07-06 16:34:22.759 D/StatusBar.BatteryController( 484): now old status is 5
07-06 19:47:35.505 I/mbi ( 754): I/O exception (org.apache.http.NoHttpResponseException) caught when processing request: The target server failed to respond
07-06 16:34:32.779 V/StatusBar.BatteryController( 484): status5batteryHealth 2
07-06 19:47:35.505 I/mbi ( 754): Retrying request
07-06 16:34:32.779 D/StatusBar.BatteryController( 484): mOldstatus5status 5
07-06 19:47:35.945 I/GCoreUlr( 754): Starting service, intent=Intent { act=com.google.android.location.reporting.ACTION_UPDATE_ACTIVE_STATE cmp=xxxx }, extras=null
07-06 16:34:32.779 D/StatusBar.BatteryController( 484): now old status is 5
07-06 19:47:35.955 I/AdsMeasurementBroadcastReceiver( 717): Reporting settings might have changed, alerting AdsMeasurementService
07-06 16:34:42.799 V/StatusBar.BatteryController( 484): status5batteryHealth 2
07-06 19:47:35.955 D/AdsMeasurementBroadcastReceiver( 717): Unauthorized to start the main service
07-06 16:34:42.799 D/StatusBar.BatteryController( 484): mOldstatus5status 5
07-06 19:47:35.965 I/GCoreUlr( 754): Batch Location Update succeeded for account account#15#
07-06 16:34:42.799 D/StatusBar.BatteryController( 484): now old status is 5
07-06 19:47:35.985 E/SqliteDatabaseCpp( 754): sqlite3_exec - Failed to set synchronous mode = 1(Normal)
07-06 16:34:52.809 V/StatusBar.BatteryController( 484): status5batteryHealth 2
07-06 19:47:36.095 I/GCoreUlr( 754): Ensuring that reporting is active for [account#15#]
07-06 16:34:52.809 D/StatusBar.BatteryController( 484): mOldstatus5status 5
07-06 19:47:36.105 I/GCoreUlr( 754): Starting service, intent=Intent { act=com.google.android.location.reporting.ACTION_LOCATION_STATUS cmp=xxxx (has extras) }, extras=Bundle[{status=LocationStatus[cell status: STATUS_SUCCESSFUL, wifi status: STATUS_INVALID_SCAN, elapsed realtime ns: 237188000000]}]
07-06 16:34:52.809 D/StatusBar.BatteryController( 484): now old status is 5
07-06 19:47:38.345 E/SMD ( 105): DCD OFF
07-06 16:35:02.829 V/StatusBar.BatteryController( 484): status5batteryHealth 2
07-06 19:47:41.345 E/SMD ( 105): DCD OFF
07-06 16:35:02.829 D/StatusBar.BatteryController( 484): mOldstatus5status 5
07-06 19:47:41.895 W/SignalStrength( 277): getCdmaLevel=3
07-06 16:35:02.829 D/StatusBar.BatteryController( 484): now old status is 5
07-06 19:47:41.895 W/SignalStrength( 277): getEvdoLevel=0
07-06 16:35:12.849 V/StatusBar.BatteryController( 484): status5batteryHealth 2
07-06 19:47:41.895 W/SignalStrength( 277): getCdmaLevel=3
07-06 16:35:12.859 D/StatusBar.BatteryController( 484): mOldstatus5status 5
07-06 19:47:41.895 W/SignalStrength( 277): getLevel=3
07-06 16:35:12.859 D/StatusBar.BatteryController( 484): now old status is 5
07-06 19:47:41.895 W/SignalStrength( 484): getCdmaLevel=3
07-06 16:35:22.869 V/StatusBar.BatteryController( 484): status5batteryHealth 2
07-06 19:47:41.895 W/SignalStrength( 484): getEvdoLevel=0
07-06 16:35:22.869 D/StatusBar.BatteryController( 484): mOldstatus5status 5
07-06 19:47:41.895 W/SignalStrength( 484): getCdmaLevel=3
07-06 16:35:22.869 D/StatusBar.BatteryController( 484): now old status is 5
07-06 19:47:41.895 W/SignalStrength( 484): getLevel=3
07-06 19:47:43.305 V/StatusBar.BatteryController( 484): status5batteryHealth 2
07-06 19:47:43.305 D/StatusBar.BatteryController( 484): mOldstatus5status 5
07-06 19:47:43.305 D/StatusBar.BatteryController( 484): now old status is 5
07-06 16:35:32.889 V/StatusBar.BatteryController( 484): status5batteryHealth 2
07-06 19:47:44.345 E/SMD ( 105): DCD OFF
07-06 16:35:32.889 D/StatusBar.BatteryController( 484): mOldstatus5status 5
07-06 19:47:47.355 E/SMD ( 105): DCD OFF
07-06 16:35:32.889 D/StatusBar.BatteryController( 484): now old status is 5
07-06 19:47:48.895 W/SignalStrength( 277): getCdmaLevel=2
07-06 16:35:42.909 V/StatusBar.BatteryController( 484): status5batteryHealth 2
07-06 19:47:48.895 W/SignalStrength( 277): getEvdoLevel=0
07-06 16:35:42.909 D/StatusBar.BatteryController( 484): mOldstatus5status 5
07-06 19:47:48.895 W/SignalStrength( 277): getCdmaLevel=2
07-06 16:35:42.909 D/StatusBar.BatteryController( 484): now old status is 5
07-06 19:47:48.895 W/SignalStrength( 277): getLevel=2
07-06 16:35:52.939 V/StatusBar.BatteryController( 484): status5batteryHealth 2
07-06 19:47:48.905 W/SignalStrength( 484): getCdmaLevel=2
07-06 16:35:52.939 D/StatusBar.BatteryController( 484): mOldstatus5status 5
07-06 19:47:48.905 W/SignalStrength( 484): getEvdoLevel=0
07-06 16:35:52.939 D/StatusBar.BatteryController( 484): now old status is 5
07-06 19:47:48.905 W/SignalStrength( 484): getCdmaLevel=2
07-06 16:36:02.959 V/StatusBar.BatteryController( 484): status5batteryHealth 2
07-06 19:47:48.905 W/SignalStrength( 484): getLevel=2
07-06 16:36:02.959 D/StatusBar.BatteryController( 484): mOldstatus5status 5
07-06 19:47:50.355 E/SMD ( 105): DCD OFF
07-06 16:36:02.959 D/StatusBar.BatteryController( 484): now old status is 5
07-06 19:47:50.465 D/Tethering( 277): interfaceLinkStateChanged wlan0, true
07-06 16:36:12.979 V/StatusBar.BatteryController( 484): status5batteryHealth 2
07-06 19:47:50.465 D/Tethering( 277): interfaceStatusChanged wlan0, true
07-06 16:36:12.979 D/StatusBar.BatteryController( 484): mOldstatus5status 5
07-06 19:47:51.895 W/SignalStrength( 277): getCdmaLevel=3
07-06 16:36:12.979 D/StatusBar.BatteryController( 484): now old status is 5
07-06 19:47:51.895 W/SignalStrength( 277): getEvdoLevel=0
07-06 16:36:22.999 V/StatusBar.BatteryController( 484): status5batteryHealth 2
07-06 19:47:51.895 W/SignalStrength( 277): getCdmaLevel=3
07-06 16:36:22.999 D/StatusBar.BatteryController( 484): mOldstatus5status 5
07-06 19:47:51.895 W/SignalStrength( 277): getLevel=3
07-06 16:36:22.999 D/StatusBar.BatteryController( 484): now old status is 5
07-06 19:47:51.905 W/SignalStrength( 484): getCdmaLevel=3
07-06 16:36:33.009 V/StatusBar.BatteryController( 484): status5batteryHealth 2
07-06 19:47:51.905 W/SignalStrength( 484): getEvdoLevel=0
07-06 16:36:33.009 D/StatusBar.BatteryController( 484): mOldstatus5status 5
07-06 19:47:51.905 W/SignalStrength( 484): getCdmaLevel=3
07-06 16:36:33.009 D/StatusBar.BatteryController( 484): now old status is 5
07-06 19:47:51.905 W/SignalStrength( 484): getLevel=3
07-06 16:36:43.029 V/StatusBar.BatteryController( 484): status5batteryHealth 2
07-06 19:47:53.355 E/SMD ( 105): DCD OFF
07-06 16:36:43.029 D/StatusBar.BatteryController( 484): mOldstatus5status 5
07-06 19:47:56.235 D/Tethering( 277): interfaceLinkStateChanged wlan0, true
07-06 16:36:43.029 D/StatusBar.BatteryController( 484): now old status is 5
07-06 19:47:56.235 D/Tethering( 277): interfaceStatusChanged wlan0, true
07-06 16:36:53.059 V/StatusBar.BatteryController( 484): status5batteryHealth 2
07-06 19:47:56.355 E/SMD ( 105): DCD OFF
07-06 16:36:53.059 D/StatusBar.BatteryController( 484): mOldstatus5status 5
07-06 19:47:59.365 E/SMD ( 105): DCD OFF
07-06 16:36:53.059 D/StatusBar.BatteryController( 484): now old status is 5
07-06 19:47:59.905 W/SignalStrength( 484): getCdmaLevel=2
07-06 16:37:03.079 V/StatusBar.BatteryController( 484): status5batteryHealth 2
07-06 19:47:59.905 W/SignalStrength( 484): getEvdoLevel=0
07-06 16:37:03.079 D/StatusBar.BatteryController( 484): mOldstatus5status 5
07-06 19:47:59.905 W/SignalStrength( 484): getCdmaLevel=2
07-06 16:37:03.079 D/StatusBar.BatteryController( 484): now old status is 5
07-06 19:47:59.905 W/SignalStrength( 484): getLevel=2
07-06 16:37:13.099 V/StatusBar.BatteryController( 484): status5batteryHealth 2
07-06 19:47:59.905 W/SignalStrength( 277): getCdmaLevel=2
07-06 16:37:13.099 D/StatusBar.BatteryController( 484): mOldstatus5status 5
07-06 19:47:59.905 W/SignalStrength( 277): getEvdoLevel=0
07-06 16:37:13.099 D/StatusBar.BatteryController( 484): now old status is 5
07-06 19:47:59.905 W/SignalStrength( 277): getCdmaLevel=2
07-06 16:37:23.119 V/StatusBar.BatteryController( 484): status5batteryHealth 2
07-06 19:47:59.905 W/SignalStrength( 277): getLevel=2
07-06 16:37:23.119 D/StatusBar.BatteryController( 484): mOldstatus5status 5
07-06 19:48:02.365 E/SMD ( 105): DCD OFF
07-06 16:37:23.119 D/StatusBar.BatteryController( 484): now old status is 5
07-06 19:48:05.365 E/SMD ( 105): DCD OFF
07-06 16:37:43.159 V/StatusBar.BatteryController( 484): status5batteryHealth 2
07-06 19:48:06.905 W/SignalStrength( 277): getCdmaLevel=3
07-06 16:37:43.159 D/StatusBar.BatteryController( 484): mOldstatus5status 5
07-06 19:48:06.905 W/SignalStrength( 277): getEvdoLevel=0
07-06 16:37:43.159 D/StatusBar.BatteryController( 484): now old status is 5
07-06 19:48:06.905 W/SignalStrength( 277): getCdmaLevel=3
07-06 16:37:53.169 V/StatusBar.BatteryController( 484): status5batteryHealth 2
07-06 19:48:06.905 W/SignalStrength( 277): getLevel=3
07-06 16:37:53.169 D/StatusBar.BatteryController( 484): mOldstatus5status 5
07-06 19:48:06.915 W/SignalStrength( 484): getCdmaLevel=3
07-06 16:37:53.169 D/StatusBar.BatteryController( 484): now old status is 5
07-06 19:48:06.915 W/SignalStrength( 484): getEvdoLevel=0
07-06 16:38:03.199 V/StatusBar.BatteryController( 484): status5batteryHealth 2
07-06 19:48:06.915 W/SignalStrength( 484): getCdmaLevel=3
07-06 16:38:03.199 D/StatusBar.BatteryController( 484): mOldstatus5status 5
07-06 19:48:06.915 W/SignalStrength( 484): getLevel=3
07-06 16:38:03.199 D/StatusBar.BatteryController( 484): now old status is 5
07-06 19:48:08.365 E/SMD ( 105): DCD OFF
07-06 16:38:13.229 V/StatusBar.BatteryController( 484): status5batteryHealth 2
07-06 19:48:11.375 E/SMD ( 105): DCD OFF
07-06 16:38:13.229 D/StatusBar.BatteryController( 484): mOldstatus5status 5
07-06 19:48:12.275 D/Tethering( 277): interfaceLinkStateChanged wlan0, true
07-06 16:38:13.229 D/StatusBar.BatteryController( 484): now old status is 5
07-06 19:48:12.275 D/Tethering( 277): interfaceStatusChanged wlan0, true
07-06 19:48:13.345 V/StatusBar.BatteryController( 484): status5batteryHealth 2
07-06 19:48:13.345 D/StatusBar.BatteryController( 484): mOldstatus5status 5
07-06 19:48:13.345 D/StatusBar.BatteryController( 484): now old status is 5
07-06 16:38:23.239 V/StatusBar.BatteryController( 484): status5batteryHealth 2
07-06 19:48:14.375 E/SMD ( 105): DCD OFF
07-06 16:38:23.239 D/StatusBar.BatteryController( 484): mOldstatus5status 5
07-06 19:48:15.905 W/SignalStrength( 277): getCdmaLevel=2
07-06 16:38:23.239 D/StatusBar.BatteryController( 484): now old status is 5
07-06 19:48:15.905 W/SignalStrength( 277): getEvdoLevel=0
07-06 16:38:33.259 V/StatusBar.BatteryController( 484): status5batteryHealth 2
07-06 19:48:15.905 W/SignalStrength( 277): getCdmaLevel=2
07-06 16:38:33.259 D/StatusBar.BatteryController( 484): mOldstatus5status 5
07-06 19:48:15.905 W/SignalStrength( 277): getLevel=2
07-06 16:38:33.259 D/StatusBar.BatteryController( 484): now old status is 5
07-06 19:48:15.905 W/SignalStrength( 484): getCdmaLevel=2
07-06 16:39:03.319 V/StatusBar.BatteryController( 484): status5batteryHealth 2
07-06 19:48:15.915 W/SignalStrength( 484): getEvdoLevel=0
07-06 16:39:03.319 D/StatusBar.BatteryController( 484): mOldstatus5status 5
07-06 19:48:15.915 W/SignalStrength( 484): getCdmaLevel=2
07-06 16:39:03.319 D/StatusBar.BatteryController( 484): now old status is 5
07-06 19:48:15.915 W/SignalStrength( 484): getLevel=2
07-06 16:39:23.349 V/StatusBar.BatteryController( 484): status5batteryHealth 2
07-06 19:48:16.905 W/SignalStrength( 277): getCdmaLevel=3
07-06 16:39:23.349 D/StatusBar.BatteryController( 484): mOldstatus5status 5
07-06 19:48:16.905 W/SignalStrength( 277): getEvdoLevel=0
07-06 16:39:23.349 D/StatusBar.BatteryController( 484): now old status is 5
07-06 19:48:16.905 W/SignalStrength( 277): getCdmaLevel=3
07-06 16:40:03.449 V/StatusBar.BatteryController( 484): status5batteryHealth 2
07-06 19:48:16.905 W/SignalStrength( 277): getLevel=3
07-06 16:40:03.449 D/StatusBar.BatteryController( 484): mOldstatus5status 5
07-06 19:48:16.915 W/SignalStrength( 484): getCdmaLevel=3
07-06 16:40:03.449 D/StatusBar.BatteryController( 484): now old status is 5
07-06 19:48:16.915 W/SignalStrength( 484): getEvdoLevel=0
07-06 16:40:13.469 V/StatusBar.BatteryController( 484): status5batteryHealth 2
07-06 19:48:16.915 W/SignalStrength( 484): getCdmaLevel=3
07-06 16:40:13.469 D/StatusBar.BatteryController( 484): mOldstatus5status 5
07-06 19:48:16.915 W/SignalStrength( 484): getLevel=3
07-06 16:40:13.469 D/StatusBar.BatteryController( 484): now old status is 5
07-06 19:48:17.285 D/Tethering( 277): interfaceLinkStateChanged wlan0, true
07-06 16:40:23.469 V/StatusBar.BatteryController( 484): status5batteryHealth 2
07-06 19:48:17.285 D/Tethering( 277): interfaceStatusChanged wlan0, true
07-06 16:40:23.469 D/StatusBar.BatteryController( 484): mOldstatus5status 5
07-06 19:48:17.375 E/SMD ( 105): DCD OFF
07-06 16:40:23.469 D/StatusBar.BatteryController( 484): now old status is 5
07-06 19:48:20.385 E/SMD ( 105): DCD OFF
07-06 19:48:23.365 V/StatusBar.BatteryController( 484): status5batteryHealth 2
07-06 19:48:23.365 D/StatusBar.BatteryController( 484): mOldstatus5status 5
07-06 19:48:23.365 D/StatusBar.BatteryController( 484): now old status is 5
07-06 16:40:33.499 V/StatusBar.BatteryController( 484): status5batteryHealth 2
07-06 19:48:23.385 E/SMD ( 105): DCD OFF
07-06 16:40:33.499 D/StatusBar.BatteryController( 484): mOldstatus5status 5
07-06 19:48:26.395 E/SMD ( 105): DCD OFF
07-06 16:40:33.499 D/StatusBar.BatteryController( 484): now old status is 5
07-06 19:48:29.405 E/SMD ( 105): DCD OFF
07-06 16:40:43.519 V/StatusBar.BatteryController( 484): status5batteryHealth 2
07-06 19:48:30.915 W/SignalStrength( 277): getCdmaLevel=2
07-06 16:40:43.519 D/StatusBar.BatteryController( 484): mOldstatus5status 5
07-06 19:48:30.915 W/SignalStrength( 277): getEvdoLevel=0
07-06 16:40:43.519 D/StatusBar.BatteryController( 484): now old status is 5
07-06 19:48:30.915 W/SignalStrength( 277): getCdmaLevel=2
07-06 16:41:13.569 V/StatusBar.BatteryController( 484): status5batteryHealth 2
07-06 19:48:30.915 W/SignalStrength( 277): getLevel=2
07-06 16:41:13.569 D/StatusBar.BatteryController( 484): mOldstatus5status 5
07-06 19:48:30.915 W/SignalStrength( 484): getCdmaLevel=2
07-06 16:41:13.569 D/StatusBar.BatteryController( 484): now old status is 5
07-06 19:48:30.915 W/SignalStrength( 484): getEvdoLevel=0
07-06 16:41:33.609 V/StatusBar.BatteryController( 484): status5batteryHealth 2
07-06 19:48:30.915 W/SignalStrength( 484): getCdmaLevel=2
07-06 16:41:33.609 D/StatusBar.BatteryController( 484): mOldstatus5status 5
07-06 19:48:30.925 W/SignalStrength( 484): getLevel=2
07-06 16:41:33.609 D/StatusBar.BatteryController( 484): now old status is 5
07-06 19:48:32.405 E/SMD ( 105): DCD OFF
07-06 19:48:33.385 V/StatusBar.BatteryController( 484): status5batteryHealth 2
07-06 19:48:33.385 D/StatusBar.BatteryController( 484): mOldstatus5status 5
07-06 19:48:33.385 D/StatusBar.BatteryController( 484): now old status is 5
07-06 16:41:59.999 I/ActivityManager( 277): No longer want app.processName (pid 11119): hidden #16
07-06 19:48:35.405 E/SMD ( 105): DCD OFF
07-06 16:42:41.449 W/ThrottleService( 277): unable to find stats for iface rmnet0
07-06 19:48:38.415 E/SMD ( 105): DCD OFF
07-06 16:42:43.749 V/StatusBar.BatteryController( 484): status5batteryHealth 2
07-06 19:48:41.415 E/SMD ( 105): DCD OFF
07-06 19:48:43.405 V/StatusBar.BatteryController( 484): status5batteryHealth 2
07-06 19:48:43.405 D/StatusBar.BatteryController( 484): mOldstatus5status 5
07-06 19:48:43.405 D/StatusBar.BatteryController( 484): now old status is 5
07-06 16:42:43.749 D/StatusBar.BatteryController( 484): mOldstatus5status 5
07-06 19:48:44.415 E/SMD ( 105): DCD OFF
07-06 16:42:43.759 D/StatusBar.BatteryController( 484): now old status is 5
07-06 19:48:47.415 E/SMD ( 105): DCD OFF
07-06 16:42:53.779 V/StatusBar.BatteryController( 484): status5batteryHealth 2
07-06 19:48:50.425 E/SMD ( 105): DCD OFF
07-06 16:42:53.779 D/StatusBar.BatteryController( 484): mOldstatus5status 5
07-06 19:48:53.425 E/SMD ( 105): DCD OFF
07-06 16:42:53.779 D/StatusBar.BatteryController( 484): now old status is 5
07-06 19:48:54.395 D/Tethering( 277): interfaceLinkStateChanged wlan0, true
07-06 16:43:03.799 V/StatusBar.BatteryController( 484): status5batteryHealth 2
07-06 19:48:54.395 D/Tethering( 277): interfaceStatusChanged wlan0, true
07-06 16:43:03.799 D/StatusBar.BatteryController( 484): mOldstatus5status 5
07-06 19:48:54.925 W/SignalStrength( 277): getCdmaLevel=3
07-06 16:43:03.799 D/StatusBar.BatteryController( 484): now old status is 5
07-06 19:48:54.925 W/SignalStrength( 277): getEvdoLevel=0
07-06 16:44:23.949 V/StatusBar.BatteryController( 484): status5batteryHealth 2
07-06 19:48:54.925 W/SignalStrength( 277): getCdmaLevel=3
07-06 16:44:23.949 D/StatusBar.BatteryController( 484): mOldstatus5status 5
07-06 19:48:54.925 W/SignalStrength( 277): getLevel=3
07-06 16:44:23.949 D/StatusBar.BatteryController( 484): now old status is 5
07-06 19:48:54.925 W/SignalStrength( 484): getCdmaLevel=3
07-06 16:44:33.969 V/StatusBar.BatteryController( 484): status5batteryHealth 2
07-06 19:48:54.925 W/SignalStrength( 484): getEvdoLevel=0
07-06 16:44:33.969 D/StatusBar.BatteryController( 484): mOldstatus5status 5
07-06 19:48:54.925 W/SignalStrength( 484): getCdmaLevel=3
07-06 16:44:33.969 D/StatusBar.BatteryController( 484): now old status is 5
07-06 19:48:54.925 W/SignalStrength( 484): getLevel=3
07-06 16:44:54.009 V/StatusBar.BatteryController( 484): status5batteryHealth 2
07-06 19:48:56.425 E/SMD ( 105): DCD OFF
07-06 16:44:54.009 D/StatusBar.BatteryController( 484): mOldstatus5status 5
07-06 19:48:59.425 E/SMD ( 105): DCD OFF
07-06 16:44:54.009 D/StatusBar.BatteryController( 484): now old status is 5
07-06 19:48:59.925 W/SignalStrength( 277): getCdmaLevel=2
07-06 16:45:14.049 V/StatusBar.BatteryController( 484): status5batteryHealth 2
07-06 19:48:59.925 W/SignalStrength( 277): getEvdoLevel=0
07-06 16:45:14.049 D/StatusBar.BatteryController( 484): mOldstatus5status 5
07-06 19:48:59.925 W/SignalStrength( 277): getCdmaLevel=2
07-06 16:45:14.049 D/StatusBar.BatteryController( 484): now old status is 5
07-06 19:48:59.925 W/SignalStrength( 277): getLevel=2
07-06 16:45:24.069 V/StatusBar.BatteryController( 484): status5batteryHealth 2
07-06 19:48:59.925 W/SignalStrength( 484): getCdmaLevel=2
07-06 16:45:24.069 D/StatusBar.BatteryController( 484): mOldstatus5status 5
07-06 19:48:59.925 W/SignalStrength( 484): getEvdoLevel=0
07-06 16:45:24.069 D/StatusBar.BatteryController( 484): now old status is 5
07-06 19:48:59.925 W/SignalStrength( 484): getCdmaLevel=2
07-06 16:45:34.089 V/StatusBar.BatteryController( 484): status5batteryHealth 2
07-06 19:48:59.925 W/SignalStrength( 484): getLevel=2
07-06 16:45:34.089 D/StatusBar.BatteryController( 484): mOldstatus5status 5
07-06 19:49:02.425 E/SMD ( 105): DCD OFF
07-06 16:45:34.089 D/StatusBar.BatteryController( 484): now old status is 5
07-06 19:49:05.435 E/SMD ( 105): DCD OFF
07-06 16:45:44.109 V/StatusBar.BatteryController( 484): status5batteryHealth 2
07-06 19:49:08.435 E/SMD ( 105): DCD OFF
07-06 16:45:44.109 D/StatusBar.BatteryController( 484): mOldstatus5status 5
07-06 19:49:08.925 W/SignalStrength( 277): getCdmaLevel=3
07-06 16:45:44.109 D/StatusBar.BatteryController( 484): now old status is 5
07-06 19:49:08.925 W/SignalStrength( 277): getEvdoLevel=0
07-06 16:45:54.129 V/StatusBar.BatteryController( 484): status5batteryHealth 2
07-06 19:49:08.925 W/SignalStrength( 277): getCdmaLevel=3
07-06 16:45:54.129 D/StatusBar.BatteryController( 484): mOldstatus5status 5
07-06 19:49:08.925 W/SignalStrength( 277): getLevel=3
07-06 16:45:54.129 D/StatusBar.BatteryController( 484): now old status is 5
07-06 19:49:08.935 W/SignalStrength( 484): getCdmaLevel=3
07-06 16:46:04.149 V/StatusBar.BatteryController( 484): status5batteryHealth 2
07-06 19:49:08.935 W/SignalStrength( 484): getEvdoLevel=0
07-06 16:46:04.149 D/StatusBar.BatteryController( 484): mOldstatus5status 5
07-06 19:49:08.935 W/SignalStrength( 484): getCdmaLevel=3
07-06 16:46:04.149 D/StatusBar.BatteryController( 484): now old status is 5
07-06 19:49:08.935 W/SignalStrength( 484): getLevel=3
07-06 16:46:24.189 V/StatusBar.BatteryController( 484): status5batteryHealth 2
07-06 19:49:11.435 E/SMD ( 105): DCD OFF
07-06 16:46:24.189 D/StatusBar.BatteryController( 484): mOldstatus5status 5
07-06 19:49:14.435 E/SMD ( 105): DCD OFF
07-06 16:46:24.189 D/StatusBar.BatteryController( 484): now old status is 5
07-06 19:49:17.445 E/SMD ( 105): DCD OFF
07-06 16:47:04.279 V/StatusBar.BatteryController( 484): status5batteryHealth 2
07-06 19:49:20.445 E/SMD ( 105): DCD OFF
07-06 16:47:04.279 D/StatusBar.BatteryController( 484): mOldstatus5status 5
07-06 19:49:23.445 E/SMD ( 105): DCD OFF
07-06 19:49:23.485 V/StatusBar.BatteryController( 484): status5batteryHealth 2
07-06 19:49:23.485 D/StatusBar.BatteryController( 484): mOldstatus5status 5
07-06 19:49:23.485 D/StatusBar.BatteryController( 484): now old status is 5
07-06 16:47:04.279 D/StatusBar.BatteryController( 484): now old status is 5
07-06 19:49:26.445 E/SMD ( 105): DCD OFF
07-06 16:47:14.289 V/StatusBar.BatteryController( 484): status5batteryHealth 2
07-06 19:49:29.455 E/SMD ( 105): DCD OFF
07-06 16:47:14.289 D/StatusBar.BatteryController( 484): mOldstatus5status 5
07-06 19:49:29.935 W/SignalStrength( 277): getCdmaLevel=2
07-06 16:47:14.289 D/StatusBar.BatteryController( 484): now old status is 5
07-06 19:49:29.935 W/SignalStrength( 277): getEvdoLevel=0
07-06 16:47:24.309 V/StatusBar.BatteryController( 484): status5batteryHealth 2
07-06 19:49:29.935 W/SignalStrength( 277): getCdmaLevel=2
07-06 16:47:24.309 D/StatusBar.BatteryController( 484): mOldstatus5status 5
07-06 19:49:29.935 W/SignalStrength( 277): getLevel=2
07-06 16:47:24.309 D/StatusBar.BatteryController( 484): now old status is 5
07-06 19:49:29.935 W/SignalStrength( 484): getCdmaLevel=2
07-06 16:47:34.329 V/StatusBar.BatteryController( 484): status5batteryHealth 2
07-06 19:49:29.935 W/SignalStrength( 484): getEvdoLevel=0
07-06 16:47:34.329 D/StatusBar.BatteryController( 484): mOldstatus5status 5
07-06 19:49:29.935 W/SignalStrength( 484): getCdmaLevel=2
07-06 16:47:34.329 D/StatusBar.BatteryController( 484): now old status is 5
07-06 19:49:29.935 W/SignalStrength( 484): getLevel=2
07-06 16:47:44.349 V/StatusBar.BatteryController( 484): status5batteryHealth 2
07-06 19:49:32.455 E/SMD ( 105): DCD OFF
07-06 16:47:44.349 D/StatusBar.BatteryController( 484): mOldstatus5status 5
07-06 19:49:35.455 E/SMD ( 105): DCD OFF
07-06 16:47:44.349 D/StatusBar.BatteryController( 484): now old status is 5
07-06 19:49:38.455 E/SMD ( 105): DCD OFF
07-06 16:48:04.389 V/StatusBar.BatteryController( 484): status5batteryHealth 2
07-06 19:49:41.455 E/SMD ( 105): DCD OFF
07-06 16:48:04.389 D/StatusBar.BatteryController( 484): mOldstatus5status 5
07-06 19:49:44.465 E/SMD ( 105): DCD OFF
07-06 16:48:04.389 D/StatusBar.BatteryController( 484): now old status is 5
07-06 19:49:47.465 E/SMD ( 105): DCD OFF
07-06 16:48:14.409 V/StatusBar.BatteryController( 484): status5batteryHealth 2
07-06 19:49:50.465 E/SMD ( 105): DCD OFF
07-06 16:48:14.409 D/StatusBar.BatteryController( 484): mOldstatus5status 5
07-06 19:49:50.945 W/SignalStrength( 277): getCdmaLevel=3
07-06 16:48:14.409 D/StatusBar.BatteryController( 484): now old status is 5
07-06 19:49:50.945 W/SignalStrength( 277): getEvdoLevel=0
07-06 16:48:24.429 V/StatusBar.BatteryController( 484): status5batteryHealth 2
07-06 19:49:50.945 W/SignalStrength( 277): getCdmaLevel=3
07-06 16:48:24.429 D/StatusBar.BatteryController( 484): mOldstatus5status 5
07-06 19:49:50.945 W/SignalStrength( 277): getLevel=3
07-06 16:48:24.429 D/StatusBar.BatteryController( 484): now old status is 5
07-06 19:49:50.945 W/SignalStrength( 484): getCdmaLevel=3
07-06 16:48:34.449 V/StatusBar.BatteryController( 484): status5batteryHealth 2
07-06 19:49:50.955 W/SignalStrength( 484): getEvdoLevel=0
07-06 16:48:34.449 D/StatusBar.BatteryController( 484): mOldstatus5status 5
07-06 19:49:50.955 W/SignalStrength( 484): getCdmaLevel=3
07-06 16:48:34.449 D/StatusBar.BatteryController( 484): now old status is 5
07-06 19:49:50.955 W/SignalStrength( 484): getLevel=3
07-06 16:48:44.489 V/StatusBar.BatteryController( 484): status5batteryHealth 2
07-06 19:49:53.465 E/SMD ( 105): DCD OFF
07-06 16:48:44.489 D/StatusBar.BatteryController( 484): mOldstatus5status 5
07-06 19:49:56.475 E/SMD ( 105): DCD OFF
07-06 16:48:44.489 D/StatusBar.BatteryController( 484): now old status is 5
07-06 19:49:59.475 E/SMD ( 105): DCD OFF
07-06 16:49:04.509 V/StatusBar.BatteryController( 484): status5batteryHealth 2
07-06 19:50:02.475 E/SMD ( 105): DCD OFF
07-06 16:49:04.509 D/StatusBar.BatteryController( 484): mOldstatus5status 5
07-06 19:50:05.485 E/SMD ( 105): DCD OFF
07-06 16:49:04.509 D/StatusBar.BatteryController( 484): now old status is 5
07-06 19:50:05.945 W/SignalStrength( 277): getCdmaLevel=2
07-06 16:49:14.539 V/StatusBar.BatteryController( 484): status5batteryHealth 2
07-06 19:50:05.945 W/SignalStrength( 277): getEvdoLevel=0
07-06 16:49:14.539 D/StatusBar.BatteryController( 484): mOldstatus5status 5
07-06 19:50:05.945 W/SignalStrength( 277): getCdmaLevel=2
07-06 16:49:14.539 D/StatusBar.BatteryController( 484): now old status is 5
07-06 19:50:05.945 W/SignalStrength( 277): getLevel=2
07-06 16:49:24.559 V/StatusBar.BatteryController( 484): status5batteryHealth 2
07-06 19:50:05.955 W/SignalStrength( 484): getCdmaLevel=2
07-06 16:49:24.559 D/StatusBar.BatteryController( 484): mOldstatus5status 5
07-06 19:50:05.955 W/SignalStrength( 484): getEvdoLevel=0
07-06 16:49:24.559 D/StatusBar.BatteryController( 484): now old status is 5
07-06 19:50:05.955 W/SignalStrength( 484): getCdmaLevel=2
07-06 16:49:34.569 V/StatusBar.BatteryController( 484): status5batteryHealth 2
07-06 19:50:05.955 W/SignalStrength( 484): getLevel=2
07-06 16:49:34.569 D/StatusBar.BatteryController( 484): mOldstatus5status 5
07-06 19:50:08.485 E/SMD ( 105): DCD OFF
07-06 16:49:34.569 D/StatusBar.BatteryController( 484): now old status is 5
07-06 19:50:11.485 E/SMD ( 105): DCD OFF
07-06 16:49:44.599 V/StatusBar.BatteryController( 484): status5batteryHealth 2
07-06 19:50:14.485 E/SMD ( 105): DCD OFF
07-06 16:49:44.599 D/StatusBar.BatteryController( 484): mOldstatus5status 5
07-06 19:50:17.485 E/SMD ( 105): DCD OFF
07-06 16:49:44.599 D/StatusBar.BatteryController( 484): now old status is 5
07-06 19:50:20.495 E/SMD ( 105): DCD OFF
07-06 16:49:54.609 V/StatusBar.BatteryController( 484): status5batteryHealth 2
07-06 19:50:23.495 E/SMD ( 105): DCD OFF
07-06 16:49:54.609 D/StatusBar.BatteryController( 484): mOldstatus5status 5
07-06 19:50:26.495 E/SMD ( 105): DCD OFF
07-06 16:49:54.609 D/StatusBar.BatteryController( 484): now old status is 5
