07-14 14:42:53.850 D/FactoryTestApp( 1739): [Class] Support , [Method] Values.getString , [Message] id=FACTORY_TEST_PROTOCOL, value=NEW_DM
07-14 14:42:53.850 D/FactoryTestApp( 1739): [Class] Support , [Method] Values.getString , [Message] id=CHIPSET_NAME, value=7x27
07-14 14:42:53.850 D/FactoryTestApp( 1739): [Class] Support , [Method] Values.getString , [Message] id=CHIPSET_NAME, value=7x27
07-14 14:42:53.860 D/FactoryTestApp( 1739): [Class] Support , [Method] Values.getString , [Message] id=CHIPSET_NAME, value=7x27
07-14 14:42:53.860 D/FactoryTestApp( 1739): [Class] Support , [Method] Values.getString , [Message] id=CHIPSET_NAME, value=7x27
07-14 14:42:53.860 D/PopupuiReceiver( 1764): NETWORK_SET_TIME prevMCCvalue : -111
07-14 14:42:53.860 D/PopupuiReceiver( 1764): gsm.operator.numeric : 311
07-14 14:42:53.860 D/PopupuiReceiver( 1764): MCC init : mccstrcmp
07-14 14:42:53.880 D/FactoryTestApp( 1739): [Class] Support , [Method] Values.getString , [Message] id=CHIPSET_NAME_CP, value=#DEFAULT
07-14 14:42:53.880 D/FactoryTestApp( 1739): [Class] Support , [Method] Values.getString , [Message] id=EFS_HW_PATH, value=/efs/FactoryApp/hw_ver
07-14 14:42:53.880 D/FactoryTestApp( 1739): [Class] AtVersname , [Method] AtVersname , [Message] EFS_HW_PATHis already existed...
07-14 14:42:53.880 D/FactoryTestApp( 1739): [Class] Support , [Method] Values.getString , [Message] id=CHIPSET_NAME, value=7x27
07-14 14:42:53.880 D/FactoryTestApp( 1739): [Class] Support , [Method] Values.getString , [Message] id=CHIPSET_NAME, value=7x27
07-14 14:42:53.900 D/FactoryTestApp( 1739): [Class] Support , [Method] Values.getString , [Message] id=SERIAL_NO, value=/efs/FactoryApp/serial_no
07-14 14:42:53.900 I/ActivityManager( 275): Start proc app.processName for broadcast hostingNameStr: pid=1780 uid=10008 gids={3003}
07-14 14:42:53.900 I/ActivityManager( 275): No longer want app.processName (pid 1304): hidden #16
07-14 14:42:53.910 D/FactoryTestApp( 1739): [Class] Support , [Method] Values.getString , [Message] id=BATTERY_VOLT_ADC_CAL, value=/sys/class/power_supply/battery/batt_vol_adc_cal
07-14 14:42:53.920 D/SensorManager( 1739): ====>>>>>Num Sensor: 1
07-14 14:42:53.920 D/SensorManager( 1739): ====>>>>>Num Sensor: 0
07-14 14:42:53.930 D/FactoryTestApp( 1739): [Class] Support , [Method] Values.getString , [Message] id=FACTORY_MODE, value=/efs/FactoryApp/factorymode
07-14 14:42:53.940 D/Tethering( 275): interfaceLinkStateChanged wlan0, true
07-14 14:42:53.940 D/Tethering( 275): interfaceStatusChanged wlan0, true
07-14 14:42:53.950 D/FactoryTestApp( 1739): [Class] AtKstringb , [Method] AtKstringb , [Message] FACTORY_MODEis already existed...
07-14 14:42:53.950 D/FactoryTestApp( 1739): [Class] Support , [Method] Values.getString , [Message] id=KEYSTRING_BLOCK, value=/efs/FactoryApp/keystr
07-14 14:42:53.950 D/FactoryTestApp( 1739): [Class] AtKstringb , [Method] AtKstringb , [Message] KEYSTRING_BLOCKis already existed...
07-14 14:42:53.970 D/FactoryTestApp( 1739): [Class] Support , [Method] Values.getBoolean , [Message] id=IS_TSP_STANDARD, value=true
07-14 14:42:53.970 D/FactoryTestApp( 1739): [Class] Support , [Method] Values.getString , [Message] id=BAROMETE_DELTA, value=/efs/FactoryApp/baro_delta
07-14 14:42:53.970 D/FactoryTestApp( 1739): [Class] AtBaromete , [Method] AtBaromete , [Message] BAROMETE_DELTAis already existed...
07-14 14:42:54.060 D/Volley ( 1601): [124] DiskBasedCache.clear: Cache cleared.
07-14 14:42:54.150 W/SignalStrength( 275): getCdmaLevel=2
07-14 14:42:54.150 W/SignalStrength( 275): getEvdoLevel=0
07-14 14:42:54.150 W/SignalStrength( 275): getCdmaLevel=2
07-14 14:42:54.150 W/SignalStrength( 275): getLevel=2
07-14 14:42:54.150 W/SignalStrength( 482): getCdmaLevel=2
07-14 14:42:54.150 W/SignalStrength( 482): getEvdoLevel=0
07-14 14:42:54.150 W/SignalStrength( 482): getCdmaLevel=2
07-14 14:42:54.150 W/SignalStrength( 482): getLevel=2
07-14 14:42:54.170 I/ActivityThread( 1780): Pub com.android.calendar.CalendarRecentSuggestionsProvider: com.android.calendar.CalendarRecentSuggestionsProvider
07-14 14:42:54.310 I/ActivityManager( 275): Start proc app.processName for broadcast hostingNameStr: pid=1799 uid=10015 gids={}
07-14 14:42:54.310 I/ActivityManager( 275): No longer want app.processName (pid 1289): hidden #16
07-14 14:42:54.450 I/GAV2 ( 1560): Thread[GAThread,5,main]: No campaign data found.
07-14 14:42:54.460 D/Volley ( 1601): [124] Request.finish: 3340 ms: [ ] null 0x0 IMMEDIATE 1
07-14 14:42:54.460 I/Gmail ( 1560): calculateUnknownSyncRationalesAndPurgeInBackground: queueing
07-14 14:42:54.520 I/ActivityManager( 275): No longer want app.processName (pid 1333): hidden #16
07-14 14:42:54.560 I/ActivityManager( 275): Start proc app.processName for content provider hostingNameStr: pid=1814 uid=10009 gids={3003, 1015, 1023}
07-14 14:42:54.590 I/ActivityThread( 1799): Pub com.android.deskclock: com.android.deskclock.AlarmProvider
07-14 14:42:54.590 I/ActivityManager( 275): No longer want app.processName (pid 1373): hidden #16
07-14 14:42:54.640 I/ActivityThread( 1814): Pub com.android.calendar: com.android.providers.calendar.CalendarProvider2
07-14 14:42:54.710 V/AlarmClock( 1799): AlarmInitReceiver finished
07-14 14:42:54.740 I/ActivityManager( 275): No longer want app.processName (pid 1414): hidden #16
07-14 14:42:54.870 D/ClockSync( 1725): Time changed
07-14 14:42:54.900 I/ActivityManager( 275): Start proc app.processName for broadcast hostingNameStr: pid=1838 uid=1000 gids={3001, 3002, 1023, 1006, 1007, 3003, 1015, 1001, 3007}
07-14 14:42:55.000 E/LocalBluetoothAdapter( 1838): LocalBluetoothAdapterandroid.bluetooth.BluetoothAdapter@4112f810
07-14 14:42:55.010 D/LocalBluetoothProfileManager( 1838): LocalBluetoothProfileManager construction complete
07-14 14:42:55.010 E/LocalBluetoothAdapter( 1838): syncBluetoothState start
07-14 14:42:55.010 E/LocalBluetoothAdapter( 1838): currentState10
07-14 14:42:55.010 E/LocalBluetoothAdapter( 1838): setBluetoothStateInt: 10
07-14 14:42:55.020 I/ActivityManager( 275): No longer want app.processName (pid 1435): hidden #16
07-14 14:42:55.090 D/MediaScannerReceiver( 500): action: android.intent.action.MEDIA_MOUNTED path: /mnt/sdcard
07-14 14:42:55.110 I/ActivityManager( 275): Start proc app.processName for broadcast hostingNameStr: pid=1851 uid=10031 gids={3003}
07-14 14:42:55.190 I/Gmail ( 1560): calculateUnknownSyncRationalesAndPurgeInBackground: queueing
07-14 14:42:55.240 I/ActivityThread( 1851): Pub com.google.android.apps.uploader: com.google.android.apps.uploader.UploadsContentProvider
07-14 14:42:55.240 I/ActivityThread( 1851): Pub com.google.photos.provider.Album: com.google.android.apps.uploader.clients.picasa.AlbumProvider
07-14 14:42:55.240 D/MediaUploader( 1851): UploaderApplication.onCreate
07-14 14:42:55.330 D/MediaUploader( 1851): nonWifiLimit=20971520, default=20971520
07-14 14:42:55.350 I/MediaUploader( 1851): No need to wake up
07-14 14:42:55.460 E/LocalBluetoothAdapter( 1838): syncBluetoothState start
07-14 14:42:55.460 E/LocalBluetoothAdapter( 1838): currentState10
07-14 14:42:55.510 I/ActivityManager( 275): Start proc app.processName for broadcast hostingNameStr: pid=1872 uid=10033 gids={3003, 1015, 1023}
07-14 14:42:55.900 I/ActivityThread( 1872): Pub com.google.android.music.ConfigContent: com.google.android.music.store.ConfigContentProvider
07-14 14:42:55.900 E/SMD ( 104): DCD OFF
07-14 14:42:56.060 I/GCoreUlr( 768): GMS FLP location and AR updates requested: {"timestampMs":1405363365711,"description":"default","samplePeriodMs":60000,"sampleSource":"internal","sampleReason":"default"}
07-14 14:42:56.160 I/ActivityThread( 1872): Pub com.google.android.music.MusicContent: com.google.android.music.store.MusicContentProvider
07-14 14:42:56.310 I/CalendarProvider2( 1814): Sending notification intent: Intent { act=android.intent.action.PROVIDER_CHANGED dat=content://com.android.calendar }
07-14 14:42:56.320 I/MusicStore( 1872): Database version: 91
07-14 14:42:56.510 D/YouTube ( 1478): apps.youtube.common.e.j.e:170 Scheduling task com.google.android.apps.youtube.datalib.offline.q with ScheduledExecutorService for repeating execution.
07-14 14:42:56.590 D/YouTube ( 1478): apps.youtube.common.e.j.e:170 Scheduling task com.google.android.apps.youtube.datalib.offline.o with ScheduledExecutorService for repeating execution.
07-14 14:42:56.700 I/ConfigStore( 1872): Config Database version: 1
07-14 14:42:56.730 W/dalvikvm( 1872): VFY: unable to find class referenced in signature (Landroid/os/CancellationSignal;)
07-14 14:42:56.730 W/dalvikvm( 1872): VFY: unable to resolve virtual method 864: Landroid/database/sqlite/SQLiteQueryBuilder;.query (Landroid/database/sqlite/SQLiteDatabase;[Ljava/lang/String;Ljava/lang/String;[Ljava/lang/String;Ljava/lang/String;Ljava/lang/String;Ljava/lang/String;Ljava/lang/String;Landroid/os/CancellationSignal;)Landroid/database/Cursor;
07-14 14:42:56.740 W/dalvikvm( 1872): VFY: unable to find class referenced in signature (Landroid/os/CancellationSignal;)
07-14 14:42:56.740 W/dalvikvm( 1872): VFY: unable to resolve virtual method 847: Landroid/database/sqlite/SQLiteDatabase;.rawQuery (Ljava/lang/String;[Ljava/lang/String;Landroid/os/CancellationSignal;)Landroid/database/Cursor;
07-14 14:42:57.200 I/Gmail ( 1560): calculateUnknownSyncRationalesAndPurgeInBackground: running
07-14 14:42:57.220 I/GCoreUlr( 768): WorldUpdater received intent Intent { act=com.google.android.location.reporting.ACTION_UPDATE_WORLD cmp=xxxx (has extras) } with receiverAction android.intent.action.BOOT_COMPLETED
07-14 14:42:57.350 I/ActivityThread( 1872): Pub com.google.android.music.icing: com.google.android.music.icing.IcingContentProvider
07-14 14:42:57.350 I/ActivityThread( 1872): Pub com.google.android.music.xdi: com.google.android.music.xdi.XdiContentProvider
07-14 14:42:57.370 W/dalvikvm( 1872): VFY: unable to resolve virtual method 275: Landroid/app/ActivityManager;.isLowRamDevice ()Z
07-14 14:42:57.420 W/dalvikvm( 1872): VFY: unable to resolve virtual method 518: Landroid/content/Context;.getExternalFilesDirs (Ljava/lang/String;)[Ljava/io/File;
07-14 14:42:57.440 W/dalvikvm( 1872): VFY: unable to resolve virtual method 518: Landroid/content/Context;.getExternalFilesDirs (Ljava/lang/String;)[Ljava/io/File;
07-14 14:42:57.530 V/AudioPolicyManagerBase( 112): getNewDevice() selected device 0
07-14 14:42:57.530 V/AudioPolicyManagerBase( 112): getDeviceForStrategy() from cache strategy 0, device 2
07-14 14:42:57.530 D/AudioService( 275): getStreamVolume(3)
07-14 14:42:57.530 I/MediaRouter( 1872): Found default route: MediaRouter.RouteInfo{ uniqueId=android/.support.v7.media.SystemMediaRouteProvider:DEFAULT_ROUTE, name=System, description=null, enabled=true, connecting=false, playbackType=0, playbackStream=3, volumeHandling=1, volume=15, volumeMax=15, presentationDisplayId=-1, extras=null, providerPackageName=android }
07-14 14:42:57.620 I/ActivityManager( 275): No longer want app.processName (pid 1452): hidden #16
07-14 14:42:57.630 D/GCM ( 592): GcmService start Intent { act=com.google.android.gms.INITIALIZE flg=0x10 pkg=com.google.android.gms cmp=xxxx } com.google.android.gms.INITIALIZE
07-14 14:42:57.690 V/SipBroadcastReceiver( 546): start auto registration
07-14 14:42:57.710 E/LocalBluetoothAdapter( 1838): syncBluetoothState start
07-14 14:42:57.710 E/LocalBluetoothAdapter( 1838): currentState10
07-14 14:42:57.750 I/GCoreUlr( 768): Starting service, intent=Intent { act=com.google.android.location.reporting.ACTION_UPDATE_WORLD cmp=xxxx (has extras) }, extras=Bundle[{receiverAction=com.google.android.location.internal.server.ACTION_RESTARTED}]
07-14 14:42:58.020 W/SignalStrength( 275): getCdmaLevel=2
07-14 14:42:58.020 W/SignalStrength( 275): getEvdoLevel=0
07-14 14:42:58.020 W/SignalStrength( 275): getCdmaLevel=2
07-14 14:42:58.020 W/SignalStrength( 275): getLevel=2
07-14 14:42:58.020 W/SignalStrength( 482): getCdmaLevel=2
07-14 14:42:58.020 W/SignalStrength( 482): getEvdoLevel=0
07-14 14:42:58.020 W/SignalStrength( 482): getCdmaLevel=2
07-14 14:42:58.020 W/SignalStrength( 482): getLevel=2
07-14 14:42:58.250 I/GAV2 ( 1692): Thread[GAThread,5,main]: No campaign data found.
07-14 14:42:58.380 I/ActivityManager( 275): No longer want app.processName (pid 1478): hidden #16
07-14 14:42:58.900 E/SMD ( 104): DCD OFF
07-14 14:42:59.760 I/Gmail ( 1560): calculateUnknownSyncRationalesAndPurgeInBackground: running
07-14 14:43:00.780 I/MediaUploader( 1851): No need to wake up
07-14 14:43:00.850 I/SystemUpdateService( 736): receiver: Intent { act=android.net.conn.CONNECTIVITY_CHANGE flg=0x10000010 cmp=xxxx (has extras) }
07-14 14:43:00.990 I/GTalkService/c( 592): [AndroidEndpoint@1092387576] connect: acct=1000000, state=CONNECTING
07-14 14:43:01.040 D/GCM ( 592): GcmService start Intent { act=android.net.conn.CONNECTIVITY_CHANGE flg=0x10000010 cmp=xxxx (has extras) } android.net.conn.CONNECTIVITY_CHANGE
07-14 14:43:01.110 D/MediaInserter( 500): flushAll
07-14 14:43:01.110 D/MediaInserter( 500): flushAllPriority
07-14 14:43:01.160 W/dalvikvm( 736): VFY: unable to resolve virtual method 2141: Landroid/net/ConnectivityManager;.isActiveNetworkMetered ()Z
07-14 14:43:01.230 I/ActivityManager( 275): Start proc app.processName for broadcast hostingNameStr: pid=1968 uid=10030 gids={3003, 1015, 1023}
07-14 14:43:01.380 D/MediaScanner( 500): prescan time: 8183ms
07-14 14:43:01.380 D/MediaScanner( 500): scan time: 8336ms
07-14 14:43:01.380 D/MediaScanner( 500): postscan time: 273ms
07-14 14:43:01.380 D/MediaScanner( 500): total time: 16792ms
07-14 14:43:01.380 D/MediaScanner( 500): checkDefaultSounds
07-14 14:43:01.430 D/MediaScanner( 500): OK. alarm_alert is already exist in setting DB.
07-14 14:43:01.470 D/MediaScanner( 500): OK. notification_sound is already exist in setting DB.
07-14 14:43:01.480 D/MediaScanner( 500): OK. ringtone is already exist in setting DB.
07-14 14:43:01.500 I/ActivityThread( 1968): Pub com.google.android.apps.magazines.webdata: com.google.apps.dots.android.newsstand.provider.WebDataContentProvider
07-14 14:43:01.530 I/ActivityThread( 1968): Pub com.google.android.apps.magazines: com.google.apps.dots.android.newsstand.provider.NSContentProvider
07-14 14:43:01.560 D/SyncManager( 275): setSyncAutomatically: , provider com.google.android.location.reporting -> true
07-14 14:43:01.560 D/SyncManager( 275): setSyncAutomatically: already set to true, doing nothing
07-14 14:43:01.630 W/dalvikvm( 1968): VFY: unable to resolve static method 6692: Landroid/webkit/WebView;.setWebContentsDebuggingEnabled (Z)V
07-14 14:43:01.680 W/dalvikvm( 1968): VFY: unable to resolve virtual method 735: Landroid/content/res/Configuration;.getLayoutDirection ()I
07-14 14:43:01.720 W/dalvikvm( 1968): VFY: unable to resolve static method 1346: Landroid/os/Trace;.beginSection (Ljava/lang/String;)V
07-14 14:43:01.720 W/dalvikvm( 1968): VFY: unable to resolve static method 1347: Landroid/os/Trace;.endSection ()V
07-14 14:43:01.720 W/dalvikvm( 1968): VFY: unable to resolve static method 1347: Landroid/os/Trace;.endSection ()V
07-14 14:43:01.820 I/GCoreUlr( 768): Ensuring that reporting is active for [account#15#]
07-14 14:43:01.850 I/GCoreUlr( 768): Starting service, intent=Intent { act=com.google.android.location.reporting.ACTION_LOCATION_STATUS cmp=xxxx (has extras) }, extras=Bundle[{status=LocationStatus[cell status: STATUS_UNKNOWN, wifi status: STATUS_UNKNOWN, elapsed realtime ns: 0]}]
07-14 14:43:01.910 E/SMD ( 104): DCD OFF
07-14 14:43:02.280 W/GAV2 ( 1968): Thread[main,5,main]: Need to call initialize() and be in fallback mode to start dispatch.
07-14 14:43:02.350 I/GCoreUlr( 768): WorldUpdater received intent Intent { act=com.google.android.location.reporting.ACTION_UPDATE_WORLD cmp=xxxx (has extras) } with receiverAction com.google.android.location.internal.server.ACTION_RESTARTED
07-14 14:43:02.380 W/dalvikvm( 1968): VFY: unable to resolve virtual method 848: Landroid/graphics/Bitmap;.getAllocationByteCount ()I
07-14 14:43:02.380 W/dalvikvm( 1968): VFY: unable to resolve virtual method 858: Landroid/graphics/Bitmap;.reconfigure (IILandroid/graphics/Bitmap$Config;)V
07-14 14:43:02.400 I/ActivityThread( 1968): Pub com.google.android.apps.magazines.exported: com.google.apps.dots.android.newsstand.provider.ExportedContentProvider
07-14 14:43:02.410 I/NSApplication( 1968): Starting up...
07-14 14:43:02.440 W/dalvikvm( 1968): VFY: unable to resolve virtual method 515: Landroid/appwidget/AppWidgetManager;.updateAppWidgetOptions (ILandroid/os/Bundle;)V
07-14 14:43:02.450 W/dalvikvm( 1968): VFY: unable to resolve virtual method 511: Landroid/appwidget/AppWidgetManager;.getAppWidgetOptions (I)Landroid/os/Bundle;
07-14 14:43:02.450 W/dalvikvm( 1968): VFY: unable to resolve virtual method 517: Landroid/appwidget/AppWidgetProvider;.onAppWidgetOptionsChanged (Landroid/content/Context;Landroid/appwidget/AppWidgetManager;ILandroid/os/Bundle;)V
07-14 14:43:02.470 I/ActivityManager( 275): Start proc app.processName for broadcast hostingNameStr: pid=2004 uid=10040 gids={3003, 3002, 1015, 1023, 1006}
07-14 14:43:02.470 I/ActivityManager( 275): No longer want app.processName (pid 1387): hidden #16
07-14 14:43:02.700 D/CountryDetector( 275): No listener is left
07-14 14:43:03.100 D/Volley ( 1601): [128] DiskBasedCache.clear: Cache cleared.
07-14 14:43:03.130 D/Volley ( 1601): [128] Request.finish: 8894 ms: [ ] null 0x0 IMMEDIATE 1
07-14 14:43:03.200 I/ActivityThread( 2004): Pub com.google.android.apps.plus.content.EsProvider: com.google.android.apps.plus.content.EsProvider
07-14 14:43:03.210 D/SyncManager( 275): setSyncAutomatically: , provider com.google.android.location.reporting -> true
07-14 14:43:03.210 D/SyncManager( 275): setSyncAutomatically: already set to true, doing nothing
07-14 14:43:03.230 I/ActivityThread( 2004): Pub com.google.android.apps.plus.content.ApiProvider: com.google.android.apps.plus.content.EsApiProvider
07-14 14:43:03.240 I/ActivityThread( 2004): Pub com.google.android.apps.photos.content: com.google.android.apps.photos.content.GooglePhotosImageProvider
07-14 14:43:03.240 I/ActivityThread( 2004): Pub com.google.android.apps.plus.iu.EsGoogleIuProvider: com.google.android.apps.photos.autobackup.AutoBackupProvider
07-14 14:43:03.320 I/ActivityThread( 2004): Pub com.google.plus.platform: com.google.android.apps.plus.content.AdsProvider
07-14 14:43:03.320 I/ActivityThread( 2004): Pub com.google.android.apps.plus.content.EsPicasaStoreProvider: com.google.android.libraries.social.picasalegacy.PicasaPhotoContentProvider
07-14 14:43:03.330 D/ConnectivityService( 275): handleInetConditionHoldEnd: net=1, condition=0, published condition=0
07-14 14:43:03.340 W/SignalStrength( 482): getCdmaLevel=2
07-14 14:43:03.340 W/SignalStrength( 482): getEvdoLevel=0
07-14 14:43:03.340 W/SignalStrength( 482): getCdmaLevel=2
07-14 14:43:03.340 W/SignalStrength( 482): getLevel=2
07-14 14:43:03.340 I/ActivityThread( 2004): Pub com.google.android.apps.photos.GooglePhotoDownsyncProvider: com.google.android.apps.photos.content.GooglePhotoDownsyncProvider
07-14 14:43:03.690 E/dalvikvm( 2004): Could not find class 'android.media.MediaRouter', referenced from method b.a
07-14 14:43:03.690 W/dalvikvm( 2004): VFY: unable to resolve check-cast 619 (Landroid/media/MediaRouter;) in Lb;
07-14 14:43:03.760 E/dalvikvm( 2004): Could not find class 'android.media.MediaRouter', referenced from method b.a
07-14 14:43:03.760 W/dalvikvm( 2004): VFY: unable to resolve check-cast 619 (Landroid/media/MediaRouter;) in Lb;
07-14 14:43:03.780 W/dalvikvm( 2004): VFY: unable to find class referenced in signature (Landroid/media/MediaFormat;)
07-14 14:43:03.780 W/dalvikvm( 2004): VFY: unable to resolve virtual method 4039: Landroid/media/MediaFormat;.getString (Ljava/lang/String;)Ljava/lang/String;
07-14 14:43:03.800 E/dalvikvm( 2004): Could not find class 'android.media.MediaRouter$RouteInfo', referenced from method b.b
07-14 14:43:03.800 W/dalvikvm( 2004): VFY: unable to resolve check-cast 616 (Landroid/media/MediaRouter$RouteInfo;) in Lb;
07-14 14:43:03.810 W/dalvikvm( 2004): VFY: unable to find class referenced in signature (Landroid/media/MediaFormat;)
07-14 14:43:03.810 W/dalvikvm( 2004): VFY: unable to resolve virtual method 4039: Landroid/media/MediaFormat;.getString (Ljava/lang/String;)Ljava/lang/String;
07-14 14:43:03.810 E/dalvikvm( 2004): Could not find class 'android.media.MediaRouter$UserRouteInfo', referenced from method b.c
07-14 14:43:03.810 W/dalvikvm( 2004): VFY: unable to resolve check-cast 617 (Landroid/media/MediaRouter$UserRouteInfo;) in Lb;
07-14 14:43:03.860 E/ActivityThread( 2004): Failed to find provider info for com.google.android.gallery3d.GooglePhotoProvider
07-14 14:43:03.870 W/dalvikvm( 2004): VFY: unable to resolve virtual method 3288: Landroid/content/Intent;.getClipData ()Landroid/content/ClipData;
07-14 14:43:03.870 W/dalvikvm( 2004): VFY: unable to resolve virtual method 3288: Landroid/content/Intent;.getClipData ()Landroid/content/ClipData;
07-14 14:43:03.920 W/dalvikvm( 2004): VFY: unable to find class referenced in signature (Landroid/media/MediaFormat;)
07-14 14:43:03.920 W/dalvikvm( 2004): VFY: unable to resolve virtual method 4039: Landroid/media/MediaFormat;.getString (Ljava/lang/String;)Ljava/lang/String;
07-14 14:43:03.920 W/dalvikvm( 2004): VFY: unable to find class referenced in signature (Landroid/media/MediaFormat;)
07-14 14:43:03.920 W/dalvikvm( 2004): VFY: unable to find class referenced in signature (Landroid/media/MediaFormat;)
07-14 14:43:03.920 W/dalvikvm( 2004): VFY: unable to find class referenced in signature (Landroid/media/MediaFormat;)
07-14 14:43:03.920 W/dalvikvm( 2004): VFY: unable to find class referenced in signature (Landroid/media/MediaFormat;)
07-14 14:43:03.920 W/dalvikvm( 2004): VFY: unable to find class referenced in signature (Landroid/media/MediaFormat;)
07-14 14:43:03.920 W/dalvikvm( 2004): VFY: unable to resolve virtual method 4039: Landroid/media/MediaFormat;.getString (Ljava/lang/String;)Ljava/lang/String;
07-14 14:43:03.920 W/dalvikvm( 2004): VFY: unable to find class referenced in signature (Landroid/media/MediaFormat;)
07-14 14:43:03.920 W/dalvikvm( 2004): VFY: unable to resolve virtual method 4039: Landroid/media/MediaFormat;.getString (Ljava/lang/String;)Ljava/lang/String;
07-14 14:43:03.990 I/ActivityManager( 275): Start proc app.processName for broadcast hostingNameStr: pid=2039 uid=10012 gids={1006, 3003, 1015, 1023}
07-14 14:43:04.000 I/ActivityManager( 275): No longer want app.processName (pid 1560): hidden #16
07-14 14:43:04.190 I/GCoreUlr( 768): Ensuring that reporting is active for [account#15#]
07-14 14:43:04.220 W/Icing ( 736): Error while loading LangUtil; unable to load Cld2DetectLanguage: Symbol not found:
07-14 14:43:04.260 I/GCoreUlr( 768): Starting service, intent=Intent { act=com.google.android.location.reporting.ACTION_LOCATION_STATUS cmp=xxxx (has extras) }, extras=Bundle[{status=LocationStatus[cell status: STATUS_UNKNOWN, wifi status: STATUS_UNKNOWN, elapsed realtime ns: 0]}]
07-14 14:43:04.270 W/dalvikvm( 2039): VFY: unable to resolve static method 1547: Landroid/provider/Settings$Global;.getInt (Landroid/content/ContentResolver;Ljava/lang/String;I)I
07-14 14:43:04.340 I/ActivityThread( 2039): Pub com.android.chrome.AutofillDataProvider: com.google.android.apps.chrome.autofill.AutofillDataProvider
07-14 14:43:04.340 I/ActivityThread( 2039): Pub com.android.chrome.icing: com.google.android.apps.chrome.icing.IcingProvider
07-14 14:43:04.360 I/ActivityThread( 2039): Pub com.android.chrome.snapshot: com.google.android.apps.chrome.snapshot.SnapshotProvider
07-14 14:43:04.360 I/ActivityThread( 2039): Pub com.android.chrome.ChromeBrowserProvider;com.android.chrome.browser;com.android.chrome: com.google.android.apps.chrome.ChromeBrowserProvider
07-14 14:43:04.370 W/dalvikvm( 2039): VFY: unable to resolve static method 1210: Landroid/os/Binder;.getCallingUserHandle ()Landroid/os/UserHandle;
07-14 14:43:04.430 D/ClockSync( 1725): Network enabled, timer will fire in: 68916
07-14 14:43:04.430 D/ClockSync( 1725): Timer set, interval: 86400
07-14 14:43:04.430 I/ActivityManager( 275): No longer want app.processName (pid 1588): hidden #16
07-14 14:43:04.480 I/MediaUploader( 1851): No need to wake up
07-14 14:43:04.510 I/SystemUpdateService( 736): receiver: Intent { act=android.net.conn.CONNECTIVITY_CHANGE flg=0x10000010 cmp=xxxx (has extras) }
07-14 14:43:04.540 D/GCM ( 592): GcmService start Intent { act=android.net.conn.CONNECTIVITY_CHANGE flg=0x10000010 cmp=xxxx (has extras) } android.net.conn.CONNECTIVITY_CHANGE
07-14 14:43:04.660 D/GCM ( 592): GcmService start Intent { act=com.google.android.gms.INITIALIZE flg=0x10 pkg=com.google.android.gms cmp=xxxx } com.google.android.gms.INITIALIZE
07-14 14:43:04.730 I/MediaUploader( 1851): No need to wake up
07-14 14:43:04.760 I/SystemUpdateService( 736): receiver: Intent { act=android.net.conn.CONNECTIVITY_CHANGE flg=0x10000010 cmp=xxxx (has extras) }
07-14 14:43:04.780 D/GCM ( 592): GcmService start Intent { act=android.net.conn.CONNECTIVITY_CHANGE flg=0x10000010 cmp=xxxx (has extras) } android.net.conn.CONNECTIVITY_CHANGE
07-14 14:43:04.910 E/SMD ( 104): DCD OFF
07-14 14:43:04.990 I/MediaUploader( 1851): No need to wake up
07-14 14:43:05.010 W/SignalStrength( 275): getCdmaLevel=2
07-14 14:43:05.010 W/SignalStrength( 275): getEvdoLevel=0
07-14 14:43:05.010 W/SignalStrength( 275): getCdmaLevel=2
07-14 14:43:05.010 W/SignalStrength( 275): getLevel=2
07-14 14:43:05.010 W/SignalStrength( 482): getCdmaLevel=2
07-14 14:43:05.010 W/SignalStrength( 482): getEvdoLevel=0
07-14 14:43:05.010 W/SignalStrength( 482): getCdmaLevel=2
07-14 14:43:05.010 W/SignalStrength( 482): getLevel=2
07-14 14:43:05.020 I/SystemUpdateService( 736): receiver: Intent { act=android.net.conn.CONNECTIVITY_CHANGE flg=0x10000010 cmp=xxxx (has extras) }
07-14 14:43:05.050 D/GCM ( 592): GcmService start Intent { act=android.net.conn.CONNECTIVITY_CHANGE flg=0x10000010 cmp=xxxx (has extras) } android.net.conn.CONNECTIVITY_CHANGE
07-14 14:43:05.210 I/System.out( 1139): Broadcast completed: result=0
07-14 14:43:05.210 D/GCM ( 592): GcmService start Intent { act=com.google.android.checkin.CHECKIN_COMPLETE flg=0x10 cmp=xxxx (has extras) } com.google.android.checkin.CHECKIN_COMPLETE
07-14 14:43:05.450 D/MtpService( 500): addStorageLocked 65537 /mnt/sdcard
07-14 14:43:05.460 D/MtpService( 500): starting MTP server in MTP mode
07-14 14:43:05.460 D/MtpService( 500): addStorageLocked 65537 /mnt/sdcard
07-14 14:43:05.500 D/GCM ( 592): GcmService start Intent { act=com.google.android.gms.INITIALIZE flg=0x10 pkg=com.google.android.gms cmp=xxxx } com.google.android.gms.INITIALIZE
07-14 14:43:05.590 D/CacheService( 1872): onCreate
07-14 14:43:05.610 D/CacheService( 1872): onBind
07-14 14:43:05.710 I/ActivityManager( 275): Start proc app.processName for broadcast hostingNameStr: pid=2094 uid=10021 gids={3003, 1015, 1023}
07-14 14:43:06.140 I/ActivityThread( 2094): Pub com.google.android.gm2.accountcache: com.android.mail.providers.GmailAccountCacheProvider
07-14 14:43:06.200 W/dalvikvm( 2094): VFY: unable to resolve static method 1266: Landroid/os/Trace;.endSection ()V
07-14 14:43:06.220 W/dalvikvm( 2094): VFY: unable to resolve virtual method 176: Landroid/app/ActivityManager;.isLowRamDevice ()Z
07-14 14:43:06.240 W/dalvikvm( 2094): VFY: unable to resolve static method 1265: Landroid/os/Trace;.beginSection (Ljava/lang/String;)V
07-14 14:43:06.290 D/ActivityThread( 2094): Loading provider com.android.gmail.ui: com.google.android.gm.provider.GmailProvider
07-14 14:43:06.360 I/ActivityThread( 2094): Pub com.google.android.gm.provider.eml.attachment: com.android.mail.providers.EmlAttachmentProvider
07-14 14:43:06.360 I/ActivityThread( 2094): Pub gmail-ls: com.google.android.gm.provider.MailProvider
07-14 14:43:06.520 I/ActivityThread( 2094): Pub com.google.android.gmail.SuggestionsProvider: com.google.android.gm.SuggestionsProvider
07-14 14:43:06.520 I/ActivityThread( 2094): Pub com.google.android.gm2.conversation.provider: com.android.mail.browse.GmailConversationProvider
07-14 14:43:06.530 W/dalvikvm( 2094): VFY: unable to resolve virtual method 7596: Lcom/android/mail/browse/i;.getNotificationUri ()Landroid/net/Uri;
07-14 14:43:06.540 I/ActivityThread( 2094): Pub com.android.gmail.ui: com.google.android.gm.provider.GmailProvider
07-14 14:43:06.540 I/ActivityThread( 2094): Pub gmail-appindexing: com.google.android.gm.provider.SearchQuery$Provider
07-14 14:43:06.540 I/ActivityThread( 2094): Pub com.google.android.gm: com.google.android.gm.provider.PublicContentProvider
07-14 14:43:06.570 W/GAV2 ( 2094): Thread[main,5,main]: Need to call initialize() and be in fallback mode to start dispatch.
07-14 14:43:06.880 D/GCM ( 592): GcmService start Intent { act=com.google.android.checkin.CHECKIN_COMPLETE flg=0x10 cmp=xxxx (has extras) } com.google.android.checkin.CHECKIN_COMPLETE
07-14 14:43:06.950 I/AdsMeasurementBroadcastReceiver( 736): Reporting settings might have changed, alerting AdsMeasurementService
07-14 14:43:06.950 D/AdsMeasurementBroadcastReceiver( 736): Unauthorized to start the main service
07-14 14:43:06.970 D/SnetService( 736): snet destroyed
07-14 14:43:07.000 D/GCM ( 592): GcmService start Intent { act=com.google.android.talk.MCS_CONNECTION_SERVICE_STARTED flg=0x10 cmp=xxxx } com.google.android.talk.MCS_CONNECTION_SERVICE_STARTED
07-14 14:43:07.020 D/GCM ( 592): GcmService start Intent { act=com.google.android.checkin.CHECKIN_COMPLETE flg=0x10 cmp=xxxx (has extras) } com.google.android.checkin.CHECKIN_COMPLETE
07-14 14:43:07.020 E/CscParser( 546): mps_code.dat does not exist
07-14 14:43:07.020 E/CscParser( 546): customer_path =/system/csc/customer.xml
07-14 14:43:07.020 E/CscReceiver( 546): onReceive android.intent.action.MEDIA_SCANNER_FINISHED
07-14 14:43:07.020 E/CscParser( 546): mps_code.dat does not exist
07-14 14:43:07.020 E/CscParser( 546): ID_path =/system/SW_Configuration.xml
07-14 14:43:07.020 D/CscReceiver( 546): Media DB Scanner finished.
07-14 14:43:07.030 D/CscReceiver( 546): start service to Set Ringtone
07-14 14:43:07.030 D/CscReceiver( 546): start service to Set Notification
07-14 14:43:07.030 D/CscReceiver( 546): start service to Set Alarmtone
07-14 14:43:07.030 E/CscUpdateService( 546): onStart
07-14 14:43:07.030 D/CscUpdateService( 546): only ringtone update
07-14 14:43:07.040 D/FactoryTestApp( 1739): [Class] FactoryTestBroadcastReceiver , [Method] onReceive , [Message] onReceive action=android.intent.action.MEDIA_SCANNER_FINISHED
07-14 14:43:07.040 I/FactoryTestApp( 1739): [Class] FactoryTestBroadcastReceiver , [Method] onReceive , [Message] Intent.ACTION_MEDIA_SCANNER_FINISHED
07-14 14:43:07.040 I/FactoryTestApp( 1739): [Class] XMLDataStorage , [Method] parsingXML , [Message] FtClient => XML data parsing was completed.
07-14 14:43:07.040 D/FactoryTestApp( 1739): [Class] FactoryTestBroadcastReceiver , [Method] onReceive , [Message] ACTION_MEDIA_SCANNER_FINISHED => XML data parsing was failed.
07-14 14:43:07.040 D/FactoryTestApp( 1739): [Class] FtClientCPO , [Method] mBroadcastReceiver , [Message] action= = com.sec.factory.entry.SEND_SET_FOREGROUND
07-14 14:43:07.040 E/NotificationService( 275): Ignoring notification with icon==0: Notification(contentView=null vibrate=null,sound=null,defaults=0x0,flags=0x62)
07-14 14:43:07.050 E/CscParser( 546): mps_code.dat does not exist
07-14 14:43:07.050 E/CscParser( 546): customer_path =/system/csc/customer.xml
07-14 14:43:07.050 E/CscParser( 546): fileName + /system/csc/customer.xml
07-14 14:43:07.080 E/CscUpdateService( 546): onStart
07-14 14:43:07.080 D/CscUpdateService( 546): only notification update
07-14 14:43:07.090 D/CscParser( 546): getInstance fileName =/system/csc/customer.xml
07-14 14:43:07.090 E/CscParser( 546): mps_code.dat does not exist
07-14 14:43:07.090 E/CscParser( 546): customer_path =/system/csc/customer.xml
07-14 14:43:07.090 E/CscParser( 546): mps_code.dat does not exist
07-14 14:43:07.090 E/CscParser( 546): customer_path =/system/csc/customer.xml
07-14 14:43:07.090 E/CscParser( 546): fileName + /system/csc/customer.xml
07-14 14:43:07.100 E/CscParser( 546): mps_code.dat does not exist
07-14 14:43:07.100 E/CscParser( 546): customer_path =/system/csc/customer.xml
07-14 14:43:07.100 E/CscParser( 546): fileName + /system/csc/customer.xml
07-14 14:43:07.130 E/CscUpdateService( 546): onStart
07-14 14:43:07.140 W/CSCSettings( 546): Setting Ringtones (type) : 1
07-14 14:43:07.140 D/CscParser( 546): RingTone: null
07-14 14:43:07.140 W/CSCSettings( 546): 1. Tag_Str: null
07-14 14:43:07.140 D/CscUpdateService( 546): only alarmtone update
07-14 14:43:07.150 D/CscParser( 546): getInstance fileName =/system/csc/customer.xml
07-14 14:43:07.150 E/CscParser( 546): mps_code.dat does not exist
07-14 14:43:07.150 E/CscParser( 546): customer_path =/system/csc/customer.xml
07-14 14:43:07.150 E/CscParser( 546): mps_code.dat does not exist
07-14 14:43:07.150 E/CscParser( 546): customer_path =/system/csc/customer.xml
07-14 14:43:07.150 E/CscParser( 546): fileName + /system/csc/customer.xml
07-14 14:43:07.180 I/AdsMeasurementBroadcastReceiver( 736): Reporting settings might have changed, alerting AdsMeasurementService
07-14 14:43:07.180 D/AdsMeasurementBroadcastReceiver( 736): Unauthorized to start the main service
07-14 14:43:07.220 E/CscParser( 546): mps_code.dat does not exist
07-14 14:43:07.220 E/CscParser( 546): customer_path =/system/csc/customer.xml
07-14 14:43:07.220 E/CscParser( 546): fileName + /system/csc/customer.xml
07-14 14:43:07.230 W/CSCSettings( 546): Setting Ringtones (type) : 2
07-14 14:43:07.230 D/CscParser( 546): MessageTone: null
07-14 14:43:07.230 W/CSCSettings( 546): 1. Tag_Str: null
07-14 14:43:07.240 D/CscParser( 546): getInstance fileName =/system/csc/customer.xml
07-14 14:43:07.240 E/CscParser( 546): mps_code.dat does not exist
07-14 14:43:07.240 E/CscParser( 546): customer_path =/system/csc/customer.xml
07-14 14:43:07.240 E/CscParser( 546): mps_code.dat does not exist
07-14 14:43:07.240 E/CscParser( 546): customer_path =/system/csc/customer.xml
07-14 14:43:07.240 E/CscParser( 546): fileName + /system/csc/customer.xml
07-14 14:43:07.250 W/CSCSettings( 546): Setting Ringtones (type) : 4
07-14 14:43:07.250 D/CscParser( 546): AlarmTone: null
07-14 14:43:07.250 W/CSCSettings( 546): 1. Tag_Str: null
07-14 14:43:07.320 I/GAV2 ( 1968): Thread[GAThread,5,main]: No campaign data found.
07-14 14:43:07.340 I/AdsMeasurementBroadcastReceiver( 736): Reporting settings might have changed, alerting AdsMeasurementService
07-14 14:43:07.340 D/AdsMeasurementBroadcastReceiver( 736): Unauthorized to start the main service
07-14 14:43:07.350 D/GCM ( 592): GcmService start Intent { act=com.google.android.checkin.CHECKIN_COMPLETE flg=0x10 cmp=xxxx (has extras) } com.google.android.checkin.CHECKIN_COMPLETE
07-14 14:43:07.440 I/Icing ( 736): updateResources: need to parse gfw{com.google.android.gms}
07-14 14:43:07.520 I/ActivityManager( 275): Start proc app.processName for service hostingNameStr: pid=2171 uid=10013 gids={3003, 1015, 1023, 1007, 1006, 3002, 3001, 2001, 3006}
07-14 14:43:07.910 E/SMD ( 104): DCD OFF
07-14 14:43:07.940 W/dalvikvm( 2094): VFY: unable to resolve virtual method 14618: Lcom/google/android/gm/provider/ai;.setWriteAheadLoggingEnabled (Z)V
07-14 14:43:08.150 I/ActivityManager( 275): No longer want app.processName (pid 1764): hidden #16
07-14 14:43:08.850 W/MediaScanner( 500): Error opening directory '/mnt/extSdCard/', skipping: Permission denied.
07-14 14:43:08.850 D/MediaInserter( 500): flushAll
07-14 14:43:08.850 D/MediaInserter( 500): flushAllPriority
07-14 14:43:08.900 V/MediaScanner( 500): pruneDeadThumbnailFiles... android.database.sqlite.SQLiteCursor@411d8458
07-14 14:43:08.910 V/MediaScanner( 500): /pruneDeadThumbnailFiles... android.database.sqlite.SQLiteCursor@411d8458
07-14 14:43:08.930 D/MediaScanner( 500): prescan time: 817ms
07-14 14:43:08.930 D/MediaScanner( 500): scan time: 6486ms
07-14 14:43:08.930 D/MediaScanner( 500): postscan time: 84ms
07-14 14:43:08.930 D/MediaScanner( 500): total time: 7387ms
07-14 14:43:08.960 E/CscParser( 546): mps_code.dat does not exist
07-14 14:43:08.960 E/CscParser( 546): customer_path =/system/csc/customer.xml
07-14 14:43:08.960 E/CscReceiver( 546): onReceive android.intent.action.MEDIA_SCANNER_FINISHED
07-14 14:43:08.960 E/CscParser( 546): mps_code.dat does not exist
07-14 14:43:08.960 E/CscParser( 546): ID_path =/system/SW_Configuration.xml
07-14 14:43:08.960 D/CscReceiver( 546): Media DB Scanner finished.
07-14 14:43:08.960 D/CscReceiver( 546): start service to Set Ringtone
07-14 14:43:08.960 D/CscReceiver( 546): start service to Set Notification
07-14 14:43:08.960 D/CscReceiver( 546): start service to Set Alarmtone
07-14 14:43:08.970 D/FactoryTestApp( 1739): [Class] FactoryTestBroadcastReceiver , [Method] onReceive , [Message] onReceive action=android.intent.action.MEDIA_SCANNER_FINISHED
07-14 14:43:08.970 I/FactoryTestApp( 1739): [Class] FactoryTestBroadcastReceiver , [Method] onReceive , [Message] Intent.ACTION_MEDIA_SCANNER_FINISHED
07-14 14:43:08.970 I/FactoryTestApp( 1739): [Class] XMLDataStorage , [Method] parsingXML , [Message] FtClient => XML data parsing was completed.
07-14 14:43:08.970 D/FactoryTestApp( 1739): [Class] FactoryTestBroadcastReceiver , [Method] onReceive , [Message] ACTION_MEDIA_SCANNER_FINISHED => XML data parsing was failed.
07-14 14:43:08.970 I/FactoryTestApp( 1739): [Class] FactoryTestBroadcastReceiver , [Method] ACTION_MEDIA_SCANNER_FINISHED , [Message] Not ATT MODEL
07-14 14:43:08.970 D/FactoryTestApp( 1739): [Class] Support , [Method] Values.getBoolean , [Message] id=FACTORY_TEST_APO, value=false
07-14 14:43:08.980 E/CscUpdateService( 546): onStart
07-14 14:43:08.980 D/CscUpdateService( 546): only ringtone update
07-14 14:43:08.990 E/CscParser( 546): mps_code.dat does not exist
07-14 14:43:08.990 E/CscParser( 546): customer_path =/system/csc/customer.xml
07-14 14:43:08.990 E/CscParser( 546): fileName + /system/csc/customer.xml
07-14 14:43:09.010 D/CscParser( 546): getInstance fileName =/system/csc/customer.xml
07-14 14:43:09.010 E/CscParser( 546): mps_code.dat does not exist
07-14 14:43:09.010 E/CscParser( 546): customer_path =/system/csc/customer.xml
07-14 14:43:09.010 E/CscParser( 546): mps_code.dat does not exist
07-14 14:43:09.010 E/CscParser( 546): customer_path =/system/csc/customer.xml
07-14 14:43:09.010 E/CscParser( 546): fileName + /system/csc/customer.xml
07-14 14:43:09.010 E/CscUpdateService( 546): onStart
07-14 14:43:09.010 D/CscUpdateService( 546): only notification update
07-14 14:43:09.030 E/CscUpdateService( 546): onStart
07-14 14:43:09.030 D/CscUpdateService( 546): only alarmtone update
07-14 14:43:09.030 E/CscParser( 546): mps_code.dat does not exist
07-14 14:43:09.030 E/CscParser( 546): customer_path =/system/csc/customer.xml
07-14 14:43:09.030 E/CscParser( 546): fileName + /system/csc/customer.xml
07-14 14:43:09.030 I/FactoryTestApp( 1739): [Class] ModuleCommon , [Method] isFactoryModeCheck , [Message] result : false
07-14 14:43:09.030 I/FactoryTestApp( 1739): [Class] FactoryTestBroadcastReceiver , [Method] USER MODE , [Message] BOOT_COMPLETE
07-14 14:43:09.030 D/FactoryTestApp( 1739): [Class] Support , [Method] Values.getString , [Message] id=MODEL_COMMUNICATION_MODE, value=cdma
07-14 14:43:09.030 I/FactoryTestApp( 1739): [Class] ModuleCommon , [Method] isConnectionModeNone , [Message] mConnectionMode = cdma
07-14 14:43:09.030 I/FactoryTestApp( 1739): [Class] FactoryTestBroadcastReceiver , [Method] startDummyFtClientForBootCompleted , [Message] start DummyFtClient service for APO
07-14 14:43:09.040 I/FactoryTestApp( 1739): [Class] FactoryTestBroadcastReceiver , [Method] send , [Message] ACTION_SEND_BOOT_COMPLETED
07-14 14:43:09.040 D/FactoryTestApp( 1739): [Class] Support , [Method] Values.getBoolean , [Message] id=SUPPORT_BOOST_MEDIASCAN, value=false
07-14 14:43:09.040 I/FactoryTestApp( 1739): [Class] ModuleCommon , [Method] isFactorySim , [Message] isFactorySim == false
07-14 14:43:09.040 I/FactoryTestApp( 1739): [Class] ModuleCommon , [Method] isFactorySim , [Message] isFactorySim=falseby Keystring
07-14 14:43:09.050 W/CSCSettings( 546): Setting Ringtones (type) : 1
07-14 14:43:09.050 D/CscParser( 546): RingTone: null
07-14 14:43:09.050 W/CSCSettings( 546): 1. Tag_Str: null
07-14 14:43:09.050 E/CscParser( 546): mps_code.dat does not exist
07-14 14:43:09.050 E/CscParser( 546): customer_path =/system/csc/customer.xml
07-14 14:43:09.050 E/CscParser( 546): fileName + /system/csc/customer.xml
07-14 14:43:09.070 D/CscParser( 546): getInstance fileName =/system/csc/customer.xml
07-14 14:43:09.070 E/CscParser( 546): mps_code.dat does not exist
07-14 14:43:09.070 E/CscParser( 546): customer_path =/system/csc/customer.xml
07-14 14:43:09.070 E/CscParser( 546): mps_code.dat does not exist
07-14 14:43:09.070 E/CscParser( 546): customer_path =/system/csc/customer.xml
07-14 14:43:09.070 E/CscParser( 546): fileName + /system/csc/customer.xml
07-14 14:43:09.070 D/CscParser( 546): getInstance fileName =/system/csc/customer.xml
07-14 14:43:09.070 E/CscParser( 546): mps_code.dat does not exist
07-14 14:43:09.070 E/CscParser( 546): customer_path =/system/csc/customer.xml
07-14 14:43:09.070 E/CscParser( 546): mps_code.dat does not exist
07-14 14:43:09.070 E/CscParser( 546): customer_path =/system/csc/customer.xml
07-14 14:43:09.070 E/CscParser( 546): fileName + /system/csc/customer.xml
07-14 14:43:09.100 W/CSCSettings( 546): Setting Ringtones (type) : 2
07-14 14:43:09.100 D/CscParser( 546): MessageTone: null
07-14 14:43:09.100 W/CSCSettings( 546): 1. Tag_Str: null
07-14 14:43:09.110 D/FactoryTestApp( 1739): [Class] Support , [Method] Values.getString , [Message] id=FACTORY_MODE, value=/efs/FactoryApp/factorymode
07-14 14:43:09.110 D/FactoryTestApp( 1739): [Class] Support , [Method] Kernel.read , [Message] path=/efs/FactoryApp/factorymode, value=ON
07-14 14:43:09.110 I/FactoryTestApp( 1739): [Class] ModuleCommon , [Method] readFactoryMode , [Message] mode: ON
07-14 14:43:09.110 W/CSCSettings( 546): Setting Ringtones (type) : 4
07-14 14:43:09.110 D/CscParser( 546): AlarmTone: null
07-14 14:43:09.110 W/CSCSettings( 546): 1. Tag_Str: null
07-14 14:43:09.120 D/FactoryTestApp( 1739): [Class] Support , [Method] Values.getString , [Message] id=FACTORY_MODE, value=/efs/FactoryApp/factorymode
07-14 14:43:09.120 D/FactoryTestApp( 1739): [Class] Support , [Method] Kernel.read , [Message] path=/efs/FactoryApp/factorymode, value=ON
07-14 14:43:09.120 I/FactoryTestApp( 1739): [Class] ModuleCommon , [Method] readFactoryMode , [Message] mode: ON
07-14 14:43:09.120 I/FactoryTestApp( 1739): [Class] ModuleCommon , [Method] 15 Test Ready flag , [Message] set
07-14 14:43:09.170 I/FactoryTestApp( 1739): [Class] ModuleCommon , [Method] isFirstBoot , [Message] before : false
07-14 14:43:09.170 D/FactoryTestApp( 1739): [Class] Support , [Method] Values.getBoolean , [Message] id=NEED_PRELOAD_INSTALL, value=false
07-14 14:43:09.180 D/FactoryTestApp( 1739): [Class] Support , [Method] Values.getString , [Message] id=FACTORY_MODE, value=/efs/FactoryApp/factorymode
07-14 14:43:09.180 D/FactoryTestApp( 1739): [Class] Support , [Method] Kernel.read , [Message] path=/efs/FactoryApp/factorymode, value=ON
07-14 14:43:09.180 I/FactoryTestApp( 1739): [Class] ModuleCommon , [Method] readFactoryMode , [Message] mode: ON
07-14 14:43:09.190 D/FactoryTestApp( 1739): [Class] Support , [Method] Values.getString , [Message] id=FACTORY_MODE, value=/efs/FactoryApp/factorymode
07-14 14:43:09.190 D/FactoryTestApp( 1739): [Class] Support , [Method] Kernel.read , [Message] path=/efs/FactoryApp/factorymode, value=ON
07-14 14:43:09.190 I/FactoryTestApp( 1739): [Class] ModuleCommon , [Method] readFactoryMode , [Message] mode: ON
07-14 14:43:09.190 I/FactoryTestApp( 1739): [Class] ModuleCommon , [Method] getBinaryType , [Message] type=user
07-14 14:43:09.200 D/FactoryTestApp( 1739): [Class] DummyFtClient , [Method] onCreate , [Message] Create DummyFtClient service
07-14 14:43:09.200 D/FactoryTestApp( 1739): [Class] Support , [Method] Values.getString , [Message] id=MODEL_COMMUNICATION_MODE, value=cdma
07-14 14:43:09.200 I/FactoryTestApp( 1739): [Class] ModuleCommon , [Method] isConnectionModeNone , [Message] mConnectionMode = cdma
07-14 14:43:09.200 D/FactoryTestApp( 1739): [Class] DummyFtClient , [Method] onStartCommand , [Message] ...
07-14 14:43:09.200 D/FactoryTestApp( 1739): [Class] DummyFtClient , [Method] sendBootCompletedAndFinish , [Message] ...
07-14 14:43:09.200 D/FactoryTestApp( 1739): [Class] Support , [Method] Values.getString , [Message] id=MODEL_COMMUNICATION_MODE, value=cdma
07-14 14:43:09.200 I/FactoryTestApp( 1739): [Class] ModuleCommon , [Method] isConnectionModeNone , [Message] mConnectionMode = cdma
07-14 14:43:09.200 D/FactoryTestApp( 1739): [Class] IPCWriterToSecPhoneService , [Method] ResponseWriter , [Message] Create IPCWriterToSecPhoneService
07-14 14:43:09.200 I/FactoryTestApp( 1739): [Class] IPCWriterToSecPhoneService , [Method] connectToSecPhoneService , [Message]
07-14 14:43:09.240 D/FactoryTestApp( 1739): [Class] FtClientCPO , [Method] mBroadcastReceiver , [Message] action= = com.sec.factory.entry.SEND_BOOT_COMPLETED
07-14 14:43:09.240 I/FactoryTestApp( 1739): [Class] IPCWriterToSecPhoneService , [Method] onServiceConnected , [Message] connected done
07-14 14:43:09.240 D/FactoryTestApp( 1739): [Class] IPCWriterToSecPhoneService , [Method] write , [Message] Send Response Message to SecPhone
07-14 14:43:09.240 D/FactoryTestApp( 1739): [Class] IPCWriterToSecPhoneService , [Method] write , [Message] Response [B@4132c360
07-14 14:43:09.270 D/FactoryTestApp( 1739): [Class] FtClientCPO , [Method] mBroadcastReceiver , [Message] BOOTING COMPLETED!!
07-14 14:43:09.270 D/FactoryTestApp( 1739): [Class] ResponseWriterCPO , [Method] write , [Message] Send Response Message to SecPhone
07-14 14:43:09.270 D/FactoryTestApp( 1739): [Class] ResponseWriterCPO , [Method] write , [Message] Response [B@4132bc20
07-14 14:43:09.280 D/FactoryTestApp( 1739): [Class] IPCWriterToSecPhoneService , [Method] handleMessage , [Message] Send BOOT COMPLETED done
07-14 14:43:09.280 D/FactoryTestApp( 1739): [Class] ResponseWriterCPO , [Method] handleMessage , [Message] Send BOOT COMPLETED done
07-14 14:43:09.450 I/MusicLeanback( 1872): Conditions not met for autocaching.
07-14 14:43:09.450 I/MusicLeanback( 1872): Stop autocaching.
07-14 14:43:09.500 I/Gmail ( 2094): calculateUnknownSyncRationalesAndPurgeInBackground: queueing
07-14 14:43:09.590 I/Gmail ( 2094): calculateUnknownSyncRationalesAndPurgeInBackground: queueing
07-14 14:43:09.600 I/Icing ( 736): Internal init done: storage state 0
07-14 14:43:09.610 I/MusicLeanback( 1872): Conditions not met for autocaching.
07-14 14:43:09.610 I/MusicLeanback( 1872): Stop autocaching.
07-14 14:43:09.630 D/CacheService( 1872): onDestroy
07-14 14:43:09.660 E/Icing ( 736): Service broker callback failed
07-14 14:43:09.660 E/Icing ( 736): android.os.DeadObjectException
07-14 14:43:09.660 E/Icing ( 736): at android.os.BinderProxy.transact(Native Method)
07-14 14:43:09.660 E/Icing ( 736): at bvl.a(SourceFile:102)
07-14 14:43:09.660 E/Icing ( 736): at gis.a(SourceFile:140)
07-14 14:43:09.660 E/Icing ( 736): at gis.a(SourceFile:128)
07-14 14:43:09.660 E/Icing ( 736): at gis.a(SourceFile:118)
07-14 14:43:09.660 E/Icing ( 736): at git.a(SourceFile:77)
07-14 14:43:09.660 E/Icing ( 736): at gia.d(SourceFile:73)
07-14 14:43:09.660 E/Icing ( 736): at ghv.run(SourceFile:250)
07-14 14:43:09.660 E/Icing ( 736): at java.util.concurrent.Executors$RunnableAdapter.call(Executors.java:442)
07-14 14:43:09.660 E/Icing ( 736): at java.util.concurrent.FutureTask$Sync.innerRun(FutureTask.java:305)
07-14 14:43:09.660 E/Icing ( 736): at java.util.concurrent.FutureTask.run(FutureTask.java:137)
07-14 14:43:09.660 E/Icing ( 736): at java.util.concurrent.ScheduledThreadPoolExecutor$ScheduledFutureTask.access$201(ScheduledThreadPoolExecutor.java:150)
07-14 14:43:09.660 E/Icing ( 736): at java.util.concurrent.ScheduledThreadPoolExecutor$ScheduledFutureTask.run(ScheduledThreadPoolExecutor.java:264)
07-14 14:43:09.660 E/Icing ( 736): at java.util.concurrent.ThreadPoolExecutor.runWorker(ThreadPoolExecutor.java:1076)
07-14 14:43:09.660 E/Icing ( 736): at java.util.concurrent.ThreadPoolExecutor$Worker.run(ThreadPoolExecutor.java:569)
07-14 14:43:09.660 E/Icing ( 736): at ghz.run(SourceFile:50)
07-14 14:43:09.660 E/Icing ( 736): at java.lang.Thread.run(Thread.java:856)
07-14 14:43:09.720 I/Gmail ( 2094): calculateUnknownSyncRationalesAndPurgeInBackground: running
07-14 14:43:09.720 I/Gmail ( 2094): calculateUnknownSyncRationalesAndPurgeInBackground: running
07-14 14:43:09.750 I/Icing ( 736): Post-init done
07-14 14:43:09.800 I/MediaStoreImporter( 1872): Update: incremental Added music: 0 Updated music: 0 Deleted music: 0 Created playlists: 0 Updated playlists: 0 Deleted playlists: 0 Inserted playlist items: 0 Deleted playlist items: 0 Removed orphaned playlist items: 0
07-14 14:43:09.810 I/ActivityManager( 275): No longer want app.processName (pid 1799): hidden #16
07-14 14:43:09.890 E/dalvikvm( 592): Could not find class 'android.app.AppOpsManager', referenced from method cbg.a
07-14 14:43:09.890 W/dalvikvm( 592): VFY: unable to resolve check-cast 304 (Landroid/app/AppOpsManager;) in Lcbg;
07-14 14:43:10.910 E/SMD ( 104): DCD OFF
07-14 14:43:11.270 I/FactoryTestApp( 1739): [Class] IPCWriterToSecPhoneService , [Method] disConnectSecPhoneService , [Message]
07-14 14:43:11.570 I/GAV2 ( 2094): Thread[GAThread,5,main]: No campaign data found.
07-14 14:43:11.860 I/GAV4 ( 1656): Thread[GAThread,5,main]: No campaign data found.
07-14 14:43:12.910 D/Tethering( 275): interfaceLinkStateChanged wlan0, true
07-14 14:43:12.910 D/Tethering( 275): interfaceStatusChanged wlan0, true
07-14 14:43:13.920 E/SMD ( 104): DCD OFF
07-14 14:43:14.010 W/SignalStrength( 275): getCdmaLevel=3
07-14 14:43:14.010 W/SignalStrength( 275): getEvdoLevel=0
