07-14 16:53:14.030 W/SignalStrength( 275): getCdmaLevel=2
07-14 16:53:14.030 W/SignalStrength( 275): getLevel=2
07-14 16:53:14.030 W/SignalStrength( 482): getCdmaLevel=2
07-14 16:53:14.030 W/SignalStrength( 482): getEvdoLevel=0
07-14 16:53:14.030 W/SignalStrength( 482): getCdmaLevel=2
07-14 16:53:14.030 W/SignalStrength( 482): getLevel=2
07-14 16:53:15.650 V/StatusBar.BatteryController( 482): status5batteryHealth 2
07-14 16:53:15.650 D/StatusBar.BatteryController( 482): mOldstatus5status 5
07-14 16:53:15.650 D/StatusBar.BatteryController( 482): now old status is 5
07-14 16:53:25.670 V/StatusBar.BatteryController( 482): status5batteryHealth 2
07-14 16:53:25.670 D/StatusBar.BatteryController( 482): mOldstatus5status 5
07-14 16:53:25.670 D/StatusBar.BatteryController( 482): now old status is 5
07-14 16:53:28.030 W/SignalStrength( 275): getCdmaLevel=3
07-14 16:53:28.030 W/SignalStrength( 275): getEvdoLevel=0
07-14 16:53:28.030 W/SignalStrength( 275): getCdmaLevel=3
07-14 16:53:28.030 W/SignalStrength( 275): getLevel=3
07-14 16:53:28.040 W/SignalStrength( 482): getCdmaLevel=3
07-14 16:53:28.040 W/SignalStrength( 482): getEvdoLevel=0
07-14 16:53:28.040 W/SignalStrength( 482): getCdmaLevel=3
07-14 16:53:28.040 W/SignalStrength( 482): getLevel=3
07-14 16:53:33.030 W/SignalStrength( 275): getCdmaLevel=2
07-14 16:53:33.030 W/SignalStrength( 275): getEvdoLevel=0
07-14 16:53:33.030 W/SignalStrength( 275): getCdmaLevel=2
07-14 16:53:33.030 W/SignalStrength( 275): getLevel=2
07-14 16:53:33.040 W/SignalStrength( 482): getCdmaLevel=2
07-14 16:53:33.040 W/SignalStrength( 482): getEvdoLevel=0
07-14 16:53:33.040 W/SignalStrength( 482): getCdmaLevel=2
07-14 16:53:33.040 W/SignalStrength( 482): getLevel=2
07-14 16:53:35.700 V/StatusBar.BatteryController( 482): status5batteryHealth 2
07-14 16:53:35.700 D/StatusBar.BatteryController( 482): mOldstatus5status 5
07-14 16:53:35.700 D/StatusBar.BatteryController( 482): now old status is 5
07-14 16:53:46.040 W/SignalStrength( 275): getCdmaLevel=3
07-14 16:53:46.040 W/SignalStrength( 275): getEvdoLevel=0
07-14 16:53:46.040 W/SignalStrength( 275): getCdmaLevel=3
07-14 16:53:46.040 W/SignalStrength( 275): getLevel=3
07-14 16:53:46.050 W/SignalStrength( 482): getCdmaLevel=3
07-14 16:53:46.050 W/SignalStrength( 482): getEvdoLevel=0
07-14 16:53:46.050 W/SignalStrength( 482): getCdmaLevel=3
07-14 16:53:46.050 W/SignalStrength( 482): getLevel=3
07-14 16:53:50.370 D/SensorManager( 768): registerListener :: handle = 0 name= BOSCH 3-axis Accelerometer delay= 10000 Listener= kvo@412a2320
07-14 16:53:50.370 E/SensorManager( 768): thread start
07-14 16:53:50.370 E/SensorManager( 768): =======>>>Sensor Thread RUNNING <<<========
07-14 16:53:51.070 I/SensorManager( 768): Set normal delay = true
07-14 16:53:51.150 D/SensorManager( 768): unregisterListener:: disable all sensors for this listener, name = BOSCH 3-axis Accelerometer listener = kvo@412a2320
07-14 16:53:55.730 V/StatusBar.BatteryController( 482): status5batteryHealth 2
07-14 16:53:55.730 D/StatusBar.BatteryController( 482): mOldstatus5status 5
07-14 16:53:55.730 D/StatusBar.BatteryController( 482): now old status is 5
07-14 16:54:05.760 V/StatusBar.BatteryController( 482): status5batteryHealth 2
07-14 16:54:05.760 D/StatusBar.BatteryController( 482): mOldstatus5status 5
07-14 16:54:05.760 D/StatusBar.BatteryController( 482): now old status is 5
07-14 16:54:10.690 W/ThrottleService( 275): unable to find stats for iface rmnet0
07-14 16:54:25.790 V/StatusBar.BatteryController( 482): status5batteryHealth 2
07-14 16:54:25.790 D/StatusBar.BatteryController( 482): mOldstatus5status 5
07-14 16:54:25.790 D/StatusBar.BatteryController( 482): now old status is 5
07-14 16:54:35.820 V/StatusBar.BatteryController( 482): status5batteryHealth 2
07-14 16:54:35.820 D/StatusBar.BatteryController( 482): mOldstatus5status 5
07-14 16:54:35.820 D/StatusBar.BatteryController( 482): now old status is 5
07-14 16:54:55.850 V/StatusBar.BatteryController( 482): status5batteryHealth 2
07-14 16:54:55.850 D/StatusBar.BatteryController( 482): mOldstatus5status 5
07-14 16:54:55.850 D/StatusBar.BatteryController( 482): now old status is 5
07-14 16:55:05.880 V/StatusBar.BatteryController( 482): status5batteryHealth 2
07-14 16:55:05.880 D/StatusBar.BatteryController( 482): mOldstatus5status 5
07-14 16:55:05.880 D/StatusBar.BatteryController( 482): now old status is 5
07-14 16:55:12.070 W/SignalStrength( 275): getCdmaLevel=2
07-14 16:55:12.070 W/SignalStrength( 275): getEvdoLevel=0
07-14 16:55:12.070 W/SignalStrength( 275): getCdmaLevel=2
07-14 16:55:12.070 W/SignalStrength( 275): getLevel=2
07-14 16:55:12.070 W/SignalStrength( 482): getCdmaLevel=2
07-14 16:55:12.070 W/SignalStrength( 482): getEvdoLevel=0
07-14 16:55:12.070 W/SignalStrength( 482): getCdmaLevel=2
07-14 16:55:12.070 W/SignalStrength( 482): getLevel=2
07-14 16:55:13.070 W/SignalStrength( 275): getCdmaLevel=3
07-14 16:55:13.070 W/SignalStrength( 275): getEvdoLevel=0
07-14 16:55:13.070 W/SignalStrength( 275): getCdmaLevel=3
07-14 16:55:13.070 W/SignalStrength( 275): getLevel=3
07-14 16:55:13.080 W/SignalStrength( 482): getCdmaLevel=3
07-14 16:55:13.080 W/SignalStrength( 482): getEvdoLevel=0
07-14 16:55:13.080 W/SignalStrength( 482): getCdmaLevel=3
07-14 16:55:13.080 W/SignalStrength( 482): getLevel=3
07-14 16:55:15.890 D/GCM ( 592): Ignoring attempt to send heartbeat on dead connection.
07-14 16:55:15.910 V/StatusBar.BatteryController( 482): status5batteryHealth 2
07-14 16:55:15.910 D/StatusBar.BatteryController( 482): mOldstatus5status 5
07-14 16:55:15.910 D/StatusBar.BatteryController( 482): now old status is 5
07-14 16:55:25.910 V/StatusBar.BatteryController( 482): status5batteryHealth 2
07-14 16:55:25.910 D/StatusBar.BatteryController( 482): mOldstatus5status 5
07-14 16:55:25.910 D/StatusBar.BatteryController( 482): now old status is 5
07-14 16:55:30.930 D/Tethering( 275): interfaceLinkStateChanged wlan0, true
07-14 16:55:30.940 D/Tethering( 275): interfaceStatusChanged wlan0, true
07-14 16:55:45.960 V/StatusBar.BatteryController( 482): status5batteryHealth 2
07-14 16:55:45.960 D/StatusBar.BatteryController( 482): mOldstatus5status 5
07-14 16:55:45.960 D/StatusBar.BatteryController( 482): now old status is 5
07-14 16:55:55.970 V/StatusBar.BatteryController( 482): status5batteryHealth 2
07-14 16:55:55.970 D/StatusBar.BatteryController( 482): mOldstatus5status 5
07-14 16:55:55.970 D/StatusBar.BatteryController( 482): now old status is 5
07-14 16:56:06.000 V/StatusBar.BatteryController( 482): status5batteryHealth 2
07-14 16:56:06.000 D/StatusBar.BatteryController( 482): mOldstatus5status 5
07-14 16:56:06.000 D/StatusBar.BatteryController( 482): now old status is 5
07-14 16:56:16.020 V/StatusBar.BatteryController( 482): status5batteryHealth 2
07-14 16:56:16.020 D/StatusBar.BatteryController( 482): mOldstatus5status 5
07-14 16:56:16.020 D/StatusBar.BatteryController( 482): now old status is 5
07-14 16:56:26.030 V/StatusBar.BatteryController( 482): status5batteryHealth 2
07-14 16:56:26.030 D/StatusBar.BatteryController( 482): mOldstatus5status 5
07-14 16:56:26.030 D/StatusBar.BatteryController( 482): now old status is 5
07-14 16:56:36.060 V/StatusBar.BatteryController( 482): status5batteryHealth 2
07-14 16:56:36.060 D/StatusBar.BatteryController( 482): mOldstatus5status 5
07-14 16:56:36.060 D/StatusBar.BatteryController( 482): now old status is 5
07-14 16:56:46.080 V/StatusBar.BatteryController( 482): status5batteryHealth 2
07-14 16:56:46.080 D/StatusBar.BatteryController( 482): mOldstatus5status 5
07-14 16:56:46.080 D/StatusBar.BatteryController( 482): now old status is 5
07-14 16:56:49.330 D/SensorManager( 768): registerListener :: handle = 0 name= BOSCH 3-axis Accelerometer delay= 10000 Listener= kvo@411331e8
07-14 16:56:49.340 E/SensorManager( 768): thread start
07-14 16:56:49.340 E/SensorManager( 768): =======>>>Sensor Thread RUNNING <<<========
07-14 16:56:50.030 I/SensorManager( 768): Set normal delay = true
07-14 16:56:50.110 D/SensorManager( 768): unregisterListener:: disable all sensors for this listener, name = BOSCH 3-axis Accelerometer listener = kvo@411331e8
07-14 16:56:50.150 I/GCoreUlr( 768): Received powerMode change from NLP: com.google.android.location.activity.LOW_POWER_MODE_ENABLED
07-14 16:56:50.150 I/GCoreUlr( 768): Starting service, intent=Intent { act=com.google.android.location.reporting.ACTION_UPDATE_ACTIVE_STATE cmp=xxxx }, extras=null
07-14 16:56:50.190 I/GCoreUlr( 768): Ensuring that reporting is active for [account#15#]
07-14 16:56:50.190 I/GCoreUlr( 768): Starting service, intent=Intent { act=com.google.android.location.reporting.ACTION_LOCATION_STATUS cmp=xxxx (has extras) }, extras=Bundle[{status=LocationStatus[cell status: STATUS_UNKNOWN, wifi status: STATUS_UNKNOWN, elapsed realtime ns: 0]}]
07-14 16:57:06.130 V/StatusBar.BatteryController( 482): status5batteryHealth 2
07-14 16:57:06.130 D/StatusBar.BatteryController( 482): mOldstatus5status 5
07-14 16:57:06.130 D/StatusBar.BatteryController( 482): now old status is 5
07-14 16:57:06.140 I/GCoreUlr( 768): WorldUpdater received intent Intent { act=com.google.android.location.reporting.ACTION_UPDATE_WORLD flg=0x4 cmp=xxxx (has extras) } with receiverAction null
07-14 16:57:06.350 D/SyncManager( 275): setSyncAutomatically: , provider com.google.android.location.reporting -> true
07-14 16:57:06.350 D/SyncManager( 275): setSyncAutomatically: already set to true, doing nothing
07-14 16:57:06.480 I/GCoreUlr( 768): Ensuring that reporting is active for [account#15#]
07-14 16:57:06.490 I/GCoreUlr( 768): Starting service, intent=Intent { act=com.google.android.location.reporting.ACTION_LOCATION_STATUS cmp=xxxx (has extras) }, extras=Bundle[{status=LocationStatus[cell status: STATUS_UNKNOWN, wifi status: STATUS_UNKNOWN, elapsed realtime ns: 0]}]
07-14 16:57:06.500 I/AdsMeasurementBroadcastReceiver( 736): Reporting settings might have changed, alerting AdsMeasurementService
07-14 16:57:06.500 D/AdsMeasurementBroadcastReceiver( 736): Unauthorized to start the main service
07-14 16:57:16.130 V/StatusBar.BatteryController( 482): status5batteryHealth 2
07-14 16:57:16.130 D/StatusBar.BatteryController( 482): mOldstatus5status 5
07-14 16:57:16.130 D/StatusBar.BatteryController( 482): now old status is 5
07-14 16:57:36.170 V/StatusBar.BatteryController( 482): status5batteryHealth 2
07-14 16:57:36.170 D/StatusBar.BatteryController( 482): mOldstatus5status 5
07-14 16:57:36.170 D/StatusBar.BatteryController( 482): now old status is 5
07-14 16:57:46.190 V/StatusBar.BatteryController( 482): status5batteryHealth 2
07-14 16:57:46.190 D/StatusBar.BatteryController( 482): mOldstatus5status 5
07-14 16:57:46.190 D/StatusBar.BatteryController( 482): now old status is 5
07-14 16:58:36.300 V/StatusBar.BatteryController( 482): status5batteryHealth 2
07-14 16:58:36.300 D/StatusBar.BatteryController( 482): mOldstatus5status 5
07-14 16:58:36.300 D/StatusBar.BatteryController( 482): now old status is 5
07-14 16:58:46.320 V/StatusBar.BatteryController( 482): status5batteryHealth 2
07-14 16:58:46.320 D/StatusBar.BatteryController( 482): mOldstatus5status 5
07-14 16:58:46.320 D/StatusBar.BatteryController( 482): now old status is 5
07-14 16:58:57.160 W/SignalStrength( 275): getCdmaLevel=2
07-14 16:58:57.160 W/SignalStrength( 275): getEvdoLevel=0
07-14 16:58:57.160 W/SignalStrength( 275): getCdmaLevel=2
07-14 16:58:57.160 W/SignalStrength( 275): getLevel=2
07-14 16:58:57.160 W/SignalStrength( 482): getCdmaLevel=2
07-14 16:58:57.160 W/SignalStrength( 482): getEvdoLevel=0
07-14 16:58:57.160 W/SignalStrength( 482): getCdmaLevel=2
07-14 16:58:57.160 W/SignalStrength( 482): getLevel=2
07-14 16:58:58.160 W/SignalStrength( 275): getCdmaLevel=3
07-14 16:58:58.160 W/SignalStrength( 275): getEvdoLevel=0
07-14 16:58:58.160 W/SignalStrength( 275): getCdmaLevel=3
07-14 16:58:58.160 W/SignalStrength( 275): getLevel=3
07-14 16:58:58.160 W/SignalStrength( 482): getCdmaLevel=3
07-14 16:58:58.160 W/SignalStrength( 482): getEvdoLevel=0
07-14 16:58:58.160 W/SignalStrength( 482): getCdmaLevel=3
07-14 16:58:58.160 W/SignalStrength( 482): getLevel=3
07-14 16:59:17.170 W/SignalStrength( 275): getCdmaLevel=2
07-14 16:59:17.170 W/SignalStrength( 275): getEvdoLevel=0
07-14 16:59:17.170 W/SignalStrength( 275): getCdmaLevel=2
07-14 16:59:17.170 W/SignalStrength( 275): getLevel=2
07-14 16:59:17.170 W/SignalStrength( 482): getCdmaLevel=2
07-14 16:59:17.170 W/SignalStrength( 482): getEvdoLevel=0
07-14 16:59:17.170 W/SignalStrength( 482): getCdmaLevel=2
07-14 16:59:17.170 W/SignalStrength( 482): getLevel=2
07-14 16:59:21.170 W/SignalStrength( 275): getCdmaLevel=3
07-14 16:59:21.170 W/SignalStrength( 275): getEvdoLevel=0
07-14 16:59:21.170 W/SignalStrength( 275): getCdmaLevel=3
07-14 16:59:21.170 W/SignalStrength( 275): getLevel=3
07-14 16:59:21.180 W/SignalStrength( 482): getCdmaLevel=3
07-14 16:59:21.180 W/SignalStrength( 482): getEvdoLevel=0
07-14 16:59:21.180 W/SignalStrength( 482): getCdmaLevel=3
07-14 16:59:21.180 W/SignalStrength( 482): getLevel=3
07-14 16:59:36.410 V/StatusBar.BatteryController( 482): status5batteryHealth 2
07-14 16:59:36.410 D/StatusBar.BatteryController( 482): mOldstatus5status 5
07-14 16:59:36.410 D/StatusBar.BatteryController( 482): now old status is 5
07-14 16:59:46.440 V/StatusBar.BatteryController( 482): status5batteryHealth 2
07-14 16:59:46.440 D/StatusBar.BatteryController( 482): mOldstatus5status 5
07-14 16:59:46.440 D/StatusBar.BatteryController( 482): now old status is 5
07-14 16:59:48.290 D/SensorManager( 768): registerListener :: handle = 0 name= BOSCH 3-axis Accelerometer delay= 10000 Listener= kvo@4114a1c8
07-14 16:59:48.290 E/SensorManager( 768): thread start
07-14 16:59:48.290 E/SensorManager( 768): =======>>>Sensor Thread RUNNING <<<========
07-14 16:59:48.990 I/SensorManager( 768): Set normal delay = true
07-14 16:59:49.070 D/SensorManager( 768): unregisterListener:: disable all sensors for this listener, name = BOSCH 3-axis Accelerometer listener = kvo@4114a1c8
07-14 16:59:56.450 V/StatusBar.BatteryController( 482): status5batteryHealth 2
07-14 16:59:56.450 D/StatusBar.BatteryController( 482): mOldstatus5status 5
07-14 16:59:56.450 D/StatusBar.BatteryController( 482): now old status is 5
07-14 16:59:56.470 E/WifiStateMachine( 275): set suspend optimizations failed!
07-14 16:59:56.980 E/WifiStateMachine( 275): set suspend optimizations failed!
07-14 17:00:06.590 D/Tethering( 275): interfaceLinkStateChanged wlan0, true
07-14 17:00:06.590 D/Tethering( 275): interfaceStatusChanged wlan0, true
07-14 17:00:16.490 V/StatusBar.BatteryController( 482): status5batteryHealth 2
07-14 17:00:16.500 D/StatusBar.BatteryController( 482): mOldstatus5status 5
07-14 17:00:16.500 D/StatusBar.BatteryController( 482): now old status is 5
07-14 17:00:36.540 V/StatusBar.BatteryController( 482): status5batteryHealth 2
07-14 17:00:36.540 D/StatusBar.BatteryController( 482): mOldstatus5status 5
07-14 17:00:36.540 D/StatusBar.BatteryController( 482): now old status is 5
07-14 17:00:46.560 V/StatusBar.BatteryController( 482): status5batteryHealth 2
07-14 17:00:46.560 D/StatusBar.BatteryController( 482): mOldstatus5status 5
07-14 17:00:46.560 D/StatusBar.BatteryController( 482): now old status is 5
07-14 17:00:56.570 V/StatusBar.BatteryController( 482): status5batteryHealth 2
07-14 17:00:56.570 D/StatusBar.BatteryController( 482): mOldstatus5status 5
07-14 17:00:56.570 D/StatusBar.BatteryController( 482): now old status is 5
07-14 17:01:16.620 V/StatusBar.BatteryController( 482): status5batteryHealth 2
07-14 17:01:16.620 D/StatusBar.BatteryController( 482): mOldstatus5status 5
07-14 17:01:16.620 D/StatusBar.BatteryController( 482): now old status is 5
07-14 17:01:26.630 V/StatusBar.BatteryController( 482): status5batteryHealth 2
07-14 17:01:26.630 D/StatusBar.BatteryController( 482): mOldstatus5status 5
07-14 17:01:26.630 D/StatusBar.BatteryController( 482): now old status is 5
07-14 17:01:36.660 V/StatusBar.BatteryController( 482): status5batteryHealth 2
07-14 17:01:36.660 D/StatusBar.BatteryController( 482): mOldstatus5status 5
07-14 17:01:36.660 D/StatusBar.BatteryController( 482): now old status is 5
07-14 17:02:06.720 V/StatusBar.BatteryController( 482): status5batteryHealth 2
07-14 17:02:06.720 D/StatusBar.BatteryController( 482): mOldstatus5status 5
07-14 17:02:06.720 D/StatusBar.BatteryController( 482): now old status is 5
07-14 17:02:07.230 W/SignalStrength( 275): getCdmaLevel=2
07-14 17:02:07.230 W/SignalStrength( 275): getEvdoLevel=0
07-14 17:02:07.230 W/SignalStrength( 275): getCdmaLevel=2
07-14 17:02:07.230 W/SignalStrength( 275): getLevel=2
07-14 17:02:07.240 W/SignalStrength( 482): getCdmaLevel=2
07-14 17:02:07.240 W/SignalStrength( 482): getEvdoLevel=0
07-14 17:02:07.240 W/SignalStrength( 482): getCdmaLevel=2
07-14 17:02:07.240 W/SignalStrength( 482): getLevel=2
07-14 17:02:08.230 W/SignalStrength( 275): getCdmaLevel=3
07-14 17:02:08.230 W/SignalStrength( 275): getEvdoLevel=0
07-14 17:02:08.230 W/SignalStrength( 275): getCdmaLevel=3
07-14 17:02:08.230 W/SignalStrength( 275): getLevel=3
07-14 17:02:08.240 W/SignalStrength( 482): getCdmaLevel=3
07-14 17:02:08.240 W/SignalStrength( 482): getEvdoLevel=0
07-14 17:02:08.240 W/SignalStrength( 482): getCdmaLevel=3
07-14 17:02:08.240 W/SignalStrength( 482): getLevel=3
07-14 17:02:16.740 V/StatusBar.BatteryController( 482): status5batteryHealth 2
07-14 17:02:16.740 D/StatusBar.BatteryController( 482): mOldstatus5status 5
07-14 17:02:16.740 D/StatusBar.BatteryController( 482): now old status is 5
07-14 17:02:53.480 E/WifiStateMachine( 275): set suspend optimizations failed!
07-14 17:02:53.510 D/SensorManager( 768): registerListener :: handle = 0 name= BOSCH 3-axis Accelerometer delay= 10000 Listener= kvo@41413538
07-14 17:02:53.510 E/SensorManager( 768): thread start
07-14 17:02:53.510 E/SensorManager( 768): =======>>>Sensor Thread RUNNING <<<========
07-14 17:02:54.200 I/SensorManager( 768): Set normal delay = true
07-14 17:02:54.230 D/Tethering( 275): interfaceLinkStateChanged wlan0, true
07-14 17:02:54.230 D/Tethering( 275): interfaceStatusChanged wlan0, true
07-14 17:02:54.240 D/Tethering( 275): interfaceLinkStateChanged wlan0, true
07-14 17:02:54.240 D/Tethering( 275): interfaceStatusChanged wlan0, true
07-14 17:02:54.300 D/SensorManager( 768): unregisterListener:: disable all sensors for this listener, name = BOSCH 3-axis Accelerometer listener = kvo@41413538
07-14 17:02:54.360 E/WifiStateMachine( 275): set suspend optimizations failed!
07-14 17:02:54.490 I/GCoreUlr( 768): Successfully inserted location
07-14 17:02:54.550 I/GCoreUlr( 768): Starting service, intent=Intent { cmp=xxxx }, extras=null
07-14 17:02:55.000 W/GLSUser ( 592): GoogleAccountDataService.getToken()
07-14 17:02:55.080 W/NetworkManagementSocketTagger( 768): untagSocket(68) failed with errno -22
07-14 17:02:55.080 I/mbi ( 768): I/O exception (org.apache.http.NoHttpResponseException) caught when processing request: The target server failed to respond
07-14 17:02:55.080 I/mbi ( 768): Retrying request
07-14 17:02:55.620 I/GCoreUlr( 768): Starting service, intent=Intent { act=com.google.android.location.reporting.ACTION_UPDATE_ACTIVE_STATE cmp=xxxx }, extras=null
07-14 17:02:55.630 I/AdsMeasurementBroadcastReceiver( 736): Reporting settings might have changed, alerting AdsMeasurementService
07-14 17:02:55.630 D/AdsMeasurementBroadcastReceiver( 736): Unauthorized to start the main service
07-14 17:02:55.640 I/GCoreUlr( 768): Batch Location Update succeeded for account account#15#
07-14 17:02:55.660 E/SqliteDatabaseCpp( 768): sqlite3_exec - Failed to set synchronous mode = 1(Normal)
07-14 17:02:55.920 I/GCoreUlr( 768): Ensuring that reporting is active for [account#15#]
07-14 17:02:55.920 I/GCoreUlr( 768): Starting service, intent=Intent { act=com.google.android.location.reporting.ACTION_LOCATION_STATUS cmp=xxxx (has extras) }, extras=Bundle[{status=LocationStatus[cell status: STATUS_UNKNOWN, wifi status: STATUS_UNKNOWN, elapsed realtime ns: 0]}]
07-14 17:02:56.820 V/StatusBar.BatteryController( 482): status5batteryHealth 2
07-14 17:02:56.820 D/StatusBar.BatteryController( 482): mOldstatus5status 5
07-14 17:02:56.820 D/StatusBar.BatteryController( 482): now old status is 5
07-14 17:03:03.250 W/SignalStrength( 275): getCdmaLevel=2
07-14 17:03:03.250 W/SignalStrength( 275): getEvdoLevel=0
07-14 17:03:03.250 W/SignalStrength( 275): getCdmaLevel=2
07-14 17:03:03.250 W/SignalStrength( 275): getLevel=2
07-14 17:03:03.260 W/SignalStrength( 482): getCdmaLevel=2
07-14 17:03:03.260 W/SignalStrength( 482): getEvdoLevel=0
07-14 17:03:03.260 W/SignalStrength( 482): getCdmaLevel=2
07-14 17:03:03.260 W/SignalStrength( 482): getLevel=2
07-14 17:03:04.250 W/SignalStrength( 275): getCdmaLevel=3
07-14 17:03:04.250 W/SignalStrength( 275): getEvdoLevel=0
07-14 17:03:04.250 W/SignalStrength( 275): getCdmaLevel=3
07-14 17:03:04.250 W/SignalStrength( 275): getLevel=3
07-14 17:03:04.260 W/SignalStrength( 482): getCdmaLevel=3
07-14 17:03:04.260 W/SignalStrength( 482): getEvdoLevel=0
07-14 17:03:04.260 W/SignalStrength( 482): getCdmaLevel=3
07-14 17:03:04.260 W/SignalStrength( 482): getLevel=3
07-14 17:03:09.950 D/Tethering( 275): interfaceLinkStateChanged wlan0, true
07-14 17:03:09.950 D/Tethering( 275): interfaceStatusChanged wlan0, true
07-14 17:03:15.740 D/Tethering( 275): interfaceLinkStateChanged wlan0, true
07-14 17:03:15.740 D/Tethering( 275): interfaceStatusChanged wlan0, true
07-14 17:03:16.860 V/StatusBar.BatteryController( 482): status5batteryHealth 2
07-14 17:03:16.860 D/StatusBar.BatteryController( 482): mOldstatus5status 5
07-14 17:03:16.860 D/StatusBar.BatteryController( 482): now old status is 5
07-14 17:03:31.780 D/Tethering( 275): interfaceLinkStateChanged wlan0, true
07-14 17:03:31.780 D/Tethering( 275): interfaceStatusChanged wlan0, true
07-14 17:03:36.790 D/Tethering( 275): interfaceLinkStateChanged wlan0, true
07-14 17:03:36.790 D/Tethering( 275): interfaceStatusChanged wlan0, true
07-14 17:03:36.900 V/StatusBar.BatteryController( 482): status5batteryHealth 2
07-14 17:03:36.900 D/StatusBar.BatteryController( 482): mOldstatus5status 5
07-14 17:03:36.900 D/StatusBar.BatteryController( 482): now old status is 5
07-14 17:03:46.920 V/StatusBar.BatteryController( 482): status5batteryHealth 2
07-14 17:03:46.920 D/StatusBar.BatteryController( 482): mOldstatus5status 5
07-14 17:03:46.920 D/StatusBar.BatteryController( 482): now old status is 5
07-14 17:03:56.930 V/StatusBar.BatteryController( 482): status5batteryHealth 2
07-14 17:03:56.930 D/StatusBar.BatteryController( 482): mOldstatus5status 5
07-14 17:03:56.930 D/StatusBar.BatteryController( 482): now old status is 5
07-14 17:04:06.960 V/StatusBar.BatteryController( 482): status5batteryHealth 2
07-14 17:04:06.960 D/StatusBar.BatteryController( 482): mOldstatus5status 5
07-14 17:04:06.960 D/StatusBar.BatteryController( 482): now old status is 5
07-14 17:04:07.010 D/Tethering( 275): interfaceLinkStateChanged wlan0, true
07-14 17:04:07.010 D/Tethering( 275): interfaceStatusChanged wlan0, true
07-14 17:04:10.700 W/ThrottleService( 275): unable to find stats for iface rmnet0
07-14 17:04:23.290 W/SignalStrength( 275): getCdmaLevel=2
07-14 17:04:23.290 W/SignalStrength( 275): getEvdoLevel=0
07-14 17:04:23.290 W/SignalStrength( 275): getCdmaLevel=2
07-14 17:04:23.290 W/SignalStrength( 275): getLevel=2
07-14 17:04:23.290 W/SignalStrength( 482): getCdmaLevel=2
07-14 17:04:23.290 W/SignalStrength( 482): getEvdoLevel=0
07-14 17:04:23.290 W/SignalStrength( 482): getCdmaLevel=2
07-14 17:04:23.290 W/SignalStrength( 482): getLevel=2
07-14 17:04:26.990 V/StatusBar.BatteryController( 482): status5batteryHealth 2
07-14 17:04:26.990 D/StatusBar.BatteryController( 482): mOldstatus5status 5
07-14 17:04:26.990 D/StatusBar.BatteryController( 482): now old status is 5
07-14 17:04:33.290 W/SignalStrength( 275): getCdmaLevel=3
07-14 17:04:33.290 W/SignalStrength( 275): getEvdoLevel=0
07-14 17:04:33.290 W/SignalStrength( 275): getCdmaLevel=3
07-14 17:04:33.290 W/SignalStrength( 275): getLevel=3
07-14 17:04:33.300 W/SignalStrength( 482): getCdmaLevel=3
07-14 17:04:33.300 W/SignalStrength( 482): getEvdoLevel=0
07-14 17:04:33.300 W/SignalStrength( 482): getCdmaLevel=3
07-14 17:04:33.300 W/SignalStrength( 482): getLevel=3
07-14 17:04:37.020 V/StatusBar.BatteryController( 482): status5batteryHealth 2
07-14 17:04:37.020 D/StatusBar.BatteryController( 482): mOldstatus5status 5
07-14 17:04:37.020 D/StatusBar.BatteryController( 482): now old status is 5
07-14 17:04:47.050 V/StatusBar.BatteryController( 482): status5batteryHealth 2
07-14 17:04:47.050 D/StatusBar.BatteryController( 482): mOldstatus5status 5
07-14 17:04:47.050 D/StatusBar.BatteryController( 482): now old status is 5
07-14 17:04:57.060 V/StatusBar.BatteryController( 482): status5batteryHealth 2
07-14 17:04:57.060 D/StatusBar.BatteryController( 482): mOldstatus5status 5
07-14 17:04:57.060 D/StatusBar.BatteryController( 482): now old status is 5
07-14 17:05:07.090 V/StatusBar.BatteryController( 482): status5batteryHealth 2
07-14 17:05:07.090 D/StatusBar.BatteryController( 482): mOldstatus5status 5
07-14 17:05:07.090 D/StatusBar.BatteryController( 482): now old status is 5
07-14 17:05:17.090 V/StatusBar.BatteryController( 482): status5batteryHealth 2
07-14 17:05:17.090 D/StatusBar.BatteryController( 482): mOldstatus5status 5
07-14 17:05:17.090 D/StatusBar.BatteryController( 482): now old status is 5
07-14 17:05:27.120 V/StatusBar.BatteryController( 482): status5batteryHealth 2
07-14 17:05:27.120 D/StatusBar.BatteryController( 482): mOldstatus5status 5
07-14 17:05:27.120 D/StatusBar.BatteryController( 482): now old status is 5
07-14 17:05:37.130 V/StatusBar.BatteryController( 482): status5batteryHealth 2
07-14 17:05:37.130 D/StatusBar.BatteryController( 482): mOldstatus5status 5
07-14 17:05:37.130 D/StatusBar.BatteryController( 482): now old status is 5
07-14 17:05:52.510 D/SensorManager( 768): registerListener :: handle = 0 name= BOSCH 3-axis Accelerometer delay= 10000 Listener= kvo@41389258
07-14 17:05:52.510 E/SensorManager( 768): thread start
07-14 17:05:52.510 E/SensorManager( 768): =======>>>Sensor Thread RUNNING <<<========
07-14 17:05:53.220 I/SensorManager( 768): Set normal delay = true
07-14 17:05:53.300 D/SensorManager( 768): unregisterListener:: disable all sensors for this listener, name = BOSCH 3-axis Accelerometer listener = kvo@41389258
07-14 17:06:07.190 V/StatusBar.BatteryController( 482): status5batteryHealth 2
07-14 17:06:07.190 D/StatusBar.BatteryController( 482): mOldstatus5status 5
07-14 17:06:07.190 D/StatusBar.BatteryController( 482): now old status is 5
07-14 17:06:23.330 W/SignalStrength( 275): getCdmaLevel=2
07-14 17:06:23.330 W/SignalStrength( 275): getEvdoLevel=0
07-14 17:06:23.330 W/SignalStrength( 275): getCdmaLevel=2
07-14 17:06:23.330 W/SignalStrength( 275): getLevel=2
07-14 17:06:23.340 W/SignalStrength( 482): getCdmaLevel=2
07-14 17:06:23.340 W/SignalStrength( 482): getEvdoLevel=0
07-14 17:06:23.340 W/SignalStrength( 482): getCdmaLevel=2
07-14 17:06:23.340 W/SignalStrength( 482): getLevel=2
07-14 17:06:24.330 W/SignalStrength( 275): getCdmaLevel=3
07-14 17:06:24.330 W/SignalStrength( 275): getEvdoLevel=0
07-14 17:06:24.330 W/SignalStrength( 275): getCdmaLevel=3
07-14 17:06:24.330 W/SignalStrength( 275): getLevel=3
07-14 17:06:24.340 W/SignalStrength( 482): getCdmaLevel=3
07-14 17:06:24.340 W/SignalStrength( 482): getEvdoLevel=0
07-14 17:06:24.340 W/SignalStrength( 482): getCdmaLevel=3
07-14 17:06:24.340 W/SignalStrength( 482): getLevel=3
07-14 17:06:33.340 W/SignalStrength( 275): getCdmaLevel=2
07-14 17:06:33.340 W/SignalStrength( 275): getEvdoLevel=0
07-14 17:06:33.340 W/SignalStrength( 275): getCdmaLevel=2
07-14 17:06:33.340 W/SignalStrength( 275): getLevel=2
07-14 17:06:33.340 W/SignalStrength( 482): getCdmaLevel=2
07-14 17:06:33.340 W/SignalStrength( 482): getEvdoLevel=0
07-14 17:06:33.340 W/SignalStrength( 482): getCdmaLevel=2
07-14 17:06:33.340 W/SignalStrength( 482): getLevel=2
07-14 17:06:37.250 V/StatusBar.BatteryController( 482): status5batteryHealth 2
07-14 17:06:37.250 D/StatusBar.BatteryController( 482): mOldstatus5status 5
07-14 17:06:37.250 D/StatusBar.BatteryController( 482): now old status is 5
07-14 17:06:41.340 W/SignalStrength( 275): getCdmaLevel=3
07-14 17:06:41.340 W/SignalStrength( 275): getEvdoLevel=0
07-14 17:06:41.340 W/SignalStrength( 275): getCdmaLevel=3
07-14 17:06:41.340 W/SignalStrength( 275): getLevel=3
07-14 17:06:41.350 W/SignalStrength( 482): getCdmaLevel=3
07-14 17:06:41.350 W/SignalStrength( 482): getEvdoLevel=0
07-14 17:06:41.350 W/SignalStrength( 482): getCdmaLevel=3
07-14 17:06:41.350 W/SignalStrength( 482): getLevel=3
07-14 17:06:47.270 V/StatusBar.BatteryController( 482): status5batteryHealth 2
07-14 17:06:47.270 D/StatusBar.BatteryController( 482): mOldstatus5status 5
07-14 17:06:47.270 D/StatusBar.BatteryController( 482): now old status is 5
07-14 17:06:48.340 W/SignalStrength( 275): getCdmaLevel=2
07-14 17:06:48.340 W/SignalStrength( 275): getEvdoLevel=0
07-14 17:06:48.340 W/SignalStrength( 275): getCdmaLevel=2
07-14 17:06:48.340 W/SignalStrength( 275): getLevel=2
07-14 17:06:48.350 W/SignalStrength( 482): getCdmaLevel=2
07-14 17:06:48.350 W/SignalStrength( 482): getEvdoLevel=0
07-14 17:06:48.350 W/SignalStrength( 482): getCdmaLevel=2
07-14 17:06:48.350 W/SignalStrength( 482): getLevel=2
07-14 17:06:54.350 W/SignalStrength( 482): getCdmaLevel=3
07-14 17:06:54.350 W/SignalStrength( 482): getEvdoLevel=0
07-14 17:06:54.350 W/SignalStrength( 482): getCdmaLevel=3
07-14 17:06:54.350 W/SignalStrength( 482): getLevel=3
07-14 17:06:54.350 W/SignalStrength( 275): getCdmaLevel=3
07-14 17:06:54.350 W/SignalStrength( 275): getEvdoLevel=0
07-14 17:06:54.350 W/SignalStrength( 275): getCdmaLevel=3
07-14 17:06:54.350 W/SignalStrength( 275): getLevel=3
07-14 17:06:57.290 V/StatusBar.BatteryController( 482): status5batteryHealth 2
07-14 17:06:57.290 D/StatusBar.BatteryController( 482): mOldstatus5status 5
07-14 17:06:57.290 D/StatusBar.BatteryController( 482): now old status is 5
07-14 17:07:05.700 D/Tethering( 275): interfaceLinkStateChanged wlan0, true
07-14 17:07:05.700 D/Tethering( 275): interfaceStatusChanged wlan0, true
07-14 17:07:17.330 V/StatusBar.BatteryController( 482): status5batteryHealth 2
07-14 17:07:17.330 D/StatusBar.BatteryController( 482): mOldstatus5status 5
07-14 17:07:17.330 D/StatusBar.BatteryController( 482): now old status is 5
07-14 17:07:19.350 W/SignalStrength( 275): getCdmaLevel=2
07-14 17:07:19.350 W/SignalStrength( 275): getEvdoLevel=0
07-14 17:07:19.350 W/SignalStrength( 275): getCdmaLevel=2
07-14 17:07:19.350 W/SignalStrength( 275): getLevel=2
07-14 17:07:19.360 W/SignalStrength( 482): getCdmaLevel=2
07-14 17:07:19.360 W/SignalStrength( 482): getEvdoLevel=0
07-14 17:07:19.360 W/SignalStrength( 482): getCdmaLevel=2
07-14 17:07:19.360 W/SignalStrength( 482): getLevel=2
07-14 17:07:20.350 W/SignalStrength( 275): getCdmaLevel=3
07-14 17:07:20.350 W/SignalStrength( 275): getEvdoLevel=0
07-14 17:07:20.350 W/SignalStrength( 275): getCdmaLevel=3
07-14 17:07:20.350 W/SignalStrength( 275): getLevel=3
07-14 17:07:20.360 W/SignalStrength( 482): getCdmaLevel=3
07-14 17:07:20.360 W/SignalStrength( 482): getEvdoLevel=0
07-14 17:07:20.360 W/SignalStrength( 482): getCdmaLevel=3
07-14 17:07:20.360 W/SignalStrength( 482): getLevel=3
07-14 17:07:27.350 V/StatusBar.BatteryController( 482): status5batteryHealth 2
07-14 17:07:27.350 D/StatusBar.BatteryController( 482): mOldstatus5status 5
07-14 17:07:27.350 D/StatusBar.BatteryController( 482): now old status is 5
07-14 17:07:34.360 W/SignalStrength( 275): getCdmaLevel=2
07-14 17:07:34.360 W/SignalStrength( 275): getEvdoLevel=0
07-14 17:07:34.360 W/SignalStrength( 275): getCdmaLevel=2
07-14 17:07:34.360 W/SignalStrength( 275): getLevel=2
07-14 17:07:34.360 W/SignalStrength( 482): getCdmaLevel=2
07-14 17:07:34.360 W/SignalStrength( 482): getEvdoLevel=0
07-14 17:07:34.360 W/SignalStrength( 482): getCdmaLevel=2
07-14 17:07:34.360 W/SignalStrength( 482): getLevel=2
07-14 17:07:37.370 V/StatusBar.BatteryController( 482): status5batteryHealth 2
07-14 17:07:37.370 D/StatusBar.BatteryController( 482): mOldstatus5status 5
07-14 17:07:37.370 D/StatusBar.BatteryController( 482): now old status is 5
07-14 17:07:47.390 V/StatusBar.BatteryController( 482): status5batteryHealth 2
07-14 17:07:47.390 D/StatusBar.BatteryController( 482): mOldstatus5status 5
07-14 17:07:47.390 D/StatusBar.BatteryController( 482): now old status is 5
07-14 17:07:51.370 W/SignalStrength( 275): getCdmaLevel=3
07-14 17:07:51.370 W/SignalStrength( 275): getEvdoLevel=0
07-14 17:07:51.370 W/SignalStrength( 275): getCdmaLevel=3
07-14 17:07:51.370 W/SignalStrength( 275): getLevel=3
07-14 17:07:51.370 W/SignalStrength( 482): getCdmaLevel=3
07-14 17:07:51.370 W/SignalStrength( 482): getEvdoLevel=0
07-14 17:07:51.370 W/SignalStrength( 482): getCdmaLevel=3
07-14 17:07:51.370 W/SignalStrength( 482): getLevel=3
07-14 17:07:57.410 V/StatusBar.BatteryController( 482): status5batteryHealth 2
07-14 17:07:57.410 D/StatusBar.BatteryController( 482): mOldstatus5status 5
07-14 17:07:57.410 D/StatusBar.BatteryController( 482): now old status is 5
07-14 17:08:03.370 W/SignalStrength( 275): getCdmaLevel=2
07-14 17:08:03.370 W/SignalStrength( 275): getEvdoLevel=0
07-14 17:08:03.370 W/SignalStrength( 275): getCdmaLevel=2
07-14 17:08:03.370 W/SignalStrength( 275): getLevel=2
07-14 17:08:03.370 W/SignalStrength( 482): getCdmaLevel=2
07-14 17:08:03.370 W/SignalStrength( 482): getEvdoLevel=0
07-14 17:08:03.370 W/SignalStrength( 482): getCdmaLevel=2
07-14 17:08:03.370 W/SignalStrength( 482): getLevel=2
07-14 17:08:07.370 W/SignalStrength( 275): getCdmaLevel=3
07-14 17:08:07.370 W/SignalStrength( 275): getEvdoLevel=0
07-14 17:08:07.370 W/SignalStrength( 275): getCdmaLevel=3
07-14 17:08:07.370 W/SignalStrength( 275): getLevel=3
07-14 17:08:07.380 W/SignalStrength( 482): getCdmaLevel=3
07-14 17:08:07.380 W/SignalStrength( 482): getEvdoLevel=0
07-14 17:08:07.380 W/SignalStrength( 482): getCdmaLevel=3
07-14 17:08:07.380 W/SignalStrength( 482): getLevel=3
07-14 17:08:07.430 V/StatusBar.BatteryController( 482): status5batteryHealth 2
07-14 17:08:07.430 D/StatusBar.BatteryController( 482): mOldstatus5status 5
07-14 17:08:07.440 D/StatusBar.BatteryController( 482): now old status is 5
07-14 17:08:17.450 V/StatusBar.BatteryController( 482): status5batteryHealth 2
07-14 17:08:17.450 D/StatusBar.BatteryController( 482): mOldstatus5status 5
07-14 17:08:17.450 D/StatusBar.BatteryController( 482): now old status is 5
07-14 17:08:27.480 V/StatusBar.BatteryController( 482): status5batteryHealth 2
07-14 17:08:27.480 D/StatusBar.BatteryController( 482): mOldstatus5status 5
07-14 17:08:27.480 D/StatusBar.BatteryController( 482): now old status is 5
07-14 17:08:36.380 W/SignalStrength( 275): getCdmaLevel=2
07-14 17:08:36.380 W/SignalStrength( 275): getEvdoLevel=0
07-14 17:08:36.380 W/SignalStrength( 275): getCdmaLevel=2
07-14 17:08:36.380 W/SignalStrength( 275): getLevel=2
07-14 17:08:36.390 W/SignalStrength( 482): getCdmaLevel=2
07-14 17:08:36.390 W/SignalStrength( 482): getEvdoLevel=0
07-14 17:08:36.390 W/SignalStrength( 482): getCdmaLevel=2
07-14 17:08:36.390 W/SignalStrength( 482): getLevel=2
07-14 17:08:37.380 W/SignalStrength( 275): getCdmaLevel=3
07-14 17:08:37.380 W/SignalStrength( 275): getEvdoLevel=0
07-14 17:08:37.380 W/SignalStrength( 275): getCdmaLevel=3
07-14 17:08:37.380 W/SignalStrength( 275): getLevel=3
07-14 17:08:37.390 W/SignalStrength( 482): getCdmaLevel=3
07-14 17:08:37.390 W/SignalStrength( 482): getEvdoLevel=0
07-14 17:08:37.390 W/SignalStrength( 482): getCdmaLevel=3
07-14 17:08:37.390 W/SignalStrength( 482): getLevel=3
07-14 17:08:37.490 V/StatusBar.BatteryController( 482): status5batteryHealth 2
07-14 17:08:37.490 D/StatusBar.BatteryController( 482): mOldstatus5status 5
07-14 17:08:37.490 D/StatusBar.BatteryController( 482): now old status is 5
07-14 17:08:47.510 V/StatusBar.BatteryController( 482): status5batteryHealth 2
07-14 17:08:47.510 D/StatusBar.BatteryController( 482): mOldstatus5status 5
07-14 17:08:47.510 D/StatusBar.BatteryController( 482): now old status is 5
07-14 17:08:51.470 D/SensorManager( 768): registerListener :: handle = 0 name= BOSCH 3-axis Accelerometer delay= 10000 Listener= kvo@41297190
07-14 17:08:51.470 E/SensorManager( 768): thread start
07-14 17:08:51.470 E/SensorManager( 768): =======>>>Sensor Thread RUNNING <<<========
07-14 17:08:52.170 I/SensorManager( 768): Set normal delay = true
07-14 17:08:52.250 D/SensorManager( 768): unregisterListener:: disable all sensors for this listener, name = BOSCH 3-axis Accelerometer listener = kvo@41297190
07-14 17:08:52.280 I/GCoreUlr( 768): Received powerMode change from NLP: com.google.android.location.activity.LOW_POWER_MODE_ENABLED
07-14 17:08:52.280 I/GCoreUlr( 768): Starting service, intent=Intent { act=com.google.android.location.reporting.ACTION_UPDATE_ACTIVE_STATE cmp=xxxx }, extras=null
07-14 17:08:52.320 I/GCoreUlr( 768): Ensuring that reporting is active for [account#15#]
07-14 17:08:52.330 I/GCoreUlr( 768): Starting service, intent=Intent { act=com.google.android.location.reporting.ACTION_LOCATION_STATUS cmp=xxxx (has extras) }, extras=Bundle[{status=LocationStatus[cell status: STATUS_UNKNOWN, wifi status: STATUS_UNKNOWN, elapsed realtime ns: 0]}]
07-14 17:08:57.530 V/StatusBar.BatteryController( 482): status5batteryHealth 2
07-14 17:08:57.530 D/StatusBar.BatteryController( 482): mOldstatus5status 5
07-14 17:08:57.530 D/StatusBar.BatteryController( 482): now old status is 5
07-14 17:09:07.550 V/StatusBar.BatteryController( 482): status5batteryHealth 2
07-14 17:09:07.550 D/StatusBar.BatteryController( 482): mOldstatus5status 5
07-14 17:09:07.550 D/StatusBar.BatteryController( 482): now old status is 5
07-14 17:09:27.400 W/SignalStrength( 275): getCdmaLevel=2
07-14 17:09:27.400 W/SignalStrength( 275): getEvdoLevel=0
07-14 17:09:27.400 W/SignalStrength( 275): getCdmaLevel=2
07-14 17:09:27.400 W/SignalStrength( 275): getLevel=2
07-14 17:09:27.410 W/SignalStrength( 482): getCdmaLevel=2
07-14 17:09:27.410 W/SignalStrength( 482): getEvdoLevel=0
07-14 17:09:27.410 W/SignalStrength( 482): getCdmaLevel=2
07-14 17:09:27.410 W/SignalStrength( 482): getLevel=2
07-14 17:09:28.400 W/SignalStrength( 275): getCdmaLevel=3
07-14 17:09:28.400 W/SignalStrength( 275): getEvdoLevel=0
07-14 17:09:28.400 W/SignalStrength( 275): getCdmaLevel=3
07-14 17:09:28.400 W/SignalStrength( 275): getLevel=3
07-14 17:09:28.410 W/SignalStrength( 482): getCdmaLevel=3
07-14 17:09:28.410 W/SignalStrength( 482): getEvdoLevel=0
07-14 17:09:28.410 W/SignalStrength( 482): getCdmaLevel=3
07-14 17:09:28.410 W/SignalStrength( 482): getLevel=3
07-14 17:09:57.650 V/StatusBar.BatteryController( 482): status5batteryHealth 2
07-14 17:09:57.650 D/StatusBar.BatteryController( 482): mOldstatus5status 5
07-14 17:09:57.650 D/StatusBar.BatteryController( 482): now old status is 5
07-14 17:10:07.670 V/StatusBar.BatteryController( 482): status5batteryHealth 2
07-14 17:10:07.670 D/StatusBar.BatteryController( 482): mOldstatus5status 5
07-14 17:10:07.670 D/StatusBar.BatteryController( 482): now old status is 5
07-14 17:10:08.420 W/SignalStrength( 275): getCdmaLevel=2
07-14 17:10:08.420 W/SignalStrength( 275): getEvdoLevel=0
07-14 17:10:08.420 W/SignalStrength( 275): getCdmaLevel=2
07-14 17:10:08.420 W/SignalStrength( 275): getLevel=2
07-14 17:10:08.420 W/SignalStrength( 482): getCdmaLevel=2
07-14 17:10:08.420 W/SignalStrength( 482): getEvdoLevel=0
07-14 17:10:08.420 W/SignalStrength( 482): getCdmaLevel=2
07-14 17:10:08.420 W/SignalStrength( 482): getLevel=2
07-14 17:10:09.420 W/SignalStrength( 275): getCdmaLevel=3
07-14 17:10:09.420 W/SignalStrength( 275): getEvdoLevel=0
07-14 17:10:09.420 W/SignalStrength( 275): getCdmaLevel=3
07-14 17:10:09.420 W/SignalStrength( 275): getLevel=3
07-14 17:10:09.420 W/SignalStrength( 482): getCdmaLevel=3
07-14 17:10:09.420 W/SignalStrength( 482): getEvdoLevel=0
07-14 17:10:09.420 W/SignalStrength( 482): getCdmaLevel=3
07-14 17:10:09.420 W/SignalStrength( 482): getLevel=3
07-14 17:10:16.080 D/GCM ( 592): Ignoring attempt to send heartbeat on dead connection.
07-14 17:10:17.690 V/StatusBar.BatteryController( 482): status5batteryHealth 2
07-14 17:10:17.690 D/StatusBar.BatteryController( 482): mOldstatus5status 5
07-14 17:10:17.690 D/StatusBar.BatteryController( 482): now old status is 5
07-14 17:10:21.270 D/Tethering( 275): interfaceLinkStateChanged wlan0, true
07-14 17:10:21.270 D/Tethering( 275): interfaceStatusChanged wlan0, true
07-14 17:10:26.390 D/Tethering( 275): interfaceLinkStateChanged wlan0, true
07-14 17:10:26.390 D/Tethering( 275): interfaceStatusChanged wlan0, true
07-14 17:10:47.750 V/StatusBar.BatteryController( 482): status5batteryHealth 2
07-14 17:10:47.750 D/StatusBar.BatteryController( 482): mOldstatus5status 5
07-14 17:10:47.750 D/StatusBar.BatteryController( 482): now old status is 5
07-14 17:10:57.780 V/StatusBar.BatteryController( 482): status5batteryHealth 2
07-14 17:10:57.780 D/StatusBar.BatteryController( 482): mOldstatus5status 5
07-14 17:10:57.780 D/StatusBar.BatteryController( 482): now old status is 5
07-14 17:11:04.440 W/SignalStrength( 275): getCdmaLevel=2
07-14 17:11:04.440 W/SignalStrength( 275): getEvdoLevel=0
07-14 17:11:04.440 W/SignalStrength( 275): getCdmaLevel=2
07-14 17:11:04.440 W/SignalStrength( 275): getLevel=2
07-14 17:11:04.440 W/SignalStrength( 482): getCdmaLevel=2
07-14 17:11:04.440 W/SignalStrength( 482): getEvdoLevel=0
07-14 17:11:04.440 W/SignalStrength( 482): getCdmaLevel=2
07-14 17:11:04.440 W/SignalStrength( 482): getLevel=2
07-14 17:11:05.440 W/SignalStrength( 275): getCdmaLevel=3
07-14 17:11:05.440 W/SignalStrength( 275): getEvdoLevel=0
07-14 17:11:05.440 W/SignalStrength( 275): getCdmaLevel=3
07-14 17:11:05.440 W/SignalStrength( 275): getLevel=3
07-14 17:11:05.440 W/SignalStrength( 482): getCdmaLevel=3
07-14 17:11:05.440 W/SignalStrength( 482): getEvdoLevel=0
07-14 17:11:05.440 W/SignalStrength( 482): getCdmaLevel=3
07-14 17:11:05.440 W/SignalStrength( 482): getLevel=3
07-14 17:11:07.790 V/StatusBar.BatteryController( 482): status5batteryHealth 2
07-14 17:11:07.790 D/StatusBar.BatteryController( 482): mOldstatus5status 5
07-14 17:11:07.790 D/StatusBar.BatteryController( 482): now old status is 5
07-14 17:11:17.810 V/StatusBar.BatteryController( 482): status5batteryHealth 2
07-14 17:11:17.810 D/StatusBar.BatteryController( 482): mOldstatus5status 5
07-14 17:11:17.810 D/StatusBar.BatteryController( 482): now old status is 5
07-14 17:11:37.850 V/StatusBar.BatteryController( 482): status5batteryHealth 2
07-14 17:11:37.850 D/StatusBar.BatteryController( 482): mOldstatus5status 5
07-14 17:11:37.850 D/StatusBar.BatteryController( 482): now old status is 5
07-14 17:11:50.430 D/SensorManager( 768): registerListener :: handle = 0 name= BOSCH 3-axis Accelerometer delay= 10000 Listener= kvo@412093f0
07-14 17:11:50.430 E/SensorManager( 768): thread start
07-14 17:11:50.430 E/SensorManager( 768): =======>>>Sensor Thread RUNNING <<<========
07-14 17:11:51.130 I/SensorManager( 768): Set normal delay = true
07-14 17:11:51.210 D/SensorManager( 768): unregisterListener:: disable all sensors for this listener, name = BOSCH 3-axis Accelerometer listener = kvo@412093f0
07-14 17:11:57.890 V/StatusBar.BatteryController( 482): status5batteryHealth 2
07-14 17:11:57.890 D/StatusBar.BatteryController( 482): mOldstatus5status 5
07-14 17:11:57.890 D/StatusBar.BatteryController( 482): now old status is 5
07-14 17:12:07.910 V/StatusBar.BatteryController( 482): status5batteryHealth 2
07-14 17:12:07.910 D/StatusBar.BatteryController( 482): mOldstatus5status 5
07-14 17:12:07.910 D/StatusBar.BatteryController( 482): now old status is 5
07-14 17:12:27.950 V/StatusBar.BatteryController( 482): status5batteryHealth 2
07-14 17:12:27.960 D/StatusBar.BatteryController( 482): mOldstatus5status 5
07-14 17:12:27.960 D/StatusBar.BatteryController( 482): now old status is 5
07-14 17:12:37.970 V/StatusBar.BatteryController( 482): status5batteryHealth 2
07-14 17:12:37.970 D/StatusBar.BatteryController( 482): mOldstatus5status 5
07-14 17:12:37.970 D/StatusBar.BatteryController( 482): now old status is 5
07-14 17:12:58.010 V/StatusBar.BatteryController( 482): status5batteryHealth 2
07-14 17:12:58.010 D/StatusBar.BatteryController( 482): mOldstatus5status 5
07-14 17:12:58.010 D/StatusBar.BatteryController( 482): now old status is 5
07-14 17:13:18.060 V/StatusBar.BatteryController( 482): status5batteryHealth 2
07-14 17:13:18.060 D/StatusBar.BatteryController( 482): mOldstatus5status 5
07-14 17:13:18.060 D/StatusBar.BatteryController( 482): now old status is 5
07-14 17:13:22.460 D/Tethering( 275): interfaceLinkStateChanged wlan0, true
07-14 17:13:22.460 D/Tethering( 275): interfaceStatusChanged wlan0, true
07-14 17:13:38.090 V/StatusBar.BatteryController( 482): status5batteryHealth 2
07-14 17:13:38.090 D/StatusBar.BatteryController( 482): mOldstatus5status 5
07-14 17:13:38.090 D/StatusBar.BatteryController( 482): now old status is 5
07-14 17:13:48.120 V/StatusBar.BatteryController( 482): status5batteryHealth 2
07-14 17:13:48.120 D/StatusBar.BatteryController( 482): mOldstatus5status 5
07-14 17:13:48.120 D/StatusBar.BatteryController( 482): now old status is 5
07-14 17:14:08.150 V/StatusBar.BatteryController( 482): status5batteryHealth 2
07-14 17:14:08.150 D/StatusBar.BatteryController( 482): mOldstatus5status 5
07-14 17:14:08.150 D/StatusBar.BatteryController( 482): now old status is 5
07-14 17:14:10.700 W/ThrottleService( 275): unable to find stats for iface rmnet0
07-14 17:14:28.190 V/StatusBar.BatteryController( 482): status5batteryHealth 2
07-14 17:14:28.190 D/StatusBar.BatteryController( 482): mOldstatus5status 5
07-14 17:14:28.190 D/StatusBar.BatteryController( 482): now old status is 5
07-14 17:14:38.210 V/StatusBar.BatteryController( 482): status5batteryHealth 2
07-14 17:14:38.210 D/StatusBar.BatteryController( 482): mOldstatus5status 5
07-14 17:14:38.210 D/StatusBar.BatteryController( 482): now old status is 5
07-14 17:14:48.240 V/StatusBar.BatteryController( 482): status5batteryHealth 2
07-14 17:14:48.240 D/StatusBar.BatteryController( 482): mOldstatus5status 5
07-14 17:14:48.240 D/StatusBar.BatteryController( 482): now old status is 5
07-14 17:14:49.380 D/SensorManager( 768): registerListener :: handle = 0 name= BOSCH 3-axis Accelerometer delay= 10000 Listener= kvo@4112bf48
07-14 17:14:49.380 E/SensorManager( 768): thread start
07-14 17:14:49.380 E/SensorManager( 768): =======>>>Sensor Thread RUNNING <<<========
07-14 17:14:50.080 I/SensorManager( 768): Set normal delay = true
07-14 17:14:50.160 D/SensorManager( 768): unregisterListener:: disable all sensors for this listener, name = BOSCH 3-axis Accelerometer listener = kvo@4112bf48
07-14 17:14:58.250 V/StatusBar.BatteryController( 482): status5batteryHealth 2
07-14 17:14:58.250 D/StatusBar.BatteryController( 482): mOldstatus5status 5
07-14 17:14:58.250 D/StatusBar.BatteryController( 482): now old status is 5
07-14 17:15:08.270 V/StatusBar.BatteryController( 482): status5batteryHealth 2
07-14 17:15:08.270 D/StatusBar.BatteryController( 482): mOldstatus5status 5
07-14 17:15:08.270 D/StatusBar.BatteryController( 482): now old status is 5
07-14 17:15:20.540 W/SignalStrength( 275): getCdmaLevel=2
07-14 17:15:20.540 W/SignalStrength( 275): getEvdoLevel=0
07-14 17:15:20.540 W/SignalStrength( 275): getCdmaLevel=2
07-14 17:15:20.540 W/SignalStrength( 275): getLevel=2
07-14 17:15:20.540 W/SignalStrength( 482): getCdmaLevel=2
07-14 17:15:20.540 W/SignalStrength( 482): getEvdoLevel=0
07-14 17:15:20.540 W/SignalStrength( 482): getCdmaLevel=2
07-14 17:15:20.540 W/SignalStrength( 482): getLevel=2
07-14 17:15:21.540 W/SignalStrength( 275): getCdmaLevel=3
07-14 17:15:21.540 W/SignalStrength( 275): getEvdoLevel=0
07-14 17:15:21.540 W/SignalStrength( 275): getCdmaLevel=3
07-14 17:15:21.540 W/SignalStrength( 275): getLevel=3
07-14 17:15:21.540 W/SignalStrength( 482): getCdmaLevel=3
07-14 17:15:21.540 W/SignalStrength( 482): getEvdoLevel=0
07-14 17:15:21.540 W/SignalStrength( 482): getCdmaLevel=3
07-14 17:15:21.540 W/SignalStrength( 482): getLevel=3
07-14 17:15:28.310 V/StatusBar.BatteryController( 482): status5batteryHealth 2
07-14 17:15:28.310 D/StatusBar.BatteryController( 482): mOldstatus5status 5
07-14 17:15:28.310 D/StatusBar.BatteryController( 482): now old status is 5
07-14 17:15:38.330 V/StatusBar.BatteryController( 482): status5batteryHealth 2
07-14 17:15:38.330 D/StatusBar.BatteryController( 482): mOldstatus5status 5
07-14 17:15:38.330 D/StatusBar.BatteryController( 482): now old status is 5
07-14 17:15:48.350 V/StatusBar.BatteryController( 482): status5batteryHealth 2
07-14 17:15:48.350 D/StatusBar.BatteryController( 482): mOldstatus5status 5
07-14 17:15:48.350 D/StatusBar.BatteryController( 482): now old status is 5
07-14 17:15:58.370 V/StatusBar.BatteryController( 482): status5batteryHealth 2
07-14 17:15:58.370 D/StatusBar.BatteryController( 482): mOldstatus5status 5
07-14 17:15:58.370 D/StatusBar.BatteryController( 482): now old status is 5
07-14 17:16:08.390 V/StatusBar.BatteryController( 482): status5batteryHealth 2
07-14 17:16:08.390 D/StatusBar.BatteryController( 482): mOldstatus5status 5
07-14 17:16:08.390 D/StatusBar.BatteryController( 482): now old status is 5
07-14 17:16:11.560 W/SignalStrength( 275): getCdmaLevel=3
07-14 17:16:11.560 W/SignalStrength( 275): getEvdoLevel=0
07-14 17:16:11.560 W/SignalStrength( 275): getCdmaLevel=3
07-14 17:16:11.560 W/SignalStrength( 482): getCdmaLevel=3
07-14 17:16:11.560 W/SignalStrength( 482): getEvdoLevel=0
07-14 17:16:11.560 W/SignalStrength( 482): getCdmaLevel=3
07-14 17:16:11.560 W/SignalStrength( 482): getLevel=3
07-14 17:16:11.560 W/SignalStrength( 275): getLevel=3
07-14 17:16:18.410 V/StatusBar.BatteryController( 482): status5batteryHealth 2
07-14 17:16:18.410 D/StatusBar.BatteryController( 482): mOldstatus5status 5
07-14 17:16:18.410 D/StatusBar.BatteryController( 482): now old status is 5
