07-14 16:32:02.550 W/SignalStrength( 482): getLevel=2
07-14 16:32:03.120 V/StatusBar.BatteryController( 482): status5batteryHealth 2
07-14 16:32:03.120 D/StatusBar.BatteryController( 482): mOldstatus5status 5
07-14 16:32:03.120 D/StatusBar.BatteryController( 482): now old status is 5
07-14 16:32:10.540 W/SignalStrength( 275): getCdmaLevel=3
07-14 16:32:10.540 W/SignalStrength( 275): getEvdoLevel=0
07-14 16:32:10.540 W/SignalStrength( 275): getCdmaLevel=3
07-14 16:32:10.540 W/SignalStrength( 275): getLevel=3
07-14 16:32:10.550 W/SignalStrength( 482): getCdmaLevel=3
07-14 16:32:10.550 W/SignalStrength( 482): getEvdoLevel=0
07-14 16:32:10.550 W/SignalStrength( 482): getCdmaLevel=3
07-14 16:32:10.550 W/SignalStrength( 482): getLevel=3
07-14 16:32:18.540 W/SignalStrength( 275): getCdmaLevel=2
07-14 16:32:18.540 W/SignalStrength( 275): getEvdoLevel=0
07-14 16:32:18.540 W/SignalStrength( 275): getCdmaLevel=2
07-14 16:32:18.540 W/SignalStrength( 275): getLevel=2
07-14 16:32:18.550 W/SignalStrength( 482): getCdmaLevel=2
07-14 16:32:18.550 W/SignalStrength( 482): getEvdoLevel=0
07-14 16:32:18.550 W/SignalStrength( 482): getCdmaLevel=2
07-14 16:32:18.550 W/SignalStrength( 482): getLevel=2
07-14 16:32:23.150 V/StatusBar.BatteryController( 482): status5batteryHealth 2
07-14 16:32:23.150 D/StatusBar.BatteryController( 482): mOldstatus5status 5
07-14 16:32:23.150 D/StatusBar.BatteryController( 482): now old status is 5
07-14 16:32:29.550 W/SignalStrength( 275): getCdmaLevel=3
07-14 16:32:29.550 W/SignalStrength( 275): getEvdoLevel=0
07-14 16:32:29.550 W/SignalStrength( 275): getCdmaLevel=3
07-14 16:32:29.550 W/SignalStrength( 275): getLevel=3
07-14 16:32:29.560 W/SignalStrength( 482): getCdmaLevel=3
07-14 16:32:29.560 W/SignalStrength( 482): getEvdoLevel=0
07-14 16:32:29.560 W/SignalStrength( 482): getCdmaLevel=3
07-14 16:32:29.560 W/SignalStrength( 482): getLevel=3
07-14 16:32:40.550 W/SignalStrength( 275): getCdmaLevel=2
07-14 16:32:40.550 W/SignalStrength( 275): getEvdoLevel=0
07-14 16:32:40.550 W/SignalStrength( 275): getCdmaLevel=2
07-14 16:32:40.550 W/SignalStrength( 275): getLevel=2
07-14 16:32:40.560 W/SignalStrength( 482): getCdmaLevel=2
07-14 16:32:40.560 W/SignalStrength( 482): getEvdoLevel=0
07-14 16:32:40.560 W/SignalStrength( 482): getCdmaLevel=2
07-14 16:32:40.560 W/SignalStrength( 482): getLevel=2
07-14 16:32:41.550 W/SignalStrength( 275): getCdmaLevel=3
07-14 16:32:41.550 W/SignalStrength( 275): getEvdoLevel=0
07-14 16:32:41.550 W/SignalStrength( 275): getCdmaLevel=3
07-14 16:32:41.550 W/SignalStrength( 275): getLevel=3
07-14 16:32:41.560 W/SignalStrength( 482): getCdmaLevel=3
07-14 16:32:41.560 W/SignalStrength( 482): getEvdoLevel=0
07-14 16:32:41.560 W/SignalStrength( 482): getCdmaLevel=3
07-14 16:32:41.560 W/SignalStrength( 482): getLevel=3
07-14 16:32:51.390 D/SensorManager( 768): registerListener :: handle = 0 name= BOSCH 3-axis Accelerometer delay= 10000 Listener= kvo@4116eef0
07-14 16:32:51.390 E/SensorManager( 768): thread start
07-14 16:32:51.390 E/SensorManager( 768): =======>>>Sensor Thread RUNNING <<<========
07-14 16:32:52.110 I/SensorManager( 768): Set normal delay = true
07-14 16:32:52.190 D/SensorManager( 768): unregisterListener:: disable all sensors for this listener, name = BOSCH 3-axis Accelerometer listener = kvo@4116eef0
07-14 16:32:52.220 I/GCoreUlr( 768): Received powerMode change from NLP: com.google.android.location.activity.LOW_POWER_MODE_ENABLED
07-14 16:32:52.220 I/GCoreUlr( 768): Starting service, intent=Intent { act=com.google.android.location.reporting.ACTION_UPDATE_ACTIVE_STATE cmp=xxxx }, extras=null
07-14 16:32:52.260 I/GCoreUlr( 768): Ensuring that reporting is active for [account#15#]
07-14 16:32:52.270 I/GCoreUlr( 768): Starting service, intent=Intent { act=com.google.android.location.reporting.ACTION_LOCATION_STATUS cmp=xxxx (has extras) }, extras=Bundle[{status=LocationStatus[cell status: STATUS_UNKNOWN, wifi status: STATUS_UNKNOWN, elapsed realtime ns: 0]}]
07-14 16:32:57.560 W/SignalStrength( 275): getCdmaLevel=2
07-14 16:32:57.560 W/SignalStrength( 275): getEvdoLevel=0
07-14 16:32:57.560 W/SignalStrength( 275): getCdmaLevel=2
07-14 16:32:57.560 W/SignalStrength( 275): getLevel=2
07-14 16:32:57.570 W/SignalStrength( 482): getCdmaLevel=2
07-14 16:32:57.570 W/SignalStrength( 482): getEvdoLevel=0
07-14 16:32:57.570 W/SignalStrength( 482): getCdmaLevel=2
07-14 16:32:57.570 W/SignalStrength( 482): getLevel=2
07-14 16:33:03.230 V/StatusBar.BatteryController( 482): status5batteryHealth 2
07-14 16:33:03.230 D/StatusBar.BatteryController( 482): mOldstatus5status 5
07-14 16:33:03.230 D/StatusBar.BatteryController( 482): now old status is 5
07-14 16:33:10.560 W/SignalStrength( 275): getCdmaLevel=3
07-14 16:33:10.560 W/SignalStrength( 275): getEvdoLevel=0
07-14 16:33:10.560 W/SignalStrength( 275): getCdmaLevel=3
07-14 16:33:10.560 W/SignalStrength( 275): getLevel=3
07-14 16:33:10.570 W/SignalStrength( 482): getCdmaLevel=3
07-14 16:33:10.570 W/SignalStrength( 482): getEvdoLevel=0
07-14 16:33:10.570 W/SignalStrength( 482): getCdmaLevel=3
07-14 16:33:10.570 W/SignalStrength( 482): getLevel=3
07-14 16:33:13.250 V/StatusBar.BatteryController( 482): status5batteryHealth 2
07-14 16:33:13.250 D/StatusBar.BatteryController( 482): mOldstatus5status 5
07-14 16:33:13.250 D/StatusBar.BatteryController( 482): now old status is 5
07-14 16:33:23.270 V/StatusBar.BatteryController( 482): status5batteryHealth 2
07-14 16:33:23.270 D/StatusBar.BatteryController( 482): mOldstatus5status 5
07-14 16:33:23.270 D/StatusBar.BatteryController( 482): now old status is 5
07-14 16:33:33.290 V/StatusBar.BatteryController( 482): status5batteryHealth 2
07-14 16:33:33.290 D/StatusBar.BatteryController( 482): mOldstatus5status 5
07-14 16:33:33.290 D/StatusBar.BatteryController( 482): now old status is 5
07-14 16:33:33.570 W/SignalStrength( 275): getCdmaLevel=2
07-14 16:33:33.570 W/SignalStrength( 275): getEvdoLevel=0
07-14 16:33:33.570 W/SignalStrength( 275): getCdmaLevel=2
07-14 16:33:33.570 W/SignalStrength( 275): getLevel=2
07-14 16:33:33.570 W/SignalStrength( 482): getCdmaLevel=2
07-14 16:33:33.570 W/SignalStrength( 482): getEvdoLevel=0
07-14 16:33:33.570 W/SignalStrength( 482): getCdmaLevel=2
07-14 16:33:33.570 W/SignalStrength( 482): getLevel=2
07-14 16:33:36.570 W/SignalStrength( 275): getCdmaLevel=1
07-14 16:33:36.570 W/SignalStrength( 275): getEvdoLevel=0
07-14 16:33:36.570 W/SignalStrength( 275): getCdmaLevel=1
07-14 16:33:36.570 W/SignalStrength( 275): getLevel=1
07-14 16:33:36.580 W/SignalStrength( 482): getCdmaLevel=1
07-14 16:33:36.580 W/SignalStrength( 482): getEvdoLevel=0
07-14 16:33:36.580 W/SignalStrength( 482): getCdmaLevel=1
07-14 16:33:36.580 W/SignalStrength( 482): getLevel=1
07-14 16:33:37.570 W/SignalStrength( 275): getCdmaLevel=2
07-14 16:33:37.570 W/SignalStrength( 275): getEvdoLevel=0
07-14 16:33:37.570 W/SignalStrength( 275): getCdmaLevel=2
07-14 16:33:37.570 W/SignalStrength( 275): getLevel=2
07-14 16:33:37.580 W/SignalStrength( 482): getCdmaLevel=2
07-14 16:33:37.580 W/SignalStrength( 482): getEvdoLevel=0
07-14 16:33:37.580 W/SignalStrength( 482): getCdmaLevel=2
07-14 16:33:37.580 W/SignalStrength( 482): getLevel=2
07-14 16:33:48.580 W/SignalStrength( 275): getCdmaLevel=3
07-14 16:33:48.580 W/SignalStrength( 275): getEvdoLevel=0
07-14 16:33:48.580 W/SignalStrength( 275): getCdmaLevel=3
07-14 16:33:48.580 W/SignalStrength( 275): getLevel=3
07-14 16:33:48.590 W/SignalStrength( 482): getCdmaLevel=3
07-14 16:33:48.590 W/SignalStrength( 482): getEvdoLevel=0
07-14 16:33:48.590 W/SignalStrength( 482): getCdmaLevel=3
07-14 16:33:48.590 W/SignalStrength( 482): getLevel=3
07-14 16:34:10.680 W/ThrottleService( 275): unable to find stats for iface rmnet0
07-14 16:34:13.370 V/StatusBar.BatteryController( 482): status5batteryHealth 2
07-14 16:34:13.370 D/StatusBar.BatteryController( 482): mOldstatus5status 5
07-14 16:34:13.370 D/StatusBar.BatteryController( 482): now old status is 5
07-14 16:34:14.590 W/SignalStrength( 275): getCdmaLevel=2
07-14 16:34:14.590 W/SignalStrength( 275): getEvdoLevel=0
07-14 16:34:14.590 W/SignalStrength( 275): getCdmaLevel=2
07-14 16:34:14.590 W/SignalStrength( 275): getLevel=2
07-14 16:34:14.600 W/SignalStrength( 482): getCdmaLevel=2
07-14 16:34:14.600 W/SignalStrength( 482): getEvdoLevel=0
07-14 16:34:14.600 W/SignalStrength( 482): getCdmaLevel=2
07-14 16:34:14.600 W/SignalStrength( 482): getLevel=2
07-14 16:34:21.590 W/SignalStrength( 275): getCdmaLevel=3
07-14 16:34:21.590 W/SignalStrength( 275): getEvdoLevel=0
07-14 16:34:21.590 W/SignalStrength( 275): getCdmaLevel=3
07-14 16:34:21.590 W/SignalStrength( 275): getLevel=3
07-14 16:34:21.600 W/SignalStrength( 482): getCdmaLevel=3
07-14 16:34:21.600 W/SignalStrength( 482): getEvdoLevel=0
07-14 16:34:21.600 W/SignalStrength( 482): getCdmaLevel=3
07-14 16:34:21.600 W/SignalStrength( 482): getLevel=3
07-14 16:34:31.590 W/SignalStrength( 275): getCdmaLevel=2
07-14 16:34:31.590 W/SignalStrength( 275): getEvdoLevel=0
07-14 16:34:31.590 W/SignalStrength( 275): getCdmaLevel=2
07-14 16:34:31.590 W/SignalStrength( 275): getLevel=2
07-14 16:34:31.600 W/SignalStrength( 482): getCdmaLevel=2
07-14 16:34:31.600 W/SignalStrength( 482): getEvdoLevel=0
07-14 16:34:31.600 W/SignalStrength( 482): getCdmaLevel=2
07-14 16:34:31.600 W/SignalStrength( 482): getLevel=2
07-14 16:34:43.430 V/StatusBar.BatteryController( 482): status5batteryHealth 2
07-14 16:34:43.430 D/StatusBar.BatteryController( 482): mOldstatus5status 5
07-14 16:34:43.430 D/StatusBar.BatteryController( 482): now old status is 5
07-14 16:34:56.600 W/SignalStrength( 275): getCdmaLevel=3
07-14 16:34:56.600 W/SignalStrength( 275): getEvdoLevel=0
07-14 16:34:56.600 W/SignalStrength( 275): getCdmaLevel=3
07-14 16:34:56.600 W/SignalStrength( 275): getLevel=3
07-14 16:34:56.610 W/SignalStrength( 482): getCdmaLevel=3
07-14 16:34:56.610 W/SignalStrength( 482): getEvdoLevel=0
07-14 16:34:56.610 W/SignalStrength( 482): getCdmaLevel=3
07-14 16:34:56.610 W/SignalStrength( 482): getLevel=3
07-14 16:35:03.470 V/StatusBar.BatteryController( 482): status5batteryHealth 2
07-14 16:35:03.470 D/StatusBar.BatteryController( 482): mOldstatus5status 5
07-14 16:35:03.470 D/StatusBar.BatteryController( 482): now old status is 5
07-14 16:35:05.610 W/SignalStrength( 275): getCdmaLevel=2
07-14 16:35:05.610 W/SignalStrength( 275): getEvdoLevel=0
07-14 16:35:05.610 W/SignalStrength( 275): getCdmaLevel=2
07-14 16:35:05.610 W/SignalStrength( 275): getLevel=2
07-14 16:35:05.610 W/SignalStrength( 482): getCdmaLevel=2
07-14 16:35:05.610 W/SignalStrength( 482): getEvdoLevel=0
07-14 16:35:05.610 W/SignalStrength( 482): getCdmaLevel=2
07-14 16:35:05.610 W/SignalStrength( 482): getLevel=2
07-14 16:35:11.610 W/SignalStrength( 275): getCdmaLevel=3
07-14 16:35:11.610 W/SignalStrength( 275): getEvdoLevel=0
07-14 16:35:11.610 W/SignalStrength( 275): getCdmaLevel=3
07-14 16:35:11.610 W/SignalStrength( 275): getLevel=3
07-14 16:35:11.610 W/SignalStrength( 482): getCdmaLevel=3
07-14 16:35:11.610 W/SignalStrength( 482): getEvdoLevel=0
07-14 16:35:11.610 W/SignalStrength( 482): getCdmaLevel=3
07-14 16:35:11.610 W/SignalStrength( 482): getLevel=3
07-14 16:35:23.610 W/SignalStrength( 275): getCdmaLevel=2
07-14 16:35:23.610 W/SignalStrength( 275): getEvdoLevel=0
07-14 16:35:23.610 W/SignalStrength( 275): getCdmaLevel=2
07-14 16:35:23.610 W/SignalStrength( 275): getLevel=2
07-14 16:35:23.620 W/SignalStrength( 482): getCdmaLevel=2
07-14 16:35:23.620 W/SignalStrength( 482): getEvdoLevel=0
07-14 16:35:23.620 W/SignalStrength( 482): getCdmaLevel=2
07-14 16:35:23.620 W/SignalStrength( 482): getLevel=2
07-14 16:35:27.620 W/SignalStrength( 482): getCdmaLevel=3
07-14 16:35:27.620 W/SignalStrength( 482): getEvdoLevel=0
07-14 16:35:27.620 W/SignalStrength( 482): getCdmaLevel=3
07-14 16:35:27.620 W/SignalStrength( 482): getLevel=3
07-14 16:35:27.620 W/SignalStrength( 275): getCdmaLevel=3
07-14 16:35:27.620 W/SignalStrength( 275): getEvdoLevel=0
07-14 16:35:27.620 W/SignalStrength( 275): getCdmaLevel=3
07-14 16:35:27.620 W/SignalStrength( 275): getLevel=3
07-14 16:35:31.620 W/SignalStrength( 275): getCdmaLevel=2
07-14 16:35:31.620 W/SignalStrength( 275): getEvdoLevel=0
07-14 16:35:31.620 W/SignalStrength( 275): getCdmaLevel=2
07-14 16:35:31.620 W/SignalStrength( 275): getLevel=2
07-14 16:35:31.620 W/SignalStrength( 482): getCdmaLevel=2
07-14 16:35:31.620 W/SignalStrength( 482): getEvdoLevel=0
07-14 16:35:31.620 W/SignalStrength( 482): getCdmaLevel=2
07-14 16:35:31.620 W/SignalStrength( 482): getLevel=2
07-14 16:35:37.620 W/SignalStrength( 275): getCdmaLevel=3
07-14 16:35:37.620 W/SignalStrength( 275): getEvdoLevel=0
07-14 16:35:37.620 W/SignalStrength( 275): getCdmaLevel=3
07-14 16:35:37.620 W/SignalStrength( 275): getLevel=3
07-14 16:35:37.620 W/SignalStrength( 482): getCdmaLevel=3
07-14 16:35:37.620 W/SignalStrength( 482): getEvdoLevel=0
07-14 16:35:37.620 W/SignalStrength( 482): getCdmaLevel=3
07-14 16:35:37.620 W/SignalStrength( 482): getLevel=3
07-14 16:35:43.550 V/StatusBar.BatteryController( 482): status5batteryHealth 2
07-14 16:35:43.550 D/StatusBar.BatteryController( 482): mOldstatus5status 5
07-14 16:35:43.550 D/StatusBar.BatteryController( 482): now old status is 5
07-14 16:35:46.620 W/SignalStrength( 275): getCdmaLevel=2
07-14 16:35:46.620 W/SignalStrength( 275): getEvdoLevel=0
07-14 16:35:46.620 W/SignalStrength( 275): getCdmaLevel=2
07-14 16:35:46.620 W/SignalStrength( 275): getLevel=2
07-14 16:35:46.630 W/SignalStrength( 482): getCdmaLevel=2
07-14 16:35:46.630 W/SignalStrength( 482): getEvdoLevel=0
07-14 16:35:46.630 W/SignalStrength( 482): getCdmaLevel=2
07-14 16:35:46.630 W/SignalStrength( 482): getLevel=2
07-14 16:35:50.430 D/SensorManager( 768): registerListener :: handle = 0 name= BOSCH 3-axis Accelerometer delay= 10000 Listener= kvo@411eeaf8
07-14 16:35:50.430 E/SensorManager( 768): thread start
07-14 16:35:50.430 E/SensorManager( 768): =======>>>Sensor Thread RUNNING <<<========
07-14 16:35:51.230 I/SensorManager( 768): Set normal delay = true
07-14 16:35:51.310 D/SensorManager( 768): unregisterListener:: disable all sensors for this listener, name = BOSCH 3-axis Accelerometer listener = kvo@411eeaf8
07-14 16:35:52.630 W/SignalStrength( 275): getCdmaLevel=3
07-14 16:35:52.630 W/SignalStrength( 275): getEvdoLevel=0
07-14 16:35:52.630 W/SignalStrength( 275): getCdmaLevel=3
07-14 16:35:52.630 W/SignalStrength( 275): getLevel=3
07-14 16:35:52.630 W/SignalStrength( 482): getCdmaLevel=3
07-14 16:35:52.630 W/SignalStrength( 482): getEvdoLevel=0
07-14 16:35:52.630 W/SignalStrength( 482): getCdmaLevel=3
07-14 16:35:52.630 W/SignalStrength( 482): getLevel=3
07-14 16:36:03.590 V/StatusBar.BatteryController( 482): status5batteryHealth 2
07-14 16:36:03.590 D/StatusBar.BatteryController( 482): mOldstatus5status 5
07-14 16:36:03.590 D/StatusBar.BatteryController( 482): now old status is 5
07-14 16:36:05.630 W/SignalStrength( 275): getCdmaLevel=2
07-14 16:36:05.630 W/SignalStrength( 275): getEvdoLevel=0
07-14 16:36:05.630 W/SignalStrength( 275): getCdmaLevel=2
07-14 16:36:05.630 W/SignalStrength( 275): getLevel=2
07-14 16:36:05.630 W/SignalStrength( 482): getCdmaLevel=2
07-14 16:36:05.630 W/SignalStrength( 482): getEvdoLevel=0
07-14 16:36:05.630 W/SignalStrength( 482): getCdmaLevel=2
07-14 16:36:05.630 W/SignalStrength( 482): getLevel=2
07-14 16:36:06.630 W/SignalStrength( 275): getCdmaLevel=3
07-14 16:36:06.630 W/SignalStrength( 275): getEvdoLevel=0
07-14 16:36:06.630 W/SignalStrength( 275): getCdmaLevel=3
07-14 16:36:06.630 W/SignalStrength( 275): getLevel=3
07-14 16:36:06.630 W/SignalStrength( 482): getCdmaLevel=3
07-14 16:36:06.630 W/SignalStrength( 482): getEvdoLevel=0
07-14 16:36:06.630 W/SignalStrength( 482): getCdmaLevel=3
07-14 16:36:06.630 W/SignalStrength( 482): getLevel=3
07-14 16:36:13.610 V/StatusBar.BatteryController( 482): status5batteryHealth 2
07-14 16:36:13.610 D/StatusBar.BatteryController( 482): mOldstatus5status 5
07-14 16:36:13.610 D/StatusBar.BatteryController( 482): now old status is 5
07-14 16:36:17.640 W/SignalStrength( 275): getCdmaLevel=2
07-14 16:36:17.640 W/SignalStrength( 275): getEvdoLevel=0
07-14 16:36:17.640 W/SignalStrength( 275): getCdmaLevel=2
07-14 16:36:17.640 W/SignalStrength( 275): getLevel=2
07-14 16:36:17.640 W/SignalStrength( 482): getCdmaLevel=2
07-14 16:36:17.640 W/SignalStrength( 482): getEvdoLevel=0
07-14 16:36:17.640 W/SignalStrength( 482): getCdmaLevel=2
07-14 16:36:17.640 W/SignalStrength( 482): getLevel=2
07-14 16:36:23.640 W/SignalStrength( 275): getCdmaLevel=3
07-14 16:36:23.640 W/SignalStrength( 275): getEvdoLevel=0
07-14 16:36:23.640 W/SignalStrength( 275): getCdmaLevel=3
07-14 16:36:23.640 W/SignalStrength( 275): getLevel=3
07-14 16:36:23.650 W/SignalStrength( 482): getCdmaLevel=3
07-14 16:36:23.650 W/SignalStrength( 482): getEvdoLevel=0
07-14 16:36:23.650 W/SignalStrength( 482): getCdmaLevel=3
07-14 16:36:23.650 W/SignalStrength( 482): getLevel=3
07-14 16:36:33.650 V/StatusBar.BatteryController( 482): status5batteryHealth 2
07-14 16:36:33.650 D/StatusBar.BatteryController( 482): mOldstatus5status 5
07-14 16:36:33.650 D/StatusBar.BatteryController( 482): now old status is 5
07-14 16:36:43.670 V/StatusBar.BatteryController( 482): status5batteryHealth 2
07-14 16:36:43.670 D/StatusBar.BatteryController( 482): mOldstatus5status 5
07-14 16:36:43.670 D/StatusBar.BatteryController( 482): now old status is 5
07-14 16:37:03.710 V/StatusBar.BatteryController( 482): status5batteryHealth 2
07-14 16:37:03.710 D/StatusBar.BatteryController( 482): mOldstatus5status 5
07-14 16:37:03.710 D/StatusBar.BatteryController( 482): now old status is 5
07-14 16:37:13.730 V/StatusBar.BatteryController( 482): status5batteryHealth 2
07-14 16:37:13.730 D/StatusBar.BatteryController( 482): mOldstatus5status 5
07-14 16:37:13.730 D/StatusBar.BatteryController( 482): now old status is 5
07-14 16:37:23.750 V/StatusBar.BatteryController( 482): status5batteryHealth 2
07-14 16:37:23.750 D/StatusBar.BatteryController( 482): mOldstatus5status 5
07-14 16:37:23.750 D/StatusBar.BatteryController( 482): now old status is 5
07-14 16:37:27.670 W/SignalStrength( 275): getCdmaLevel=2
07-14 16:37:27.670 W/SignalStrength( 275): getEvdoLevel=0
07-14 16:37:27.670 W/SignalStrength( 275): getCdmaLevel=2
07-14 16:37:27.670 W/SignalStrength( 275): getLevel=2
07-14 16:37:27.670 W/SignalStrength( 482): getCdmaLevel=2
07-14 16:37:27.670 W/SignalStrength( 482): getEvdoLevel=0
07-14 16:37:27.670 W/SignalStrength( 482): getCdmaLevel=2
07-14 16:37:27.670 W/SignalStrength( 482): getLevel=2
07-14 16:37:28.670 W/SignalStrength( 275): getCdmaLevel=3
07-14 16:37:28.670 W/SignalStrength( 275): getEvdoLevel=0
07-14 16:37:28.670 W/SignalStrength( 275): getCdmaLevel=3
07-14 16:37:28.670 W/SignalStrength( 275): getLevel=3
07-14 16:37:28.670 W/SignalStrength( 482): getCdmaLevel=3
07-14 16:37:28.670 W/SignalStrength( 482): getEvdoLevel=0
07-14 16:37:28.670 W/SignalStrength( 482): getCdmaLevel=3
07-14 16:37:28.670 W/SignalStrength( 482): getLevel=3
07-14 16:37:33.770 V/StatusBar.BatteryController( 482): status5batteryHealth 2
07-14 16:37:33.770 D/StatusBar.BatteryController( 482): mOldstatus5status 5
07-14 16:37:33.770 D/StatusBar.BatteryController( 482): now old status is 5
07-14 16:37:34.670 W/SignalStrength( 275): getCdmaLevel=2
07-14 16:37:34.670 W/SignalStrength( 275): getEvdoLevel=0
07-14 16:37:34.670 W/SignalStrength( 275): getCdmaLevel=2
07-14 16:37:34.670 W/SignalStrength( 275): getLevel=2
07-14 16:37:34.670 W/SignalStrength( 482): getCdmaLevel=2
07-14 16:37:34.670 W/SignalStrength( 482): getEvdoLevel=0
07-14 16:37:34.670 W/SignalStrength( 482): getCdmaLevel=2
07-14 16:37:34.670 W/SignalStrength( 482): getLevel=2
07-14 16:37:40.670 W/SignalStrength( 275): getCdmaLevel=3
07-14 16:37:40.670 W/SignalStrength( 275): getEvdoLevel=0
07-14 16:37:40.670 W/SignalStrength( 275): getCdmaLevel=3
07-14 16:37:40.670 W/SignalStrength( 275): getLevel=3
07-14 16:37:40.680 W/SignalStrength( 482): getCdmaLevel=3
07-14 16:37:40.680 W/SignalStrength( 482): getEvdoLevel=0
07-14 16:37:40.680 W/SignalStrength( 482): getCdmaLevel=3
07-14 16:37:40.680 W/SignalStrength( 482): getLevel=3
07-14 16:37:43.790 V/StatusBar.BatteryController( 482): status5batteryHealth 2
07-14 16:37:43.790 D/StatusBar.BatteryController( 482): mOldstatus5status 5
07-14 16:37:43.790 D/StatusBar.BatteryController( 482): now old status is 5
07-14 16:37:47.670 W/SignalStrength( 275): getCdmaLevel=2
07-14 16:37:47.670 W/SignalStrength( 275): getEvdoLevel=0
07-14 16:37:47.670 W/SignalStrength( 275): getCdmaLevel=2
07-14 16:37:47.670 W/SignalStrength( 275): getLevel=2
07-14 16:37:47.680 W/SignalStrength( 482): getCdmaLevel=2
07-14 16:37:47.680 W/SignalStrength( 482): getEvdoLevel=0
07-14 16:37:47.680 W/SignalStrength( 482): getCdmaLevel=2
07-14 16:37:47.680 W/SignalStrength( 482): getLevel=2
07-14 16:37:54.680 W/SignalStrength( 275): getCdmaLevel=3
07-14 16:37:54.680 W/SignalStrength( 275): getEvdoLevel=0
07-14 16:37:54.680 W/SignalStrength( 275): getCdmaLevel=3
07-14 16:37:54.680 W/SignalStrength( 275): getLevel=3
07-14 16:37:54.680 W/SignalStrength( 482): getCdmaLevel=3
07-14 16:37:54.680 W/SignalStrength( 482): getEvdoLevel=0
07-14 16:37:54.680 W/SignalStrength( 482): getCdmaLevel=3
07-14 16:37:54.680 W/SignalStrength( 482): getLevel=3
07-14 16:38:03.830 V/StatusBar.BatteryController( 482): status5batteryHealth 2
07-14 16:38:03.830 D/StatusBar.BatteryController( 482): mOldstatus5status 5
07-14 16:38:03.830 D/StatusBar.BatteryController( 482): now old status is 5
07-14 16:38:13.860 V/StatusBar.BatteryController( 482): status5batteryHealth 2
07-14 16:38:13.860 D/StatusBar.BatteryController( 482): mOldstatus5status 5
07-14 16:38:13.860 D/StatusBar.BatteryController( 482): now old status is 5
07-14 16:38:23.870 V/StatusBar.BatteryController( 482): status5batteryHealth 2
07-14 16:38:23.870 D/StatusBar.BatteryController( 482): mOldstatus5status 5
07-14 16:38:23.870 D/StatusBar.BatteryController( 482): now old status is 5
07-14 16:38:33.900 V/StatusBar.BatteryController( 482): status5batteryHealth 2
07-14 16:38:33.900 D/StatusBar.BatteryController( 482): mOldstatus5status 5
07-14 16:38:33.900 D/StatusBar.BatteryController( 482): now old status is 5
07-14 16:38:43.920 V/StatusBar.BatteryController( 482): status5batteryHealth 2
07-14 16:38:43.920 D/StatusBar.BatteryController( 482): mOldstatus5status 5
07-14 16:38:43.920 D/StatusBar.BatteryController( 482): now old status is 5
07-14 16:38:49.490 D/SensorManager( 768): registerListener :: handle = 0 name= BOSCH 3-axis Accelerometer delay= 10000 Listener= kvo@41340010
07-14 16:38:49.490 E/SensorManager( 768): thread start
07-14 16:38:49.490 E/SensorManager( 768): =======>>>Sensor Thread RUNNING <<<========
07-14 16:38:50.200 I/SensorManager( 768): Set normal delay = true
07-14 16:38:50.280 D/SensorManager( 768): unregisterListener:: disable all sensors for this listener, name = BOSCH 3-axis Accelerometer listener = kvo@41340010
07-14 16:38:53.930 V/StatusBar.BatteryController( 482): status5batteryHealth 2
07-14 16:38:53.930 D/StatusBar.BatteryController( 482): mOldstatus5status 5
07-14 16:38:53.930 D/StatusBar.BatteryController( 482): now old status is 5
07-14 16:39:03.960 V/StatusBar.BatteryController( 482): status5batteryHealth 2
07-14 16:39:03.960 D/StatusBar.BatteryController( 482): mOldstatus5status 5
07-14 16:39:03.960 D/StatusBar.BatteryController( 482): now old status is 5
07-14 16:39:04.700 W/SignalStrength( 275): getCdmaLevel=2
07-14 16:39:04.700 W/SignalStrength( 275): getEvdoLevel=0
07-14 16:39:04.700 W/SignalStrength( 275): getCdmaLevel=2
07-14 16:39:04.700 W/SignalStrength( 275): getLevel=2
07-14 16:39:04.710 W/SignalStrength( 482): getCdmaLevel=2
07-14 16:39:04.710 W/SignalStrength( 482): getEvdoLevel=0
07-14 16:39:04.710 W/SignalStrength( 482): getCdmaLevel=2
07-14 16:39:04.710 W/SignalStrength( 482): getLevel=2
07-14 16:39:11.710 W/SignalStrength( 275): getCdmaLevel=3
07-14 16:39:11.710 W/SignalStrength( 275): getEvdoLevel=0
07-14 16:39:11.710 W/SignalStrength( 275): getCdmaLevel=3
07-14 16:39:11.710 W/SignalStrength( 275): getLevel=3
07-14 16:39:11.710 W/SignalStrength( 482): getCdmaLevel=3
07-14 16:39:11.710 W/SignalStrength( 482): getEvdoLevel=0
07-14 16:39:11.710 W/SignalStrength( 482): getCdmaLevel=3
07-14 16:39:11.710 W/SignalStrength( 482): getLevel=3
07-14 16:39:13.980 V/StatusBar.BatteryController( 482): status5batteryHealth 2
07-14 16:39:13.980 D/StatusBar.BatteryController( 482): mOldstatus5status 5
07-14 16:39:13.980 D/StatusBar.BatteryController( 482): now old status is 5
07-14 16:39:23.990 V/StatusBar.BatteryController( 482): status5batteryHealth 2
07-14 16:39:23.990 D/StatusBar.BatteryController( 482): mOldstatus5status 5
07-14 16:39:23.990 D/StatusBar.BatteryController( 482): now old status is 5
07-14 16:39:34.020 V/StatusBar.BatteryController( 482): status5batteryHealth 2
07-14 16:39:34.020 D/StatusBar.BatteryController( 482): mOldstatus5status 5
07-14 16:39:34.020 D/StatusBar.BatteryController( 482): now old status is 5
07-14 16:39:40.720 W/SignalStrength( 275): getCdmaLevel=2
07-14 16:39:40.720 W/SignalStrength( 275): getEvdoLevel=0
07-14 16:39:40.720 W/SignalStrength( 275): getCdmaLevel=2
07-14 16:39:40.720 W/SignalStrength( 275): getLevel=2
07-14 16:39:40.730 W/SignalStrength( 482): getCdmaLevel=2
07-14 16:39:40.730 W/SignalStrength( 482): getEvdoLevel=0
07-14 16:39:40.730 W/SignalStrength( 482): getCdmaLevel=2
07-14 16:39:40.730 W/SignalStrength( 482): getLevel=2
07-14 16:39:41.720 W/SignalStrength( 275): getCdmaLevel=3
07-14 16:39:41.720 W/SignalStrength( 275): getEvdoLevel=0
07-14 16:39:41.720 W/SignalStrength( 275): getCdmaLevel=3
07-14 16:39:41.720 W/SignalStrength( 275): getLevel=3
07-14 16:39:41.720 W/SignalStrength( 482): getCdmaLevel=3
07-14 16:39:41.720 W/SignalStrength( 482): getEvdoLevel=0
07-14 16:39:41.720 W/SignalStrength( 482): getCdmaLevel=3
07-14 16:39:41.720 W/SignalStrength( 482): getLevel=3
07-14 16:39:54.050 V/StatusBar.BatteryController( 482): status5batteryHealth 2
07-14 16:39:54.050 D/StatusBar.BatteryController( 482): mOldstatus5status 5
07-14 16:39:54.050 D/StatusBar.BatteryController( 482): now old status is 5
07-14 16:39:55.720 W/SignalStrength( 275): getCdmaLevel=2
07-14 16:39:55.720 W/SignalStrength( 275): getEvdoLevel=0
07-14 16:39:55.720 W/SignalStrength( 275): getCdmaLevel=2
07-14 16:39:55.720 W/SignalStrength( 275): getLevel=2
07-14 16:39:55.730 W/SignalStrength( 482): getCdmaLevel=2
07-14 16:39:55.730 W/SignalStrength( 482): getEvdoLevel=0
07-14 16:39:55.730 W/SignalStrength( 482): getCdmaLevel=2
07-14 16:39:55.730 W/SignalStrength( 482): getLevel=2
07-14 16:39:56.720 W/SignalStrength( 275): getCdmaLevel=3
07-14 16:39:56.720 W/SignalStrength( 275): getEvdoLevel=0
07-14 16:39:56.720 W/SignalStrength( 275): getCdmaLevel=3
07-14 16:39:56.720 W/SignalStrength( 275): getLevel=3
07-14 16:39:56.730 W/SignalStrength( 482): getCdmaLevel=3
07-14 16:39:56.730 W/SignalStrength( 482): getEvdoLevel=0
07-14 16:39:56.730 W/SignalStrength( 482): getCdmaLevel=3
07-14 16:39:56.730 W/SignalStrength( 482): getLevel=3
07-14 16:40:04.080 V/StatusBar.BatteryController( 482): status5batteryHealth 2
07-14 16:40:04.080 D/StatusBar.BatteryController( 482): mOldstatus5status 5
07-14 16:40:04.080 D/StatusBar.BatteryController( 482): now old status is 5
07-14 16:40:15.790 D/GCM ( 592): Ignoring attempt to send heartbeat on dead connection.
07-14 16:40:20.820 D/Tethering( 275): interfaceLinkStateChanged wlan0, true
07-14 16:40:20.820 D/Tethering( 275): interfaceStatusChanged wlan0, true
07-14 16:40:25.880 D/Tethering( 275): interfaceLinkStateChanged wlan0, true
07-14 16:40:25.880 D/Tethering( 275): interfaceStatusChanged wlan0, true
07-14 16:40:54.170 V/StatusBar.BatteryController( 482): status5batteryHealth 2
07-14 16:40:54.170 D/StatusBar.BatteryController( 482): mOldstatus5status 5
07-14 16:40:54.170 D/StatusBar.BatteryController( 482): now old status is 5
07-14 16:41:04.190 V/StatusBar.BatteryController( 482): status5batteryHealth 2
07-14 16:41:04.190 D/StatusBar.BatteryController( 482): mOldstatus5status 5
07-14 16:41:04.190 D/StatusBar.BatteryController( 482): now old status is 5
07-14 16:41:14.210 V/StatusBar.BatteryController( 482): status5batteryHealth 2
07-14 16:41:14.210 D/StatusBar.BatteryController( 482): mOldstatus5status 5
07-14 16:41:14.210 D/StatusBar.BatteryController( 482): now old status is 5
07-14 16:41:24.240 V/StatusBar.BatteryController( 482): status5batteryHealth 2
07-14 16:41:24.240 D/StatusBar.BatteryController( 482): mOldstatus5status 5
07-14 16:41:24.240 D/StatusBar.BatteryController( 482): now old status is 5
07-14 16:41:34.250 V/StatusBar.BatteryController( 482): status5batteryHealth 2
07-14 16:41:34.250 D/StatusBar.BatteryController( 482): mOldstatus5status 5
07-14 16:41:34.250 D/StatusBar.BatteryController( 482): now old status is 5
07-14 16:41:48.460 D/SensorManager( 768): registerListener :: handle = 0 name= BOSCH 3-axis Accelerometer delay= 10000 Listener= kvo@41194ae0
07-14 16:41:48.460 E/SensorManager( 768): thread start
07-14 16:41:48.460 E/SensorManager( 768): =======>>>Sensor Thread RUNNING <<<========
07-14 16:41:49.170 I/SensorManager( 768): Set normal delay = true
07-14 16:41:49.250 D/SensorManager( 768): unregisterListener:: disable all sensors for this listener, name = BOSCH 3-axis Accelerometer listener = kvo@41194ae0
07-14 16:41:54.290 V/StatusBar.BatteryController( 482): status5batteryHealth 2
07-14 16:41:54.290 D/StatusBar.BatteryController( 482): mOldstatus5status 5
07-14 16:41:54.290 D/StatusBar.BatteryController( 482): now old status is 5
07-14 16:41:54.310 E/WifiStateMachine( 275): set suspend optimizations failed!
07-14 16:41:54.960 E/WifiStateMachine( 275): set suspend optimizations failed!
07-14 16:42:03.770 W/SignalStrength( 275): getCdmaLevel=2
07-14 16:42:03.770 W/SignalStrength( 275): getEvdoLevel=0
07-14 16:42:03.770 W/SignalStrength( 275): getCdmaLevel=2
07-14 16:42:03.770 W/SignalStrength( 275): getLevel=2
07-14 16:42:03.780 W/SignalStrength( 482): getCdmaLevel=2
07-14 16:42:03.780 W/SignalStrength( 482): getEvdoLevel=0
07-14 16:42:03.780 W/SignalStrength( 482): getCdmaLevel=2
07-14 16:42:03.780 W/SignalStrength( 482): getLevel=2
07-14 16:42:04.310 V/StatusBar.BatteryController( 482): status5batteryHealth 2
07-14 16:42:04.320 D/StatusBar.BatteryController( 482): mOldstatus5status 5
07-14 16:42:04.320 D/StatusBar.BatteryController( 482): now old status is 5
07-14 16:42:04.340 D/Tethering( 275): interfaceLinkStateChanged wlan0, true
07-14 16:42:04.340 D/Tethering( 275): interfaceStatusChanged wlan0, true
07-14 16:42:04.770 W/SignalStrength( 275): getCdmaLevel=3
07-14 16:42:04.770 W/SignalStrength( 275): getEvdoLevel=0
07-14 16:42:04.770 W/SignalStrength( 275): getCdmaLevel=3
07-14 16:42:04.770 W/SignalStrength( 275): getLevel=3
07-14 16:42:04.780 W/SignalStrength( 482): getCdmaLevel=3
07-14 16:42:04.780 W/SignalStrength( 482): getEvdoLevel=0
07-14 16:42:04.780 W/SignalStrength( 482): getCdmaLevel=3
07-14 16:42:04.780 W/SignalStrength( 482): getLevel=3
07-14 16:42:14.340 V/StatusBar.BatteryController( 482): status5batteryHealth 2
07-14 16:42:14.340 D/StatusBar.BatteryController( 482): mOldstatus5status 5
07-14 16:42:14.340 D/StatusBar.BatteryController( 482): now old status is 5
07-14 16:42:20.780 W/SignalStrength( 275): getCdmaLevel=2
07-14 16:42:20.780 W/SignalStrength( 275): getEvdoLevel=0
07-14 16:42:20.780 W/SignalStrength( 275): getCdmaLevel=2
07-14 16:42:20.780 W/SignalStrength( 275): getLevel=2
07-14 16:42:20.780 W/SignalStrength( 482): getCdmaLevel=2
07-14 16:42:20.780 W/SignalStrength( 482): getEvdoLevel=0
07-14 16:42:20.780 W/SignalStrength( 482): getCdmaLevel=2
07-14 16:42:20.780 W/SignalStrength( 482): getLevel=2
07-14 16:42:24.350 V/StatusBar.BatteryController( 482): status5batteryHealth 2
07-14 16:42:24.350 D/StatusBar.BatteryController( 482): mOldstatus5status 5
07-14 16:42:24.350 D/StatusBar.BatteryController( 482): now old status is 5
07-14 16:42:25.780 W/SignalStrength( 275): getCdmaLevel=3
07-14 16:42:25.780 W/SignalStrength( 275): getEvdoLevel=0
07-14 16:42:25.780 W/SignalStrength( 275): getCdmaLevel=3
07-14 16:42:25.780 W/SignalStrength( 275): getLevel=3
07-14 16:42:25.790 W/SignalStrength( 482): getCdmaLevel=3
07-14 16:42:25.790 W/SignalStrength( 482): getEvdoLevel=0
07-14 16:42:25.790 W/SignalStrength( 482): getCdmaLevel=3
07-14 16:42:25.790 W/SignalStrength( 482): getLevel=3
07-14 16:42:34.370 V/StatusBar.BatteryController( 482): status5batteryHealth 2
07-14 16:42:34.370 D/StatusBar.BatteryController( 482): mOldstatus5status 5
07-14 16:42:34.370 D/StatusBar.BatteryController( 482): now old status is 5
07-14 16:43:04.440 V/StatusBar.BatteryController( 482): status5batteryHealth 2
07-14 16:43:04.440 D/StatusBar.BatteryController( 482): mOldstatus5status 5
07-14 16:43:04.440 D/StatusBar.BatteryController( 482): now old status is 5
07-14 16:43:14.450 V/StatusBar.BatteryController( 482): status5batteryHealth 2
07-14 16:43:14.450 D/StatusBar.BatteryController( 482): mOldstatus5status 5
07-14 16:43:14.450 D/StatusBar.BatteryController( 482): now old status is 5
07-14 16:43:17.470 D/Tethering( 275): interfaceLinkStateChanged wlan0, true
07-14 16:43:17.470 D/Tethering( 275): interfaceStatusChanged wlan0, true
07-14 16:43:34.490 V/StatusBar.BatteryController( 482): status5batteryHealth 2
07-14 16:43:34.490 D/StatusBar.BatteryController( 482): mOldstatus5status 5
07-14 16:43:34.490 D/StatusBar.BatteryController( 482): now old status is 5
07-14 16:43:44.510 V/StatusBar.BatteryController( 482): status5batteryHealth 2
07-14 16:43:44.510 D/StatusBar.BatteryController( 482): mOldstatus5status 5
07-14 16:43:44.510 D/StatusBar.BatteryController( 482): now old status is 5
07-14 16:44:01.820 W/SignalStrength( 275): getCdmaLevel=2
07-14 16:44:01.820 W/SignalStrength( 275): getEvdoLevel=0
07-14 16:44:01.820 W/SignalStrength( 275): getCdmaLevel=2
07-14 16:44:01.820 W/SignalStrength( 275): getLevel=2
07-14 16:44:01.820 W/SignalStrength( 482): getCdmaLevel=2
07-14 16:44:01.820 W/SignalStrength( 482): getEvdoLevel=0
07-14 16:44:01.820 W/SignalStrength( 482): getCdmaLevel=2
07-14 16:44:01.820 W/SignalStrength( 482): getLevel=2
07-14 16:44:02.820 W/SignalStrength( 275): getCdmaLevel=3
07-14 16:44:02.820 W/SignalStrength( 275): getEvdoLevel=0
07-14 16:44:02.820 W/SignalStrength( 275): getCdmaLevel=3
07-14 16:44:02.820 W/SignalStrength( 275): getLevel=3
07-14 16:44:02.820 W/SignalStrength( 482): getCdmaLevel=3
07-14 16:44:02.820 W/SignalStrength( 482): getEvdoLevel=0
07-14 16:44:02.820 W/SignalStrength( 482): getCdmaLevel=3
07-14 16:44:02.820 W/SignalStrength( 482): getLevel=3
07-14 16:44:10.690 W/ThrottleService( 275): unable to find stats for iface rmnet0
07-14 16:44:14.570 V/StatusBar.BatteryController( 482): status5batteryHealth 2
07-14 16:44:14.570 D/StatusBar.BatteryController( 482): mOldstatus5status 5
07-14 16:44:14.570 D/StatusBar.BatteryController( 482): now old status is 5
07-14 16:44:24.600 V/StatusBar.BatteryController( 482): status5batteryHealth 2
07-14 16:44:24.600 D/StatusBar.BatteryController( 482): mOldstatus5status 5
07-14 16:44:24.600 D/StatusBar.BatteryController( 482): now old status is 5
07-14 16:44:34.610 V/StatusBar.BatteryController( 482): status5batteryHealth 2
07-14 16:44:34.610 D/StatusBar.BatteryController( 482): mOldstatus5status 5
07-14 16:44:34.610 D/StatusBar.BatteryController( 482): now old status is 5
07-14 16:44:53.460 E/WifiStateMachine( 275): set suspend optimizations failed!
07-14 16:44:53.480 D/SensorManager( 768): registerListener :: handle = 0 name= BOSCH 3-axis Accelerometer delay= 10000 Listener= kvo@4133fb90
07-14 16:44:53.480 E/SensorManager( 768): thread start
07-14 16:44:53.480 E/SensorManager( 768): =======>>>Sensor Thread RUNNING <<<========
07-14 16:44:54.170 I/SensorManager( 768): Set normal delay = true
07-14 16:44:54.200 D/Tethering( 275): interfaceLinkStateChanged wlan0, true
07-14 16:44:54.200 D/Tethering( 275): interfaceStatusChanged wlan0, true
07-14 16:44:54.200 D/Tethering( 275): interfaceLinkStateChanged wlan0, true
07-14 16:44:54.200 D/Tethering( 275): interfaceStatusChanged wlan0, true
07-14 16:44:54.270 D/SensorManager( 768): unregisterListener:: disable all sensors for this listener, name = BOSCH 3-axis Accelerometer listener = kvo@4133fb90
07-14 16:44:54.330 E/WifiStateMachine( 275): set suspend optimizations failed!
07-14 16:44:54.350 I/GCoreUlr( 768): Received powerMode change from NLP: com.google.android.location.activity.LOW_POWER_MODE_ENABLED
07-14 16:44:54.350 I/GCoreUlr( 768): Starting service, intent=Intent { act=com.google.android.location.reporting.ACTION_UPDATE_ACTIVE_STATE cmp=xxxx }, extras=null
07-14 16:44:54.470 I/GCoreUlr( 768): Successfully inserted location
07-14 16:44:54.480 I/GCoreUlr( 768): Not calling LocationReportingService, hasMoved: false, elapsed millis: 3240195, request: Phone
07-14 16:44:54.520 I/GCoreUlr( 768): Ensuring that reporting is active for [account#15#]
07-14 16:44:54.530 I/GCoreUlr( 768): Starting service, intent=Intent { act=com.google.android.location.reporting.ACTION_LOCATION_STATUS cmp=xxxx (has extras) }, extras=Bundle[{status=LocationStatus[cell status: STATUS_UNKNOWN, wifi status: STATUS_UNKNOWN, elapsed realtime ns: 0]}]
07-14 16:44:54.650 V/StatusBar.BatteryController( 482): status5batteryHealth 2
07-14 16:44:54.650 D/StatusBar.BatteryController( 482): mOldstatus5status 5
07-14 16:44:54.650 D/StatusBar.BatteryController( 482): now old status is 5
07-14 16:45:04.680 V/StatusBar.BatteryController( 482): status5batteryHealth 2
07-14 16:45:04.680 D/StatusBar.BatteryController( 482): mOldstatus5status 5
07-14 16:45:04.680 D/StatusBar.BatteryController( 482): now old status is 5
07-14 16:45:24.290 V/BackupManagerService( 275): Running a backup pass
07-14 16:45:24.290 V/BackupManagerService( 275): Backup requested but nothing pending
07-14 16:45:24.710 V/StatusBar.BatteryController( 482): status5batteryHealth 2
07-14 16:45:24.710 D/StatusBar.BatteryController( 482): mOldstatus5status 5
07-14 16:45:24.710 D/StatusBar.BatteryController( 482): now old status is 5
07-14 16:45:34.740 V/StatusBar.BatteryController( 482): status5batteryHealth 2
07-14 16:45:34.740 D/StatusBar.BatteryController( 482): mOldstatus5status 5
07-14 16:45:34.740 D/StatusBar.BatteryController( 482): now old status is 5
07-14 16:46:04.800 V/StatusBar.BatteryController( 482): status5batteryHealth 2
07-14 16:46:04.800 D/StatusBar.BatteryController( 482): mOldstatus5status 5
07-14 16:46:04.800 D/StatusBar.BatteryController( 482): now old status is 5
07-14 16:46:04.960 D/Tethering( 275): interfaceLinkStateChanged wlan0, true
07-14 16:46:04.960 D/Tethering( 275): interfaceStatusChanged wlan0, true
07-14 16:46:14.820 V/StatusBar.BatteryController( 482): status5batteryHealth 2
07-14 16:46:14.820 D/StatusBar.BatteryController( 482): mOldstatus5status 5
07-14 16:46:14.820 D/StatusBar.BatteryController( 482): now old status is 5
07-14 16:46:24.830 V/StatusBar.BatteryController( 482): status5batteryHealth 2
07-14 16:46:24.830 D/StatusBar.BatteryController( 482): mOldstatus5status 5
07-14 16:46:24.830 D/StatusBar.BatteryController( 482): now old status is 5
07-14 16:47:24.950 V/StatusBar.BatteryController( 482): status5batteryHealth 2
07-14 16:47:24.950 D/StatusBar.BatteryController( 482): mOldstatus5status 5
07-14 16:47:24.950 D/StatusBar.BatteryController( 482): now old status is 5
07-14 16:47:34.980 V/StatusBar.BatteryController( 482): status5batteryHealth 2
07-14 16:47:34.980 D/StatusBar.BatteryController( 482): mOldstatus5status 5
07-14 16:47:34.980 D/StatusBar.BatteryController( 482): now old status is 5
07-14 16:47:52.490 D/SensorManager( 768): registerListener :: handle = 0 name= BOSCH 3-axis Accelerometer delay= 10000 Listener= kvo@41417e38
07-14 16:47:52.490 E/SensorManager( 768): thread start
07-14 16:47:52.490 E/SensorManager( 768): =======>>>Sensor Thread RUNNING <<<========
07-14 16:47:53.170 I/SensorManager( 768): Set normal delay = true
07-14 16:47:53.250 D/SensorManager( 768): unregisterListener:: disable all sensors for this listener, name = BOSCH 3-axis Accelerometer listener = kvo@41417e38
07-14 16:47:55.010 V/StatusBar.BatteryController( 482): status5batteryHealth 2
07-14 16:47:55.010 D/StatusBar.BatteryController( 482): mOldstatus5status 5
07-14 16:47:55.010 D/StatusBar.BatteryController( 482): now old status is 5
07-14 16:48:05.040 V/StatusBar.BatteryController( 482): status5batteryHealth 2
07-14 16:48:05.040 D/StatusBar.BatteryController( 482): mOldstatus5status 5
07-14 16:48:05.040 D/StatusBar.BatteryController( 482): now old status is 5
07-14 16:48:15.050 V/StatusBar.BatteryController( 482): status5batteryHealth 2
07-14 16:48:15.050 D/StatusBar.BatteryController( 482): mOldstatus5status 5
07-14 16:48:15.050 D/StatusBar.BatteryController( 482): now old status is 5
07-14 16:48:25.070 V/StatusBar.BatteryController( 482): status5batteryHealth 2
07-14 16:48:25.070 D/StatusBar.BatteryController( 482): mOldstatus5status 5
07-14 16:48:25.070 D/StatusBar.BatteryController( 482): now old status is 5
07-14 16:48:35.090 V/StatusBar.BatteryController( 482): status5batteryHealth 2
07-14 16:48:35.090 D/StatusBar.BatteryController( 482): mOldstatus5status 5
07-14 16:48:35.090 D/StatusBar.BatteryController( 482): now old status is 5
07-14 16:48:45.120 V/StatusBar.BatteryController( 482): status5batteryHealth 2
07-14 16:48:45.120 D/StatusBar.BatteryController( 482): mOldstatus5status 5
07-14 16:48:45.120 D/StatusBar.BatteryController( 482): now old status is 5
07-14 16:48:55.140 V/StatusBar.BatteryController( 482): status5batteryHealth 2
07-14 16:48:55.140 D/StatusBar.BatteryController( 482): mOldstatus5status 5
07-14 16:48:55.140 D/StatusBar.BatteryController( 482): now old status is 5
07-14 16:49:00.190 D/Tethering( 275): interfaceLinkStateChanged wlan0, true
07-14 16:49:00.190 D/Tethering( 275): interfaceStatusChanged wlan0, true
07-14 16:49:05.150 V/StatusBar.BatteryController( 482): status5batteryHealth 2
07-14 16:49:05.150 D/StatusBar.BatteryController( 482): mOldstatus5status 5
07-14 16:49:05.150 D/StatusBar.BatteryController( 482): now old status is 5
07-14 16:49:06.600 D/Tethering( 275): interfaceLinkStateChanged wlan0, true
07-14 16:49:06.600 D/Tethering( 275): interfaceStatusChanged wlan0, true
07-14 16:49:15.180 V/StatusBar.BatteryController( 482): status5batteryHealth 2
07-14 16:49:15.180 D/StatusBar.BatteryController( 482): mOldstatus5status 5
07-14 16:49:15.180 D/StatusBar.BatteryController( 482): now old status is 5
07-14 16:49:23.260 D/Tethering( 275): interfaceLinkStateChanged wlan0, true
07-14 16:49:23.260 D/Tethering( 275): interfaceStatusChanged wlan0, true
07-14 16:49:25.200 V/StatusBar.BatteryController( 482): status5batteryHealth 2
07-14 16:49:25.200 D/StatusBar.BatteryController( 482): mOldstatus5status 5
07-14 16:49:25.200 D/StatusBar.BatteryController( 482): now old status is 5
07-14 16:49:28.270 D/Tethering( 275): interfaceLinkStateChanged wlan0, true
07-14 16:49:28.270 D/Tethering( 275): interfaceStatusChanged wlan0, true
07-14 16:49:35.210 V/StatusBar.BatteryController( 482): status5batteryHealth 2
07-14 16:49:35.210 D/StatusBar.BatteryController( 482): mOldstatus5status 5
07-14 16:49:35.210 D/StatusBar.BatteryController( 482): now old status is 5
07-14 16:49:55.250 V/StatusBar.BatteryController( 482): status5batteryHealth 2
07-14 16:49:55.250 D/StatusBar.BatteryController( 482): mOldstatus5status 5
07-14 16:49:55.250 D/StatusBar.BatteryController( 482): now old status is 5
07-14 16:49:56.620 D/Tethering( 275): interfaceLinkStateChanged wlan0, true
07-14 16:49:56.620 D/Tethering( 275): interfaceStatusChanged wlan0, true
07-14 16:50:01.630 D/Tethering( 275): interfaceLinkStateChanged wlan0, true
07-14 16:50:01.630 D/Tethering( 275): interfaceStatusChanged wlan0, true
07-14 16:50:05.270 V/StatusBar.BatteryController( 482): status5batteryHealth 2
07-14 16:50:05.270 D/StatusBar.BatteryController( 482): mOldstatus5status 5
07-14 16:50:05.270 D/StatusBar.BatteryController( 482): now old status is 5
07-14 16:50:25.310 V/StatusBar.BatteryController( 482): status5batteryHealth 2
07-14 16:50:25.310 D/StatusBar.BatteryController( 482): mOldstatus5status 5
07-14 16:50:25.310 D/StatusBar.BatteryController( 482): now old status is 5
07-14 16:50:35.340 V/StatusBar.BatteryController( 482): status5batteryHealth 2
07-14 16:50:35.340 D/StatusBar.BatteryController( 482): mOldstatus5status 5
07-14 16:50:35.340 D/StatusBar.BatteryController( 482): now old status is 5
07-14 16:50:45.350 V/StatusBar.BatteryController( 482): status5batteryHealth 2
07-14 16:50:45.350 D/StatusBar.BatteryController( 482): mOldstatus5status 5
07-14 16:50:45.350 D/StatusBar.BatteryController( 482): now old status is 5
07-14 16:50:51.420 D/SensorManager( 768): registerListener :: handle = 0 name= BOSCH 3-axis Accelerometer delay= 10000 Listener= kvo@4134ff18
07-14 16:50:51.420 E/SensorManager( 768): thread start
07-14 16:50:51.420 E/SensorManager( 768): =======>>>Sensor Thread RUNNING <<<========
07-14 16:50:52.110 I/SensorManager( 768): Set normal delay = true
07-14 16:50:52.190 D/SensorManager( 768): unregisterListener:: disable all sensors for this listener, name = BOSCH 3-axis Accelerometer listener = kvo@4134ff18
07-14 16:51:05.390 V/StatusBar.BatteryController( 482): status5batteryHealth 2
07-14 16:51:05.390 D/StatusBar.BatteryController( 482): mOldstatus5status 5
07-14 16:51:05.390 D/StatusBar.BatteryController( 482): now old status is 5
07-14 16:51:15.410 V/StatusBar.BatteryController( 482): status5batteryHealth 2
07-14 16:51:15.410 D/StatusBar.BatteryController( 482): mOldstatus5status 5
07-14 16:51:15.410 D/StatusBar.BatteryController( 482): now old status is 5
07-14 16:51:25.430 V/StatusBar.BatteryController( 482): status5batteryHealth 2
07-14 16:51:25.430 D/StatusBar.BatteryController( 482): mOldstatus5status 5
07-14 16:51:25.430 D/StatusBar.BatteryController( 482): now old status is 5
07-14 16:51:45.470 V/StatusBar.BatteryController( 482): status5batteryHealth 2
07-14 16:51:45.470 D/StatusBar.BatteryController( 482): mOldstatus5status 5
07-14 16:51:45.470 D/StatusBar.BatteryController( 482): now old status is 5
07-14 16:51:55.490 V/StatusBar.BatteryController( 482): status5batteryHealth 2
07-14 16:51:55.490 D/StatusBar.BatteryController( 482): mOldstatus5status 5
07-14 16:51:55.490 D/StatusBar.BatteryController( 482): now old status is 5
07-14 16:52:04.130 I/EventLogService( 736): Aggregate from 1405369323884 (log), 1405369323884 (data)
07-14 16:52:25.550 V/StatusBar.BatteryController( 482): status5batteryHealth 2
07-14 16:52:25.550 D/StatusBar.BatteryController( 482): mOldstatus5status 5
07-14 16:52:25.550 D/StatusBar.BatteryController( 482): now old status is 5
07-14 16:52:35.570 V/StatusBar.BatteryController( 482): status5batteryHealth 2
07-14 16:52:35.570 D/StatusBar.BatteryController( 482): mOldstatus5status 5
07-14 16:52:35.570 D/StatusBar.BatteryController( 482): now old status is 5
07-14 16:52:39.010 W/SignalStrength( 275): getCdmaLevel=2
07-14 16:52:39.010 W/SignalStrength( 275): getEvdoLevel=0
07-14 16:52:39.010 W/SignalStrength( 275): getCdmaLevel=2
07-14 16:52:39.010 W/SignalStrength( 275): getLevel=2
07-14 16:52:39.020 W/SignalStrength( 482): getCdmaLevel=2
07-14 16:52:39.020 W/SignalStrength( 482): getEvdoLevel=0
07-14 16:52:39.020 W/SignalStrength( 482): getCdmaLevel=2
07-14 16:52:39.020 W/SignalStrength( 482): getLevel=2
07-14 16:52:40.010 W/SignalStrength( 275): getCdmaLevel=3
07-14 16:52:40.010 W/SignalStrength( 275): getEvdoLevel=0
07-14 16:52:40.010 W/SignalStrength( 275): getCdmaLevel=3
07-14 16:52:40.010 W/SignalStrength( 275): getLevel=3
07-14 16:52:40.020 W/SignalStrength( 482): getCdmaLevel=3
07-14 16:52:40.020 W/SignalStrength( 482): getEvdoLevel=0
07-14 16:52:40.020 W/SignalStrength( 482): getCdmaLevel=3
07-14 16:52:40.020 W/SignalStrength( 482): getLevel=3
07-14 16:52:49.020 W/SignalStrength( 275): getCdmaLevel=2
07-14 16:52:49.020 W/SignalStrength( 275): getEvdoLevel=0
07-14 16:52:49.020 W/SignalStrength( 275): getCdmaLevel=2
07-14 16:52:49.020 W/SignalStrength( 275): getLevel=2
07-14 16:52:49.020 W/SignalStrength( 482): getCdmaLevel=2
07-14 16:52:49.020 W/SignalStrength( 482): getEvdoLevel=0
07-14 16:52:49.020 W/SignalStrength( 482): getCdmaLevel=2
07-14 16:52:49.020 W/SignalStrength( 482): getLevel=2
07-14 16:52:50.020 W/SignalStrength( 275): getCdmaLevel=3
07-14 16:52:50.020 W/SignalStrength( 275): getEvdoLevel=0
07-14 16:52:50.020 W/SignalStrength( 275): getCdmaLevel=3
07-14 16:52:50.020 W/SignalStrength( 275): getLevel=3
07-14 16:52:50.020 W/SignalStrength( 482): getCdmaLevel=3
07-14 16:52:50.020 W/SignalStrength( 482): getEvdoLevel=0
07-14 16:52:50.020 W/SignalStrength( 482): getCdmaLevel=3
07-14 16:52:50.020 W/SignalStrength( 482): getLevel=3
07-14 16:52:55.610 V/StatusBar.BatteryController( 482): status5batteryHealth 2
07-14 16:52:55.610 D/StatusBar.BatteryController( 482): mOldstatus5status 5
07-14 16:52:55.610 D/StatusBar.BatteryController( 482): now old status is 5
07-14 16:53:04.020 W/SignalStrength( 275): getCdmaLevel=2
07-14 16:53:04.020 W/SignalStrength( 275): getEvdoLevel=0
07-14 16:53:04.020 W/SignalStrength( 275): getCdmaLevel=2
07-14 16:53:04.020 W/SignalStrength( 275): getLevel=2
07-14 16:53:04.030 W/SignalStrength( 482): getCdmaLevel=2
07-14 16:53:04.030 W/SignalStrength( 482): getEvdoLevel=0
07-14 16:53:04.030 W/SignalStrength( 482): getCdmaLevel=2
07-14 16:53:04.030 W/SignalStrength( 482): getLevel=2
07-14 16:53:05.020 W/SignalStrength( 275): getCdmaLevel=3
07-14 16:53:05.020 W/SignalStrength( 275): getEvdoLevel=0
07-14 16:53:05.020 W/SignalStrength( 275): getCdmaLevel=3
07-14 16:53:05.020 W/SignalStrength( 275): getLevel=3
07-14 16:53:05.030 W/SignalStrength( 482): getCdmaLevel=3
07-14 16:53:05.030 W/SignalStrength( 482): getEvdoLevel=0
07-14 16:53:05.030 W/SignalStrength( 482): getCdmaLevel=3
07-14 16:53:05.030 W/SignalStrength( 482): getLevel=3
07-14 16:53:14.030 W/SignalStrength( 275): getCdmaLevel=2
07-14 16:53:14.030 W/SignalStrength( 275): getEvdoLevel=0
