07-14 16:13:30.900 V/StatusBar.BatteryController( 482): status5batteryHealth 2
07-14 16:13:30.900 D/StatusBar.BatteryController( 482): mOldstatus5status 5
07-14 16:13:30.900 D/StatusBar.BatteryController( 482): now old status is 5
07-14 16:13:40.910 V/StatusBar.BatteryController( 482): status5batteryHealth 2
07-14 16:13:40.910 D/StatusBar.BatteryController( 482): mOldstatus5status 5
07-14 16:13:40.910 D/StatusBar.BatteryController( 482): now old status is 5
07-14 16:13:54.110 W/SignalStrength( 275): getCdmaLevel=2
07-14 16:13:54.110 W/SignalStrength( 275): getEvdoLevel=0
07-14 16:13:54.110 W/SignalStrength( 275): getCdmaLevel=2
07-14 16:13:54.110 W/SignalStrength( 275): getLevel=2
07-14 16:13:54.120 W/SignalStrength( 482): getCdmaLevel=2
07-14 16:13:54.120 W/SignalStrength( 482): getEvdoLevel=0
07-14 16:13:54.120 W/SignalStrength( 482): getCdmaLevel=2
07-14 16:13:54.120 W/SignalStrength( 482): getLevel=2
07-14 16:13:55.110 W/SignalStrength( 275): getCdmaLevel=3
07-14 16:13:55.110 W/SignalStrength( 275): getEvdoLevel=0
07-14 16:13:55.110 W/SignalStrength( 275): getCdmaLevel=3
07-14 16:13:55.110 W/SignalStrength( 275): getLevel=3
07-14 16:13:55.120 W/SignalStrength( 482): getCdmaLevel=3
07-14 16:13:55.120 W/SignalStrength( 482): getEvdoLevel=0
07-14 16:13:55.120 W/SignalStrength( 482): getCdmaLevel=3
07-14 16:13:55.120 W/SignalStrength( 482): getLevel=3
07-14 16:14:00.960 V/StatusBar.BatteryController( 482): status5batteryHealth 2
07-14 16:14:00.960 D/StatusBar.BatteryController( 482): mOldstatus5status 5
07-14 16:14:00.960 D/StatusBar.BatteryController( 482): now old status is 5
07-14 16:14:10.660 W/ThrottleService( 275): unable to find stats for iface rmnet0
07-14 16:14:10.970 V/StatusBar.BatteryController( 482): status5batteryHealth 2
07-14 16:14:10.970 D/StatusBar.BatteryController( 482): mOldstatus5status 5
07-14 16:14:10.980 D/StatusBar.BatteryController( 482): now old status is 5
07-14 16:14:21.000 V/StatusBar.BatteryController( 482): status5batteryHealth 2
07-14 16:14:21.000 D/StatusBar.BatteryController( 482): mOldstatus5status 5
07-14 16:14:21.000 D/StatusBar.BatteryController( 482): now old status is 5
07-14 16:14:31.010 V/StatusBar.BatteryController( 482): status5batteryHealth 2
07-14 16:14:31.010 D/StatusBar.BatteryController( 482): mOldstatus5status 5
07-14 16:14:31.010 D/StatusBar.BatteryController( 482): now old status is 5
07-14 16:14:41.030 V/StatusBar.BatteryController( 482): status5batteryHealth 2
07-14 16:14:41.030 D/StatusBar.BatteryController( 482): mOldstatus5status 5
07-14 16:14:41.030 D/StatusBar.BatteryController( 482): now old status is 5
07-14 16:14:51.060 V/StatusBar.BatteryController( 482): status5batteryHealth 2
07-14 16:14:51.060 D/StatusBar.BatteryController( 482): mOldstatus5status 5
07-14 16:14:51.060 D/StatusBar.BatteryController( 482): now old status is 5
07-14 16:14:51.420 D/SensorManager( 768): registerListener :: handle = 0 name= BOSCH 3-axis Accelerometer delay= 10000 Listener= kvo@4133e060
07-14 16:14:51.420 E/SensorManager( 768): thread start
07-14 16:14:51.420 E/SensorManager( 768): =======>>>Sensor Thread RUNNING <<<========
07-14 16:14:52.110 I/SensorManager( 768): Set normal delay = true
07-14 16:14:52.190 D/SensorManager( 768): unregisterListener:: disable all sensors for this listener, name = BOSCH 3-axis Accelerometer listener = kvo@4133e060
07-14 16:14:58.130 W/SignalStrength( 275): getCdmaLevel=2
07-14 16:14:58.130 W/SignalStrength( 275): getEvdoLevel=0
07-14 16:14:58.130 W/SignalStrength( 275): getCdmaLevel=2
07-14 16:14:58.130 W/SignalStrength( 275): getLevel=2
07-14 16:14:58.130 W/SignalStrength( 482): getCdmaLevel=2
07-14 16:14:58.130 W/SignalStrength( 482): getEvdoLevel=0
07-14 16:14:58.130 W/SignalStrength( 482): getCdmaLevel=2
07-14 16:14:58.130 W/SignalStrength( 482): getLevel=2
07-14 16:15:01.080 V/StatusBar.BatteryController( 482): status5batteryHealth 2
07-14 16:15:01.080 D/StatusBar.BatteryController( 482): mOldstatus5status 5
07-14 16:15:01.080 D/StatusBar.BatteryController( 482): now old status is 5
07-14 16:15:03.130 W/SignalStrength( 482): getCdmaLevel=3
07-14 16:15:03.130 W/SignalStrength( 482): getEvdoLevel=0
07-14 16:15:03.130 W/SignalStrength( 482): getCdmaLevel=3
07-14 16:15:03.130 W/SignalStrength( 482): getLevel=3
07-14 16:15:03.130 W/SignalStrength( 275): getCdmaLevel=3
07-14 16:15:03.130 W/SignalStrength( 275): getEvdoLevel=0
07-14 16:15:03.130 W/SignalStrength( 275): getCdmaLevel=3
07-14 16:15:03.130 W/SignalStrength( 275): getLevel=3
07-14 16:15:10.130 W/SignalStrength( 275): getCdmaLevel=2
07-14 16:15:10.130 W/SignalStrength( 275): getEvdoLevel=0
07-14 16:15:10.130 W/SignalStrength( 275): getCdmaLevel=2
07-14 16:15:10.130 W/SignalStrength( 275): getLevel=2
07-14 16:15:10.130 W/SignalStrength( 482): getCdmaLevel=2
07-14 16:15:10.130 W/SignalStrength( 482): getEvdoLevel=0
07-14 16:15:10.130 W/SignalStrength( 482): getCdmaLevel=2
07-14 16:15:10.130 W/SignalStrength( 482): getLevel=2
07-14 16:15:11.090 V/StatusBar.BatteryController( 482): status5batteryHealth 2
07-14 16:15:11.090 D/StatusBar.BatteryController( 482): mOldstatus5status 5
07-14 16:15:11.090 D/StatusBar.BatteryController( 482): now old status is 5
07-14 16:15:13.130 W/SignalStrength( 275): getCdmaLevel=3
07-14 16:15:13.130 W/SignalStrength( 275): getEvdoLevel=0
07-14 16:15:13.130 W/SignalStrength( 275): getCdmaLevel=3
07-14 16:15:13.130 W/SignalStrength( 275): getLevel=3
07-14 16:15:13.140 W/SignalStrength( 482): getCdmaLevel=3
07-14 16:15:13.140 W/SignalStrength( 482): getEvdoLevel=0
07-14 16:15:13.140 W/SignalStrength( 482): getCdmaLevel=3
07-14 16:15:13.140 W/SignalStrength( 482): getLevel=3
07-14 16:15:21.120 V/StatusBar.BatteryController( 482): status5batteryHealth 2
07-14 16:15:21.120 D/StatusBar.BatteryController( 482): mOldstatus5status 5
07-14 16:15:21.120 D/StatusBar.BatteryController( 482): now old status is 5
07-14 16:15:26.140 W/SignalStrength( 482): getCdmaLevel=2
07-14 16:15:26.140 W/SignalStrength( 482): getEvdoLevel=0
07-14 16:15:26.140 W/SignalStrength( 482): getCdmaLevel=2
07-14 16:15:26.140 W/SignalStrength( 482): getLevel=2
07-14 16:15:26.140 W/SignalStrength( 275): getCdmaLevel=2
07-14 16:15:26.140 W/SignalStrength( 275): getEvdoLevel=0
07-14 16:15:26.140 W/SignalStrength( 275): getCdmaLevel=2
07-14 16:15:26.140 W/SignalStrength( 275): getLevel=2
07-14 16:15:27.140 W/SignalStrength( 275): getCdmaLevel=3
07-14 16:15:27.140 W/SignalStrength( 275): getEvdoLevel=0
07-14 16:15:27.140 W/SignalStrength( 275): getCdmaLevel=3
07-14 16:15:27.140 W/SignalStrength( 275): getLevel=3
07-14 16:15:27.140 W/SignalStrength( 482): getCdmaLevel=3
07-14 16:15:27.140 W/SignalStrength( 482): getEvdoLevel=0
07-14 16:15:27.140 W/SignalStrength( 482): getCdmaLevel=3
07-14 16:15:27.140 W/SignalStrength( 482): getLevel=3
07-14 16:15:31.140 V/StatusBar.BatteryController( 482): status5batteryHealth 2
07-14 16:15:31.140 D/StatusBar.BatteryController( 482): mOldstatus5status 5
07-14 16:15:31.140 D/StatusBar.BatteryController( 482): now old status is 5
07-14 16:15:39.140 W/SignalStrength( 275): getCdmaLevel=2
07-14 16:15:39.140 W/SignalStrength( 275): getEvdoLevel=0
07-14 16:15:39.140 W/SignalStrength( 275): getCdmaLevel=2
07-14 16:15:39.140 W/SignalStrength( 275): getLevel=2
07-14 16:15:39.150 W/SignalStrength( 482): getCdmaLevel=2
07-14 16:15:39.150 W/SignalStrength( 482): getEvdoLevel=0
07-14 16:15:39.150 W/SignalStrength( 482): getCdmaLevel=2
07-14 16:15:39.150 W/SignalStrength( 482): getLevel=2
07-14 16:15:41.160 V/StatusBar.BatteryController( 482): status5batteryHealth 2
07-14 16:15:41.160 D/StatusBar.BatteryController( 482): mOldstatus5status 5
07-14 16:15:41.160 D/StatusBar.BatteryController( 482): now old status is 5
07-14 16:15:46.140 W/SignalStrength( 275): getCdmaLevel=3
07-14 16:15:46.140 W/SignalStrength( 275): getEvdoLevel=0
07-14 16:15:46.140 W/SignalStrength( 275): getCdmaLevel=3
07-14 16:15:46.140 W/SignalStrength( 275): getLevel=3
07-14 16:15:46.150 W/SignalStrength( 482): getCdmaLevel=3
07-14 16:15:46.150 W/SignalStrength( 482): getEvdoLevel=0
07-14 16:15:46.150 W/SignalStrength( 482): getCdmaLevel=3
07-14 16:15:46.150 W/SignalStrength( 482): getLevel=3
07-14 16:15:50.140 W/SignalStrength( 275): getCdmaLevel=2
07-14 16:15:50.140 W/SignalStrength( 275): getEvdoLevel=0
07-14 16:15:50.140 W/SignalStrength( 275): getCdmaLevel=2
07-14 16:15:50.140 W/SignalStrength( 275): getLevel=2
07-14 16:15:50.150 W/SignalStrength( 482): getCdmaLevel=2
07-14 16:15:50.150 W/SignalStrength( 482): getEvdoLevel=0
07-14 16:15:50.150 W/SignalStrength( 482): getCdmaLevel=2
07-14 16:15:50.150 W/SignalStrength( 482): getLevel=2
07-14 16:15:51.170 V/StatusBar.BatteryController( 482): status5batteryHealth 2
07-14 16:15:51.180 D/StatusBar.BatteryController( 482): mOldstatus5status 5
07-14 16:15:51.180 D/StatusBar.BatteryController( 482): now old status is 5
07-14 16:15:53.150 W/SignalStrength( 482): getCdmaLevel=3
07-14 16:15:53.150 W/SignalStrength( 482): getEvdoLevel=0
07-14 16:15:53.150 W/SignalStrength( 482): getCdmaLevel=3
07-14 16:15:53.150 W/SignalStrength( 482): getLevel=3
07-14 16:15:53.150 W/SignalStrength( 275): getCdmaLevel=3
07-14 16:15:53.150 W/SignalStrength( 275): getEvdoLevel=0
07-14 16:15:53.150 W/SignalStrength( 275): getCdmaLevel=3
07-14 16:15:53.150 W/SignalStrength( 275): getLevel=3
07-14 16:16:11.210 V/StatusBar.BatteryController( 482): status5batteryHealth 2
07-14 16:16:11.210 D/StatusBar.BatteryController( 482): mOldstatus5status 5
07-14 16:16:11.210 D/StatusBar.BatteryController( 482): now old status is 5
07-14 16:16:21.230 V/StatusBar.BatteryController( 482): status5batteryHealth 2
07-14 16:16:21.230 D/StatusBar.BatteryController( 482): mOldstatus5status 5
07-14 16:16:21.230 D/StatusBar.BatteryController( 482): now old status is 5
07-14 16:16:31.250 V/StatusBar.BatteryController( 482): status5batteryHealth 2
07-14 16:16:31.250 D/StatusBar.BatteryController( 482): mOldstatus5status 5
07-14 16:16:31.250 D/StatusBar.BatteryController( 482): now old status is 5
07-14 16:16:41.270 V/StatusBar.BatteryController( 482): status5batteryHealth 2
07-14 16:16:41.270 D/StatusBar.BatteryController( 482): mOldstatus5status 5
07-14 16:16:41.270 D/StatusBar.BatteryController( 482): now old status is 5
07-14 16:17:01.310 V/StatusBar.BatteryController( 482): status5batteryHealth 2
07-14 16:17:01.310 D/StatusBar.BatteryController( 482): mOldstatus5status 5
07-14 16:17:01.310 D/StatusBar.BatteryController( 482): now old status is 5
07-14 16:17:11.330 V/StatusBar.BatteryController( 482): status5batteryHealth 2
07-14 16:17:11.330 D/StatusBar.BatteryController( 482): mOldstatus5status 5
07-14 16:17:11.330 D/StatusBar.BatteryController( 482): now old status is 5
07-14 16:17:21.350 V/StatusBar.BatteryController( 482): status5batteryHealth 2
07-14 16:17:21.350 D/StatusBar.BatteryController( 482): mOldstatus5status 5
07-14 16:17:21.350 D/StatusBar.BatteryController( 482): now old status is 5
07-14 16:17:31.370 V/StatusBar.BatteryController( 482): status5batteryHealth 2
07-14 16:17:31.370 D/StatusBar.BatteryController( 482): mOldstatus5status 5
07-14 16:17:31.370 D/StatusBar.BatteryController( 482): now old status is 5
07-14 16:17:34.190 W/SignalStrength( 275): getCdmaLevel=2
07-14 16:17:34.190 W/SignalStrength( 275): getEvdoLevel=0
07-14 16:17:34.190 W/SignalStrength( 275): getCdmaLevel=2
07-14 16:17:34.190 W/SignalStrength( 275): getLevel=2
07-14 16:17:34.200 W/SignalStrength( 482): getCdmaLevel=2
07-14 16:17:34.200 W/SignalStrength( 482): getEvdoLevel=0
07-14 16:17:34.200 W/SignalStrength( 482): getCdmaLevel=2
07-14 16:17:34.200 W/SignalStrength( 482): getLevel=2
07-14 16:17:35.190 W/SignalStrength( 275): getCdmaLevel=3
07-14 16:17:35.190 W/SignalStrength( 275): getEvdoLevel=0
07-14 16:17:35.190 W/SignalStrength( 275): getCdmaLevel=3
07-14 16:17:35.190 W/SignalStrength( 275): getLevel=3
07-14 16:17:35.200 W/SignalStrength( 482): getCdmaLevel=3
07-14 16:17:35.200 W/SignalStrength( 482): getEvdoLevel=0
07-14 16:17:35.200 W/SignalStrength( 482): getCdmaLevel=3
07-14 16:17:35.200 W/SignalStrength( 482): getLevel=3
07-14 16:17:41.400 V/StatusBar.BatteryController( 482): status5batteryHealth 2
07-14 16:17:41.400 D/StatusBar.BatteryController( 482): mOldstatus5status 5
07-14 16:17:41.400 D/StatusBar.BatteryController( 482): now old status is 5
07-14 16:17:50.360 D/SensorManager( 768): registerListener :: handle = 0 name= BOSCH 3-axis Accelerometer delay= 10000 Listener= kvo@4128b598
07-14 16:17:50.360 E/SensorManager( 768): thread start
07-14 16:17:50.360 E/SensorManager( 768): =======>>>Sensor Thread RUNNING <<<========
07-14 16:17:51.060 I/SensorManager( 768): Set normal delay = true
07-14 16:17:51.140 D/SensorManager( 768): unregisterListener:: disable all sensors for this listener, name = BOSCH 3-axis Accelerometer listener = kvo@4128b598
07-14 16:18:31.500 V/StatusBar.BatteryController( 482): status5batteryHealth 2
07-14 16:18:31.500 D/StatusBar.BatteryController( 482): mOldstatus5status 5
07-14 16:18:31.500 D/StatusBar.BatteryController( 482): now old status is 5
07-14 16:18:41.510 V/StatusBar.BatteryController( 482): status5batteryHealth 2
07-14 16:18:41.510 D/StatusBar.BatteryController( 482): mOldstatus5status 5
07-14 16:18:41.510 D/StatusBar.BatteryController( 482): now old status is 5
07-14 16:19:01.560 V/StatusBar.BatteryController( 482): status5batteryHealth 2
07-14 16:19:01.560 D/StatusBar.BatteryController( 482): mOldstatus5status 5
07-14 16:19:01.560 D/StatusBar.BatteryController( 482): now old status is 5
07-14 16:19:04.230 W/SignalStrength( 275): getCdmaLevel=2
07-14 16:19:04.230 W/SignalStrength( 275): getEvdoLevel=0
07-14 16:19:04.230 W/SignalStrength( 275): getCdmaLevel=2
07-14 16:19:04.230 W/SignalStrength( 275): getLevel=2
07-14 16:19:04.230 W/SignalStrength( 482): getCdmaLevel=2
07-14 16:19:04.230 W/SignalStrength( 482): getEvdoLevel=0
07-14 16:19:04.230 W/SignalStrength( 482): getCdmaLevel=2
07-14 16:19:04.230 W/SignalStrength( 482): getLevel=2
07-14 16:19:09.230 W/SignalStrength( 275): getCdmaLevel=3
07-14 16:19:09.230 W/SignalStrength( 275): getEvdoLevel=0
07-14 16:19:09.230 W/SignalStrength( 275): getCdmaLevel=3
07-14 16:19:09.230 W/SignalStrength( 275): getLevel=3
07-14 16:19:09.240 W/SignalStrength( 482): getCdmaLevel=3
07-14 16:19:09.240 W/SignalStrength( 482): getEvdoLevel=0
07-14 16:19:09.240 W/SignalStrength( 482): getCdmaLevel=3
07-14 16:19:09.240 W/SignalStrength( 482): getLevel=3
07-14 16:19:11.570 V/StatusBar.BatteryController( 482): status5batteryHealth 2
07-14 16:19:11.570 D/StatusBar.BatteryController( 482): mOldstatus5status 5
07-14 16:19:11.570 D/StatusBar.BatteryController( 482): now old status is 5
07-14 16:19:14.230 W/SignalStrength( 275): getCdmaLevel=2
07-14 16:19:14.230 W/SignalStrength( 275): getEvdoLevel=0
07-14 16:19:14.230 W/SignalStrength( 275): getCdmaLevel=2
07-14 16:19:14.230 W/SignalStrength( 275): getLevel=2
07-14 16:19:14.240 W/SignalStrength( 482): getCdmaLevel=2
07-14 16:19:14.240 W/SignalStrength( 482): getEvdoLevel=0
07-14 16:19:14.240 W/SignalStrength( 482): getCdmaLevel=2
07-14 16:19:14.240 W/SignalStrength( 482): getLevel=2
07-14 16:19:23.240 W/SignalStrength( 275): getCdmaLevel=3
07-14 16:19:23.240 W/SignalStrength( 275): getEvdoLevel=0
07-14 16:19:23.240 W/SignalStrength( 275): getCdmaLevel=3
07-14 16:19:23.240 W/SignalStrength( 275): getLevel=3
07-14 16:19:23.240 W/SignalStrength( 482): getCdmaLevel=3
07-14 16:19:23.240 W/SignalStrength( 482): getEvdoLevel=0
07-14 16:19:23.240 W/SignalStrength( 482): getCdmaLevel=3
07-14 16:19:23.240 W/SignalStrength( 482): getLevel=3
07-14 16:19:47.250 W/SignalStrength( 275): getCdmaLevel=2
07-14 16:19:47.250 W/SignalStrength( 275): getEvdoLevel=0
07-14 16:19:47.250 W/SignalStrength( 275): getCdmaLevel=2
07-14 16:19:47.250 W/SignalStrength( 275): getLevel=2
07-14 16:19:47.250 W/SignalStrength( 482): getCdmaLevel=2
07-14 16:19:47.250 W/SignalStrength( 482): getEvdoLevel=0
07-14 16:19:47.250 W/SignalStrength( 482): getCdmaLevel=2
07-14 16:19:47.250 W/SignalStrength( 482): getLevel=2
07-14 16:19:48.250 W/SignalStrength( 275): getCdmaLevel=3
07-14 16:19:48.250 W/SignalStrength( 275): getEvdoLevel=0
07-14 16:19:48.250 W/SignalStrength( 275): getCdmaLevel=3
07-14 16:19:48.250 W/SignalStrength( 275): getLevel=3
07-14 16:19:48.250 W/SignalStrength( 482): getCdmaLevel=3
07-14 16:19:48.250 W/SignalStrength( 482): getEvdoLevel=0
07-14 16:19:48.250 W/SignalStrength( 482): getCdmaLevel=3
07-14 16:19:48.250 W/SignalStrength( 482): getLevel=3
07-14 16:19:51.650 V/StatusBar.BatteryController( 482): status5batteryHealth 2
07-14 16:19:51.650 D/StatusBar.BatteryController( 482): mOldstatus5status 5
07-14 16:19:51.650 D/StatusBar.BatteryController( 482): now old status is 5
07-14 16:19:54.250 W/SignalStrength( 275): getCdmaLevel=2
07-14 16:19:54.250 W/SignalStrength( 275): getEvdoLevel=0
07-14 16:19:54.250 W/SignalStrength( 275): getCdmaLevel=2
07-14 16:19:54.250 W/SignalStrength( 275): getLevel=2
07-14 16:19:54.250 W/SignalStrength( 482): getCdmaLevel=2
07-14 16:19:54.250 W/SignalStrength( 482): getEvdoLevel=0
07-14 16:19:54.250 W/SignalStrength( 482): getCdmaLevel=2
07-14 16:19:54.250 W/SignalStrength( 482): getLevel=2
07-14 16:20:01.680 V/StatusBar.BatteryController( 482): status5batteryHealth 2
07-14 16:20:01.680 D/StatusBar.BatteryController( 482): mOldstatus5status 5
07-14 16:20:01.680 D/StatusBar.BatteryController( 482): now old status is 5
07-14 16:20:15.260 W/SignalStrength( 275): getCdmaLevel=3
07-14 16:20:15.260 W/SignalStrength( 275): getEvdoLevel=0
07-14 16:20:15.260 W/SignalStrength( 275): getCdmaLevel=3
07-14 16:20:15.260 W/SignalStrength( 275): getLevel=3
07-14 16:20:15.260 W/SignalStrength( 482): getCdmaLevel=3
07-14 16:20:15.260 W/SignalStrength( 482): getEvdoLevel=0
07-14 16:20:15.260 W/SignalStrength( 482): getCdmaLevel=3
07-14 16:20:15.260 W/SignalStrength( 482): getLevel=3
07-14 16:20:21.710 V/StatusBar.BatteryController( 482): status5batteryHealth 2
07-14 16:20:21.710 D/StatusBar.BatteryController( 482): mOldstatus5status 5
07-14 16:20:21.710 D/StatusBar.BatteryController( 482): now old status is 5
07-14 16:20:23.260 W/SignalStrength( 275): getCdmaLevel=2
07-14 16:20:23.260 W/SignalStrength( 275): getEvdoLevel=0
07-14 16:20:23.260 W/SignalStrength( 275): getCdmaLevel=2
07-14 16:20:23.260 W/SignalStrength( 275): getLevel=2
07-14 16:20:23.260 W/SignalStrength( 482): getCdmaLevel=2
07-14 16:20:23.260 W/SignalStrength( 482): getEvdoLevel=0
07-14 16:20:23.260 W/SignalStrength( 482): getCdmaLevel=2
07-14 16:20:23.260 W/SignalStrength( 482): getLevel=2
07-14 16:20:24.260 W/SignalStrength( 275): getCdmaLevel=3
07-14 16:20:24.260 W/SignalStrength( 275): getEvdoLevel=0
07-14 16:20:24.260 W/SignalStrength( 275): getCdmaLevel=3
07-14 16:20:24.260 W/SignalStrength( 275): getLevel=3
07-14 16:20:24.260 W/SignalStrength( 482): getCdmaLevel=3
07-14 16:20:24.270 W/SignalStrength( 482): getEvdoLevel=0
07-14 16:20:24.270 W/SignalStrength( 482): getCdmaLevel=3
07-14 16:20:24.270 W/SignalStrength( 482): getLevel=3
07-14 16:20:30.260 W/SignalStrength( 275): getCdmaLevel=2
07-14 16:20:30.260 W/SignalStrength( 275): getEvdoLevel=0
07-14 16:20:30.260 W/SignalStrength( 275): getCdmaLevel=2
07-14 16:20:30.260 W/SignalStrength( 275): getLevel=2
07-14 16:20:30.270 W/SignalStrength( 482): getCdmaLevel=2
07-14 16:20:30.270 W/SignalStrength( 482): getEvdoLevel=0
07-14 16:20:30.270 W/SignalStrength( 482): getCdmaLevel=2
07-14 16:20:30.270 W/SignalStrength( 482): getLevel=2
07-14 16:20:31.730 V/StatusBar.BatteryController( 482): status5batteryHealth 2
07-14 16:20:31.730 D/StatusBar.BatteryController( 482): mOldstatus5status 5
07-14 16:20:31.730 D/StatusBar.BatteryController( 482): now old status is 5
07-14 16:20:36.270 W/SignalStrength( 482): getCdmaLevel=3
07-14 16:20:36.270 W/SignalStrength( 482): getEvdoLevel=0
07-14 16:20:36.270 W/SignalStrength( 482): getCdmaLevel=3
07-14 16:20:36.270 W/SignalStrength( 482): getLevel=3
07-14 16:20:36.270 W/SignalStrength( 275): getCdmaLevel=3
07-14 16:20:36.270 W/SignalStrength( 275): getEvdoLevel=0
07-14 16:20:36.270 W/SignalStrength( 275): getCdmaLevel=3
07-14 16:20:36.270 W/SignalStrength( 275): getLevel=3
07-14 16:20:41.750 V/StatusBar.BatteryController( 482): status5batteryHealth 2
07-14 16:20:41.750 D/StatusBar.BatteryController( 482): mOldstatus5status 5
07-14 16:20:41.750 D/StatusBar.BatteryController( 482): now old status is 5
07-14 16:20:49.320 D/SensorManager( 768): registerListener :: handle = 0 name= BOSCH 3-axis Accelerometer delay= 10000 Listener= kvo@414134f8
07-14 16:20:49.320 E/SensorManager( 768): thread start
07-14 16:20:49.320 E/SensorManager( 768): =======>>>Sensor Thread RUNNING <<<========
07-14 16:20:50.010 I/SensorManager( 768): Set normal delay = true
07-14 16:20:50.090 D/SensorManager( 768): unregisterListener:: disable all sensors for this listener, name = BOSCH 3-axis Accelerometer listener = kvo@414134f8
07-14 16:20:50.130 I/GCoreUlr( 768): Received powerMode change from NLP: com.google.android.location.activity.LOW_POWER_MODE_ENABLED
07-14 16:20:50.130 I/GCoreUlr( 768): Starting service, intent=Intent { act=com.google.android.location.reporting.ACTION_UPDATE_ACTIVE_STATE cmp=xxxx }, extras=null
07-14 16:20:50.180 I/GCoreUlr( 768): Ensuring that reporting is active for [account#15#]
07-14 16:20:50.180 I/GCoreUlr( 768): Starting service, intent=Intent { act=com.google.android.location.reporting.ACTION_LOCATION_STATUS cmp=xxxx (has extras) }, extras=Bundle[{status=LocationStatus[cell status: STATUS_UNKNOWN, wifi status: STATUS_UNKNOWN, elapsed realtime ns: 0]}]
07-14 16:20:51.780 V/StatusBar.BatteryController( 482): status5batteryHealth 2
07-14 16:20:51.780 D/StatusBar.BatteryController( 482): mOldstatus5status 5
07-14 16:20:51.780 D/StatusBar.BatteryController( 482): now old status is 5
07-14 16:21:01.800 V/StatusBar.BatteryController( 482): status5batteryHealth 2
07-14 16:21:01.800 D/StatusBar.BatteryController( 482): mOldstatus5status 5
07-14 16:21:01.800 D/StatusBar.BatteryController( 482): now old status is 5
07-14 16:21:31.860 V/StatusBar.BatteryController( 482): status5batteryHealth 2
07-14 16:21:31.860 D/StatusBar.BatteryController( 482): mOldstatus5status 5
07-14 16:21:31.860 D/StatusBar.BatteryController( 482): now old status is 5
07-14 16:21:41.870 V/StatusBar.BatteryController( 482): status5batteryHealth 2
07-14 16:21:41.870 D/StatusBar.BatteryController( 482): mOldstatus5status 5
07-14 16:21:41.870 D/StatusBar.BatteryController( 482): now old status is 5
07-14 16:21:45.290 W/SignalStrength( 275): getCdmaLevel=2
07-14 16:21:45.290 W/SignalStrength( 275): getEvdoLevel=0
07-14 16:21:45.290 W/SignalStrength( 275): getCdmaLevel=2
07-14 16:21:45.290 W/SignalStrength( 275): getLevel=2
07-14 16:21:45.300 W/SignalStrength( 482): getCdmaLevel=2
07-14 16:21:45.300 W/SignalStrength( 482): getEvdoLevel=0
07-14 16:21:45.300 W/SignalStrength( 482): getCdmaLevel=2
07-14 16:21:45.300 W/SignalStrength( 482): getLevel=2
07-14 16:21:46.290 W/SignalStrength( 275): getCdmaLevel=3
07-14 16:21:46.290 W/SignalStrength( 275): getEvdoLevel=0
07-14 16:21:46.290 W/SignalStrength( 275): getCdmaLevel=3
07-14 16:21:46.290 W/SignalStrength( 275): getLevel=3
07-14 16:21:46.300 W/SignalStrength( 482): getCdmaLevel=3
07-14 16:21:46.300 W/SignalStrength( 482): getEvdoLevel=0
07-14 16:21:46.300 W/SignalStrength( 482): getCdmaLevel=3
07-14 16:21:46.300 W/SignalStrength( 482): getLevel=3
07-14 16:21:51.900 V/StatusBar.BatteryController( 482): status5batteryHealth 2
07-14 16:21:51.900 D/StatusBar.BatteryController( 482): mOldstatus5status 5
07-14 16:21:51.900 D/StatusBar.BatteryController( 482): now old status is 5
07-14 16:22:01.920 V/StatusBar.BatteryController( 482): status5batteryHealth 2
07-14 16:22:01.920 D/StatusBar.BatteryController( 482): mOldstatus5status 5
07-14 16:22:01.920 D/StatusBar.BatteryController( 482): now old status is 5
07-14 16:22:03.870 I/EventLogService( 736): Aggregate from 1405367523705 (log), 1405367523705 (data)
07-14 16:22:21.960 V/StatusBar.BatteryController( 482): status5batteryHealth 2
07-14 16:22:21.960 D/StatusBar.BatteryController( 482): mOldstatus5status 5
07-14 16:22:21.960 D/StatusBar.BatteryController( 482): now old status is 5
07-14 16:22:31.980 V/StatusBar.BatteryController( 482): status5batteryHealth 2
07-14 16:22:31.980 D/StatusBar.BatteryController( 482): mOldstatus5status 5
07-14 16:22:31.980 D/StatusBar.BatteryController( 482): now old status is 5
07-14 16:22:41.990 V/StatusBar.BatteryController( 482): status5batteryHealth 2
07-14 16:22:41.990 D/StatusBar.BatteryController( 482): mOldstatus5status 5
07-14 16:22:41.990 D/StatusBar.BatteryController( 482): now old status is 5
07-14 16:22:55.330 W/SignalStrength( 275): getCdmaLevel=2
07-14 16:22:55.330 W/SignalStrength( 275): getEvdoLevel=0
07-14 16:22:55.330 W/SignalStrength( 275): getCdmaLevel=2
07-14 16:22:55.330 W/SignalStrength( 275): getLevel=2
07-14 16:22:55.330 W/SignalStrength( 482): getCdmaLevel=2
07-14 16:22:55.330 W/SignalStrength( 482): getEvdoLevel=0
07-14 16:22:55.330 W/SignalStrength( 482): getCdmaLevel=2
07-14 16:22:55.330 W/SignalStrength( 482): getLevel=2
07-14 16:22:58.330 W/SignalStrength( 275): getCdmaLevel=3
07-14 16:22:58.330 W/SignalStrength( 275): getEvdoLevel=0
07-14 16:22:58.330 W/SignalStrength( 275): getCdmaLevel=3
07-14 16:22:58.330 W/SignalStrength( 275): getLevel=3
07-14 16:22:58.330 W/SignalStrength( 482): getCdmaLevel=3
07-14 16:22:58.330 W/SignalStrength( 482): getEvdoLevel=0
07-14 16:22:58.330 W/SignalStrength( 482): getCdmaLevel=3
07-14 16:22:58.330 W/SignalStrength( 482): getLevel=3
07-14 16:23:02.040 V/StatusBar.BatteryController( 482): status5batteryHealth 2
07-14 16:23:02.040 D/StatusBar.BatteryController( 482): mOldstatus5status 5
07-14 16:23:02.040 D/StatusBar.BatteryController( 482): now old status is 5
07-14 16:23:12.050 V/StatusBar.BatteryController( 482): status5batteryHealth 2
07-14 16:23:12.050 D/StatusBar.BatteryController( 482): mOldstatus5status 5
07-14 16:23:12.050 D/StatusBar.BatteryController( 482): now old status is 5
07-14 16:23:32.110 V/StatusBar.BatteryController( 482): status5batteryHealth 2
07-14 16:23:32.110 D/StatusBar.BatteryController( 482): mOldstatus5status 5
07-14 16:23:32.110 D/StatusBar.BatteryController( 482): now old status is 5
07-14 16:23:42.120 V/StatusBar.BatteryController( 482): status5batteryHealth 2
07-14 16:23:42.120 D/StatusBar.BatteryController( 482): mOldstatus5status 5
07-14 16:23:42.120 D/StatusBar.BatteryController( 482): now old status is 5
07-14 16:23:48.280 D/SensorManager( 768): registerListener :: handle = 0 name= BOSCH 3-axis Accelerometer delay= 10000 Listener= kvo@4149b630
07-14 16:23:48.290 E/SensorManager( 768): thread start
07-14 16:23:48.290 E/SensorManager( 768): =======>>>Sensor Thread RUNNING <<<========
07-14 16:23:48.980 I/SensorManager( 768): Set normal delay = true
07-14 16:23:49.070 D/SensorManager( 768): unregisterListener:: disable all sensors for this listener, name = BOSCH 3-axis Accelerometer listener = kvo@4149b630
07-14 16:24:02.150 V/StatusBar.BatteryController( 482): status5batteryHealth 2
07-14 16:24:02.150 D/StatusBar.BatteryController( 482): mOldstatus5status 5
07-14 16:24:02.150 D/StatusBar.BatteryController( 482): now old status is 5
07-14 16:24:02.170 E/WifiStateMachine( 275): set suspend optimizations failed!
07-14 16:24:02.730 E/WifiStateMachine( 275): set suspend optimizations failed!
07-14 16:24:10.670 W/ThrottleService( 275): unable to find stats for iface rmnet0
07-14 16:24:12.170 V/StatusBar.BatteryController( 482): status5batteryHealth 2
07-14 16:24:12.170 D/StatusBar.BatteryController( 482): mOldstatus5status 5
07-14 16:24:12.170 D/StatusBar.BatteryController( 482): now old status is 5
07-14 16:24:17.190 D/Tethering( 275): interfaceLinkStateChanged wlan0, true
07-14 16:24:17.190 D/Tethering( 275): interfaceStatusChanged wlan0, true
07-14 16:24:22.190 V/StatusBar.BatteryController( 482): status5batteryHealth 2
07-14 16:24:22.200 D/StatusBar.BatteryController( 482): mOldstatus5status 5
07-14 16:24:22.200 D/StatusBar.BatteryController( 482): now old status is 5
07-14 16:24:28.920 D/Tethering( 275): interfaceLinkStateChanged wlan0, true
07-14 16:24:28.920 D/Tethering( 275): interfaceStatusChanged wlan0, true
07-14 16:24:32.220 V/StatusBar.BatteryController( 482): status5batteryHealth 2
07-14 16:24:32.220 D/StatusBar.BatteryController( 482): mOldstatus5status 5
07-14 16:24:32.220 D/StatusBar.BatteryController( 482): now old status is 5
07-14 16:24:34.360 W/SignalStrength( 275): getCdmaLevel=2
07-14 16:24:34.360 W/SignalStrength( 275): getEvdoLevel=0
07-14 16:24:34.360 W/SignalStrength( 275): getCdmaLevel=2
07-14 16:24:34.360 W/SignalStrength( 275): getLevel=2
07-14 16:24:34.370 W/SignalStrength( 482): getCdmaLevel=2
07-14 16:24:34.370 W/SignalStrength( 482): getEvdoLevel=0
07-14 16:24:34.370 W/SignalStrength( 482): getCdmaLevel=2
07-14 16:24:34.370 W/SignalStrength( 482): getLevel=2
07-14 16:24:36.360 W/SignalStrength( 275): getCdmaLevel=3
07-14 16:24:36.360 W/SignalStrength( 275): getEvdoLevel=0
07-14 16:24:36.360 W/SignalStrength( 275): getCdmaLevel=3
07-14 16:24:36.360 W/SignalStrength( 275): getLevel=3
07-14 16:24:36.370 W/SignalStrength( 482): getCdmaLevel=3
07-14 16:24:36.370 W/SignalStrength( 482): getEvdoLevel=0
07-14 16:24:36.370 W/SignalStrength( 482): getCdmaLevel=3
07-14 16:24:36.370 W/SignalStrength( 482): getLevel=3
07-14 16:24:45.620 D/Tethering( 275): interfaceLinkStateChanged wlan0, true
07-14 16:24:45.620 D/Tethering( 275): interfaceStatusChanged wlan0, true
07-14 16:24:52.260 V/StatusBar.BatteryController( 482): status5batteryHealth 2
07-14 16:24:52.260 D/StatusBar.BatteryController( 482): mOldstatus5status 5
07-14 16:24:52.260 D/StatusBar.BatteryController( 482): now old status is 5
07-14 16:24:52.370 W/SignalStrength( 275): getCdmaLevel=3
07-14 16:24:52.370 W/SignalStrength( 275): getEvdoLevel=0
07-14 16:24:52.370 W/SignalStrength( 275): getCdmaLevel=3
07-14 16:24:52.370 W/SignalStrength( 275): getLevel=3
07-14 16:24:52.370 W/SignalStrength( 482): getCdmaLevel=3
07-14 16:24:52.370 W/SignalStrength( 482): getEvdoLevel=0
07-14 16:24:52.370 W/SignalStrength( 482): getCdmaLevel=3
07-14 16:24:52.370 W/SignalStrength( 482): getLevel=3
07-14 16:25:02.280 V/StatusBar.BatteryController( 482): status5batteryHealth 2
07-14 16:25:02.280 D/StatusBar.BatteryController( 482): mOldstatus5status 5
07-14 16:25:02.280 D/StatusBar.BatteryController( 482): now old status is 5
07-14 16:25:15.700 D/GCM ( 592): Ignoring attempt to send heartbeat on dead connection.
07-14 16:25:28.980 D/Tethering( 275): interfaceLinkStateChanged wlan0, true
07-14 16:25:28.980 D/Tethering( 275): interfaceStatusChanged wlan0, true
07-14 16:25:32.340 V/StatusBar.BatteryController( 482): status5batteryHealth 2
07-14 16:25:32.340 D/StatusBar.BatteryController( 482): mOldstatus5status 5
07-14 16:25:32.340 D/StatusBar.BatteryController( 482): now old status is 5
07-14 16:25:33.380 W/SignalStrength( 275): getCdmaLevel=3
07-14 16:25:33.380 W/SignalStrength( 275): getEvdoLevel=0
07-14 16:25:33.380 W/SignalStrength( 275): getCdmaLevel=3
07-14 16:25:33.380 W/SignalStrength( 275): getLevel=3
07-14 16:25:33.390 W/SignalStrength( 482): getCdmaLevel=3
07-14 16:25:33.390 W/SignalStrength( 482): getEvdoLevel=0
07-14 16:25:33.390 W/SignalStrength( 482): getCdmaLevel=3
07-14 16:25:33.390 W/SignalStrength( 482): getLevel=3
07-14 16:25:42.350 V/StatusBar.BatteryController( 482): status5batteryHealth 2
07-14 16:25:42.350 D/StatusBar.BatteryController( 482): mOldstatus5status 5
07-14 16:25:42.350 D/StatusBar.BatteryController( 482): now old status is 5
07-14 16:26:02.400 V/StatusBar.BatteryController( 482): status5batteryHealth 2
07-14 16:26:02.400 D/StatusBar.BatteryController( 482): mOldstatus5status 5
07-14 16:26:02.400 D/StatusBar.BatteryController( 482): now old status is 5
07-14 16:26:12.410 V/StatusBar.BatteryController( 482): status5batteryHealth 2
07-14 16:26:12.410 D/StatusBar.BatteryController( 482): mOldstatus5status 5
07-14 16:26:12.410 D/StatusBar.BatteryController( 482): now old status is 5
07-14 16:26:19.400 W/SignalStrength( 275): getCdmaLevel=2
07-14 16:26:19.400 W/SignalStrength( 275): getEvdoLevel=0
07-14 16:26:19.400 W/SignalStrength( 275): getCdmaLevel=2
07-14 16:26:19.400 W/SignalStrength( 275): getLevel=2
07-14 16:26:19.420 W/SignalStrength( 482): getCdmaLevel=2
07-14 16:26:19.420 W/SignalStrength( 482): getEvdoLevel=0
07-14 16:26:19.420 W/SignalStrength( 482): getCdmaLevel=2
07-14 16:26:19.420 W/SignalStrength( 482): getLevel=2
07-14 16:26:22.440 V/StatusBar.BatteryController( 482): status5batteryHealth 2
07-14 16:26:22.440 D/StatusBar.BatteryController( 482): mOldstatus5status 5
07-14 16:26:22.440 D/StatusBar.BatteryController( 482): now old status is 5
07-14 16:26:28.410 W/SignalStrength( 275): getCdmaLevel=3
07-14 16:26:28.410 W/SignalStrength( 482): getCdmaLevel=3
07-14 16:26:28.410 W/SignalStrength( 482): getEvdoLevel=0
07-14 16:26:28.410 W/SignalStrength( 482): getCdmaLevel=3
07-14 16:26:28.410 W/SignalStrength( 482): getLevel=3
07-14 16:26:28.410 W/SignalStrength( 275): getEvdoLevel=0
07-14 16:26:28.410 W/SignalStrength( 275): getCdmaLevel=3
07-14 16:26:28.410 W/SignalStrength( 275): getLevel=3
07-14 16:26:32.460 V/StatusBar.BatteryController( 482): status5batteryHealth 2
07-14 16:26:32.460 D/StatusBar.BatteryController( 482): mOldstatus5status 5
07-14 16:26:32.460 D/StatusBar.BatteryController( 482): now old status is 5
07-14 16:26:35.410 W/SignalStrength( 275): getCdmaLevel=2
07-14 16:26:35.410 W/SignalStrength( 275): getEvdoLevel=0
07-14 16:26:35.410 W/SignalStrength( 275): getCdmaLevel=2
07-14 16:26:35.410 W/SignalStrength( 275): getLevel=2
07-14 16:26:35.410 W/SignalStrength( 482): getCdmaLevel=2
07-14 16:26:35.410 W/SignalStrength( 482): getEvdoLevel=0
07-14 16:26:35.410 W/SignalStrength( 482): getCdmaLevel=2
07-14 16:26:35.410 W/SignalStrength( 482): getLevel=2
07-14 16:26:42.470 V/StatusBar.BatteryController( 482): status5batteryHealth 2
07-14 16:26:42.470 D/StatusBar.BatteryController( 482): mOldstatus5status 5
07-14 16:26:42.470 D/StatusBar.BatteryController( 482): now old status is 5
07-14 16:26:43.410 W/SignalStrength( 275): getCdmaLevel=3
07-14 16:26:43.410 W/SignalStrength( 275): getEvdoLevel=0
07-14 16:26:43.410 W/SignalStrength( 275): getCdmaLevel=3
07-14 16:26:43.410 W/SignalStrength( 275): getLevel=3
07-14 16:26:43.410 W/SignalStrength( 482): getCdmaLevel=3
07-14 16:26:43.420 W/SignalStrength( 482): getEvdoLevel=0
07-14 16:26:43.420 W/SignalStrength( 482): getCdmaLevel=3
07-14 16:26:43.420 W/SignalStrength( 482): getLevel=3
07-14 16:26:53.290 E/WifiStateMachine( 275): set suspend optimizations failed!
07-14 16:26:53.320 D/SensorManager( 768): registerListener :: handle = 0 name= BOSCH 3-axis Accelerometer delay= 10000 Listener= kvo@413f3c78
07-14 16:26:53.320 E/SensorManager( 768): thread start
07-14 16:26:53.320 E/SensorManager( 768): =======>>>Sensor Thread RUNNING <<<========
07-14 16:26:54.030 D/Tethering( 275): interfaceLinkStateChanged wlan0, true
07-14 16:26:54.030 D/Tethering( 275): interfaceStatusChanged wlan0, true
07-14 16:26:54.040 D/Tethering( 275): interfaceLinkStateChanged wlan0, true
07-14 16:26:54.040 D/Tethering( 275): interfaceStatusChanged wlan0, true
07-14 16:26:54.180 I/SensorManager( 768): Set normal delay = true
07-14 16:26:54.250 D/SensorManager( 768): unregisterListener:: disable all sensors for this listener, name = BOSCH 3-axis Accelerometer listener = kvo@413f3c78
07-14 16:26:54.260 E/WifiStateMachine( 275): set suspend optimizations failed!
07-14 16:26:54.400 I/GCoreUlr( 768): Successfully inserted location
07-14 16:26:54.410 I/GCoreUlr( 768): Not calling LocationReportingService, hasMoved: false, elapsed millis: 2160122, request: Phone
07-14 16:27:02.420 W/SignalStrength( 275): getCdmaLevel=2
07-14 16:27:02.420 W/SignalStrength( 275): getEvdoLevel=0
07-14 16:27:02.420 W/SignalStrength( 275): getCdmaLevel=2
07-14 16:27:02.420 W/SignalStrength( 275): getLevel=2
07-14 16:27:02.420 W/SignalStrength( 482): getCdmaLevel=2
07-14 16:27:02.420 W/SignalStrength( 482): getEvdoLevel=0
07-14 16:27:02.420 W/SignalStrength( 482): getCdmaLevel=2
07-14 16:27:02.420 W/SignalStrength( 482): getLevel=2
07-14 16:27:03.420 W/SignalStrength( 275): getCdmaLevel=3
07-14 16:27:03.420 W/SignalStrength( 275): getEvdoLevel=0
07-14 16:27:03.420 W/SignalStrength( 275): getCdmaLevel=3
07-14 16:27:03.420 W/SignalStrength( 275): getLevel=3
07-14 16:27:03.420 W/SignalStrength( 482): getCdmaLevel=3
07-14 16:27:03.420 W/SignalStrength( 482): getEvdoLevel=0
07-14 16:27:03.420 W/SignalStrength( 482): getCdmaLevel=3
07-14 16:27:03.420 W/SignalStrength( 482): getLevel=3
07-14 16:27:11.420 W/SignalStrength( 275): getCdmaLevel=2
07-14 16:27:11.420 W/SignalStrength( 275): getEvdoLevel=0
07-14 16:27:11.420 W/SignalStrength( 275): getCdmaLevel=2
07-14 16:27:11.420 W/SignalStrength( 275): getLevel=2
07-14 16:27:11.420 W/SignalStrength( 482): getCdmaLevel=2
07-14 16:27:11.420 W/SignalStrength( 482): getEvdoLevel=0
07-14 16:27:11.420 W/SignalStrength( 482): getCdmaLevel=2
07-14 16:27:11.420 W/SignalStrength( 482): getLevel=2
07-14 16:27:19.420 W/SignalStrength( 275): getCdmaLevel=3
07-14 16:27:19.420 W/SignalStrength( 275): getEvdoLevel=0
07-14 16:27:19.420 W/SignalStrength( 275): getCdmaLevel=3
07-14 16:27:19.420 W/SignalStrength( 275): getLevel=3
07-14 16:27:19.430 W/SignalStrength( 482): getCdmaLevel=3
07-14 16:27:19.430 W/SignalStrength( 482): getEvdoLevel=0
07-14 16:27:19.430 W/SignalStrength( 482): getCdmaLevel=3
07-14 16:27:19.430 W/SignalStrength( 482): getLevel=3
07-14 16:27:22.550 V/StatusBar.BatteryController( 482): status5batteryHealth 2
07-14 16:27:22.550 D/StatusBar.BatteryController( 482): mOldstatus5status 5
07-14 16:27:22.550 D/StatusBar.BatteryController( 482): now old status is 5
07-14 16:27:32.570 V/StatusBar.BatteryController( 482): status5batteryHealth 2
07-14 16:27:32.570 D/StatusBar.BatteryController( 482): mOldstatus5status 5
07-14 16:27:32.570 D/StatusBar.BatteryController( 482): now old status is 5
07-14 16:27:36.430 W/SignalStrength( 275): getCdmaLevel=3
07-14 16:27:36.430 W/SignalStrength( 275): getEvdoLevel=0
07-14 16:27:36.430 W/SignalStrength( 275): getCdmaLevel=3
07-14 16:27:36.430 W/SignalStrength( 275): getLevel=3
07-14 16:27:36.430 W/SignalStrength( 482): getCdmaLevel=3
07-14 16:27:36.430 W/SignalStrength( 482): getEvdoLevel=0
07-14 16:27:36.430 W/SignalStrength( 482): getCdmaLevel=3
07-14 16:27:36.430 W/SignalStrength( 482): getLevel=3
07-14 16:27:42.590 V/StatusBar.BatteryController( 482): status5batteryHealth 2
07-14 16:27:42.590 D/StatusBar.BatteryController( 482): mOldstatus5status 5
07-14 16:27:42.590 D/StatusBar.BatteryController( 482): now old status is 5
07-14 16:28:07.730 D/Tethering( 275): interfaceLinkStateChanged wlan0, true
07-14 16:28:07.730 D/Tethering( 275): interfaceStatusChanged wlan0, true
07-14 16:28:12.650 V/StatusBar.BatteryController( 482): status5batteryHealth 2
07-14 16:28:12.650 D/StatusBar.BatteryController( 482): mOldstatus5status 5
07-14 16:28:12.650 D/StatusBar.BatteryController( 482): now old status is 5
07-14 16:28:12.740 D/Tethering( 275): interfaceLinkStateChanged wlan0, true
07-14 16:28:12.740 D/Tethering( 275): interfaceStatusChanged wlan0, true
07-14 16:28:15.450 W/SignalStrength( 275): getCdmaLevel=3
07-14 16:28:15.450 W/SignalStrength( 275): getEvdoLevel=0
07-14 16:28:15.450 W/SignalStrength( 275): getCdmaLevel=3
07-14 16:28:15.450 W/SignalStrength( 275): getLevel=3
07-14 16:28:15.450 W/SignalStrength( 482): getCdmaLevel=3
07-14 16:28:15.450 W/SignalStrength( 482): getEvdoLevel=0
07-14 16:28:15.450 W/SignalStrength( 482): getCdmaLevel=3
07-14 16:28:15.450 W/SignalStrength( 482): getLevel=3
07-14 16:28:22.670 V/StatusBar.BatteryController( 482): status5batteryHealth 2
07-14 16:28:22.670 D/StatusBar.BatteryController( 482): mOldstatus5status 5
07-14 16:28:22.670 D/StatusBar.BatteryController( 482): now old status is 5
07-14 16:28:32.690 V/StatusBar.BatteryController( 482): status5batteryHealth 2
07-14 16:28:32.690 D/StatusBar.BatteryController( 482): mOldstatus5status 5
07-14 16:28:32.690 D/StatusBar.BatteryController( 482): now old status is 5
07-14 16:28:34.450 W/SignalStrength( 275): getCdmaLevel=2
07-14 16:28:34.450 W/SignalStrength( 275): getEvdoLevel=0
07-14 16:28:34.450 W/SignalStrength( 275): getCdmaLevel=2
07-14 16:28:34.450 W/SignalStrength( 275): getLevel=2
07-14 16:28:34.460 W/SignalStrength( 482): getCdmaLevel=2
07-14 16:28:34.460 W/SignalStrength( 482): getEvdoLevel=0
07-14 16:28:34.460 W/SignalStrength( 482): getCdmaLevel=2
07-14 16:28:34.460 W/SignalStrength( 482): getLevel=2
07-14 16:28:42.460 W/SignalStrength( 275): getCdmaLevel=3
07-14 16:28:42.460 W/SignalStrength( 275): getEvdoLevel=0
07-14 16:28:42.460 W/SignalStrength( 275): getCdmaLevel=3
07-14 16:28:42.460 W/SignalStrength( 275): getLevel=3
07-14 16:28:42.470 W/SignalStrength( 482): getCdmaLevel=3
07-14 16:28:42.470 W/SignalStrength( 482): getEvdoLevel=0
07-14 16:28:42.470 W/SignalStrength( 482): getCdmaLevel=3
07-14 16:28:42.470 W/SignalStrength( 482): getLevel=3
07-14 16:28:42.710 V/StatusBar.BatteryController( 482): status5batteryHealth 2
07-14 16:28:42.710 D/StatusBar.BatteryController( 482): mOldstatus5status 5
07-14 16:28:42.710 D/StatusBar.BatteryController( 482): now old status is 5
07-14 16:29:02.750 V/StatusBar.BatteryController( 482): status5batteryHealth 2
07-14 16:29:02.750 D/StatusBar.BatteryController( 482): mOldstatus5status 5
07-14 16:29:02.750 D/StatusBar.BatteryController( 482): now old status is 5
07-14 16:29:12.770 V/StatusBar.BatteryController( 482): status5batteryHealth 2
07-14 16:29:12.770 D/StatusBar.BatteryController( 482): mOldstatus5status 5
07-14 16:29:12.770 D/StatusBar.BatteryController( 482): now old status is 5
07-14 16:29:22.790 V/StatusBar.BatteryController( 482): status5batteryHealth 2
07-14 16:29:22.790 D/StatusBar.BatteryController( 482): mOldstatus5status 5
07-14 16:29:22.790 D/StatusBar.BatteryController( 482): now old status is 5
07-14 16:29:25.480 W/SignalStrength( 275): getCdmaLevel=2
07-14 16:29:25.480 W/SignalStrength( 275): getEvdoLevel=0
07-14 16:29:25.480 W/SignalStrength( 275): getCdmaLevel=2
07-14 16:29:25.480 W/SignalStrength( 275): getLevel=2
07-14 16:29:25.480 W/SignalStrength( 482): getCdmaLevel=2
07-14 16:29:25.480 W/SignalStrength( 482): getEvdoLevel=0
07-14 16:29:25.480 W/SignalStrength( 482): getCdmaLevel=2
07-14 16:29:25.480 W/SignalStrength( 482): getLevel=2
07-14 16:29:28.480 W/SignalStrength( 275): getCdmaLevel=3
07-14 16:29:28.480 W/SignalStrength( 275): getEvdoLevel=0
07-14 16:29:28.480 W/SignalStrength( 275): getCdmaLevel=3
07-14 16:29:28.480 W/SignalStrength( 275): getLevel=3
07-14 16:29:28.490 W/SignalStrength( 482): getCdmaLevel=3
07-14 16:29:28.490 W/SignalStrength( 482): getEvdoLevel=0
07-14 16:29:28.490 W/SignalStrength( 482): getCdmaLevel=3
07-14 16:29:28.490 W/SignalStrength( 482): getLevel=3
07-14 16:29:32.810 V/StatusBar.BatteryController( 482): status5batteryHealth 2
07-14 16:29:32.810 D/StatusBar.BatteryController( 482): mOldstatus5status 5
07-14 16:29:32.810 D/StatusBar.BatteryController( 482): now old status is 5
07-14 16:29:42.830 V/StatusBar.BatteryController( 482): status5batteryHealth 2
07-14 16:29:42.830 D/StatusBar.BatteryController( 482): mOldstatus5status 5
07-14 16:29:42.830 D/StatusBar.BatteryController( 482): now old status is 5
07-14 16:29:51.490 W/SignalStrength( 275): getCdmaLevel=2
07-14 16:29:51.490 W/SignalStrength( 275): getEvdoLevel=0
07-14 16:29:51.490 W/SignalStrength( 275): getCdmaLevel=2
07-14 16:29:51.490 W/SignalStrength( 275): getLevel=2
07-14 16:29:51.490 W/SignalStrength( 482): getCdmaLevel=2
07-14 16:29:51.490 W/SignalStrength( 482): getEvdoLevel=0
07-14 16:29:51.490 W/SignalStrength( 482): getCdmaLevel=2
07-14 16:29:51.490 W/SignalStrength( 482): getLevel=2
07-14 16:29:52.410 D/SensorManager( 768): registerListener :: handle = 0 name= BOSCH 3-axis Accelerometer delay= 10000 Listener= kvo@41411ab8
07-14 16:29:52.410 E/SensorManager( 768): thread start
07-14 16:29:52.410 E/SensorManager( 768): =======>>>Sensor Thread RUNNING <<<========
07-14 16:29:52.490 W/SignalStrength( 275): getCdmaLevel=3
07-14 16:29:52.490 W/SignalStrength( 275): getEvdoLevel=0
07-14 16:29:52.490 W/SignalStrength( 275): getCdmaLevel=3
07-14 16:29:52.490 W/SignalStrength( 275): getLevel=3
07-14 16:29:52.490 W/SignalStrength( 482): getCdmaLevel=3
07-14 16:29:52.490 W/SignalStrength( 482): getEvdoLevel=0
07-14 16:29:52.490 W/SignalStrength( 482): getCdmaLevel=3
07-14 16:29:52.490 W/SignalStrength( 482): getLevel=3
07-14 16:29:52.860 V/StatusBar.BatteryController( 482): status5batteryHealth 2
07-14 16:29:52.860 D/StatusBar.BatteryController( 482): mOldstatus5status 5
07-14 16:29:52.860 D/StatusBar.BatteryController( 482): now old status is 5
07-14 16:29:53.130 I/SensorManager( 768): Set normal delay = true
07-14 16:29:53.210 D/SensorManager( 768): unregisterListener:: disable all sensors for this listener, name = BOSCH 3-axis Accelerometer listener = kvo@41411ab8
07-14 16:30:02.870 V/StatusBar.BatteryController( 482): status5batteryHealth 2
07-14 16:30:02.870 D/StatusBar.BatteryController( 482): mOldstatus5status 5
07-14 16:30:02.870 D/StatusBar.BatteryController( 482): now old status is 5
07-14 16:30:22.910 V/StatusBar.BatteryController( 482): status5batteryHealth 2
07-14 16:30:22.910 D/StatusBar.BatteryController( 482): mOldstatus5status 5
07-14 16:30:22.910 D/StatusBar.BatteryController( 482): now old status is 5
07-14 16:30:32.930 V/StatusBar.BatteryController( 482): status5batteryHealth 2
07-14 16:30:32.930 D/StatusBar.BatteryController( 482): mOldstatus5status 5
07-14 16:30:32.930 D/StatusBar.BatteryController( 482): now old status is 5
07-14 16:30:47.510 W/SignalStrength( 275): getCdmaLevel=2
07-14 16:30:47.510 W/SignalStrength( 275): getEvdoLevel=0
07-14 16:30:47.510 W/SignalStrength( 275): getCdmaLevel=2
07-14 16:30:47.510 W/SignalStrength( 275): getLevel=2
07-14 16:30:47.510 W/SignalStrength( 482): getCdmaLevel=2
07-14 16:30:47.510 W/SignalStrength( 482): getEvdoLevel=0
07-14 16:30:47.510 W/SignalStrength( 482): getCdmaLevel=2
07-14 16:30:47.510 W/SignalStrength( 482): getLevel=2
07-14 16:30:48.510 W/SignalStrength( 275): getCdmaLevel=3
07-14 16:30:48.510 W/SignalStrength( 275): getEvdoLevel=0
07-14 16:30:48.510 W/SignalStrength( 275): getCdmaLevel=3
07-14 16:30:48.510 W/SignalStrength( 275): getLevel=3
07-14 16:30:48.510 W/SignalStrength( 482): getCdmaLevel=3
07-14 16:30:48.510 W/SignalStrength( 482): getEvdoLevel=0
07-14 16:30:48.510 W/SignalStrength( 482): getCdmaLevel=3
07-14 16:30:48.510 W/SignalStrength( 482): getLevel=3
07-14 16:30:55.510 W/SignalStrength( 275): getCdmaLevel=2
07-14 16:30:55.510 W/SignalStrength( 275): getEvdoLevel=0
07-14 16:30:55.510 W/SignalStrength( 275): getCdmaLevel=2
07-14 16:30:55.510 W/SignalStrength( 275): getLevel=2
07-14 16:30:55.520 W/SignalStrength( 482): getCdmaLevel=2
07-14 16:30:55.520 W/SignalStrength( 482): getEvdoLevel=0
07-14 16:30:55.520 W/SignalStrength( 482): getCdmaLevel=2
07-14 16:30:55.520 W/SignalStrength( 482): getLevel=2
07-14 16:31:17.520 W/SignalStrength( 275): getCdmaLevel=3
07-14 16:31:17.520 W/SignalStrength( 275): getEvdoLevel=0
07-14 16:31:17.520 W/SignalStrength( 275): getCdmaLevel=3
07-14 16:31:17.520 W/SignalStrength( 275): getLevel=3
07-14 16:31:17.530 W/SignalStrength( 482): getCdmaLevel=3
07-14 16:31:17.530 W/SignalStrength( 482): getEvdoLevel=0
07-14 16:31:17.530 W/SignalStrength( 482): getCdmaLevel=3
07-14 16:31:17.530 W/SignalStrength( 482): getLevel=3
07-14 16:31:28.530 W/SignalStrength( 482): getCdmaLevel=2
07-14 16:31:28.530 W/SignalStrength( 482): getEvdoLevel=0
07-14 16:31:28.530 W/SignalStrength( 482): getCdmaLevel=2
07-14 16:31:28.530 W/SignalStrength( 482): getLevel=2
07-14 16:31:28.530 W/SignalStrength( 275): getCdmaLevel=2
07-14 16:31:28.530 W/SignalStrength( 275): getEvdoLevel=0
07-14 16:31:28.530 W/SignalStrength( 275): getCdmaLevel=2
07-14 16:31:28.530 W/SignalStrength( 275): getLevel=2
07-14 16:31:35.530 W/SignalStrength( 275): getCdmaLevel=3
07-14 16:31:35.530 W/SignalStrength( 275): getEvdoLevel=0
07-14 16:31:35.530 W/SignalStrength( 275): getCdmaLevel=3
07-14 16:31:35.530 W/SignalStrength( 275): getLevel=3
07-14 16:31:35.530 W/SignalStrength( 482): getCdmaLevel=3
07-14 16:31:35.530 W/SignalStrength( 482): getEvdoLevel=0
07-14 16:31:35.530 W/SignalStrength( 482): getCdmaLevel=3
07-14 16:31:35.530 W/SignalStrength( 482): getLevel=3
07-14 16:31:42.530 W/SignalStrength( 275): getCdmaLevel=2
07-14 16:31:42.530 W/SignalStrength( 275): getEvdoLevel=0
07-14 16:31:42.530 W/SignalStrength( 275): getCdmaLevel=2
07-14 16:31:42.530 W/SignalStrength( 275): getLevel=2
07-14 16:31:42.540 W/SignalStrength( 482): getCdmaLevel=2
07-14 16:31:42.540 W/SignalStrength( 482): getEvdoLevel=0
07-14 16:31:42.540 W/SignalStrength( 482): getCdmaLevel=2
07-14 16:31:42.540 W/SignalStrength( 482): getLevel=2
07-14 16:31:47.530 W/SignalStrength( 275): getCdmaLevel=3
07-14 16:31:47.530 W/SignalStrength( 275): getEvdoLevel=0
07-14 16:31:47.530 W/SignalStrength( 275): getCdmaLevel=3
07-14 16:31:47.530 W/SignalStrength( 275): getLevel=3
07-14 16:31:47.540 W/SignalStrength( 482): getCdmaLevel=3
07-14 16:31:47.540 W/SignalStrength( 482): getEvdoLevel=0
07-14 16:31:47.540 W/SignalStrength( 482): getCdmaLevel=3
07-14 16:31:47.540 W/SignalStrength( 482): getLevel=3
07-14 16:31:53.090 V/StatusBar.BatteryController( 482): status5batteryHealth 2
07-14 16:31:53.090 D/StatusBar.BatteryController( 482): mOldstatus5status 5
07-14 16:31:53.090 D/StatusBar.BatteryController( 482): now old status is 5
07-14 16:32:02.540 W/SignalStrength( 275): getCdmaLevel=2
07-14 16:32:02.540 W/SignalStrength( 275): getEvdoLevel=0
07-14 16:32:02.540 W/SignalStrength( 275): getCdmaLevel=2
07-14 16:32:02.540 W/SignalStrength( 275): getLevel=2
07-14 16:32:02.550 W/SignalStrength( 482): getCdmaLevel=2
07-14 16:32:02.550 W/SignalStrength( 482): getEvdoLevel=0
07-14 16:32:02.550 W/SignalStrength( 482): getCdmaLevel=2
