--------- beginning of /dev/log/system
07-14 14:42:36.349 D/PowerManagerService( 275): setScreenOffTimeouts mKeylightDelay=6000 mDimDelay=287000 mScreenOffDelay=7000 mDimScreen=true
07-14 14:42:36.349 D/PowerManagerService( 275): setScreenOffTimeouts mKeylightDelay=6000 mDimDelay=287000 mScreenOffDelay=7000 mDimScreen=true
07-14 14:42:36.349 D/PowerManagerService( 275): initSupportedFrequency dvfs
07-14 14:42:36.349 D/PowerManagerService( 275): initSupportedFrequency : DVFS : mSupportedFrequency : 800000
07-14 14:42:36.349 D/PowerManagerService( 275): initSupportedFrequency : DVFS : mSupportedFrequency : 600000
07-14 14:42:36.349 D/PowerManagerService( 275): initSupportedFrequency : DVFS : mSupportedFrequency : 480000
07-14 14:42:36.349 D/PowerManagerService( 275): initSupportedFrequency : DVFS : mSupportedFrequency : 320000
07-14 14:42:36.349 D/PowerManagerService( 275): initSupportedFrequency : DVFS : mSupportedFrequency : 196608
07-14 14:42:36.349 D/PowerManagerService( 275): reactivateScreenLocksLocked mProxIgnoredBecauseScreenTurnedOff=false
07-14 14:42:36.349 D/PowerManagerService( 275): setPowerState : mBootCompleted : false, newState |= ALL_BRIGHT
07-14 14:42:36.349 I/PowerManagerService( 275): Ulight 1->15|0
07-14 14:42:36.349 D/PowerManagerService( 275): setLightBrightness : mButtonLight : 148
07-14 14:42:36.349 I/SystemServer( 275): Alarm Manager
07-14 14:42:36.359 I/SystemServer( 275): Init Watchdog
07-14 14:42:36.359 I/SystemServer( 275): Window Manager
07-14 14:42:36.369 I/InputManager( 275): Initializing input manager
07-14 14:42:36.379 W/StatusBarManager( 275): warning: no STATUS_BAR_SERVICE
07-14 14:42:36.669 I/PowerManagerService( 275): Light Animator Finished curIntValue=148
07-14 14:42:36.689 I/InputManager( 275): Starting input manager
07-14 14:42:36.689 I/SystemServer( 275): Bluetooth Service
07-14 14:42:36.709 I/SystemServer( 275): Input Method Service
07-14 14:42:36.709 W/InputManagerService( 275): Couldn't create dir.: /data/system/inputmethod
07-14 14:42:36.779 I/SystemServer( 275): Accessibility Manager
07-14 14:42:36.779 I/ActivityManager( 275): Config changed: {1.0 0mcc0mnc en_US layoutdir=0 sw320dp w320dp h455dp nrml port ?uimode ?night -touch -keyb/v/h -nav/h s.2}
07-14 14:42:36.789 I/SystemServer( 275): Device Policy
07-14 14:42:36.789 I/SystemServer( 275): Status Bar
07-14 14:42:36.789 I/SystemServer( 275): NetworkManagement Service
07-14 14:42:36.789 D/NetworkManagementService( 275): Creating NetworkManagementService
07-14 14:42:36.789 D/NetworkManagementService( 275): Awaiting socket connection
07-14 14:42:36.789 D/NetworkManagementService( 275): onConnected
07-14 14:42:36.789 D/NetworkManagementService( 275): Connected
07-14 14:42:36.789 I/SystemServer( 275): Text Service Manager Service
07-14 14:42:36.799 W/TextServicesManagerService( 275): no available spell checker services found
07-14 14:42:36.799 I/SystemServer( 275): NetworkStats Service
07-14 14:42:36.799 I/SystemServer( 275): NetworkPolicy Service
07-14 14:42:36.799 I/SystemServer( 275): Wi-Fi P2pService
07-14 14:42:36.809 I/SystemServer( 275): Wi-Fi Service
07-14 14:42:36.819 I/SystemServer( 275): Connectivity Service
07-14 14:42:36.819 D/ConnectivityService( 275): ConnectivityService starting up
07-14 14:42:36.839 E/MobileDataStateTracker( 275): default: Ignoring feature request because could not acquire PhoneService
07-14 14:42:36.839 E/MobileDataStateTracker( 275): default: Could not enable APN type "default"
07-14 14:42:36.839 D/NetworkManagementService( 275): Registering observer
07-14 14:42:36.839 D/NetworkManagementService( 275): Registering observer
07-14 14:42:36.839 I/SystemServer( 275): Mount Service
07-14 14:42:36.839 D/MountService( 275): MountService ::
07-14 14:42:36.839 D/MountService( 275): got storage path: /mnt/sdcard description: USB storage primary: true removable: false emulated: true mtpReserve: 100 allowMassStorage: false maxFileSize: 0 subsystem: fuse activitySecureContainer: false
07-14 14:42:36.839 D/MountService( 275): got storage path: /mnt/extSdCard description: SD Card primary: false removable: true emulated: false mtpReserve: 0 allowMassStorage: true maxFileSize: 4294967296 subsystem: sd activitySecureContainer: true
07-14 14:42:36.839 D/MountService( 275): using emulated external storage
07-14 14:42:36.849 I/SystemServer( 275): Notification Manager
07-14 14:42:36.859 I/SystemServer( 275): Location Manager
07-14 14:42:36.859 I/SystemServer( 275): Country Detector
07-14 14:42:36.859 I/SystemServer( 275): Search Service
07-14 14:42:36.859 I/SystemServer( 275): DropBox Service
07-14 14:42:36.859 I/SystemServer( 275): Wallpaper Service
07-14 14:42:36.869 I/SystemServer( 275): Audio Service
07-14 14:42:36.869 D/VoldCmdListener( 97): volume list
07-14 14:42:36.879 I/MountService( 275): Updating valid state removed
07-14 14:42:36.879 D/MountService( 275): updatePublicVolumeState :: path = /mnt/extSdCard, state = removed
07-14 14:42:36.879 D/MountService( 275): volume state changed for /mnt/extSdCard (null -> removed)
07-14 14:42:36.939 I/ActivityManager( 275): Config changed: {1.0 0mcc0mnc en_US layoutdir=0 sw320dp w320dp h455dp nrml port ?uimode ?night finger -keyb/v/h -nav/h s.3}
07-14 14:42:36.949 I/SystemServer( 275): Dock Observer
07-14 14:42:36.949 W/DockObserver( 275): This kernel does not have dock station support
07-14 14:42:36.949 I/SystemServer( 275): Wired Accessory Observer
07-14 14:42:36.949 I/SystemServer( 275): USB Service
07-14 14:42:36.959 D/UsbSettingsManager( 275): settings file not found
07-14 14:42:36.959 E/UsbDeviceManager( 275): failed to write to /sys/class/android_usb/android0/f_rndis/ethaddr
07-14 14:42:36.959 E/UsbDeviceManager( 275): initRndisAddress
07-14 14:42:36.959 E/UsbDeviceManager( 275): java.io.FileNotFoundException: /sys/class/android_usb/android0/f_rndis/ethaddr: open failed: ENOENT (No such file or directory)
07-14 14:42:36.959 E/UsbDeviceManager( 275): at libcore.io.IoBridge.open(IoBridge.java:406)
07-14 14:42:36.959 E/UsbDeviceManager( 275): at java.io.FileOutputStream.(FileOutputStream.java:88)
07-14 14:42:36.959 E/UsbDeviceManager( 275): at java.io.FileOutputStream.(FileOutputStream.java:73)
07-14 14:42:36.959 E/UsbDeviceManager( 275): at java.io.FileWriter.(FileWriter.java:80)
07-14 14:42:36.959 E/UsbDeviceManager( 275): at android.os.FileUtils.stringToFile(FileUtils.java:240)
07-14 14:42:36.959 E/UsbDeviceManager( 275): at com.android.server.usb.UsbDeviceManager.initRndisAddress(UsbDeviceManager.java:209)
07-14 14:42:36.959 E/UsbDeviceManager( 275): at com.android.server.usb.UsbDeviceManager.(UsbDeviceManager.java:149)
07-14 14:42:36.959 E/UsbDeviceManager( 275): at com.android.server.usb.UsbService.(UsbService.java:54)
07-14 14:42:36.959 E/UsbDeviceManager( 275): at com.android.server.ServerThread.run(SystemServer.java:505)
07-14 14:42:36.959 E/UsbDeviceManager( 275): Caused by: libcore.io.ErrnoException: open failed: ENOENT (No such file or directory)
07-14 14:42:36.959 E/UsbDeviceManager( 275): at libcore.io.Posix.open(Native Method)
07-14 14:42:36.959 E/UsbDeviceManager( 275): at libcore.io.BlockGuardOs.open(BlockGuardOs.java:110)
07-14 14:42:36.959 E/UsbDeviceManager( 275): at libcore.io.IoBridge.open(IoBridge.java:390)
07-14 14:42:36.959 E/UsbDeviceManager( 275): ... 8 more
07-14 14:42:36.969 D/UsbDeviceManager( 275): read '/sys/class/android_usb/android0/state', state = DISCONNECTED
07-14 14:42:36.969 D/UsbDeviceManager( 275): initalized current function mtp,adb
07-14 14:42:36.969 D/UsbDeviceManager( 275): handleMessage -> MSG_UPDATE_STATE connected = 0,configured = 0
07-14 14:42:36.969 I/SystemServer( 275): UI Mode Manager Service
07-14 14:42:36.969 I/SystemServer( 275): AppWidget Service
07-14 14:42:36.969 I/SystemServer( 275): Recognition Service
07-14 14:42:36.969 I/SystemServer( 275): DiskStats Service
07-14 14:42:36.969 I/SystemServer( 275): SamplingProfiler Service
07-14 14:42:36.979 I/SystemServer( 275): NetworkTimeUpdateService
07-14 14:42:36.989 D/PowerManagerService( 275): setScreenOffTimeouts mKeylightDelay=6000 mDimDelay=287000 mScreenOffDelay=7000 mDimScreen=true
07-14 14:42:36.999 D/PowerManagerService( 275): setPowerState : mBootCompleted : false, newState |= ALL_BRIGHT
07-14 14:42:36.999 D/PowerManagerService( 275): system ready!
07-14 14:42:36.999 D/PowerManagerService( 275): enableLightSensorLocked enable=false mAutoBrightessEnabled=false
07-14 14:42:37.019 I/ActivityManager( 275): System now ready
07-14 14:42:37.019 I/SystemServer( 275): Making services ready
07-14 14:42:37.019 D/SystemServer( 275): Starting service: Intent { cmp=xxxx }
07-14 14:42:37.069 I/ActivityManager( 275): Start proc app.processName for service hostingNameStr: pid=482 uid=1000 gids={3001, 3002, 1023, 1006, 1007, 3003, 1015, 1001, 3007}
07-14 14:42:37.259 D/SystemUIService( 482): loading: class com.android.systemui.statusbar.phone.PhoneStatusBar
07-14 14:42:37.259 D/SystemUIService( 482): running: com.android.systemui.statusbar.phone.PhoneStatusBar@41145858
07-14 14:42:37.409 D/NetworkManagementService( 275): Registering observer
07-14 14:42:37.439 D/NetworkManagementService( 275): Registering observer
07-14 14:42:37.449 D/UsbDeviceManager( 275): systemReady
07-14 14:42:37.449 D/UsbDeviceManager( 275): systemReady : massStorageSupported = false
07-14 14:42:37.459 D/UsbDeviceManager( 275): systemReady : mAdbEnabled = true, mUseUsbNotification = true
07-14 14:42:37.459 I/ActivityManager( 275): Config changed: {1.0 0mcc0mnc en_US layoutdir=0 sw320dp w320dp h455dp nrml port finger -keyb/v/h -nav/h s.4}
07-14 14:42:37.459 D/UsbDeviceManager( 275): handleMessage -> MSG_SYSTEM_READY
07-14 14:42:37.459 D/UsbDeviceManager( 275): updateUsbNotification mConnected = false, mConnected = false, mCurrentFunctions = mtp,adb, mUsbNotificationId = 0
07-14 14:42:37.459 D/UsbDeviceManager( 275): updateAdbNotification : mAdbEnabled = true, mConnected = false, mAdbNotificationShown = false
07-14 14:42:37.459 D/UsbDeviceManager( 275): sending intent : ACTION_USB_STATE : connected = false, configured = false, functions = mtp,adb
07-14 14:42:37.609 I/ActivityManager( 275): Start proc app.processName for broadcast hostingNameStr: pid=500 uid=10016 gids={1015, 1023, 1024, 2001, 3003, 3007}
07-14 14:42:37.679 I/ActivityManager( 275): Start proc app.processName for service hostingNameStr: pid=516 uid=10013 gids={3003, 1015, 1023, 1007, 1006, 3002, 3001, 2001, 3006}
07-14 14:42:37.679 D/PowerManagerService( 275): enableUserActivity false
07-14 14:42:37.679 D/PowerManagerService( 275): acquireWakeLock flags=0x1000001a tag=keyguard uid=1000 pid=275 myUID=1000 myPID=275 myTID=436
07-14 14:42:37.679 D/PowerManagerService( 275): setPowerState : mBootCompleted : false, newState |= ALL_BRIGHT
07-14 14:42:37.859 W/InputManagerService( 275): Ignoring setImeWindowStatus of uid 1000 token: null
07-14 14:42:37.919 I/ActivityManager( 275): Start proc app.processName for service hostingNameStr: pid=530 uid=1000 gids={3001, 3002, 1023, 1006, 1007, 3003, 1015, 1001, 3007}
07-14 14:42:37.949 I/StatusBarManagerService( 275): registerStatusBar bar=com.android.internal.statusbar.IStatusBar$Stub$Proxy@4163ad90
07-14 14:42:37.949 D/PhoneStatusBar( 482): disable: < EXPAND* icons alerts TICKER* system_info BACK* HOME* RECENT* clock
> 07-14 14:42:38.069 I/ActivityManager( 275): Start proc app.processName for added application hostingNameStr: pid=546 uid=1001 gids={3002, 3001, 3003, 1015, 1023}
07-14 14:42:38.119 I/ActivityManager( 275): Start proc app.processName for added application hostingNameStr: pid=563 uid=1000 gids={3001, 3002, 1023, 1006, 1007, 3003, 1015, 1001, 3007}
07-14 14:42:38.119 I/ActivityManager( 275): START {intent.toShortString} from pid 0
07-14 14:42:38.179 I/ActivityManager( 275): Start proc app.processName for activity hostingNameStr: pid=575 uid=10028 gids={}
07-14 14:42:38.179 V/WindowOrientationListener( 275): nearestRotation : 0 Angle: 353 tilt: 49
07-14 14:42:38.189 D/MountService( 275): isUsbMassStorageConnected :: ret = false
07-14 14:42:38.199 D/StorageNotification( 482): Startup with UMS connection false (media state mounted)
07-14 14:42:38.229 I/StorageNotification( 482): UMS connection changed to false (media state mounted)
07-14 14:42:38.239 D/SystemUIService( 482): loading: class com.android.systemui.power.PowerUI
07-14 14:42:38.239 D/SystemUIService( 482): running: com.android.systemui.power.PowerUI@41194f98
07-14 14:42:38.279 I/ActivityManager( 275): Start proc app.processName for content provider hostingNameStr: pid=592 uid=10013 gids={3003, 1015, 1023, 1007, 1006, 3002, 3001, 2001, 3006}
07-14 14:42:38.449 D/WifiService( 275): New client listening to asynchronous messages
07-14 14:42:38.689 D/PhoneStatusBar( 482): disable: < EXPAND icons alerts TICKER system_info BACK HOME RECENT CLOCK*
> 07-14 14:42:39.559 I/ActivityManager( 275): Start proc app.processName for service hostingNameStr: pid=636 uid=10052 gids={}
07-14 14:42:39.779 I/WifiService( 275): WifiService trying to set country code to us with persist set to true
07-14 14:42:39.779 I/ActivityManager( 275): Config changed: {1.0 310mcc0mnc en_US layoutdir=0 sw320dp w320dp h455dp nrml port finger -keyb/v/h -nav/h s.5}
07-14 14:42:39.919 I/ActivityManager( 275): Start proc app.processName for content provider hostingNameStr: pid=670 uid=10000 gids={3003, 1015, 1023}
07-14 14:42:40.089 W/ActivityManager( 275): Unable to start service Intent { act=com.android.ussd.IExtendedNetworkService }: not found --------- beginning of /dev/log/main
07-14 14:42:40.460 D/qcom_priv_settings( 1173): setprop(net.http.threads) = [10]
07-14 14:42:40.460 D/qcom_priv_settings( 1173): setprop(net.http.idle_cache.size) = [40]
07-14 14:42:40.460 D/qcom_priv_settings( 1173): setprop(net.dns.cache_size) = [512]
07-14 14:42:40.460 D/qcom_priv_settings( 1173): setprop(net.dns.cache_ttl) = [600]
07-14 14:42:40.460 D/qcom_priv_settings( 1173): setprop(net.http.idle_cache.shutdown) = [true]
07-14 14:42:40.460 D/qcom_priv_settings( 1173): setprop(net.webkit.cache.size) = [12582912]
07-14 14:42:40.470 D/qcom_priv_settings( 1173): setprop(net.webkit.cache.mindeadsize) = [4194304]
07-14 14:42:40.470 D/qcom_priv_settings( 1173): setprop(net.webkit.cache.maxdeadsize) = [4194304]
07-14 14:42:40.470 D/qcom_priv_settings( 1173): setprop(net.nw.cache.prioadvstep) = [86400000]
07-14 14:42:40.470 D/qcom_priv_settings( 1173): setprop(net.nw.cache.weightadvstep) = [3600000]
07-14 14:42:40.470 D/qcom_priv_settings( 1173): setprop(net.nw.cache.orderby) = [weight]
07-14 14:42:40.700 D/FactoryTestApp( 1156): [Class] XMLDataStorage , [Method] redefinitionById , [Message] id=MODEL_NAME
07-14 14:42:40.700 D/FactoryTestApp( 1156): [Class] XMLDataStorage , [Method] redefinitionById , [Message] id=MODEL_NUMBER
07-14 14:42:40.700 D/FactoryTestApp( 1156): [Class] XMLDataStorage , [Method] redefinitionById , [Message] id=MODEL_HARDWARE_REVISION
07-14 14:42:40.700 D/FactoryTestApp( 1156): [Class] XMLDataStorage , [Method] redefinitionById , [Message] id=MODEL_COMMUNICATION_MODE
07-14 14:42:40.700 D/FactoryTestApp( 1156): [Class] XMLDataStorage , [Method] redefinitionById , [Message] id=CHIPSET_MANUFACTURE
07-14 14:42:40.700 D/FactoryTestApp( 1156): [Class] XMLDataStorage , [Method] redefinitionById , [Message] id=CHIPSET_NAME
07-14 14:42:40.700 D/FactoryTestApp( 1156): [Class] XMLDataStorage , [Method] redefinitionById , [Message] id=DEVICE_TYPE
07-14 14:42:40.700 D/FactoryTestApp( 1156): [Class] XMLDataStorage , [Method] redefinitionById , [Message] id=PANEL_TYPE
07-14 14:42:40.700 D/FactoryTestApp( 1156): [Class] XMLDataStorage , [Method] redefinitionById , [Message] id=TSP_MANUFACTURE
07-14 14:42:40.700 D/FactoryTestApp( 1156): [Class] XMLDataStorage , [Method] redefinitionById , [Message] id=SENSOR_NAME_ACCELEROMETER
07-14 14:42:40.720 D/FactoryTestApp( 1156): [Class] XMLDataStorage , [Method] redefinitionById , [Message] id=SENSOR_NAME_MAGNETIC
07-14 14:42:40.720 D/FactoryTestApp( 1156): [Class] XMLDataStorage , [Method] redefinitionById , [Message] id=SENSOR_NAME_GYROSCOPE
07-14 14:42:40.720 D/FactoryTestApp( 1156): [Class] XMLDataStorage , [Method] redefinitionById , [Message] id=REAR_CAMERA_TYPE
07-14 14:42:40.720 D/FactoryTestApp( 1156): [Class] XMLDataStorage , [Method] redefinitionById , [Message] id=SPEAKER_COUNT
07-14 14:42:40.720 D/FactoryTestApp( 1156): [Class] XMLDataStorage , [Method] redefinitionById , [Message] id=MIC_COUNT
07-14 14:42:40.720 D/FactoryTestApp( 1156): [Class] XMLDataStorage , [Method] redefinitionById , [Message] id=SUPPORT_VIBRATOR
07-14 14:42:40.720 D/FactoryTestApp( 1156): [Class] XMLDataStorage , [Method] redefinitionById , [Message] id=SUPPORT_LTE
07-14 14:42:40.720 D/FactoryTestApp( 1156): [Class] XMLDataStorage , [Method] redefinitionById , [Message] id=SUPPORT_DMB
07-14 14:42:40.720 D/FactoryTestApp( 1156): [Class] XMLDataStorage , [Method] redefinitionById , [Message] id=SUPPORT_QWERTY_KEY
07-14 14:42:40.720 D/FactoryTestApp( 1156): [Class] XMLDataStorage , [Method] redefinitionById , [Message] id=SUPPORT_FRONT_CAMERA
07-14 14:42:40.720 D/FactoryTestApp( 1156): [Class] XMLDataStorage , [Method] redefinitionById , [Message] id=SUPPORT_RCV
07-14 14:42:40.720 D/FactoryTestApp( 1156): [Class] XMLDataStorage , [Method] redefinitionById , [Message] id=FACTORY_TEST_APO
07-14 14:42:40.740 D/FactoryTestApp( 1156): [Class] XMLDataStorage , [Method] redefinitionById , [Message] id=SUPPORT_BOOST_MEDIASCAN
07-14 14:42:40.740 D/FactoryTestApp( 1156): [Class] XMLDataStorage , [Method] redefinitionById , [Message] id=NEED_NOTI_AUDIO_MANAGER
07-14 14:42:40.740 D/FactoryTestApp( 1156): [Class] XMLDataStorage , [Method] redefinitionById , [Message] id=FACTORY_TEST_PROTOCOL
07-14 14:42:40.740 D/FactoryTestApp( 1156): [Class] XMLDataStorage , [Method] redefinitionById , [Message] id=KEY_TEST_VOLUME_UP
07-14 14:42:40.780 D/FactoryTestApp( 1156): [Class] XMLDataStorage , [Method] redefinitionById , [Message] id=KEY_TEST_VOLUME_DOWN
07-14 14:42:40.820 D/FactoryTestApp( 1156): [Class] XMLDataStorage , [Method] redefinitionById , [Message] id=KEY_TEST_POWER
07-14 14:42:40.840 D/FactoryTestApp( 1156): [Class] XMLDataStorage , [Method] redefinitionById , [Message] id=KEY_TEST_MENU
07-14 14:42:40.870 D/FactoryTestApp( 1156): [Class] XMLDataStorage , [Method] redefinitionById , [Message] id=KEY_TEST_HOME
07-14 14:42:40.890 D/FactoryTestApp( 1156): [Class] XMLDataStorage , [Method] redefinitionById , [Message] id=KEY_TEST_BACK
07-14 14:42:40.910 D/FactoryTestApp( 1156): [Class] XMLDataStorage , [Method] redefinitionById , [Message] id=KEY_TEST_SEARCH
07-14 14:42:40.920 D/FactoryTestApp( 1156): [Class] XMLDataStorage , [Method] redefinitionById , [Message] id=KEY_TEST_FOCUS
07-14 14:42:40.940 D/FactoryTestApp( 1156): [Class] XMLDataStorage , [Method] redefinitionById , [Message] id=KEY_TEST_CAMERA
07-14 14:42:40.960 D/FactoryTestApp( 1156): [Class] XMLDataStorage , [Method] redefinitionById , [Message] id=KEY_TEST_F1
07-14 14:42:40.970 D/FactoryTestApp( 1156): [Class] XMLDataStorage , [Method] redefinitionById , [Message] id=KEY_TEST_VIEW_TABLE
07-14 14:42:40.979 I/ActivityManager( 275): Start proc app.processName for broadcast hostingNameStr: pid=703 uid=1000 gids={3001, 3002, 1023, 1006, 1007, 3003, 1015, 1001, 3007}
07-14 14:42:40.980 D/FactoryTestApp( 1156): [Class] XMLDataStorage , [Method] redefinitionById , [Message] id=KEY_TEST_TOUCH_KEY_ODER
07-14 14:42:40.980 D/FactoryTestApp( 1156): [Class] XMLDataStorage , [Method] redefinitionById , [Message] id=IS_SIMPLE_TEST_ACC_SYSFS
07-14 14:42:40.980 D/FactoryTestApp( 1156): [Class] XMLDataStorage , [Method] redefinitionById , [Message] id=IS_SENSOR_TEST_ACC_REVERSE
07-14 14:42:40.990 D/FactoryTestApp( 1156): [Class] XMLDataStorage , [Method] redefinitionById , [Message] id=SENSOR_TEST_ACC_BIT
07-14 14:42:40.990 D/FactoryTestApp( 1156): [Class] XMLDataStorage , [Method] redefinitionById , [Message] id=IS_PROXIMITY_TEST_MOTOR_FEEDBACK
07-14 14:42:40.990 D/FactoryTestApp( 1156): [Class] XMLDataStorage , [Method] redefinitionById , [Message] id=IS_IRLED_TEST_SPLIT_COMMAND
07-14 14:42:41.000 D/FactoryTestApp( 1156): [Class] XMLDataStorage , [Method] redefinitionById , [Message] id=AT_GPSSTEST
07-14 14:42:41.000 I/AccountTypeManager( 1114): Loaded meta-data for 3 account types, 2 accounts in 1380ms(wall) 70ms(cpu)
07-14 14:42:41.020 D/FactoryTestApp( 1156): [Class] XMLDataStorage , [Method] redefinitionById , [Message] id=AT_BATTEST_RESET_WHEN_READ
07-14 14:42:41.020 D/FactoryTestApp( 1156): [Class] XMLDataStorage , [Method] redefinitionById , [Message] id=SYS_INFO_FONT_SIZE
07-14 14:42:41.040 I/RecoverySystem( 275): No recovery log file
07-14 14:42:41.070 D/FactoryTestApp( 1156): [Class] XMLDataStorage , [Method] redefinitionById , [Message] id=SYS_INFO_BG_COLOR
07-14 14:42:41.070 D/FactoryTestApp( 1156): [Class] XMLDataStorage , [Method] redefinitionById , [Message] id=TSP_X_AXIS_CHANNEL
07-14 14:42:41.140 D/FactoryTestApp( 1156): [Class] XMLDataStorage , [Method] redefinitionById , [Message] id=TSP_Y_AXIS_CHANNEL
07-14 14:42:41.140 D/FactoryTestApp( 1156): [Class] XMLDataStorage , [Method] redefinitionById , [Message] id=TSP_SELFTEST_MIN
07-14 14:42:41.250 D/FactoryTestApp( 1156): [Class] XMLDataStorage , [Method] redefinitionById , [Message] id=TSP_SELFTEST_MAX
07-14 14:42:41.250 D/FactoryTestApp( 1156): [Class] XMLDataStorage , [Method] redefinitionById , [Message] id=TOUCH_KEY_SPEC_MAX
07-14 14:42:41.280 D/FactoryTestApp( 1156): [Class] XMLDataStorage , [Method] redefinitionById , [Message] id=TOUCH_KEY_SPEC_MIN
07-14 14:42:41.280 D/FactoryTestApp( 1156): [Class] XMLDataStorage , [Method] redefinitionById , [Message] id=BOOT_VERSION
07-14 14:42:41.300 D/FactoryTestApp( 1156): [Class] XMLDataStorage , [Method] redefinitionById , [Message] id=PHONE_VERSION
07-14 14:42:41.330 D/FactoryTestApp( 1156): [Class] XMLDataStorage , [Method] redefinitionById , [Message] id=BATTERY_VOLT
07-14 14:42:41.330 D/FactoryTestApp( 1156): [Class] XMLDataStorage , [Method] redefinitionById , [Message] id=BATTERY_VOLT_AVER
07-14 14:42:41.360 D/FactoryTestApp( 1156): [Class] XMLDataStorage , [Method] redefinitionById , [Message] id=TSP_COMMAND_CMD
07-14 14:42:41.380 D/FactoryTestApp( 1156): [Class] XMLDataStorage , [Method] redefinitionById , [Message] id=TSP_COMMAND_STATUS
07-14 14:42:41.380 D/FactoryTestApp( 1156): [Class] XMLDataStorage , [Method] redefinitionById , [Message] id=TSP_COMMAND_RESULT
07-14 14:42:41.390 D/FactoryTestApp( 1156): [Class] XMLDataStorage , [Method] redefinitionById , [Message] id=LED_RED
07-14 14:42:41.410 D/FactoryTestApp( 1156): [Class] XMLDataStorage , [Method] redefinitionById , [Message] id=LED_GREEN
07-14 14:42:41.430 D/FactoryTestApp( 1156): [Class] XMLDataStorage , [Method] redefinitionById , [Message] id=LED_BLUE
07-14 14:42:41.450 D/FactoryTestApp( 1156): [Class] XMLDataStorage , [Method] redefinitionById , [Message] id=BAROMETE_DELTA
07-14 14:42:41.470 D/FactoryTestApp( 1156): [Class] XMLDataStorage , [Method] redefinitionById , [Message] id=BAROMETE_VENDOR
07-14 14:42:41.480 D/FactoryTestApp( 1156): [Class] XMLDataStorage , [Method] redefinitionById , [Message] id=KEY_PRESSED_POWER
07-14 14:42:41.490 D/FactoryTestApp( 1156): [Class] XMLDataStorage , [Method] redefinitionById , [Message] id=TOUCH_KEY_SENSITIVITY_OK
07-14 14:42:41.510 I/FactoryTestApp( 1156): [Class] FtClientCPO , [Method] connectToSecPhoneService , [Message] Create sendMessenger - com.sec.phone.SecPhoneService
07-14 14:42:41.540 I/FactoryTestApp( 1156): [Class] FtClientCPO , [Method] onCreate , [Message] mBroadcastReceiver registered
07-14 14:42:41.540 I/FactoryTestApp( 1156): [Class] FtClientCPO , [Method] onBind , [Message] start
07-14 14:42:41.550 I/FactoryTestApp( 1156): [Class] FtClientCPO , [Method] onServiceConnected , [Message] connected done
07-14 14:42:41.550 D/FactoryTestApp( 1156): [Class] ResponseWriterCPO , [Method] ResponseWriter , [Message] Create ResponseWriterCPO
07-14 14:42:41.550 D/FactoryTestApp( 1156): [Class] AtParserCPO , [Method] registerAllHandler , [Message] Register IPC command handler
07-14 14:42:41.570 I/FactoryTestApp( 1156): [Class] ModuleAudio , [Method] ModuleAudio , [Message] Create ModuleAudio
07-14 14:42:41.570 I/FactoryTestApp( 1156): [Class] ModuleAudio , [Method] getSystemService , [Message] service=audio
07-14 14:42:41.570 D/FactoryTestApp( 1156): [Class] Support , [Method] Values.getString , [Message] id=MODEL_COMMUNICATION_MODE, value=cdma
07-14 14:42:41.580 D/FactoryTestApp( 1156): [Class] Support , [Method] Values.getBoolean , [Message] id=SUPPORT_PACKET_LOOPBACK, value=false
07-14 14:42:41.580 I/FactoryTestApp( 1156): [Class] ModuleCommon , [Method] ModuleCommon , [Message] Create ModuleCommon
07-14 14:42:41.580 D/FactoryTestApp( 1156): [Class] Support , [Method] Values.getString , [Message] id=CHIPSET_NAME, value=7x27
07-14 14:42:41.580 D/FactoryTestApp( 1156): [Class] Support , [Method] Values.getString , [Message] id=CHIPSET_NAME, value=7x27
07-14 14:42:41.580 D/FactoryTestApp( 1156): [Class] Support , [Method] Values.getString , [Message] id=CHIPSET_NAME, value=7x27
07-14 14:42:41.620 D/FactoryTestApp( 1156): [Class] Support , [Method] Values.getString , [Message] id=EFS_FACTORYAPP_ROOT_PATH, value=/efs/FactoryApp/
07-14 14:42:41.620 I/FactoryTestApp( 1156): [Class] ModuleCommunication , [Method] ModuleCommunication , [Message] Create ModuleCommunication
07-14 14:42:41.620 D/FactoryTestApp( 1156): [Class] ModuleCommunication , [Method] registerReceiver , [Message] mContext=android.app.Application@412190c8
07-14 14:42:41.660 D/FactoryTestApp( 1156): [Class] ModuleCommunication , [Method] registerReceiver , [Message] mContext=android.app.Application@412190c8
07-14 14:42:41.680 D/FactoryTestApp( 1156): [Class] ModuleCommunication , [Method] registerReceiver , [Message] mContext=android.app.Application@412190c8
07-14 14:42:41.690 D/FactoryTestApp( 1156): [Class] Support , [Method] Values.getInt , [Message] id=TSP_X_AXIS_CHANNEL, value=11
07-14 14:42:41.710 D/FactoryTestApp( 1156): [Class] Support , [Method] Values.getInt , [Message] id=TSP_Y_AXIS_CHANNEL, value=17
07-14 14:42:41.710 I/FactoryTestApp( 1156): [Class] ModuleDevice , [Method] ModuleDevice , [Message] Create ModuleDevice
07-14 14:42:41.710 D/FactoryTestApp( 1156): [Class] Support , [Method] Values.getString , [Message] id=CHIPSET_NAME, value=7x27
07-14 14:42:41.710 D/FactoryTestApp( 1156): [Class] Support , [Method] Values.getString , [Message] id=CHIPSET_NAME, value=7x27
07-14 14:42:41.710 D/FactoryTestApp( 1156): [Class] Support , [Method] Values.getString , [Message] id=CHIPSET_NAME, value=7x27
07-14 14:42:41.710 I/FactoryTestApp( 1156): [Class] ModuleDevice , [Method] getSystemService , [Message] service=vibrator
07-14 14:42:41.730 I/FactoryTestApp( 1156): [Class] ModuleDevice , [Method] getSystemService , [Message] service=storage
07-14 14:42:41.730 D/FactoryTestApp( 1156): [Class] ModuleDevice , [Method] registerReceiver , [Message] mContext=android.app.Application@412190c8
07-14 14:42:41.730 I/FactoryTestApp( 1156): [Class] ModuleDevice , [Method] ModuleDevice , [Message] registerReceiver OK
07-14 14:42:41.740 I/FactoryTestApp( 1156): [Class] ModuleDevice , [Method] isMountedStorage , [Message] path : /mnt/extSdCard
07-14 14:42:41.740 I/FactoryTestApp( 1156): [Class] ModuleDevice , [Method] isMountedStorage , [Message] Environment.MEDIA_MOUNTED : mounted
07-14 14:42:41.740 I/FactoryTestApp( 1156): [Class] ModuleDevice , [Method] isMountedStorage , [Message] state : removed
07-14 14:42:41.740 I/FactoryTestApp( 1156): [Class] ModuleDevice , [Method] isMountedStorage , [Message] StorageVolumes[type] is null
07-14 14:42:41.740 I/FactoryTestApp( 1156): [Class] ModuleDevice , [Method] isMountedStorage , [Message] StorageVolumes[type] is null
07-14 14:42:41.750 I/FactoryTestApp( 1156): [Class] ModuleDFT , [Method] ModuleDFT , [Message] Create ModuleDFT
07-14 14:42:41.750 I/FactoryTestApp( 1156): [Class] ModulePower , [Method] ModulePower , [Message] Create ModulePower
07-14 14:42:41.760 I/FactoryTestApp( 1156): [Class] ModuleSensor , [Method] ModuleSensor
07-14 14:42:41.770 D/FactoryTestApp( 1156): [Class] Support , [Method] Values.getString , [Message] id=SENSOR_NAME_GYROSCOPE, value=
07-14 14:42:41.770 D/FactoryTestApp( 1156): [Class] Support , [Method] Values.getString , [Message] id=SENSOR_NAME_MAGNETIC, value=
07-14 14:42:41.780 D/FactoryTestApp( 1156): [Class] SensorCalculator , [Method] initialize
07-14 14:42:41.780 D/FactoryTestApp( 1156): [Class] Support , [Method] Values.getString , [Message] id=SENSOR_NAME_ACCELEROMETER, value=
07-14 14:42:41.780 D/FactoryTestApp( 1156): [Class] SensorSpec , [Method] SensorSpec , [Message] mFeature_Accelerometer :
07-14 14:42:41.780 D/FactoryTestApp( 1156): [Class] SensorSpec , [Method] SensorSpec , [Message] mFeature_Magnetic :
07-14 14:42:41.780 D/FactoryTestApp( 1156): [Class] SensorCalculator , [Method] specLog , [Message] null
07-14 14:42:41.780 D/FactoryTestApp( 1156): [Class] SensorCalculator , [Method] specLog , [Message] null
07-14 14:42:41.780 D/FactoryTestApp( 1156): [Class] SensorCalculator , [Method] specLog , [Message] null
07-14 14:42:41.780 D/FactoryTestApp( 1156): [Class] SensorCalculator , [Method] specLog , [Message] null
07-14 14:42:41.780 D/FactoryTestApp( 1156): [Class] SensorCalculator , [Method] specLog , [Message] null
07-14 14:42:41.780 I/FactoryTestApp( 1156): [Class] ModuleTouchScreen , [Method] ModuleTouchScreen
07-14 14:42:41.780 I/FactoryTestApp( 1156): [Class] ModuleTouchScreen , [Method] setTSPInfo
07-14 14:42:41.790 D/FactoryTestApp( 1156): [Class] Support , [Method] Values.getString , [Message] id=TSP_MANUFACTURE, value=MELFAS
07-14 14:42:28.551 V/DevicePolicyManagerService( 275): Sending password expiration notifications for action android.intent.action.BOOT_COMPLETED
07-14 14:42:41.790 D/FactoryTestApp( 1156): [Class] Support , [Method] Values.getString , [Message] id=PANEL_TYPE, value=TFT
07-14 14:42:28.561 D/NetworkManagementService( 275): received ACTION_BOOT_COMPLETED
07-14 14:42:41.790 D/FactoryTestApp( 1156): [Class] Support , [Method] Values.getString , [Message] id=DEVICE_TYPE, value=phone
07-14 14:42:28.561 D/NetworkManagementService( 275): enabling bandwidth control
07-14 14:42:41.790 D/FactoryTestApp( 1156): [Class] ModuleTouchScreen , [Method] setTSPInfo , [Message] mTSPVendorName : MELFAS
07-14 14:42:28.931 D/PowerManagerService( 275): acquireWakeLock flags=0x1000001a tag=keyguard uid=1000 pid=275 myUID=1000 myPID=275 myTID=436
07-14 14:42:41.790 D/FactoryTestApp( 1156): [Class] ModuleTouchScreen , [Method] setTSPInfo , [Message] mTSPPanelType : TFT
07-14 14:42:28.951 D/PowerManagerService( 275): acquireWakeLock flags=0x1000001a tag=keyguard uid=1000 pid=275 myUID=1000 myPID=275 myTID=436
07-14 14:42:41.790 D/FactoryTestApp( 1156): [Class] ModuleTouchScreen , [Method] setTSPInfo , [Message] mTSPDeviceType : phone
07-14 14:42:29.001 I/WifiService( 275): checkAndStartWifi after receiving BOOT_COMPLETED
07-14 14:42:41.790 I/FactoryTestApp( 1156): [Class] ModuleTouchScreen , [Method] setTSPConnectionSpec
07-14 14:42:29.001 I/WifiService( 275): WifiService starting up with Wi-Fi enabled
07-14 14:42:41.790 D/FactoryTestApp( 1156): [Class] Support , [Method] Values.getInt , [Message] id=TSP_SELFTEST_MIN, value=20204
07-14 14:42:29.021 D/MountService( 275): received ACTION_BOOT_COMPLETED
07-14 14:42:41.800 D/MmsSmsDatabaseHelper( 546): [MmsSmsDb] tableName: threads hasAutoIncrement: CREATE TABLE threads (_id INTEGER PRIMARY KEY AUTOINCREMENT,date INTEGER DEFAULT 0,message_count INTEGER DEFAULT 0,recipient_ids TEXT,snippet TEXT,snippet_cs INTEGER DEFAULT 0,read INTEGER DEFAULT 1,type INTEGER DEFAULT 0,error INTEGER DEFAULT 0,has_attachment INTEGER DEFAULT 0) result: true
07-14 14:42:29.051 I/MountService( 275): updating volume state mounted
07-14 14:42:41.800 D/MmsSmsDatabaseHelper( 546): [MmsSmsDb] tableName: canonical_addresses hasAutoIncrement: CREATE TABLE canonical_addresses (_id INTEGER PRIMARY KEY AUTOINCREMENT,address TEXT) result: true
07-14 14:42:29.051 D/MountService( 275): updatePublicVolumeState :: path = /mnt/sdcard, state = mounted
07-14 14:42:41.800 D/MmsSmsDatabaseHelper( 546): [getWritableDatabase] hasAutoIncrementThreads: true hasAutoIncrementAddresses: true
07-14 14:42:29.051 W/MountService( 275): Duplicate state transition (mounted -> mounted) for /mnt/sdcard
07-14 14:42:41.810 D/FactoryTestApp( 1156): [Class] Support , [Method] Values.getInt , [Message] id=TSP_SELFTEST_MAX, value=28884
07-14 14:42:29.051 I/MountService( 275): notifyVolumeStateChanged:: path = /mnt/sdcard,old = mounted,new = mounted
07-14 14:42:41.810 D/FactoryTestApp( 1156): [Class] Support , [Method] Values.getBoolean , [Message] id=FACTORY_TEST_APO, value=false
07-14 14:42:29.071 D/MountService( 275): sendStorageIntent Intent { act=android.intent.action.MEDIA_MOUNTED dat=file:///mnt/sdcard (has extras) }
07-14 14:42:41.810 D/FactoryTestApp( 1156): [Class] Support , [Method] Values.getString , [Message] id=FACTORY_TEST_PROTOCOL, value=NEW_DM
07-14 14:42:31.271 D/PowerManagerService( 275): acquireWakeLock flags=0x1000001a tag=keyguard uid=1000 pid=275 myUID=1000 myPID=275 myTID=436
07-14 14:42:41.810 D/FactoryTestApp( 1156): [Class] Support , [Method] Values.getString , [Message] id=CHIPSET_NAME, value=7x27
07-14 14:42:31.271 D/PowerManagerService( 275): acquireWakeLock flags=0x1000001a tag=keyguard uid=1000 pid=275 myUID=1000 myPID=275 myTID=436
07-14 14:42:41.810 D/FactoryTestApp( 1156): [Class] Support , [Method] Values.getString , [Message] id=CHIPSET_NAME, value=7x27
07-14 14:42:31.431 V/WiredAccessoryObserver( 275): init()
07-14 14:42:41.810 D/FactoryTestApp( 1156): [Class] Support , [Method] Values.getString , [Message] id=CHIPSET_NAME, value=7x27
07-14 14:42:31.431 W/WiredAccessoryObserver( 275): This kernel does not have wired headset support
07-14 14:42:41.810 D/FactoryTestApp( 1156): [Class] Support , [Method] Values.getString , [Message] id=CHIPSET_NAME, value=7x27
07-14 14:42:31.431 W/WiredAccessoryObserver( 275): This kernel does not have wired headset support
07-14 14:42:41.810 D/FactoryTestApp( 1156): [Class] Support , [Method] Values.getString , [Message] id=CHIPSET_NAME_CP, value=#DEFAULT
07-14 14:42:31.431 D/UsbDeviceManager( 275): boot completed
07-14 14:42:41.820 D/BluetoothBDAdrressReceiver( 1236): onReceive(), action: android.intent.action.BOOT_COMPLETED
07-14 14:42:31.531 W/ActivityManager( 275): Unable to start service Intent { act=com.samsung.internal.PHONEINFO_STARTED cmp=xxxx }: not found
07-14 14:42:41.840 D/BluetoothBDTestService( 546): onCreate()
07-14 14:42:31.610 V/WindowOrientationListener( 275): nearestRotation : 0 Angle: 0 tilt: 40
07-14 14:42:41.840 E/BluetoothBDTestService( 546): onStart(), action: com.bluetoothtestapp.BtBDstartservice.BootComplete
07-14 14:42:32.321 D/PowerManagerService( 275): acquireWakeLock flags=0x1000001a tag=keyguard uid=1000 pid=275 myUID=1000 myPID=275 myTID=436
07-14 14:42:41.840 E/BluetoothBDTestService( 546): bd_address_path: /efs/bluetooth/bt_addr
07-14 14:42:32.321 D/PowerManagerService( 275): acquireWakeLock flags=0x1000001a tag=keyguard uid=1000 pid=275 myUID=1000 myPID=275 myTID=436
07-14 14:42:41.840 E/BluetoothBDTestService( 546): already exist!( /efs/bluetooth/bt_addr ), file length: 17
07-14 14:42:32.361 D/NetworkManagementService( 275): flags <[down broadcast multicast]>
07-14 14:42:41.850 D/FactoryTestApp( 1156): [Class] Support , [Method] Values.getString , [Message] id=EFS_HW_PATH, value=/efs/FactoryApp/hw_ver
07-14 14:42:32.981 I/ActivityManager( 275): Start proc app.processName for broadcast hostingNameStr: pid=945 uid=10033 gids={3003, 1015, 1023}
07-14 14:42:41.850 D/FactoryTestApp( 1156): [Class] AtVersname , [Method] AtVersname , [Message] EFS_HW_PATHis already existed...
07-14 14:42:33.511 D/PowerManagerService( 275): acquireWakeLock flags=0x1000001a tag=keyguard uid=1000 pid=275 myUID=1000 myPID=275 myTID=436
07-14 14:42:41.850 D/FactoryTestApp( 1156): [Class] Support , [Method] Values.getString , [Message] id=CHIPSET_NAME, value=7x27
07-14 14:42:33.511 D/PowerManagerService( 275): acquireWakeLock flags=0x1000001a tag=keyguard uid=1000 pid=275 myUID=1000 myPID=275 myTID=436
07-14 14:42:41.850 D/FactoryTestApp( 1156): [Class] Support , [Method] Values.getString , [Message] id=CHIPSET_NAME, value=7x27
07-14 14:42:33.631 W/ProcessStats( 275): Skipping unknown process pid 974
07-14 14:42:41.870 D/FactoryTestApp( 1156): [Class] Support , [Method] Values.getString , [Message] id=SERIAL_NO, value=/efs/FactoryApp/serial_no
07-14 14:42:33.631 W/ProcessStats( 275): Skipping unknown process pid 975
07-14 14:42:41.870 D/FactoryTestApp( 1156): [Class] Support , [Method] Values.getString , [Message] id=BATTERY_VOLT_ADC_CAL, value=/sys/class/power_supply/battery/batt_vol_adc_cal
07-14 14:42:34.350 D/UsbDeviceManager( 275): handleMessage -> MSG_BOOT_COMPLETED
07-14 14:42:41.880 D/SensorManager( 1156): ====>>>>>Num Sensor: 1
07-14 14:42:34.490 W/ActivityThread( 592): ClassLoader.loadClass: The class loader returned by Thread.getContextClassLoader() may fail for processes that host multiple applications. You should explicitly specify a context class loader. For example: Thread.setContextClassLoader(getClass().getClassLoader());
07-14 14:42:41.880 D/SensorManager( 1156): ====>>>>>Num Sensor: 0
07-14 14:42:34.530 W/PowerManagerService( 275): Timer 0x7->0x3|0x15
07-14 14:42:41.880 D/FactoryTestApp( 1156): [Class] Support , [Method] Values.getString , [Message] id=FACTORY_MODE, value=/efs/FactoryApp/factorymode
07-14 14:42:34.600 D/PowerManagerService( 275): acquireWakeLock flags=0x1000001a tag=keyguard uid=1000 pid=275 myUID=1000 myPID=275 myTID=436
07-14 14:42:41.880 D/FactoryTestApp( 1156): [Class] AtKstringb , [Method] AtKstringb , [Message] FACTORY_MODEis already existed...
07-14 14:42:35.620 D/ConnectivityService( 275): ConnectivityChange for WIFI: CONNECTED/CONNECTED
07-14 14:42:41.890 D/FactoryTestApp( 1156): [Class] Support , [Method] Values.getString , [Message] id=KEYSTRING_BLOCK, value=/efs/FactoryApp/keystr
07-14 14:42:35.700 D/ConnectivityService( 275): ConnectivityChange for WIFI: CONNECTED/CONNECTED
07-14 14:42:41.890 D/FactoryTestApp( 1156): [Class] AtKstringb , [Method] AtKstringb , [Message] KEYSTRING_BLOCKis already existed...
07-14 14:42:35.700 D/ConnectivityService( 275): handleConnectivityChange: address are the same reset per doReset linkProperty[1]: resetMask=0
07-14 14:42:41.890 D/FactoryTestApp( 1156): [Class] Support , [Method] Values.getBoolean , [Message] id=IS_TSP_STANDARD, value=true
07-14 14:42:35.970 D/PowerManagerService( 275): acquireWakeLock flags=0x1000001a tag=keyguard uid=1000 pid=275 myUID=1000 myPID=275 myTID=436
07-14 14:42:41.900 D/FactoryTestApp( 1156): [Class] Support , [Method] Values.getString , [Message] id=BAROMETE_DELTA, value=/efs/FactoryApp/baro_delta
07-14 14:42:35.970 D/PowerManagerService( 275): acquireWakeLock flags=0x1000001a tag=keyguard uid=1000 pid=275 myUID=1000 myPID=275 myTID=436
07-14 14:42:41.900 I/CheckinService( 736): Disabling old GoogleServicesFramework version
07-14 14:42:35.980 D/PowerManagerService( 275): enableUserActivity true
07-14 14:42:41.900 D/FactoryTestApp( 1156): [Class] AtBaromete , [Method] AtBaromete , [Message] BAROMETE_DELTAis already existed...
07-14 14:42:35.980 D/PhoneStatusBar( 482): disable: < expand* icons alerts ticker* system_info BACK HOME recent* CLOCK
> 07-14 14:42:41.940 E/CscParser( 546): mps_code.dat does not exist
07-14 14:42:35.980 D/PowerManagerService( 275): releaseWakeLockLocked flags=0x0 tag=keyguard myUID=1000 myPID=275 myTID=436
07-14 14:42:41.940 E/CscParser( 546): customer_path =/system/csc/customer.xml
07-14 14:42:35.980 I/PowerManagerService( 275): Ulight 7->3|0
07-14 14:42:41.940 E/CscParser( 546): mps_code.dat does not exist
07-14 14:42:35.980 D/PowerManagerService( 275): setLightBrightness : mButtonLight : 0
07-14 14:42:41.940 E/CscParser( 546): customer_path =/system/csc/customer.xml
07-14 14:42:35.980 D/WifiService( 275): Receive Unlock screen
07-14 14:42:41.940 E/CscParser( 546): fileName + /system/csc/customer.xml
07-14 14:42:42.009 I/ActivityManager( 275): Start proc app.processName for broadcast hostingNameStr: pid=736 uid=10013 gids={3003, 1015, 1023, 1007, 1006, 3002, 3001, 2001, 3006}
07-14 14:42:36.150 D/PhoneStatusBar( 482): disable: < expand icons alerts ticker system_info back* home* recent clock*
> 07-14 14:42:42.010 E/CscParser( 546): mps_code.dat does not exist
07-14 14:42:36.850 I/ActivityManager( 275): Start proc app.processName for service hostingNameStr: pid=1049 uid=10013 gids={3003, 1015, 1023, 1007, 1006, 3002, 3001, 2001, 3006}
07-14 14:42:42.010 E/CscParser( 546): others_path =/system/csc/others.xml
07-14 14:42:37.430 D/BatteryService( 275): If you want to hear notification sound for TA detecting, Time should be reach 40 sec from boot. But now is 31 sec
07-14 14:42:42.010 E/CscParser( 546): mps_code.dat does not exist
07-14 14:42:37.610 D/ConnectivityService( 275): ConnectivityChange for mobile: CONNECTED/CONNECTED
07-14 14:42:42.010 E/CscParser( 546): customer_path =/system/csc/customer.xml
07-14 14:42:37.760 D/ConnectivityService( 275): ConnectivityChange for mobile: DISCONNECTED/DISCONNECTED
07-14 14:42:42.010 E/CscParser( 546): mps_code.dat does not exist
07-14 14:42:37.760 D/ConnectivityService( 275): Attempting to switch to WIFI
07-14 14:42:42.010 E/CscParser( 546): others_path =/system/csc/others.xml
07-14 14:42:37.760 D/ConnectivityService( 275): Attempting to switch to BLUETOOTH_TETHER
07-14 14:42:42.020 E/CscParser( 546): fileName + /system/csc/others.xml
07-14 14:42:37.760 D/ConnectivityService( 275): resetConnections(ppp0, 3)
07-14 14:42:42.020 E/CscParser( 546): mps_code.dat does not exist
07-14 14:42:37.960 D/NetlinkEvent( 99): Unexpected netlink message. type=0x11
07-14 14:42:42.020 E/CscParser( 546): ID_path =/system/SW_Configuration.xml
07-14 14:42:39.280 I/ActivityManager( 275): Start proc app.processName for broadcast hostingNameStr: pid=1114 uid=10000 gids={3003, 1015, 1023}
07-14 14:42:42.020 E/CscParser( 546): mps_code.dat does not exist
07-14 14:42:39.730 I/ActivityManager( 275): Start proc app.processName for broadcast hostingNameStr: pid=1139 uid=10043 gids={3003}
07-14 14:42:42.020 E/CscParser( 546): customer_path =/system/csc/customer.xml
07-14 14:42:39.930 I/ActivityManager( 275): Start proc app.processName for service hostingNameStr: pid=1156 uid=1000 gids={3001, 3002, 1023, 1006, 1007, 3003, 1015, 1001, 3007}
07-14 14:42:42.020 E/CscReceiver( 546): onReceive android.intent.action.BOOT_COMPLETED
07-14 14:42:40.060 W/ActivityThread( 1156): ClassLoader.getResources: The class loader returned by Thread.getContextClassLoader() may fail for processes that host multiple applications. You should explicitly specify a context class loader. For example: Thread.setContextClassLoader(getClass().getClassLoader());
07-14 14:42:42.020 E/CscParser( 546): mps_code.dat does not exist
07-14 14:42:40.340 I/ActivityManager( 275): Start proc app.processName for broadcast hostingNameStr: pid=1173 uid=1000 gids={3001, 3002, 1023, 1006, 1007, 3003, 1015, 1001, 3007}
07-14 14:42:42.020 E/CscParser( 546): ID_path =/system/SW_Configuration.xml
07-14 14:42:40.470 I/BootReceiver( 275): loading Services after getting boot completed()
07-14 14:42:42.020 E/CscParser( 546): mps_code.dat does not exist
07-14 14:42:40.470 I/BootReceiver( 275): Clipboard Service
07-14 14:42:42.020 E/CscParser( 546): customer_path =/system/csc/customer.xml
07-14 14:42:40.480 I/BootReceiver( 275): Throttle Service
07-14 14:42:42.020 E/CscParser( 546): mps_code.dat does not exist
07-14 14:42:40.480 I/BootReceiver( 275): Starting Throttle systemready
07-14 14:42:42.020 E/CscParser( 546): others_path =/system/csc/others.xml
07-14 14:42:40.480 D/NetworkManagementService( 275): Registering observer
07-14 14:42:42.020 E/CscParser( 546): fileName + /system/SW_Configuration.xml
07-14 14:42:40.480 I/BootReceiver( 275): Throttle systemready done
07-14 14:42:42.030 D/CscParser( 546): getInstance fileName =/system/SW_Configuration.xml
07-14 14:42:40.480 I/BootReceiver( 275): Device Storage Monitor
07-14 14:42:42.030 E/CscParser( 546): mps_code.dat does not exist
07-14 14:42:40.480 I/BootReceiver( 275): Backup Service
07-14 14:42:42.030 E/CscParser( 546): customer_path =/system/csc/customer.xml
07-14 14:42:40.500 V/BackupManagerService( 275): Initializing package tracking
07-14 14:42:42.030 E/CscParser( 546): mps_code.dat does not exist
07-14 14:42:40.540 W/ThrottleService( 275): unable to find stats for iface rmnet0
07-14 14:42:42.030 E/CscParser( 546): others_path =/system/csc/others.xml
07-14 14:42:40.880 V/BackupManagerService( 275): addPackageParticipantsLocked: all
07-14 14:42:42.030 I/System.out( 546): HandDataNode = null
07-14 14:42:40.880 V/BackupManagerService( 275): Registering transport android/com.android.internal.backup.LocalTransport = com.android.internal.backup.LocalTransport@418cf268
07-14 14:42:42.030 E/CscReceiver( 546): PATH_CSCNAME =CustomerDataSet.CSCName
07-14 14:42:40.880 V/BackupManagerService( 275): Starting with transport com.google.android.backup/.BackupTransportService
07-14 14:42:42.040 E/CscParser( 546): fileName + /system/csc/customer.xml
07-14 14:42:40.880 V/BackupManagerService( 275): Binding to Google transport
07-14 14:42:42.100 D/CscParser( 546): getInstance fileName =/system/csc/customer.xml
07-14 14:42:40.890 I/BackupManagerService( 275): Found stale backup journal, scheduling
07-14 14:42:42.100 E/CscParser( 546): mps_code.dat does not exist
07-14 14:42:40.890 I/BackupManagerService( 275): com.android.providers.settings
07-14 14:42:42.100 E/CscParser( 546): customer_path =/system/csc/customer.xml
07-14 14:42:40.920 I/BackupManagerService( 275): Backup enabled => true
07-14 14:42:42.100 E/CscParser( 546): mps_code.dat does not exist
07-14 14:42:41.090 I/ActivityManager( 275): Start proc app.processName for broadcast hostingNameStr: pid=1211 uid=10004 gids={3002, 3001}
07-14 14:42:42.100 E/CscParser( 546): customer_path =/system/csc/customer.xml
07-14 14:42:41.530 V/BackupManagerService( 275): Connected to Google transport
07-14 14:42:42.100 E/CscParser( 546): fileName + /system/csc/customer.xml
07-14 14:42:41.530 V/BackupManagerService( 275): Registering transport com.google.android.backup/.BackupTransportService = com.google.android.backup.BackupTransportService$1@4175b408
07-14 14:42:42.140 D/CscGPS ( 546): CSCGPS.updateParameters
07-14 14:42:41.650 I/ActivityManager( 275): Start proc app.processName for broadcast hostingNameStr: pid=1236 uid=1000 gids={3001, 3002, 1023, 1006, 1007, 3003, 1015, 1001, 3007}
07-14 14:42:42.140 D/CscGPS ( 546): supl host : null
07-14 14:42:41.990 W/PowerManagerService( 275): Timer 0x3->0x3|0x0
07-14 14:42:42.140 D/CscGPS ( 546): SUPL Host is null or invalid
07-14 14:42:42.140 D/CscGPS ( 546): supl port : null
07-14 14:42:42.140 D/CscGPS ( 546): SUPL PORT is null or invalid
07-14 14:42:42.140 D/CscGPS ( 546): CSC don't have any AGPS value.
07-14 14:42:42.150 E/CscParser( 546): mps_code.dat does not exist
07-14 14:42:42.150 E/CscParser( 546): ID_path =/system/SW_Configuration.xml
07-14 14:42:42.150 E/CscParser( 546): mps_code.dat does not exist
07-14 14:42:42.150 E/CscParser( 546): customer_path =/system/csc/customer.xml
07-14 14:42:42.150 E/CscUpdateService( 546): onStart
07-14 14:42:42.150 E/CscUpdateService( 546): /system/csc/customer.xml is exists : it has been preconfiged.
07-14 14:42:42.170 E/CscUpdateService( 546): CSC is already Updated. Do nothing.
07-14 14:42:42.180 I/ActivityManager( 275): Start proc app.processName for broadcast hostingNameStr: pid=1254 uid=10009 gids={3003, 1015, 1023}
07-14 14:42:42.240 I/CheckinService( 736): Done disabling old GoogleServicesFramework version
07-14 14:42:42.250 I/ActivityThread( 1254): Pub com.android.calendar: com.android.providers.calendar.CalendarProvider2
07-14 14:42:42.330 I/ActivityManager( 275): Start proc app.processName for broadcast hostingNameStr: pid=1272 uid=10015 gids={}
07-14 14:42:42.390 I/ActivityThread( 1272): Pub com.android.deskclock: com.android.deskclock.AlarmProvider
07-14 14:42:42.399 V/WindowManager( 275): rotationForOrientationLw(orient=5, last=0); user=0 mLidOpen=-1 mDockMode=0 mHdmiPlugged=false mAccelerometerDefault=1 sensorRotation=0
07-14 14:42:42.469 V/WindowManager( 275): rotationForOrientationLw(orient=5, last=0); user=0 mLidOpen=-1 mDockMode=0 mHdmiPlugged=false mAccelerometerDefault=1 sensorRotation=0
07-14 14:42:42.510 I/ActivityManager( 275): Start proc app.processName for broadcast hostingNameStr: pid=1289 uid=10017 gids={3003, 1015, 1023}
07-14 14:42:42.540 V/AlarmClock( 1272): AlarmInitReceiver finished
07-14 14:42:42.600 I/ActivityThread( 1289): Pub com.android.email.provider;com.android.email.notifier: com.android.email.provider.EmailProvider
07-14 14:42:42.630 I/ActivityThread( 1289): Pub com.android.email.attachmentprovider: com.android.email.provider.AttachmentProvider
07-14 14:42:42.690 I/ActivityManager( 275): Start proc app.processName for service hostingNameStr: pid=1304 uid=10018 gids={3003, 1015, 1023}
07-14 14:42:42.770 I/ActivityThread( 1304): Pub com.android.exchange.directory.provider: com.android.exchange.provider.ExchangeDirectoryProvider
07-14 14:42:42.820 D/FactoryTestApp( 1156): [Class] FactoryTestBroadcastReceiver , [Method] onReceive , [Message] onReceive action=android.intent.action.BOOT_COMPLETED
07-14 14:42:42.820 I/FactoryTestApp( 1156): [Class] XMLDataStorage , [Method] parsingXML , [Message] FtClient => XML data parsing was completed.
07-14 14:42:42.820 D/FactoryTestApp( 1156): [Class] FactoryTestBroadcastReceiver , [Method] onReceive , [Message] ACTION_BOOT_COMPLETED => XML data parsing was failed.
07-14 14:42:42.820 I/FactoryTestApp( 1156): [Class] ModuleCommon , [Method] 15 Test Ready flag , [Message] blocking
07-14 14:42:42.820 D/Eas Debug( 1304): Logging:
