07-14 14:52:01.860 D/StatusBar.BatteryController( 482): mOldstatus5status 5
07-14 14:52:01.860 D/StatusBar.BatteryController( 482): now old status is 5
07-14 14:52:03.300 I/EventLogService( 736): Aggregate from 1405362123129 (log), 1405362123129 (data)
07-14 14:52:03.400 W/EventLogAggregator( 736): Unknown tag: facelock_activated
07-14 14:52:03.400 W/EventLogAggregator( 736): Unknown tag: facelock_fail
07-14 14:52:03.400 W/EventLogAggregator( 736): Unknown tag: facelock_success
07-14 14:52:03.400 W/EventLogAggregator( 736): Unknown tag: snet
07-14 14:52:03.400 W/EventLogAggregator( 736): Unknown tag: snet_gcore
07-14 14:52:13.040 D/Tethering( 275): interfaceLinkStateChanged wlan0, true
07-14 14:52:13.040 D/Tethering( 275): interfaceStatusChanged wlan0, true
07-14 14:52:21.890 V/StatusBar.BatteryController( 482): status5batteryHealth 2
07-14 14:52:21.890 D/StatusBar.BatteryController( 482): mOldstatus5status 5
07-14 14:52:21.890 D/StatusBar.BatteryController( 482): now old status is 5
07-14 14:52:31.920 V/StatusBar.BatteryController( 482): status5batteryHealth 2
07-14 14:52:31.920 D/StatusBar.BatteryController( 482): mOldstatus5status 5
07-14 14:52:31.920 D/StatusBar.BatteryController( 482): now old status is 5
07-14 14:52:38.970 D/Tethering( 275): interfaceLinkStateChanged wlan0, true
07-14 14:52:38.970 D/Tethering( 275): interfaceStatusChanged wlan0, true
07-14 14:52:41.940 V/StatusBar.BatteryController( 482): status5batteryHealth 2
07-14 14:52:41.940 D/StatusBar.BatteryController( 482): mOldstatus5status 5
07-14 14:52:41.940 D/StatusBar.BatteryController( 482): now old status is 5
07-14 14:52:43.980 D/Tethering( 275): interfaceLinkStateChanged wlan0, true
07-14 14:52:43.980 D/Tethering( 275): interfaceStatusChanged wlan0, true
07-14 14:52:53.140 E/WifiStateMachine( 275): set suspend optimizations failed!
07-14 14:52:53.180 D/SensorManager( 768): registerListener :: handle = 0 name= BOSCH 3-axis Accelerometer delay= 10000 Listener= kvo@412aa5f8
07-14 14:52:53.180 E/SensorManager( 768): thread start
07-14 14:52:53.180 E/SensorManager( 768): =======>>>Sensor Thread RUNNING <<<========
07-14 14:52:53.860 D/Tethering( 275): interfaceLinkStateChanged wlan0, true
07-14 14:52:53.860 D/Tethering( 275): interfaceStatusChanged wlan0, true
07-14 14:52:53.860 D/Tethering( 275): interfaceLinkStateChanged wlan0, true
07-14 14:52:53.860 D/Tethering( 275): interfaceStatusChanged wlan0, true
07-14 14:52:53.970 E/WifiStateMachine( 275): set suspend optimizations failed!
07-14 14:52:54.090 I/GCoreUlr( 768): Successfully inserted location
07-14 14:52:54.090 I/GCoreUlr( 768): Not calling LocationReportingService, hasMoved: false, elapsed millis: 480026, request: Phone
07-14 14:52:56.740 I/SensorManager( 768): Set normal delay = true
07-14 14:52:56.820 D/SensorManager( 768): unregisterListener:: disable all sensors for this listener, name = BOSCH 3-axis Accelerometer listener = kvo@412aa5f8
07-14 14:53:01.990 V/StatusBar.BatteryController( 482): status5batteryHealth 2
07-14 14:53:01.990 D/StatusBar.BatteryController( 482): mOldstatus5status 5
07-14 14:53:01.990 D/StatusBar.BatteryController( 482): now old status is 5
07-14 14:53:03.240 W/SignalStrength( 275): getCdmaLevel=2
07-14 14:53:03.240 W/SignalStrength( 275): getEvdoLevel=0
07-14 14:53:03.240 W/SignalStrength( 275): getCdmaLevel=2
07-14 14:53:03.240 W/SignalStrength( 275): getLevel=2
07-14 14:53:03.240 W/SignalStrength( 482): getCdmaLevel=2
07-14 14:53:03.240 W/SignalStrength( 482): getEvdoLevel=0
07-14 14:53:03.240 W/SignalStrength( 482): getCdmaLevel=2
07-14 14:53:03.240 W/SignalStrength( 482): getLevel=2
07-14 14:53:12.000 V/StatusBar.BatteryController( 482): status5batteryHealth 2
07-14 14:53:12.000 D/StatusBar.BatteryController( 482): mOldstatus5status 5
07-14 14:53:12.000 D/StatusBar.BatteryController( 482): now old status is 5
07-14 14:53:17.240 W/SignalStrength( 275): getCdmaLevel=3
07-14 14:53:17.240 W/SignalStrength( 275): getEvdoLevel=0
07-14 14:53:17.240 W/SignalStrength( 275): getCdmaLevel=3
07-14 14:53:17.240 W/SignalStrength( 275): getLevel=3
07-14 14:53:17.250 W/SignalStrength( 482): getCdmaLevel=3
07-14 14:53:17.250 W/SignalStrength( 482): getEvdoLevel=0
07-14 14:53:17.250 W/SignalStrength( 482): getCdmaLevel=3
07-14 14:53:17.250 W/SignalStrength( 482): getLevel=3
07-14 14:53:31.250 W/SignalStrength( 275): getCdmaLevel=2
07-14 14:53:31.250 W/SignalStrength( 275): getEvdoLevel=0
07-14 14:53:31.250 W/SignalStrength( 275): getCdmaLevel=2
07-14 14:53:31.250 W/SignalStrength( 275): getLevel=2
07-14 14:53:31.250 W/SignalStrength( 482): getCdmaLevel=2
07-14 14:53:31.250 W/SignalStrength( 482): getEvdoLevel=0
07-14 14:53:31.250 W/SignalStrength( 482): getCdmaLevel=2
07-14 14:53:31.250 W/SignalStrength( 482): getLevel=2
07-14 14:53:32.250 W/SignalStrength( 275): getCdmaLevel=3
07-14 14:53:32.250 W/SignalStrength( 275): getEvdoLevel=0
07-14 14:53:32.250 W/SignalStrength( 275): getCdmaLevel=3
07-14 14:53:32.250 W/SignalStrength( 275): getLevel=3
07-14 14:53:32.260 W/SignalStrength( 482): getCdmaLevel=3
07-14 14:53:32.260 W/SignalStrength( 482): getEvdoLevel=0
07-14 14:53:32.260 W/SignalStrength( 482): getCdmaLevel=3
07-14 14:53:32.260 W/SignalStrength( 482): getLevel=3
07-14 14:53:52.070 V/StatusBar.BatteryController( 482): status5batteryHealth 2
07-14 14:53:52.070 D/StatusBar.BatteryController( 482): mOldstatus5status 5
07-14 14:53:52.070 D/StatusBar.BatteryController( 482): now old status is 5
07-14 14:53:53.160 E/WifiStateMachine( 275): set suspend optimizations failed!
07-14 14:53:53.910 D/Tethering( 275): interfaceLinkStateChanged wlan0, true
07-14 14:53:53.910 D/Tethering( 275): interfaceStatusChanged wlan0, true
07-14 14:53:53.910 D/Tethering( 275): interfaceLinkStateChanged wlan0, true
07-14 14:53:53.910 D/Tethering( 275): interfaceStatusChanged wlan0, true
07-14 14:53:54.010 E/WifiStateMachine( 275): set suspend optimizations failed!
07-14 14:53:54.250 I/GCoreUlr( 768): Successfully inserted location
07-14 14:53:54.250 I/GCoreUlr( 768): Not calling LocationReportingService, hasMoved: false, elapsed millis: 540186, request: Phone
07-14 14:54:01.260 W/SignalStrength( 275): getCdmaLevel=2
07-14 14:54:01.260 W/SignalStrength( 275): getEvdoLevel=0
07-14 14:54:01.260 W/SignalStrength( 275): getCdmaLevel=2
07-14 14:54:01.260 W/SignalStrength( 275): getLevel=2
07-14 14:54:01.260 W/SignalStrength( 482): getCdmaLevel=2
07-14 14:54:01.270 W/SignalStrength( 482): getEvdoLevel=0
07-14 14:54:01.270 W/SignalStrength( 482): getCdmaLevel=2
07-14 14:54:01.270 W/SignalStrength( 482): getLevel=2
07-14 14:54:02.110 V/StatusBar.BatteryController( 482): status5batteryHealth 2
07-14 14:54:02.110 D/StatusBar.BatteryController( 482): mOldstatus5status 5
07-14 14:54:02.110 D/StatusBar.BatteryController( 482): now old status is 5
07-14 14:54:05.260 W/SignalStrength( 275): getCdmaLevel=3
07-14 14:54:05.260 W/SignalStrength( 275): getEvdoLevel=0
07-14 14:54:05.260 W/SignalStrength( 275): getCdmaLevel=3
07-14 14:54:05.260 W/SignalStrength( 275): getLevel=3
07-14 14:54:05.270 W/SignalStrength( 482): getCdmaLevel=3
07-14 14:54:05.270 W/SignalStrength( 482): getEvdoLevel=0
07-14 14:54:05.270 W/SignalStrength( 482): getCdmaLevel=3
07-14 14:54:05.270 W/SignalStrength( 482): getLevel=3
07-14 14:54:10.610 W/ThrottleService( 275): unable to find stats for iface rmnet0
07-14 14:54:12.130 V/StatusBar.BatteryController( 482): status5batteryHealth 2
07-14 14:54:12.130 D/StatusBar.BatteryController( 482): mOldstatus5status 5
07-14 14:54:12.130 D/StatusBar.BatteryController( 482): now old status is 5
07-14 14:54:15.100 I/ActivityManager( 275): Start proc app.processName for content provider hostingNameStr: pid=3429 uid=10006 gids={1006, 3003, 1015, 1023}
07-14 14:54:15.120 I/ActivityManager( 275): No longer want app.processName (pid 2433): hidden #16
07-14 14:54:15.190 I/ActivityThread( 3429): Pub com.android.browser;browser: com.android.browser.provider.BrowserProvider2
07-14 14:54:15.200 I/ActivityThread( 3429): Pub com.android.browser.home: com.android.browser.homepages.HomeProvider
07-14 14:54:15.200 I/ActivityThread( 3429): Pub com.android.browser.snapshots: com.android.browser.provider.SnapshotProvider
07-14 14:54:17.270 W/SignalStrength( 275): getCdmaLevel=2
07-14 14:54:17.270 W/SignalStrength( 275): getEvdoLevel=0
07-14 14:54:17.270 W/SignalStrength( 275): getCdmaLevel=2
07-14 14:54:17.270 W/SignalStrength( 275): getLevel=2
07-14 14:54:17.270 W/SignalStrength( 482): getCdmaLevel=2
07-14 14:54:17.270 W/SignalStrength( 482): getEvdoLevel=0
07-14 14:54:17.270 W/SignalStrength( 482): getCdmaLevel=2
07-14 14:54:17.270 W/SignalStrength( 482): getLevel=2
07-14 14:54:18.270 W/SignalStrength( 275): getCdmaLevel=3
07-14 14:54:18.270 W/SignalStrength( 275): getEvdoLevel=0
07-14 14:54:18.270 W/SignalStrength( 275): getCdmaLevel=3
07-14 14:54:18.270 W/SignalStrength( 275): getLevel=3
07-14 14:54:18.270 W/SignalStrength( 482): getCdmaLevel=3
07-14 14:54:18.270 W/SignalStrength( 482): getEvdoLevel=0
07-14 14:54:18.270 W/SignalStrength( 482): getCdmaLevel=3
07-14 14:54:18.270 W/SignalStrength( 482): getLevel=3
07-14 14:54:24.830 D/Tethering( 275): interfaceLinkStateChanged wlan0, true
07-14 14:54:24.830 D/Tethering( 275): interfaceStatusChanged wlan0, true
07-14 14:54:32.160 V/StatusBar.BatteryController( 482): status5batteryHealth 2
07-14 14:54:32.160 D/StatusBar.BatteryController( 482): mOldstatus5status 5
07-14 14:54:32.160 D/StatusBar.BatteryController( 482): now old status is 5
07-14 14:54:42.180 V/StatusBar.BatteryController( 482): status5batteryHealth 2
07-14 14:54:42.180 D/StatusBar.BatteryController( 482): mOldstatus5status 5
07-14 14:54:42.180 D/StatusBar.BatteryController( 482): now old status is 5
07-14 14:54:53.170 E/WifiStateMachine( 275): set suspend optimizations failed!
07-14 14:54:53.400 D/Tethering( 275): interfaceLinkStateChanged wlan0, true
07-14 14:54:53.400 D/Tethering( 275): interfaceStatusChanged wlan0, true
07-14 14:54:53.950 D/Tethering( 275): interfaceLinkStateChanged wlan0, true
07-14 14:54:53.950 D/Tethering( 275): interfaceStatusChanged wlan0, true
07-14 14:54:53.960 D/Tethering( 275): interfaceLinkStateChanged wlan0, true
07-14 14:54:53.960 D/Tethering( 275): interfaceStatusChanged wlan0, true
07-14 14:54:54.060 E/WifiStateMachine( 275): set suspend optimizations failed!
07-14 14:54:54.160 I/GCoreUlr( 768): Successfully inserted location
07-14 14:54:54.160 I/GCoreUlr( 768): Not calling LocationReportingService, hasMoved: false, elapsed millis: 600097, request: Phone
07-14 14:54:57.560 D/Tethering( 275): interfaceLinkStateChanged wlan0, true
07-14 14:54:57.560 D/Tethering( 275): interfaceStatusChanged wlan0, true
07-14 14:55:02.280 W/SignalStrength( 275): getCdmaLevel=2
07-14 14:55:02.280 W/SignalStrength( 275): getEvdoLevel=0
07-14 14:55:02.280 W/SignalStrength( 275): getCdmaLevel=2
07-14 14:55:02.280 W/SignalStrength( 275): getLevel=2
07-14 14:55:02.290 W/SignalStrength( 482): getCdmaLevel=2
07-14 14:55:02.290 W/SignalStrength( 482): getEvdoLevel=0
07-14 14:55:02.290 W/SignalStrength( 482): getCdmaLevel=2
07-14 14:55:02.290 W/SignalStrength( 482): getLevel=2
07-14 14:55:19.090 D/Tethering( 275): interfaceLinkStateChanged wlan0, true
07-14 14:55:19.090 D/Tethering( 275): interfaceStatusChanged wlan0, true
07-14 14:55:22.250 V/StatusBar.BatteryController( 482): status5batteryHealth 2
07-14 14:55:22.250 D/StatusBar.BatteryController( 482): mOldstatus5status 5
07-14 14:55:22.250 D/StatusBar.BatteryController( 482): now old status is 5
07-14 14:55:23.370 D/Tethering( 275): interfaceLinkStateChanged wlan0, true
07-14 14:55:23.370 D/Tethering( 275): interfaceStatusChanged wlan0, true
07-14 14:55:32.280 V/StatusBar.BatteryController( 482): status5batteryHealth 2
07-14 14:55:32.280 D/StatusBar.BatteryController( 482): mOldstatus5status 5
07-14 14:55:32.280 D/StatusBar.BatteryController( 482): now old status is 5
07-14 14:55:42.300 W/SignalStrength( 275): getCdmaLevel=3
07-14 14:55:42.300 W/SignalStrength( 275): getEvdoLevel=0
07-14 14:55:42.300 W/SignalStrength( 275): getCdmaLevel=3
07-14 14:55:42.300 W/SignalStrength( 275): getLevel=3
07-14 14:55:42.300 W/SignalStrength( 482): getCdmaLevel=3
07-14 14:55:42.300 W/SignalStrength( 482): getEvdoLevel=0
07-14 14:55:42.300 W/SignalStrength( 482): getCdmaLevel=3
07-14 14:55:42.300 W/SignalStrength( 482): getLevel=3
07-14 14:55:49.300 W/SignalStrength( 275): getCdmaLevel=2
07-14 14:55:49.300 W/SignalStrength( 275): getEvdoLevel=0
07-14 14:55:49.300 W/SignalStrength( 275): getCdmaLevel=2
07-14 14:55:49.300 W/SignalStrength( 275): getLevel=2
07-14 14:55:49.310 W/SignalStrength( 482): getCdmaLevel=2
07-14 14:55:49.310 W/SignalStrength( 482): getEvdoLevel=0
07-14 14:55:49.310 W/SignalStrength( 482): getCdmaLevel=2
07-14 14:55:49.310 W/SignalStrength( 482): getLevel=2
07-14 14:55:53.190 E/WifiStateMachine( 275): set suspend optimizations failed!
07-14 14:55:53.230 D/SensorManager( 768): registerListener :: handle = 0 name= BOSCH 3-axis Accelerometer delay= 10000 Listener= kvo@41204cf8
07-14 14:55:53.230 E/SensorManager( 768): thread start
07-14 14:55:53.230 E/SensorManager( 768): =======>>>Sensor Thread RUNNING <<<========
07-14 14:55:53.950 D/Tethering( 275): interfaceLinkStateChanged wlan0, true
07-14 14:55:53.960 D/Tethering( 275): interfaceStatusChanged wlan0, true
07-14 14:55:53.960 D/Tethering( 275): interfaceLinkStateChanged wlan0, true
07-14 14:55:53.960 D/Tethering( 275): interfaceStatusChanged wlan0, true
07-14 14:55:54.100 E/WifiStateMachine( 275): set suspend optimizations failed!
07-14 14:55:54.240 I/GCoreUlr( 768): Successfully inserted location
07-14 14:55:54.240 I/GCoreUlr( 768): Not calling LocationReportingService, hasMoved: false, elapsed millis: 660175, request: Phone
07-14 14:55:56.770 I/SensorManager( 768): Set normal delay = true
07-14 14:55:56.850 D/SensorManager( 768): unregisterListener:: disable all sensors for this listener, name = BOSCH 3-axis Accelerometer listener = kvo@41204cf8
07-14 14:55:56.930 I/GCoreUlr( 768): Received powerMode change from NLP: com.google.android.location.activity.LOW_POWER_MODE_ENABLED
07-14 14:55:56.930 I/GCoreUlr( 768): Starting service, intent=Intent { act=com.google.android.location.reporting.ACTION_UPDATE_ACTIVE_STATE cmp=xxxx }, extras=null
07-14 14:55:56.980 I/GCoreUlr( 768): Ensuring that reporting is active for [account#15#]
07-14 14:55:56.990 I/GCoreUlr( 768): Starting service, intent=Intent { act=com.google.android.location.reporting.ACTION_LOCATION_STATUS cmp=xxxx (has extras) }, extras=Bundle[{status=LocationStatus[cell status: STATUS_UNKNOWN, wifi status: STATUS_UNKNOWN, elapsed realtime ns: 0]}]
07-14 14:55:57.110 I/GCoreUlr( 768): GMS FLP location and AR updates requested: {"timestampMs":1405364156962,"description":"stationary","samplePeriodMs":1080000,"sampleSource":"internal","sampleReason":"stationary"}
07-14 14:55:58.310 W/SignalStrength( 275): getCdmaLevel=3
07-14 14:55:58.310 W/SignalStrength( 275): getEvdoLevel=0
07-14 14:55:58.310 W/SignalStrength( 275): getCdmaLevel=3
07-14 14:55:58.310 W/SignalStrength( 275): getLevel=3
07-14 14:55:58.310 W/SignalStrength( 482): getCdmaLevel=3
07-14 14:55:58.310 W/SignalStrength( 482): getEvdoLevel=0
07-14 14:55:58.310 W/SignalStrength( 482): getCdmaLevel=3
07-14 14:55:58.310 W/SignalStrength( 482): getLevel=3
07-14 14:56:01.310 W/SignalStrength( 275): getCdmaLevel=2
07-14 14:56:01.310 W/SignalStrength( 275): getEvdoLevel=0
07-14 14:56:01.310 W/SignalStrength( 275): getCdmaLevel=2
07-14 14:56:01.310 W/SignalStrength( 275): getLevel=2
07-14 14:56:01.310 W/SignalStrength( 482): getCdmaLevel=2
07-14 14:56:01.310 W/SignalStrength( 482): getEvdoLevel=0
07-14 14:56:01.310 W/SignalStrength( 482): getCdmaLevel=2
07-14 14:56:01.310 W/SignalStrength( 482): getLevel=2
07-14 14:56:12.360 V/StatusBar.BatteryController( 482): status5batteryHealth 2
07-14 14:56:12.360 D/StatusBar.BatteryController( 482): mOldstatus5status 5
07-14 14:56:12.360 D/StatusBar.BatteryController( 482): now old status is 5
07-14 14:56:22.380 V/StatusBar.BatteryController( 482): status5batteryHealth 2
07-14 14:56:22.380 D/StatusBar.BatteryController( 482): mOldstatus5status 5
07-14 14:56:22.380 D/StatusBar.BatteryController( 482): now old status is 5
07-14 14:56:27.320 W/SignalStrength( 275): getCdmaLevel=3
07-14 14:56:27.320 W/SignalStrength( 275): getEvdoLevel=0
07-14 14:56:27.320 W/SignalStrength( 275): getCdmaLevel=3
07-14 14:56:27.320 W/SignalStrength( 275): getLevel=3
07-14 14:56:27.320 W/SignalStrength( 482): getCdmaLevel=3
07-14 14:56:27.320 W/SignalStrength( 482): getEvdoLevel=0
07-14 14:56:27.320 W/SignalStrength( 482): getCdmaLevel=3
07-14 14:56:27.320 W/SignalStrength( 482): getLevel=3
07-14 14:56:37.320 W/SignalStrength( 275): getCdmaLevel=2
07-14 14:56:37.320 W/SignalStrength( 275): getEvdoLevel=0
07-14 14:56:37.320 W/SignalStrength( 275): getCdmaLevel=2
07-14 14:56:37.320 W/SignalStrength( 275): getLevel=2
07-14 14:56:37.320 W/SignalStrength( 482): getCdmaLevel=2
07-14 14:56:37.320 W/SignalStrength( 482): getEvdoLevel=0
07-14 14:56:37.320 W/SignalStrength( 482): getCdmaLevel=2
07-14 14:56:37.320 W/SignalStrength( 482): getLevel=2
07-14 14:56:42.420 V/StatusBar.BatteryController( 482): status5batteryHealth 2
07-14 14:56:42.420 D/StatusBar.BatteryController( 482): mOldstatus5status 5
07-14 14:56:42.420 D/StatusBar.BatteryController( 482): now old status is 5
07-14 14:56:49.320 W/SignalStrength( 275): getCdmaLevel=3
07-14 14:56:49.320 W/SignalStrength( 275): getEvdoLevel=0
07-14 14:56:49.320 W/SignalStrength( 275): getCdmaLevel=3
07-14 14:56:49.320 W/SignalStrength( 275): getLevel=3
07-14 14:56:49.330 W/SignalStrength( 482): getCdmaLevel=3
07-14 14:56:49.330 W/SignalStrength( 482): getEvdoLevel=0
07-14 14:56:49.330 W/SignalStrength( 482): getCdmaLevel=3
07-14 14:56:49.330 W/SignalStrength( 482): getLevel=3
07-14 14:56:52.440 V/StatusBar.BatteryController( 482): status5batteryHealth 2
07-14 14:56:52.440 D/StatusBar.BatteryController( 482): mOldstatus5status 5
07-14 14:56:52.440 D/StatusBar.BatteryController( 482): now old status is 5
07-14 14:56:53.200 E/WifiStateMachine( 275): set suspend optimizations failed!
07-14 14:56:53.990 D/Tethering( 275): interfaceLinkStateChanged wlan0, true
07-14 14:56:53.990 D/Tethering( 275): interfaceStatusChanged wlan0, true
07-14 14:56:53.990 D/Tethering( 275): interfaceLinkStateChanged wlan0, true
07-14 14:56:53.990 D/Tethering( 275): interfaceStatusChanged wlan0, true
07-14 14:56:54.320 E/WifiStateMachine( 275): set suspend optimizations failed!
07-14 14:56:54.430 I/GCoreUlr( 768): Successfully inserted location
07-14 14:56:54.440 I/GCoreUlr( 768): Not calling LocationReportingService, hasMoved: false, elapsed millis: 720369, request: Phone
07-14 14:56:56.330 W/SignalStrength( 275): getCdmaLevel=2
07-14 14:56:56.330 W/SignalStrength( 275): getEvdoLevel=0
07-14 14:56:56.330 W/SignalStrength( 275): getCdmaLevel=2
07-14 14:56:56.330 W/SignalStrength( 275): getLevel=2
07-14 14:56:56.330 W/SignalStrength( 482): getCdmaLevel=2
07-14 14:56:56.330 W/SignalStrength( 482): getEvdoLevel=0
07-14 14:56:56.330 W/SignalStrength( 482): getCdmaLevel=2
07-14 14:56:56.330 W/SignalStrength( 482): getLevel=2
07-14 14:57:02.460 V/StatusBar.BatteryController( 482): status5batteryHealth 2
07-14 14:57:02.460 D/StatusBar.BatteryController( 482): mOldstatus5status 5
07-14 14:57:02.460 D/StatusBar.BatteryController( 482): now old status is 5
07-14 14:57:06.600 W/GLSUser ( 592): GoogleAccountDataService.getToken()
07-14 14:57:07.170 W/GLSUser ( 592): [avd][avd] Permission for com.google.android.talk to access oauth2:https://www.googleapis.com/auth/chat https://www.googleapis.com/auth/plus.me https://www.googleapis.com/auth/hangouts https://www.googleapis.com/auth/chat.native will be managed locally.
07-14 14:57:08.480 I/Babel ( 1656): Account registration complete:Redacted-20
07-14 14:57:16.770 D/Tethering( 275): interfaceLinkStateChanged wlan0, true
07-14 14:57:16.770 D/Tethering( 275): interfaceStatusChanged wlan0, true
07-14 14:57:22.490 V/StatusBar.BatteryController( 482): status5batteryHealth 2
07-14 14:57:22.490 D/StatusBar.BatteryController( 482): mOldstatus5status 5
07-14 14:57:22.490 D/StatusBar.BatteryController( 482): now old status is 5
07-14 14:57:27.340 W/SignalStrength( 275): getCdmaLevel=3
07-14 14:57:27.340 W/SignalStrength( 275): getEvdoLevel=0
07-14 14:57:27.340 W/SignalStrength( 275): getCdmaLevel=3
07-14 14:57:27.340 W/SignalStrength( 275): getLevel=3
07-14 14:57:27.350 W/SignalStrength( 482): getCdmaLevel=3
07-14 14:57:27.350 W/SignalStrength( 482): getEvdoLevel=0
07-14 14:57:27.350 W/SignalStrength( 482): getCdmaLevel=3
07-14 14:57:27.350 W/SignalStrength( 482): getLevel=3
07-14 14:57:42.540 V/StatusBar.BatteryController( 482): status5batteryHealth 2
07-14 14:57:42.540 D/StatusBar.BatteryController( 482): mOldstatus5status 5
07-14 14:57:42.540 D/StatusBar.BatteryController( 482): now old status is 5
07-14 14:58:12.600 V/StatusBar.BatteryController( 482): status5batteryHealth 2
07-14 14:58:12.600 D/StatusBar.BatteryController( 482): mOldstatus5status 5
07-14 14:58:12.600 D/StatusBar.BatteryController( 482): now old status is 5
07-14 14:58:33.360 W/SignalStrength( 275): getCdmaLevel=2
07-14 14:58:33.360 W/SignalStrength( 275): getEvdoLevel=0
07-14 14:58:33.360 W/SignalStrength( 275): getCdmaLevel=2
07-14 14:58:33.360 W/SignalStrength( 275): getLevel=2
07-14 14:58:33.370 W/SignalStrength( 482): getCdmaLevel=2
07-14 14:58:33.370 W/SignalStrength( 482): getEvdoLevel=0
07-14 14:58:33.370 W/SignalStrength( 482): getCdmaLevel=2
07-14 14:58:33.370 W/SignalStrength( 482): getLevel=2
07-14 14:58:34.370 W/SignalStrength( 275): getCdmaLevel=3
07-14 14:58:34.370 W/SignalStrength( 275): getEvdoLevel=0
07-14 14:58:34.370 W/SignalStrength( 275): getCdmaLevel=3
07-14 14:58:34.370 W/SignalStrength( 275): getLevel=3
07-14 14:58:34.370 W/SignalStrength( 482): getCdmaLevel=3
07-14 14:58:34.370 W/SignalStrength( 482): getEvdoLevel=0
07-14 14:58:34.370 W/SignalStrength( 482): getCdmaLevel=3
07-14 14:58:34.370 W/SignalStrength( 482): getLevel=3
07-14 14:58:42.660 V/StatusBar.BatteryController( 482): status5batteryHealth 2
07-14 14:58:42.660 D/StatusBar.BatteryController( 482): mOldstatus5status 5
07-14 14:58:42.660 D/StatusBar.BatteryController( 482): now old status is 5
07-14 14:58:52.680 V/StatusBar.BatteryController( 482): status5batteryHealth 2
07-14 14:58:52.680 D/StatusBar.BatteryController( 482): mOldstatus5status 5
07-14 14:58:52.680 D/StatusBar.BatteryController( 482): now old status is 5
07-14 14:58:53.370 W/SignalStrength( 275): getCdmaLevel=2
07-14 14:58:53.370 W/SignalStrength( 275): getEvdoLevel=0
07-14 14:58:53.370 W/SignalStrength( 275): getCdmaLevel=2
07-14 14:58:53.370 W/SignalStrength( 275): getLevel=2
07-14 14:58:53.380 W/SignalStrength( 482): getCdmaLevel=2
07-14 14:58:53.380 W/SignalStrength( 482): getEvdoLevel=0
07-14 14:58:53.380 W/SignalStrength( 482): getCdmaLevel=2
07-14 14:58:53.380 W/SignalStrength( 482): getLevel=2
07-14 14:58:54.370 W/SignalStrength( 275): getCdmaLevel=3
07-14 14:58:54.370 W/SignalStrength( 275): getEvdoLevel=0
07-14 14:58:54.370 W/SignalStrength( 275): getCdmaLevel=3
07-14 14:58:54.370 W/SignalStrength( 275): getLevel=3
07-14 14:58:54.380 W/SignalStrength( 482): getCdmaLevel=3
07-14 14:58:54.380 W/SignalStrength( 482): getEvdoLevel=0
07-14 14:58:54.380 W/SignalStrength( 482): getCdmaLevel=3
07-14 14:58:54.380 W/SignalStrength( 482): getLevel=3
07-14 14:58:54.400 E/WifiStateMachine( 275): set suspend optimizations failed!
07-14 14:58:54.540 I/GoogleHttpClient( 768): Falling back to old SSLCertificateSocketFactory
07-14 14:58:54.540 I/GoogleHttpClient( 768): Using GMS GoogleHttpClient
07-14 14:58:54.540 W/GoogleHttpClient( 768): Ignoring unsupported parameter: http.conn-manager.max-per-route
07-14 14:58:55.160 D/SensorManager( 768): registerListener :: handle = 0 name= BOSCH 3-axis Accelerometer delay= 10000 Listener= kvo@412c5658
07-14 14:58:55.160 E/SensorManager( 768): thread start
07-14 14:58:55.160 E/SensorManager( 768): =======>>>Sensor Thread RUNNING <<<========
07-14 14:58:55.310 E/WifiStateMachine( 275): set suspend optimizations failed!
07-14 14:58:55.950 I/SensorManager( 768): Set normal delay = true
07-14 14:58:56.030 D/SensorManager( 768): unregisterListener:: disable all sensors for this listener, name = BOSCH 3-axis Accelerometer listener = kvo@412c5658
07-14 14:59:02.700 V/StatusBar.BatteryController( 482): status5batteryHealth 2
07-14 14:59:02.700 D/StatusBar.BatteryController( 482): mOldstatus5status 5
07-14 14:59:02.700 D/StatusBar.BatteryController( 482): now old status is 5
07-14 14:59:04.560 D/Tethering( 275): interfaceLinkStateChanged wlan0, true
07-14 14:59:04.560 D/Tethering( 275): interfaceStatusChanged wlan0, true
07-14 14:59:12.720 V/StatusBar.BatteryController( 482): status5batteryHealth 2
07-14 14:59:12.720 D/StatusBar.BatteryController( 482): mOldstatus5status 5
07-14 14:59:12.720 D/StatusBar.BatteryController( 482): now old status is 5
07-14 14:59:42.780 V/StatusBar.BatteryController( 482): status5batteryHealth 2
07-14 14:59:42.780 D/StatusBar.BatteryController( 482): mOldstatus5status 5
07-14 14:59:42.780 D/StatusBar.BatteryController( 482): now old status is 5
07-14 15:00:02.820 V/StatusBar.BatteryController( 482): status5batteryHealth 2
07-14 15:00:02.820 D/StatusBar.BatteryController( 482): mOldstatus5status 5
07-14 15:00:02.820 D/StatusBar.BatteryController( 482): now old status is 5
07-14 15:00:10.400 W/SignalStrength( 275): getCdmaLevel=2
07-14 15:00:10.400 W/SignalStrength( 275): getEvdoLevel=0
07-14 15:00:10.400 W/SignalStrength( 275): getCdmaLevel=2
07-14 15:00:10.400 W/SignalStrength( 275): getLevel=2
07-14 15:00:10.400 W/SignalStrength( 482): getCdmaLevel=2
07-14 15:00:10.400 W/SignalStrength( 482): getEvdoLevel=0
07-14 15:00:10.400 W/SignalStrength( 482): getCdmaLevel=2
07-14 15:00:10.400 W/SignalStrength( 482): getLevel=2
07-14 15:00:11.400 W/SignalStrength( 275): getCdmaLevel=3
07-14 15:00:11.400 W/SignalStrength( 275): getEvdoLevel=0
07-14 15:00:11.400 W/SignalStrength( 275): getCdmaLevel=3
07-14 15:00:11.400 W/SignalStrength( 275): getLevel=3
07-14 15:00:11.400 W/SignalStrength( 482): getCdmaLevel=3
07-14 15:00:11.400 W/SignalStrength( 482): getEvdoLevel=0
07-14 15:00:11.400 W/SignalStrength( 482): getCdmaLevel=3
07-14 15:00:11.400 W/SignalStrength( 482): getLevel=3
07-14 15:00:22.850 V/StatusBar.BatteryController( 482): status5batteryHealth 2
07-14 15:00:22.850 D/StatusBar.BatteryController( 482): mOldstatus5status 5
07-14 15:00:22.850 D/StatusBar.BatteryController( 482): now old status is 5
07-14 15:00:25.410 W/SignalStrength( 275): getCdmaLevel=2
07-14 15:00:25.410 W/SignalStrength( 275): getEvdoLevel=0
07-14 15:00:25.410 W/SignalStrength( 275): getCdmaLevel=2
07-14 15:00:25.410 W/SignalStrength( 275): getLevel=2
07-14 15:00:25.410 W/SignalStrength( 482): getCdmaLevel=2
07-14 15:00:25.410 W/SignalStrength( 482): getEvdoLevel=0
07-14 15:00:25.410 W/SignalStrength( 482): getCdmaLevel=2
07-14 15:00:25.410 W/SignalStrength( 482): getLevel=2
07-14 15:00:27.410 W/SignalStrength( 275): getCdmaLevel=3
07-14 15:00:27.410 W/SignalStrength( 275): getEvdoLevel=0
07-14 15:00:27.410 W/SignalStrength( 275): getCdmaLevel=3
07-14 15:00:27.410 W/SignalStrength( 275): getLevel=3
07-14 15:00:27.410 W/SignalStrength( 482): getCdmaLevel=3
07-14 15:00:27.410 W/SignalStrength( 482): getEvdoLevel=0
07-14 15:00:27.410 W/SignalStrength( 482): getCdmaLevel=3
07-14 15:00:27.410 W/SignalStrength( 482): getLevel=3
07-14 15:00:32.880 V/StatusBar.BatteryController( 482): status5batteryHealth 2
07-14 15:00:32.880 D/StatusBar.BatteryController( 482): mOldstatus5status 5
07-14 15:00:32.880 D/StatusBar.BatteryController( 482): now old status is 5
07-14 15:00:42.900 V/StatusBar.BatteryController( 482): status5batteryHealth 2
07-14 15:00:42.900 D/StatusBar.BatteryController( 482): mOldstatus5status 5
07-14 15:00:42.900 D/StatusBar.BatteryController( 482): now old status is 5
07-14 15:01:02.940 V/StatusBar.BatteryController( 482): status5batteryHealth 2
07-14 15:01:02.940 D/StatusBar.BatteryController( 482): mOldstatus5status 5
07-14 15:01:02.940 D/StatusBar.BatteryController( 482): now old status is 5
07-14 15:01:12.960 V/StatusBar.BatteryController( 482): status5batteryHealth 2
07-14 15:01:12.960 D/StatusBar.BatteryController( 482): mOldstatus5status 5
07-14 15:01:12.960 D/StatusBar.BatteryController( 482): now old status is 5
07-14 15:01:15.430 W/SignalStrength( 275): getCdmaLevel=2
07-14 15:01:15.430 W/SignalStrength( 275): getEvdoLevel=0
07-14 15:01:15.430 W/SignalStrength( 275): getCdmaLevel=2
07-14 15:01:15.430 W/SignalStrength( 275): getLevel=2
07-14 15:01:15.430 W/SignalStrength( 482): getCdmaLevel=2
07-14 15:01:15.430 W/SignalStrength( 482): getEvdoLevel=0
07-14 15:01:15.430 W/SignalStrength( 482): getCdmaLevel=2
07-14 15:01:15.430 W/SignalStrength( 482): getLevel=2
07-14 15:01:18.430 W/SignalStrength( 275): getCdmaLevel=3
07-14 15:01:18.430 W/SignalStrength( 275): getEvdoLevel=0
07-14 15:01:18.430 W/SignalStrength( 275): getCdmaLevel=3
07-14 15:01:18.430 W/SignalStrength( 275): getLevel=3
07-14 15:01:18.430 W/SignalStrength( 482): getCdmaLevel=3
07-14 15:01:18.430 W/SignalStrength( 482): getEvdoLevel=0
07-14 15:01:18.430 W/SignalStrength( 482): getCdmaLevel=3
07-14 15:01:18.430 W/SignalStrength( 482): getLevel=3
07-14 15:01:22.970 V/StatusBar.BatteryController( 482): status5batteryHealth 2
07-14 15:01:22.970 D/StatusBar.BatteryController( 482): mOldstatus5status 5
07-14 15:01:22.970 D/StatusBar.BatteryController( 482): now old status is 5
07-14 15:01:53.040 V/StatusBar.BatteryController( 482): status5batteryHealth 2
07-14 15:01:53.040 D/StatusBar.BatteryController( 482): mOldstatus5status 5
07-14 15:01:53.040 D/StatusBar.BatteryController( 482): now old status is 5
07-14 15:01:54.200 D/SensorManager( 768): registerListener :: handle = 0 name= BOSCH 3-axis Accelerometer delay= 10000 Listener= kvo@4136b358
07-14 15:01:54.210 E/SensorManager( 768): thread start
07-14 15:01:54.210 E/SensorManager( 768): =======>>>Sensor Thread RUNNING <<<========
07-14 15:01:54.910 I/SensorManager( 768): Set normal delay = true
07-14 15:01:54.990 D/SensorManager( 768): unregisterListener:: disable all sensors for this listener, name = BOSCH 3-axis Accelerometer listener = kvo@4136b358
07-14 15:02:03.060 V/StatusBar.BatteryController( 482): status5batteryHealth 2
07-14 15:02:03.060 D/StatusBar.BatteryController( 482): mOldstatus5status 5
07-14 15:02:03.060 D/StatusBar.BatteryController( 482): now old status is 5
07-14 15:02:13.080 V/StatusBar.BatteryController( 482): status5batteryHealth 2
07-14 15:02:13.080 D/StatusBar.BatteryController( 482): mOldstatus5status 5
07-14 15:02:13.080 D/StatusBar.BatteryController( 482): now old status is 5
07-14 15:02:23.090 V/StatusBar.BatteryController( 482): status5batteryHealth 2
07-14 15:02:23.090 D/StatusBar.BatteryController( 482): mOldstatus5status 5
07-14 15:02:23.090 D/StatusBar.BatteryController( 482): now old status is 5
07-14 15:02:33.130 V/StatusBar.BatteryController( 482): status5batteryHealth 2
07-14 15:02:33.130 D/StatusBar.BatteryController( 482): mOldstatus5status 5
07-14 15:02:33.130 D/StatusBar.BatteryController( 482): now old status is 5
07-14 15:02:53.160 V/StatusBar.BatteryController( 482): status5batteryHealth 2
07-14 15:02:53.160 D/StatusBar.BatteryController( 482): mOldstatus5status 5
07-14 15:02:53.160 D/StatusBar.BatteryController( 482): now old status is 5
07-14 15:03:03.170 V/StatusBar.BatteryController( 482): status5batteryHealth 2
07-14 15:03:03.180 D/StatusBar.BatteryController( 482): mOldstatus5status 5
07-14 15:03:03.180 D/StatusBar.BatteryController( 482): now old status is 5
07-14 15:03:05.230 D/Tethering( 275): interfaceLinkStateChanged wlan0, true
07-14 15:03:05.230 D/Tethering( 275): interfaceStatusChanged wlan0, true
07-14 15:03:13.190 V/StatusBar.BatteryController( 482): status5batteryHealth 2
07-14 15:03:13.190 D/StatusBar.BatteryController( 482): mOldstatus5status 5
07-14 15:03:13.190 D/StatusBar.BatteryController( 482): now old status is 5
07-14 15:03:23.210 V/StatusBar.BatteryController( 482): status5batteryHealth 2
07-14 15:03:23.210 D/StatusBar.BatteryController( 482): mOldstatus5status 5
07-14 15:03:23.210 D/StatusBar.BatteryController( 482): now old status is 5
07-14 15:03:35.480 W/SignalStrength( 275): getCdmaLevel=2
07-14 15:03:35.480 W/SignalStrength( 275): getEvdoLevel=0
07-14 15:03:35.480 W/SignalStrength( 275): getCdmaLevel=2
07-14 15:03:35.480 W/SignalStrength( 275): getLevel=2
07-14 15:03:35.480 W/SignalStrength( 482): getCdmaLevel=2
07-14 15:03:35.480 W/SignalStrength( 482): getEvdoLevel=0
07-14 15:03:35.480 W/SignalStrength( 482): getCdmaLevel=2
07-14 15:03:35.480 W/SignalStrength( 482): getLevel=2
07-14 15:03:41.480 W/SignalStrength( 275): getCdmaLevel=3
07-14 15:03:41.480 W/SignalStrength( 275): getEvdoLevel=0
07-14 15:03:41.480 W/SignalStrength( 275): getCdmaLevel=3
07-14 15:03:41.480 W/SignalStrength( 275): getLevel=3
07-14 15:03:41.480 W/SignalStrength( 482): getCdmaLevel=3
07-14 15:03:41.480 W/SignalStrength( 482): getEvdoLevel=0
07-14 15:03:41.480 W/SignalStrength( 482): getCdmaLevel=3
07-14 15:03:41.480 W/SignalStrength( 482): getLevel=3
07-14 15:03:43.260 V/StatusBar.BatteryController( 482): status5batteryHealth 2
07-14 15:03:43.260 D/StatusBar.BatteryController( 482): mOldstatus5status 5
07-14 15:03:43.260 D/StatusBar.BatteryController( 482): now old status is 5
07-14 15:03:53.270 V/StatusBar.BatteryController( 482): status5batteryHealth 2
07-14 15:03:53.270 D/StatusBar.BatteryController( 482): mOldstatus5status 5
07-14 15:03:53.280 D/StatusBar.BatteryController( 482): now old status is 5
07-14 15:04:03.300 V/StatusBar.BatteryController( 482): status5batteryHealth 2
07-14 15:04:03.300 D/StatusBar.BatteryController( 482): mOldstatus5status 5
07-14 15:04:03.300 D/StatusBar.BatteryController( 482): now old status is 5
07-14 15:04:10.610 W/ThrottleService( 275): unable to find stats for iface rmnet0
07-14 15:04:13.320 V/StatusBar.BatteryController( 482): status5batteryHealth 2
07-14 15:04:13.320 D/StatusBar.BatteryController( 482): mOldstatus5status 5
07-14 15:04:13.320 D/StatusBar.BatteryController( 482): now old status is 5
07-14 15:04:16.490 W/SignalStrength( 275): getCdmaLevel=2
07-14 15:04:16.490 W/SignalStrength( 275): getEvdoLevel=0
07-14 15:04:16.490 W/SignalStrength( 275): getCdmaLevel=2
07-14 15:04:16.490 W/SignalStrength( 275): getLevel=2
07-14 15:04:16.510 W/SignalStrength( 482): getCdmaLevel=2
07-14 15:04:16.510 W/SignalStrength( 482): getEvdoLevel=0
07-14 15:04:16.510 W/SignalStrength( 482): getCdmaLevel=2
07-14 15:04:16.510 W/SignalStrength( 482): getLevel=2
07-14 15:04:22.500 W/SignalStrength( 275): getCdmaLevel=3
07-14 15:04:22.500 W/SignalStrength( 275): getEvdoLevel=0
07-14 15:04:22.500 W/SignalStrength( 275): getCdmaLevel=3
07-14 15:04:22.500 W/SignalStrength( 275): getLevel=3
07-14 15:04:22.500 W/SignalStrength( 482): getCdmaLevel=3
07-14 15:04:22.500 W/SignalStrength( 482): getEvdoLevel=0
07-14 15:04:22.500 W/SignalStrength( 482): getCdmaLevel=3
07-14 15:04:22.500 W/SignalStrength( 482): getLevel=3
07-14 15:04:23.330 V/StatusBar.BatteryController( 482): status5batteryHealth 2
07-14 15:04:23.330 D/StatusBar.BatteryController( 482): mOldstatus5status 5
07-14 15:04:23.330 D/StatusBar.BatteryController( 482): now old status is 5
07-14 15:04:53.160 D/SensorManager( 768): registerListener :: handle = 0 name= BOSCH 3-axis Accelerometer delay= 10000 Listener= kvo@411d32f8
07-14 15:04:53.160 E/SensorManager( 768): thread start
07-14 15:04:53.160 E/SensorManager( 768): =======>>>Sensor Thread RUNNING <<<========
07-14 15:04:53.400 V/StatusBar.BatteryController( 482): status5batteryHealth 2
07-14 15:04:53.400 D/StatusBar.BatteryController( 482): mOldstatus5status 5
07-14 15:04:53.400 D/StatusBar.BatteryController( 482): now old status is 5
07-14 15:04:53.850 I/SensorManager( 768): Set normal delay = true
07-14 15:04:53.930 D/SensorManager( 768): unregisterListener:: disable all sensors for this listener, name = BOSCH 3-axis Accelerometer listener = kvo@411d32f8
07-14 15:05:00.510 W/SignalStrength( 275): getCdmaLevel=2
07-14 15:05:00.510 W/SignalStrength( 275): getEvdoLevel=0
07-14 15:05:00.510 W/SignalStrength( 275): getCdmaLevel=2
07-14 15:05:00.510 W/SignalStrength( 275): getLevel=2
07-14 15:05:00.520 W/SignalStrength( 482): getCdmaLevel=2
07-14 15:05:00.520 W/SignalStrength( 482): getEvdoLevel=0
07-14 15:05:00.520 W/SignalStrength( 482): getCdmaLevel=2
07-14 15:05:00.520 W/SignalStrength( 482): getLevel=2
07-14 15:05:03.420 V/StatusBar.BatteryController( 482): status5batteryHealth 2
07-14 15:05:03.420 D/StatusBar.BatteryController( 482): mOldstatus5status 5
07-14 15:05:03.420 D/StatusBar.BatteryController( 482): now old status is 5
07-14 15:05:06.510 W/SignalStrength( 275): getCdmaLevel=3
07-14 15:05:06.510 W/SignalStrength( 275): getEvdoLevel=0
07-14 15:05:06.510 W/SignalStrength( 275): getCdmaLevel=3
07-14 15:05:06.510 W/SignalStrength( 275): getLevel=3
07-14 15:05:06.520 W/SignalStrength( 482): getCdmaLevel=3
07-14 15:05:06.520 W/SignalStrength( 482): getEvdoLevel=0
07-14 15:05:06.520 W/SignalStrength( 482): getCdmaLevel=3
07-14 15:05:06.520 W/SignalStrength( 482): getLevel=3
07-14 15:05:12.510 W/SignalStrength( 275): getCdmaLevel=2
07-14 15:05:12.510 W/SignalStrength( 275): getEvdoLevel=0
07-14 15:05:12.510 W/SignalStrength( 275): getCdmaLevel=2
07-14 15:05:12.510 W/SignalStrength( 275): getLevel=2
07-14 15:05:12.520 W/SignalStrength( 482): getCdmaLevel=2
07-14 15:05:12.520 W/SignalStrength( 482): getEvdoLevel=0
07-14 15:05:12.520 W/SignalStrength( 482): getCdmaLevel=2
07-14 15:05:12.520 W/SignalStrength( 482): getLevel=2
07-14 15:05:13.510 W/SignalStrength( 275): getCdmaLevel=3
07-14 15:05:13.510 W/SignalStrength( 275): getEvdoLevel=0
07-14 15:05:13.510 W/SignalStrength( 275): getCdmaLevel=3
07-14 15:05:13.510 W/SignalStrength( 275): getLevel=3
07-14 15:05:13.520 W/SignalStrength( 482): getCdmaLevel=3
07-14 15:05:13.520 W/SignalStrength( 482): getEvdoLevel=0
07-14 15:05:13.520 W/SignalStrength( 482): getCdmaLevel=3
07-14 15:05:13.520 W/SignalStrength( 482): getLevel=3
07-14 15:05:53.520 V/StatusBar.BatteryController( 482): status5batteryHealth 2
07-14 15:05:53.520 D/StatusBar.BatteryController( 482): mOldstatus5status 5
07-14 15:05:53.520 D/StatusBar.BatteryController( 482): now old status is 5
07-14 15:06:03.540 V/StatusBar.BatteryController( 482): status5batteryHealth 2
07-14 15:06:03.540 D/StatusBar.BatteryController( 482): mOldstatus5status 5
07-14 15:06:03.540 D/StatusBar.BatteryController( 482): now old status is 5
07-14 15:06:13.560 V/StatusBar.BatteryController( 482): status5batteryHealth 2
07-14 15:06:13.560 D/StatusBar.BatteryController( 482): mOldstatus5status 5
07-14 15:06:13.560 D/StatusBar.BatteryController( 482): now old status is 5
07-14 15:06:23.570 V/StatusBar.BatteryController( 482): status5batteryHealth 2
07-14 15:06:23.570 D/StatusBar.BatteryController( 482): mOldstatus5status 5
07-14 15:06:23.580 D/StatusBar.BatteryController( 482): now old status is 5
07-14 15:06:43.620 V/StatusBar.BatteryController( 482): status5batteryHealth 2
07-14 15:06:43.620 D/StatusBar.BatteryController( 482): mOldstatus5status 5
07-14 15:06:43.620 D/StatusBar.BatteryController( 482): now old status is 5
07-14 15:06:44.550 W/SignalStrength( 275): getCdmaLevel=2
07-14 15:06:44.550 W/SignalStrength( 275): getEvdoLevel=0
07-14 15:06:44.550 W/SignalStrength( 275): getCdmaLevel=2
07-14 15:06:44.550 W/SignalStrength( 275): getLevel=2
07-14 15:06:44.560 W/SignalStrength( 482): getCdmaLevel=2
07-14 15:06:44.560 W/SignalStrength( 482): getEvdoLevel=0
07-14 15:06:44.560 W/SignalStrength( 482): getCdmaLevel=2
07-14 15:06:44.560 W/SignalStrength( 482): getLevel=2
07-14 15:06:45.550 W/SignalStrength( 275): getCdmaLevel=3
07-14 15:06:45.550 W/SignalStrength( 275): getEvdoLevel=0
07-14 15:06:45.550 W/SignalStrength( 275): getCdmaLevel=3
07-14 15:06:45.550 W/SignalStrength( 275): getLevel=3
07-14 15:06:45.550 W/SignalStrength( 482): getCdmaLevel=3
07-14 15:06:45.550 W/SignalStrength( 482): getEvdoLevel=0
07-14 15:06:45.550 W/SignalStrength( 482): getCdmaLevel=3
07-14 15:06:45.550 W/SignalStrength( 482): getLevel=3
07-14 15:06:54.550 W/SignalStrength( 275): getCdmaLevel=2
07-14 15:06:54.550 W/SignalStrength( 275): getEvdoLevel=0
07-14 15:06:54.550 W/SignalStrength( 275): getCdmaLevel=2
07-14 15:06:54.550 W/SignalStrength( 275): getLevel=2
07-14 15:06:54.560 W/SignalStrength( 482): getCdmaLevel=2
07-14 15:06:54.560 W/SignalStrength( 482): getEvdoLevel=0
07-14 15:06:54.560 W/SignalStrength( 482): getCdmaLevel=2
07-14 15:06:54.560 W/SignalStrength( 482): getLevel=2
07-14 15:07:01.560 W/SignalStrength( 275): getCdmaLevel=3
07-14 15:07:01.560 W/SignalStrength( 275): getEvdoLevel=0
07-14 15:07:01.560 W/SignalStrength( 275): getCdmaLevel=3
07-14 15:07:01.560 W/SignalStrength( 275): getLevel=3
07-14 15:07:01.560 W/SignalStrength( 482): getCdmaLevel=3
07-14 15:07:01.560 W/SignalStrength( 482): getEvdoLevel=0
07-14 15:07:01.560 W/SignalStrength( 482): getCdmaLevel=3
07-14 15:07:01.560 W/SignalStrength( 482): getLevel=3
07-14 15:07:03.660 V/StatusBar.BatteryController( 482): status5batteryHealth 2
07-14 15:07:03.660 D/StatusBar.BatteryController( 482): mOldstatus5status 5
07-14 15:07:03.660 D/StatusBar.BatteryController( 482): now old status is 5
07-14 15:07:13.690 V/StatusBar.BatteryController( 482): status5batteryHealth 2
07-14 15:07:13.690 D/StatusBar.BatteryController( 482): mOldstatus5status 5
07-14 15:07:13.690 D/StatusBar.BatteryController( 482): now old status is 5
07-14 15:07:23.690 V/StatusBar.BatteryController( 482): status5batteryHealth 2
07-14 15:07:23.690 D/StatusBar.BatteryController( 482): mOldstatus5status 5
07-14 15:07:23.690 D/StatusBar.BatteryController( 482): now old status is 5
07-14 15:07:52.180 D/SensorManager( 768): registerListener :: handle = 0 name= BOSCH 3-axis Accelerometer delay= 10000 Listener= kvo@412dc440
07-14 15:07:52.180 E/SensorManager( 768): thread start
07-14 15:07:52.180 E/SensorManager( 768): =======>>>Sensor Thread RUNNING <<<========
07-14 15:07:52.980 I/SensorManager( 768): Set normal delay = true
07-14 15:07:53.060 D/SensorManager( 768): unregisterListener:: disable all sensors for this listener, name = BOSCH 3-axis Accelerometer listener = kvo@412dc440
07-14 15:07:53.090 I/GCoreUlr( 768): Received powerMode change from NLP: com.google.android.location.activity.LOW_POWER_MODE_ENABLED
07-14 15:07:53.090 I/GCoreUlr( 768): Starting service, intent=Intent { act=com.google.android.location.reporting.ACTION_UPDATE_ACTIVE_STATE cmp=xxxx }, extras=null
07-14 15:07:53.140 I/GCoreUlr( 768): Ensuring that reporting is active for [account#15#]
07-14 15:07:53.150 I/GCoreUlr( 768): Starting service, intent=Intent { act=com.google.android.location.reporting.ACTION_LOCATION_STATUS cmp=xxxx (has extras) }, extras=Bundle[{status=LocationStatus[cell status: STATUS_UNKNOWN, wifi status: STATUS_UNKNOWN, elapsed realtime ns: 0]}]
07-14 15:08:03.770 V/StatusBar.BatteryController( 482): status5batteryHealth 2
07-14 15:08:03.770 D/StatusBar.BatteryController( 482): mOldstatus5status 5
07-14 15:08:03.770 D/StatusBar.BatteryController( 482): now old status is 5
07-14 15:08:13.790 V/StatusBar.BatteryController( 482): status5batteryHealth 2
07-14 15:08:13.790 D/StatusBar.BatteryController( 482): mOldstatus5status 5
07-14 15:08:13.790 D/StatusBar.BatteryController( 482): now old status is 5
07-14 15:08:21.590 W/SignalStrength( 482): getCdmaLevel=2
07-14 15:08:21.590 W/SignalStrength( 482): getEvdoLevel=0
07-14 15:08:21.590 W/SignalStrength( 482): getCdmaLevel=2
07-14 15:08:21.590 W/SignalStrength( 482): getLevel=2
07-14 15:08:21.590 W/SignalStrength( 275): getCdmaLevel=2
07-14 15:08:21.590 W/SignalStrength( 275): getEvdoLevel=0
07-14 15:08:21.590 W/SignalStrength( 275): getCdmaLevel=2
07-14 15:08:21.590 W/SignalStrength( 275): getLevel=2
07-14 15:08:22.590 W/SignalStrength( 275): getCdmaLevel=3
07-14 15:08:22.590 W/SignalStrength( 275): getEvdoLevel=0
07-14 15:08:22.590 W/SignalStrength( 275): getCdmaLevel=3
07-14 15:08:22.590 W/SignalStrength( 275): getLevel=3
07-14 15:08:22.590 W/SignalStrength( 482): getCdmaLevel=3
07-14 15:08:22.590 W/SignalStrength( 482): getEvdoLevel=0
07-14 15:08:22.590 W/SignalStrength( 482): getCdmaLevel=3
07-14 15:08:22.590 W/SignalStrength( 482): getLevel=3
07-14 15:08:43.850 V/StatusBar.BatteryController( 482): status5batteryHealth 2
07-14 15:08:43.850 D/StatusBar.BatteryController( 482): mOldstatus5status 5
07-14 15:08:43.850 D/StatusBar.BatteryController( 482): now old status is 5
07-14 15:08:53.870 V/StatusBar.BatteryController( 482): status5batteryHealth 2
07-14 15:08:53.870 D/StatusBar.BatteryController( 482): mOldstatus5status 5
07-14 15:08:53.870 D/StatusBar.BatteryController( 482): now old status is 5
07-14 15:09:33.950 V/StatusBar.BatteryController( 482): status5batteryHealth 2
07-14 15:09:33.950 D/StatusBar.BatteryController( 482): mOldstatus5status 5
07-14 15:09:33.950 D/StatusBar.BatteryController( 482): now old status is 5
07-14 15:09:53.990 V/StatusBar.BatteryController( 482): status5batteryHealth 2
07-14 15:09:53.990 D/StatusBar.BatteryController( 482): mOldstatus5status 5
07-14 15:09:53.990 D/StatusBar.BatteryController( 482): now old status is 5
07-14 15:10:04.010 V/StatusBar.BatteryController( 482): status5batteryHealth 2
07-14 15:10:04.010 D/StatusBar.BatteryController( 482): mOldstatus5status 5
07-14 15:10:04.010 D/StatusBar.BatteryController( 482): now old status is 5
07-14 15:10:13.370 D/GCM ( 592): Ignoring attempt to send heartbeat on dead connection.
07-14 15:10:14.030 V/StatusBar.BatteryController( 482): status5batteryHealth 2
07-14 15:10:14.030 D/StatusBar.BatteryController( 482): mOldstatus5status 5
07-14 15:10:14.030 D/StatusBar.BatteryController( 482): now old status is 5
07-14 15:10:18.400 D/Tethering( 275): interfaceLinkStateChanged wlan0, true
07-14 15:10:18.400 D/Tethering( 275): interfaceStatusChanged wlan0, true
07-14 15:10:24.060 V/StatusBar.BatteryController( 482): status5batteryHealth 2
07-14 15:10:24.060 D/StatusBar.BatteryController( 482): mOldstatus5status 5
07-14 15:10:24.060 D/StatusBar.BatteryController( 482): now old status is 5
07-14 15:10:28.470 D/Tethering( 275): interfaceLinkStateChanged wlan0, true
07-14 15:10:28.470 D/Tethering( 275): interfaceStatusChanged wlan0, true
07-14 15:10:34.070 V/StatusBar.BatteryController( 482): status5batteryHealth 2
07-14 15:10:34.070 D/StatusBar.BatteryController( 482): mOldstatus5status 5
07-14 15:10:34.070 D/StatusBar.BatteryController( 482): now old status is 5
07-14 15:10:44.100 V/StatusBar.BatteryController( 482): status5batteryHealth 2
07-14 15:10:44.100 D/StatusBar.BatteryController( 482): mOldstatus5status 5
07-14 15:10:44.100 D/StatusBar.BatteryController( 482): now old status is 5
07-14 15:10:51.250 D/SensorManager( 768): registerListener :: handle = 0 name= BOSCH 3-axis Accelerometer delay= 10000 Listener= kvo@411560c8
07-14 15:10:51.250 E/SensorManager( 768): thread start
07-14 15:10:51.250 E/SensorManager( 768): =======>>>Sensor Thread RUNNING <<<========
07-14 15:10:51.950 I/SensorManager( 768): Set normal delay = true
07-14 15:10:52.030 D/SensorManager( 768): unregisterListener:: disable all sensors for this listener, name = BOSCH 3-axis Accelerometer listener = kvo@411560c8
07-14 15:11:04.140 V/StatusBar.BatteryController( 482): status5batteryHealth 2
07-14 15:11:04.140 D/StatusBar.BatteryController( 482): mOldstatus5status 5
07-14 15:11:04.140 D/StatusBar.BatteryController( 482): now old status is 5
07-14 15:11:14.160 V/StatusBar.BatteryController( 482): status5batteryHealth 2
07-14 15:11:14.160 D/StatusBar.BatteryController( 482): mOldstatus5status 5
07-14 15:11:14.160 D/StatusBar.BatteryController( 482): now old status is 5
07-14 15:11:34.190 V/StatusBar.BatteryController( 482): status5batteryHealth 2
07-14 15:11:34.190 D/StatusBar.BatteryController( 482): mOldstatus5status 5
07-14 15:11:34.190 D/StatusBar.BatteryController( 482): now old status is 5
07-14 15:11:44.210 V/StatusBar.BatteryController( 482): status5batteryHealth 2
07-14 15:11:44.210 D/StatusBar.BatteryController( 482): mOldstatus5status 5
07-14 15:11:44.210 D/StatusBar.BatteryController( 482): now old status is 5
07-14 15:11:54.230 V/StatusBar.BatteryController( 482): status5batteryHealth 2
07-14 15:11:54.230 D/StatusBar.BatteryController( 482): mOldstatus5status 5
07-14 15:11:54.230 D/StatusBar.BatteryController( 482): now old status is 5
07-14 15:12:24.300 V/StatusBar.BatteryController( 482): status5batteryHealth 2
07-14 15:12:24.300 D/StatusBar.BatteryController( 482): mOldstatus5status 5
07-14 15:12:24.300 D/StatusBar.BatteryController( 482): now old status is 5
07-14 15:12:34.310 V/StatusBar.BatteryController( 482): status5batteryHealth 2
07-14 15:12:34.310 D/StatusBar.BatteryController( 482): mOldstatus5status 5
07-14 15:12:34.310 D/StatusBar.BatteryController( 482): now old status is 5
07-14 15:12:44.330 V/StatusBar.BatteryController( 482): status5batteryHealth 2
07-14 15:12:44.330 D/StatusBar.BatteryController( 482): mOldstatus5status 5
07-14 15:12:44.330 D/StatusBar.BatteryController( 482): now old status is 5
07-14 15:12:54.360 V/StatusBar.BatteryController( 482): status5batteryHealth 2
07-14 15:12:54.360 D/StatusBar.BatteryController( 482): mOldstatus5status 5
07-14 15:12:54.360 D/StatusBar.BatteryController( 482): now old status is 5
07-14 15:13:00.000 I/ActivityManager( 275): No longer want app.processName (pid 1211): hidden #16
07-14 15:13:00.050 W/ActivityManager( 275): Scheduling restart of crashed service r.shortName in 5000ms
07-14 15:13:04.370 V/StatusBar.BatteryController( 482): status5batteryHealth 2
07-14 15:13:04.370 D/StatusBar.BatteryController( 482): mOldstatus5status 5
07-14 15:13:04.370 D/StatusBar.BatteryController( 482): now old status is 5
07-14 15:13:05.090 I/ActivityManager( 275): Start proc app.processName for service hostingNameStr: pid=4392 uid=10004 gids={3002, 3001}
