07-14 15:36:23.240 W/SignalStrength( 482): getCdmaLevel=3
07-14 15:36:23.240 W/SignalStrength( 482): getLevel=3
07-14 15:36:27.180 V/StatusBar.BatteryController( 482): status5batteryHealth 2
07-14 15:36:27.180 D/StatusBar.BatteryController( 482): mOldstatus5status 5
07-14 15:36:27.180 D/StatusBar.BatteryController( 482): now old status is 5
07-14 15:36:36.240 W/SignalStrength( 275): getCdmaLevel=2
07-14 15:36:36.240 W/SignalStrength( 275): getEvdoLevel=0
07-14 15:36:36.240 W/SignalStrength( 275): getCdmaLevel=2
07-14 15:36:36.240 W/SignalStrength( 275): getLevel=2
07-14 15:36:36.240 W/SignalStrength( 482): getCdmaLevel=2
07-14 15:36:36.240 W/SignalStrength( 482): getEvdoLevel=0
07-14 15:36:36.240 W/SignalStrength( 482): getCdmaLevel=2
07-14 15:36:36.240 W/SignalStrength( 482): getLevel=2
07-14 15:36:37.200 V/StatusBar.BatteryController( 482): status5batteryHealth 2
07-14 15:36:37.200 D/StatusBar.BatteryController( 482): mOldstatus5status 5
07-14 15:36:37.200 D/StatusBar.BatteryController( 482): now old status is 5
07-14 15:36:38.240 W/SignalStrength( 275): getCdmaLevel=3
07-14 15:36:38.240 W/SignalStrength( 275): getEvdoLevel=0
07-14 15:36:38.240 W/SignalStrength( 275): getCdmaLevel=3
07-14 15:36:38.240 W/SignalStrength( 275): getLevel=3
07-14 15:36:38.250 W/SignalStrength( 482): getCdmaLevel=3
07-14 15:36:38.250 W/SignalStrength( 482): getEvdoLevel=0
07-14 15:36:38.250 W/SignalStrength( 482): getCdmaLevel=3
07-14 15:36:38.250 W/SignalStrength( 482): getLevel=3
07-14 15:36:47.220 V/StatusBar.BatteryController( 482): status5batteryHealth 2
07-14 15:36:47.220 D/StatusBar.BatteryController( 482): mOldstatus5status 5
07-14 15:36:47.220 D/StatusBar.BatteryController( 482): now old status is 5
07-14 15:36:47.240 W/SignalStrength( 275): getCdmaLevel=2
07-14 15:36:47.240 W/SignalStrength( 275): getEvdoLevel=0
07-14 15:36:47.240 W/SignalStrength( 275): getCdmaLevel=2
07-14 15:36:47.240 W/SignalStrength( 275): getLevel=2
07-14 15:36:47.240 W/SignalStrength( 482): getCdmaLevel=2
07-14 15:36:47.240 W/SignalStrength( 482): getEvdoLevel=0
07-14 15:36:47.240 W/SignalStrength( 482): getCdmaLevel=2
07-14 15:36:47.240 W/SignalStrength( 482): getLevel=2
07-14 15:36:53.250 W/SignalStrength( 275): getCdmaLevel=3
07-14 15:36:53.250 W/SignalStrength( 275): getEvdoLevel=0
07-14 15:36:53.250 W/SignalStrength( 275): getCdmaLevel=3
07-14 15:36:53.250 W/SignalStrength( 275): getLevel=3
07-14 15:36:53.250 W/SignalStrength( 482): getCdmaLevel=3
07-14 15:36:53.250 W/SignalStrength( 482): getEvdoLevel=0
07-14 15:36:53.250 W/SignalStrength( 482): getCdmaLevel=3
07-14 15:36:53.250 W/SignalStrength( 482): getLevel=3
07-14 15:37:17.280 V/StatusBar.BatteryController( 482): status5batteryHealth 2
07-14 15:37:17.280 D/StatusBar.BatteryController( 482): mOldstatus5status 5
07-14 15:37:17.280 D/StatusBar.BatteryController( 482): now old status is 5
07-14 15:37:27.300 V/StatusBar.BatteryController( 482): status5batteryHealth 2
07-14 15:37:27.300 D/StatusBar.BatteryController( 482): mOldstatus5status 5
07-14 15:37:27.300 D/StatusBar.BatteryController( 482): now old status is 5
07-14 15:37:37.320 V/StatusBar.BatteryController( 482): status5batteryHealth 2
07-14 15:37:37.320 D/StatusBar.BatteryController( 482): mOldstatus5status 5
07-14 15:37:37.320 D/StatusBar.BatteryController( 482): now old status is 5
07-14 15:37:47.340 V/StatusBar.BatteryController( 482): status5batteryHealth 2
07-14 15:37:47.340 D/StatusBar.BatteryController( 482): mOldstatus5status 5
07-14 15:37:47.340 D/StatusBar.BatteryController( 482): now old status is 5
07-14 15:38:07.380 V/StatusBar.BatteryController( 482): status5batteryHealth 2
07-14 15:38:07.380 D/StatusBar.BatteryController( 482): mOldstatus5status 5
07-14 15:38:07.380 D/StatusBar.BatteryController( 482): now old status is 5
07-14 15:38:17.390 V/StatusBar.BatteryController( 482): status5batteryHealth 2
07-14 15:38:17.390 D/StatusBar.BatteryController( 482): mOldstatus5status 5
07-14 15:38:17.390 D/StatusBar.BatteryController( 482): now old status is 5
07-14 15:38:27.420 V/StatusBar.BatteryController( 482): status5batteryHealth 2
07-14 15:38:27.420 D/StatusBar.BatteryController( 482): mOldstatus5status 5
07-14 15:38:27.420 D/StatusBar.BatteryController( 482): now old status is 5
07-14 15:38:37.440 V/StatusBar.BatteryController( 482): status5batteryHealth 2
07-14 15:38:37.440 D/StatusBar.BatteryController( 482): mOldstatus5status 5
07-14 15:38:37.440 D/StatusBar.BatteryController( 482): now old status is 5
07-14 15:38:47.450 V/StatusBar.BatteryController( 482): status5batteryHealth 2
07-14 15:38:47.450 D/StatusBar.BatteryController( 482): mOldstatus5status 5
07-14 15:38:47.450 D/StatusBar.BatteryController( 482): now old status is 5
07-14 15:38:51.610 D/SensorManager( 768): registerListener :: handle = 0 name= BOSCH 3-axis Accelerometer delay= 10000 Listener= kvo@41270a38
07-14 15:38:51.610 E/SensorManager( 768): thread start
07-14 15:38:51.610 E/SensorManager( 768): =======>>>Sensor Thread RUNNING <<<========
07-14 15:38:52.310 I/SensorManager( 768): Set normal delay = true
07-14 15:38:52.390 D/SensorManager( 768): unregisterListener:: disable all sensors for this listener, name = BOSCH 3-axis Accelerometer listener = kvo@41270a38
07-14 15:38:57.480 V/StatusBar.BatteryController( 482): status5batteryHealth 2
07-14 15:38:57.480 D/StatusBar.BatteryController( 482): mOldstatus5status 5
07-14 15:38:57.480 D/StatusBar.BatteryController( 482): now old status is 5
07-14 15:39:00.300 W/SignalStrength( 275): getCdmaLevel=2
07-14 15:39:00.300 W/SignalStrength( 275): getEvdoLevel=0
07-14 15:39:00.300 W/SignalStrength( 275): getCdmaLevel=2
07-14 15:39:00.300 W/SignalStrength( 275): getLevel=2
07-14 15:39:00.310 W/SignalStrength( 482): getCdmaLevel=2
07-14 15:39:00.310 W/SignalStrength( 482): getEvdoLevel=0
07-14 15:39:00.310 W/SignalStrength( 482): getCdmaLevel=2
07-14 15:39:00.310 W/SignalStrength( 482): getLevel=2
07-14 15:39:02.300 W/SignalStrength( 275): getCdmaLevel=3
07-14 15:39:02.300 W/SignalStrength( 275): getEvdoLevel=0
07-14 15:39:02.300 W/SignalStrength( 275): getCdmaLevel=3
07-14 15:39:02.300 W/SignalStrength( 275): getLevel=3
07-14 15:39:02.300 W/SignalStrength( 482): getCdmaLevel=3
07-14 15:39:02.300 W/SignalStrength( 482): getEvdoLevel=0
07-14 15:39:02.300 W/SignalStrength( 482): getCdmaLevel=3
07-14 15:39:02.300 W/SignalStrength( 482): getLevel=3
07-14 15:39:10.300 W/SignalStrength( 275): getCdmaLevel=2
07-14 15:39:10.300 W/SignalStrength( 275): getEvdoLevel=0
07-14 15:39:10.300 W/SignalStrength( 275): getCdmaLevel=2
07-14 15:39:10.300 W/SignalStrength( 275): getLevel=2
07-14 15:39:10.310 W/SignalStrength( 482): getCdmaLevel=2
07-14 15:39:10.310 W/SignalStrength( 482): getEvdoLevel=0
07-14 15:39:10.310 W/SignalStrength( 482): getCdmaLevel=2
07-14 15:39:10.310 W/SignalStrength( 482): getLevel=2
07-14 15:39:17.520 V/StatusBar.BatteryController( 482): status5batteryHealth 2
07-14 15:39:17.520 D/StatusBar.BatteryController( 482): mOldstatus5status 5
07-14 15:39:17.520 D/StatusBar.BatteryController( 482): now old status is 5
07-14 15:39:26.310 W/SignalStrength( 275): getCdmaLevel=3
07-14 15:39:26.310 W/SignalStrength( 275): getEvdoLevel=0
07-14 15:39:26.310 W/SignalStrength( 275): getCdmaLevel=3
07-14 15:39:26.310 W/SignalStrength( 275): getLevel=3
07-14 15:39:26.310 W/SignalStrength( 482): getCdmaLevel=3
07-14 15:39:26.310 W/SignalStrength( 482): getEvdoLevel=0
07-14 15:39:26.310 W/SignalStrength( 482): getCdmaLevel=3
07-14 15:39:26.310 W/SignalStrength( 482): getLevel=3
07-14 15:39:27.540 V/StatusBar.BatteryController( 482): status5batteryHealth 2
07-14 15:39:27.540 D/StatusBar.BatteryController( 482): mOldstatus5status 5
07-14 15:39:27.540 D/StatusBar.BatteryController( 482): now old status is 5
07-14 15:39:37.560 V/StatusBar.BatteryController( 482): status5batteryHealth 2
07-14 15:39:37.560 D/StatusBar.BatteryController( 482): mOldstatus5status 5
07-14 15:39:37.560 D/StatusBar.BatteryController( 482): now old status is 5
07-14 15:39:47.570 V/StatusBar.BatteryController( 482): status5batteryHealth 2
07-14 15:39:47.570 D/StatusBar.BatteryController( 482): mOldstatus5status 5
07-14 15:39:47.570 D/StatusBar.BatteryController( 482): now old status is 5
07-14 15:39:57.600 V/StatusBar.BatteryController( 482): status5batteryHealth 2
07-14 15:39:57.600 D/StatusBar.BatteryController( 482): mOldstatus5status 5
07-14 15:39:57.600 D/StatusBar.BatteryController( 482): now old status is 5
07-14 15:40:07.620 V/StatusBar.BatteryController( 482): status5batteryHealth 2
07-14 15:40:07.620 D/StatusBar.BatteryController( 482): mOldstatus5status 5
07-14 15:40:07.620 D/StatusBar.BatteryController( 482): now old status is 5
07-14 15:40:13.560 D/GCM ( 592): Ignoring attempt to send heartbeat on dead connection.
07-14 15:40:17.640 V/StatusBar.BatteryController( 482): status5batteryHealth 2
07-14 15:40:17.640 D/StatusBar.BatteryController( 482): mOldstatus5status 5
07-14 15:40:17.640 D/StatusBar.BatteryController( 482): now old status is 5
07-14 15:40:27.660 V/StatusBar.BatteryController( 482): status5batteryHealth 2
07-14 15:40:27.660 D/StatusBar.BatteryController( 482): mOldstatus5status 5
07-14 15:40:27.660 D/StatusBar.BatteryController( 482): now old status is 5
07-14 15:40:28.600 D/Tethering( 275): interfaceLinkStateChanged wlan0, true
07-14 15:40:28.600 D/Tethering( 275): interfaceStatusChanged wlan0, true
07-14 15:40:37.680 V/StatusBar.BatteryController( 482): status5batteryHealth 2
07-14 15:40:37.680 D/StatusBar.BatteryController( 482): mOldstatus5status 5
07-14 15:40:37.680 D/StatusBar.BatteryController( 482): now old status is 5
07-14 15:40:57.730 V/StatusBar.BatteryController( 482): status5batteryHealth 2
07-14 15:40:57.730 D/StatusBar.BatteryController( 482): mOldstatus5status 5
07-14 15:40:57.730 D/StatusBar.BatteryController( 482): now old status is 5
07-14 15:41:03.350 W/SignalStrength( 275): getCdmaLevel=2
07-14 15:41:03.350 W/SignalStrength( 275): getEvdoLevel=0
07-14 15:41:03.350 W/SignalStrength( 275): getCdmaLevel=2
07-14 15:41:03.350 W/SignalStrength( 275): getLevel=2
07-14 15:41:03.350 W/SignalStrength( 482): getCdmaLevel=2
07-14 15:41:03.350 W/SignalStrength( 482): getEvdoLevel=0
07-14 15:41:03.350 W/SignalStrength( 482): getCdmaLevel=2
07-14 15:41:03.350 W/SignalStrength( 482): getLevel=2
07-14 15:41:04.350 W/SignalStrength( 275): getCdmaLevel=3
07-14 15:41:04.350 W/SignalStrength( 275): getEvdoLevel=0
07-14 15:41:04.350 W/SignalStrength( 275): getCdmaLevel=3
07-14 15:41:04.350 W/SignalStrength( 275): getLevel=3
07-14 15:41:04.350 W/SignalStrength( 482): getCdmaLevel=3
07-14 15:41:04.350 W/SignalStrength( 482): getEvdoLevel=0
07-14 15:41:04.350 W/SignalStrength( 482): getCdmaLevel=3
07-14 15:41:04.350 W/SignalStrength( 482): getLevel=3
07-14 15:41:07.740 V/StatusBar.BatteryController( 482): status5batteryHealth 2
07-14 15:41:07.740 D/StatusBar.BatteryController( 482): mOldstatus5status 5
07-14 15:41:07.740 D/StatusBar.BatteryController( 482): now old status is 5
07-14 15:41:17.760 V/StatusBar.BatteryController( 482): status5batteryHealth 2
07-14 15:41:17.760 D/StatusBar.BatteryController( 482): mOldstatus5status 5
07-14 15:41:17.760 D/StatusBar.BatteryController( 482): now old status is 5
07-14 15:41:36.360 W/SignalStrength( 275): getCdmaLevel=2
07-14 15:41:36.360 W/SignalStrength( 275): getEvdoLevel=0
07-14 15:41:36.360 W/SignalStrength( 275): getCdmaLevel=2
07-14 15:41:36.360 W/SignalStrength( 275): getLevel=2
07-14 15:41:36.360 W/SignalStrength( 482): getCdmaLevel=2
07-14 15:41:36.360 W/SignalStrength( 482): getEvdoLevel=0
07-14 15:41:36.360 W/SignalStrength( 482): getCdmaLevel=2
07-14 15:41:36.360 W/SignalStrength( 482): getLevel=2
07-14 15:41:37.800 V/StatusBar.BatteryController( 482): status5batteryHealth 2
07-14 15:41:37.800 D/StatusBar.BatteryController( 482): mOldstatus5status 5
07-14 15:41:37.800 D/StatusBar.BatteryController( 482): now old status is 5
07-14 15:41:41.360 W/SignalStrength( 275): getCdmaLevel=3
07-14 15:41:41.360 W/SignalStrength( 275): getEvdoLevel=0
07-14 15:41:41.360 W/SignalStrength( 275): getCdmaLevel=3
07-14 15:41:41.360 W/SignalStrength( 275): getLevel=3
07-14 15:41:41.370 W/SignalStrength( 482): getCdmaLevel=3
07-14 15:41:41.370 W/SignalStrength( 482): getEvdoLevel=0
07-14 15:41:41.370 W/SignalStrength( 482): getCdmaLevel=3
07-14 15:41:41.370 W/SignalStrength( 482): getLevel=3
07-14 15:41:47.810 V/StatusBar.BatteryController( 482): status5batteryHealth 2
07-14 15:41:47.810 D/StatusBar.BatteryController( 482): mOldstatus5status 5
07-14 15:41:47.810 D/StatusBar.BatteryController( 482): now old status is 5
07-14 15:41:50.580 D/SensorManager( 768): registerListener :: handle = 0 name= BOSCH 3-axis Accelerometer delay= 10000 Listener= kvo@41146478
07-14 15:41:50.580 E/SensorManager( 768): thread start
07-14 15:41:50.580 E/SensorManager( 768): =======>>>Sensor Thread RUNNING <<<========
07-14 15:41:51.270 I/SensorManager( 768): Set normal delay = true
07-14 15:41:51.350 D/SensorManager( 768): unregisterListener:: disable all sensors for this listener, name = BOSCH 3-axis Accelerometer listener = kvo@41146478
07-14 15:41:57.840 V/StatusBar.BatteryController( 482): status5batteryHealth 2
07-14 15:41:57.840 D/StatusBar.BatteryController( 482): mOldstatus5status 5
07-14 15:41:57.840 D/StatusBar.BatteryController( 482): now old status is 5
07-14 15:42:17.880 V/StatusBar.BatteryController( 482): status5batteryHealth 2
07-14 15:42:17.880 D/StatusBar.BatteryController( 482): mOldstatus5status 5
07-14 15:42:17.880 D/StatusBar.BatteryController( 482): now old status is 5
07-14 15:42:27.900 V/StatusBar.BatteryController( 482): status5batteryHealth 2
07-14 15:42:27.900 D/StatusBar.BatteryController( 482): mOldstatus5status 5
07-14 15:42:27.900 D/StatusBar.BatteryController( 482): now old status is 5
07-14 15:42:37.920 V/StatusBar.BatteryController( 482): status5batteryHealth 2
07-14 15:42:37.920 D/StatusBar.BatteryController( 482): mOldstatus5status 5
07-14 15:42:37.920 D/StatusBar.BatteryController( 482): now old status is 5
07-14 15:42:43.390 W/SignalStrength( 275): getCdmaLevel=2
07-14 15:42:43.390 W/SignalStrength( 275): getEvdoLevel=0
07-14 15:42:43.390 W/SignalStrength( 275): getCdmaLevel=2
07-14 15:42:43.390 W/SignalStrength( 275): getLevel=2
07-14 15:42:43.390 W/SignalStrength( 482): getCdmaLevel=2
07-14 15:42:43.390 W/SignalStrength( 482): getEvdoLevel=0
07-14 15:42:43.390 W/SignalStrength( 482): getCdmaLevel=2
07-14 15:42:43.390 W/SignalStrength( 482): getLevel=2
07-14 15:42:57.960 V/StatusBar.BatteryController( 482): status5batteryHealth 2
07-14 15:42:57.960 D/StatusBar.BatteryController( 482): mOldstatus5status 5
07-14 15:42:57.960 D/StatusBar.BatteryController( 482): now old status is 5
07-14 15:43:07.460 I/ActivityManager( 275): No longer want app.processName (pid 2407): hidden #16
07-14 15:43:07.970 V/StatusBar.BatteryController( 482): status5batteryHealth 2
07-14 15:43:07.970 D/StatusBar.BatteryController( 482): mOldstatus5status 5
07-14 15:43:07.970 D/StatusBar.BatteryController( 482): now old status is 5
07-14 15:43:17.990 V/StatusBar.BatteryController( 482): status5batteryHealth 2
07-14 15:43:17.990 D/StatusBar.BatteryController( 482): mOldstatus5status 5
07-14 15:43:17.990 D/StatusBar.BatteryController( 482): now old status is 5
07-14 15:43:18.400 W/SignalStrength( 275): getCdmaLevel=3
07-14 15:43:18.400 W/SignalStrength( 275): getEvdoLevel=0
07-14 15:43:18.400 W/SignalStrength( 275): getCdmaLevel=3
07-14 15:43:18.400 W/SignalStrength( 275): getLevel=3
07-14 15:43:18.410 W/SignalStrength( 482): getCdmaLevel=3
07-14 15:43:18.410 W/SignalStrength( 482): getEvdoLevel=0
07-14 15:43:18.410 W/SignalStrength( 482): getCdmaLevel=3
07-14 15:43:18.410 W/SignalStrength( 482): getLevel=3
07-14 15:43:22.480 D/Tethering( 275): interfaceLinkStateChanged wlan0, true
07-14 15:43:22.480 D/Tethering( 275): interfaceStatusChanged wlan0, true
07-14 15:43:28.020 V/StatusBar.BatteryController( 482): status5batteryHealth 2
07-14 15:43:28.020 D/StatusBar.BatteryController( 482): mOldstatus5status 5
07-14 15:43:28.020 D/StatusBar.BatteryController( 482): now old status is 5
07-14 15:43:31.410 W/SignalStrength( 275): getCdmaLevel=2
07-14 15:43:31.410 W/SignalStrength( 275): getEvdoLevel=0
07-14 15:43:31.410 W/SignalStrength( 275): getCdmaLevel=2
07-14 15:43:31.410 W/SignalStrength( 275): getLevel=2
07-14 15:43:31.410 W/SignalStrength( 482): getCdmaLevel=2
07-14 15:43:31.410 W/SignalStrength( 482): getEvdoLevel=0
07-14 15:43:31.410 W/SignalStrength( 482): getCdmaLevel=2
07-14 15:43:31.410 W/SignalStrength( 482): getLevel=2
07-14 15:43:37.690 V/BackupManagerService( 275): Running a backup pass
07-14 15:43:37.750 V/BackupManagerService( 275): clearing pending backups
07-14 15:43:37.760 V/PerformBackupTask( 275): Beginning backup of 1 targets
07-14 15:43:37.920 V/BackupServiceBinder( 275): doBackup() invoked
07-14 15:43:37.920 D/PerformBackupTask( 275): processOneBackup doBackup() on @pm@
07-14 15:43:37.930 I/PerformBackupTask( 275): no backup data written; not calling transport
07-14 15:43:37.930 D/PerformBackupTask( 275): starting agent for backup of BackupRequest{pkg=com.android.providers.settings}
07-14 15:43:37.930 V/ActivityThread( 275): handleCreateBackupAgent: CreateBackupAgentData{appInfo=ApplicationInfo{412142d8 com.android.providers.settings} backupAgent=com.android.providers.settings.SettingsBackupAgent mode=0}
07-14 15:43:37.930 V/ActivityThread( 275): Initializing agent class com.android.providers.settings.SettingsBackupAgent
07-14 15:43:37.940 D/SettingsBackupAgent( 275): onCreate() invoked
07-14 15:43:37.940 V/BackupServiceBinder( 275): doBackup() invoked
07-14 15:43:37.940 D/BackupManagerService( 275): awaiting agent for ApplicationInfo{412142d8 com.android.providers.settings}
07-14 15:43:37.940 D/BackupManagerService( 275): agentConnected pkg=com.android.providers.settings agent=android.app.backup.BackupAgent$BackupServiceBinder@414d8b80
07-14 15:43:37.940 D/PerformBackupTask( 275): processOneBackup doBackup() on com.android.providers.settings
07-14 15:43:37.990 V/ActivityThread( 275): handleDestroyBackupAgent: CreateBackupAgentData{appInfo=ApplicationInfo{412142d8 com.android.providers.settings} backupAgent=com.android.providers.settings.SettingsBackupAgent mode=0}
07-14 15:43:38.040 V/StatusBar.BatteryController( 482): status5batteryHealth 2
07-14 15:43:38.040 D/StatusBar.BatteryController( 482): mOldstatus5status 5
07-14 15:43:38.040 D/StatusBar.BatteryController( 482): now old status is 5
07-14 15:43:38.550 W/ActivityThread( 275): ClassLoader.loadClass: The class loader returned by Thread.getContextClassLoader() may fail for processes that host multiple applications. You should explicitly specify a context class loader. For example: Thread.setContextClassLoader(getClass().getClassLoader());
07-14 15:43:39.010 I/PerformBackupTask( 275): Backup pass finished.
07-14 15:43:48.060 V/StatusBar.BatteryController( 482): status5batteryHealth 2
07-14 15:43:48.060 D/StatusBar.BatteryController( 482): mOldstatus5status 5
07-14 15:43:48.060 D/StatusBar.BatteryController( 482): now old status is 5
07-14 15:43:48.180 D/Tethering( 275): interfaceLinkStateChanged wlan0, true
07-14 15:43:48.180 D/Tethering( 275): interfaceStatusChanged wlan0, true
07-14 15:43:58.070 V/StatusBar.BatteryController( 482): status5batteryHealth 2
07-14 15:43:58.070 D/StatusBar.BatteryController( 482): mOldstatus5status 5
07-14 15:43:58.070 D/StatusBar.BatteryController( 482): now old status is 5
07-14 15:44:00.420 W/SignalStrength( 275): getCdmaLevel=3
07-14 15:44:00.420 W/SignalStrength( 275): getEvdoLevel=0
07-14 15:44:00.420 W/SignalStrength( 275): getCdmaLevel=3
07-14 15:44:00.420 W/SignalStrength( 275): getLevel=3
07-14 15:44:00.420 W/SignalStrength( 482): getCdmaLevel=3
07-14 15:44:00.420 W/SignalStrength( 482): getEvdoLevel=0
07-14 15:44:00.420 W/SignalStrength( 482): getCdmaLevel=3
07-14 15:44:00.420 W/SignalStrength( 482): getLevel=3
07-14 15:44:10.640 W/ThrottleService( 275): unable to find stats for iface rmnet0
07-14 15:44:17.420 W/SignalStrength( 275): getCdmaLevel=2
07-14 15:44:17.420 W/SignalStrength( 275): getEvdoLevel=0
07-14 15:44:17.420 W/SignalStrength( 275): getCdmaLevel=2
07-14 15:44:17.420 W/SignalStrength( 275): getLevel=2
07-14 15:44:17.430 W/SignalStrength( 482): getCdmaLevel=2
07-14 15:44:17.430 W/SignalStrength( 482): getEvdoLevel=0
07-14 15:44:17.430 W/SignalStrength( 482): getCdmaLevel=2
07-14 15:44:17.430 W/SignalStrength( 482): getLevel=2
07-14 15:44:18.420 W/SignalStrength( 275): getCdmaLevel=3
07-14 15:44:18.420 W/SignalStrength( 275): getEvdoLevel=0
07-14 15:44:18.420 W/SignalStrength( 275): getCdmaLevel=3
07-14 15:44:18.420 W/SignalStrength( 275): getLevel=3
07-14 15:44:18.420 W/SignalStrength( 482): getCdmaLevel=3
07-14 15:44:18.420 W/SignalStrength( 482): getEvdoLevel=0
07-14 15:44:18.420 W/SignalStrength( 482): getCdmaLevel=3
07-14 15:44:18.420 W/SignalStrength( 482): getLevel=3
07-14 15:44:27.430 W/SignalStrength( 275): getCdmaLevel=2
07-14 15:44:27.430 W/SignalStrength( 275): getEvdoLevel=0
07-14 15:44:27.430 W/SignalStrength( 275): getCdmaLevel=2
07-14 15:44:27.430 W/SignalStrength( 275): getLevel=2
07-14 15:44:27.430 W/SignalStrength( 482): getCdmaLevel=2
07-14 15:44:27.430 W/SignalStrength( 482): getEvdoLevel=0
07-14 15:44:27.430 W/SignalStrength( 482): getCdmaLevel=2
07-14 15:44:27.430 W/SignalStrength( 482): getLevel=2
07-14 15:44:28.140 V/StatusBar.BatteryController( 482): status5batteryHealth 2
07-14 15:44:28.140 D/StatusBar.BatteryController( 482): mOldstatus5status 5
07-14 15:44:28.140 D/StatusBar.BatteryController( 482): now old status is 5
07-14 15:44:28.430 W/SignalStrength( 275): getCdmaLevel=3
07-14 15:44:28.430 W/SignalStrength( 275): getEvdoLevel=0
07-14 15:44:28.430 W/SignalStrength( 275): getCdmaLevel=3
07-14 15:44:28.430 W/SignalStrength( 275): getLevel=3
07-14 15:44:28.430 W/SignalStrength( 482): getCdmaLevel=3
07-14 15:44:28.430 W/SignalStrength( 482): getEvdoLevel=0
07-14 15:44:28.430 W/SignalStrength( 482): getCdmaLevel=3
07-14 15:44:28.430 W/SignalStrength( 482): getLevel=3
07-14 15:44:42.430 W/SignalStrength( 275): getCdmaLevel=2
07-14 15:44:42.430 W/SignalStrength( 275): getEvdoLevel=0
07-14 15:44:42.430 W/SignalStrength( 275): getCdmaLevel=2
07-14 15:44:42.430 W/SignalStrength( 275): getLevel=2
07-14 15:44:42.440 W/SignalStrength( 482): getCdmaLevel=2
07-14 15:44:42.440 W/SignalStrength( 482): getEvdoLevel=0
07-14 15:44:42.440 W/SignalStrength( 482): getCdmaLevel=2
07-14 15:44:42.440 W/SignalStrength( 482): getLevel=2
07-14 15:44:49.430 W/SignalStrength( 275): getCdmaLevel=3
07-14 15:44:49.430 W/SignalStrength( 275): getEvdoLevel=0
07-14 15:44:49.430 W/SignalStrength( 275): getCdmaLevel=3
07-14 15:44:49.430 W/SignalStrength( 275): getLevel=3
07-14 15:44:49.440 W/SignalStrength( 482): getCdmaLevel=3
07-14 15:44:49.440 W/SignalStrength( 482): getEvdoLevel=0
07-14 15:44:49.440 W/SignalStrength( 482): getCdmaLevel=3
07-14 15:44:49.440 W/SignalStrength( 482): getLevel=3
07-14 15:44:49.530 D/SensorManager( 768): registerListener :: handle = 0 name= BOSCH 3-axis Accelerometer delay= 10000 Listener= kvo@41429980
07-14 15:44:49.530 E/SensorManager( 768): thread start
07-14 15:44:49.530 E/SensorManager( 768): =======>>>Sensor Thread RUNNING <<<========
07-14 15:44:50.250 I/SensorManager( 768): Set normal delay = true
07-14 15:44:50.330 D/SensorManager( 768): unregisterListener:: disable all sensors for this listener, name = BOSCH 3-axis Accelerometer listener = kvo@41429980
07-14 15:44:50.370 I/GCoreUlr( 768): Received powerMode change from NLP: com.google.android.location.activity.LOW_POWER_MODE_ENABLED
07-14 15:44:50.370 I/GCoreUlr( 768): Starting service, intent=Intent { act=com.google.android.location.reporting.ACTION_UPDATE_ACTIVE_STATE cmp=xxxx }, extras=null
07-14 15:44:50.420 I/GCoreUlr( 768): Ensuring that reporting is active for [account#15#]
07-14 15:44:50.420 I/GCoreUlr( 768): Starting service, intent=Intent { act=com.google.android.location.reporting.ACTION_LOCATION_STATUS cmp=xxxx (has extras) }, extras=Bundle[{status=LocationStatus[cell status: STATUS_UNKNOWN, wifi status: STATUS_UNKNOWN, elapsed realtime ns: 0]}]
07-14 15:44:58.190 V/StatusBar.BatteryController( 482): status5batteryHealth 2
07-14 15:44:58.190 D/StatusBar.BatteryController( 482): mOldstatus5status 5
07-14 15:44:58.190 D/StatusBar.BatteryController( 482): now old status is 5
07-14 15:45:08.210 V/StatusBar.BatteryController( 482): status5batteryHealth 2
07-14 15:45:08.210 D/StatusBar.BatteryController( 482): mOldstatus5status 5
07-14 15:45:08.210 D/StatusBar.BatteryController( 482): now old status is 5
07-14 15:45:28.250 V/StatusBar.BatteryController( 482): status5batteryHealth 2
07-14 15:45:28.250 D/StatusBar.BatteryController( 482): mOldstatus5status 5
07-14 15:45:28.250 D/StatusBar.BatteryController( 482): now old status is 5
07-14 15:45:38.270 V/StatusBar.BatteryController( 482): status5batteryHealth 2
07-14 15:45:38.270 D/StatusBar.BatteryController( 482): mOldstatus5status 5
07-14 15:45:38.270 D/StatusBar.BatteryController( 482): now old status is 5
07-14 15:45:39.450 W/SignalStrength( 275): getCdmaLevel=2
07-14 15:45:39.450 W/SignalStrength( 275): getEvdoLevel=0
07-14 15:45:39.450 W/SignalStrength( 275): getCdmaLevel=2
07-14 15:45:39.450 W/SignalStrength( 275): getLevel=2
07-14 15:45:39.460 W/SignalStrength( 482): getCdmaLevel=2
07-14 15:45:39.460 W/SignalStrength( 482): getEvdoLevel=0
07-14 15:45:39.460 W/SignalStrength( 482): getCdmaLevel=2
07-14 15:45:39.460 W/SignalStrength( 482): getLevel=2
07-14 15:45:45.460 W/SignalStrength( 275): getCdmaLevel=3
07-14 15:45:45.460 W/SignalStrength( 275): getEvdoLevel=0
07-14 15:45:45.460 W/SignalStrength( 275): getCdmaLevel=3
07-14 15:45:45.460 W/SignalStrength( 275): getLevel=3
07-14 15:45:45.460 W/SignalStrength( 482): getCdmaLevel=3
07-14 15:45:45.460 W/SignalStrength( 482): getEvdoLevel=0
07-14 15:45:45.460 W/SignalStrength( 482): getCdmaLevel=3
07-14 15:45:45.460 W/SignalStrength( 482): getLevel=3
07-14 15:45:48.290 V/StatusBar.BatteryController( 482): status5batteryHealth 2
07-14 15:45:48.290 D/StatusBar.BatteryController( 482): mOldstatus5status 5
07-14 15:45:48.290 D/StatusBar.BatteryController( 482): now old status is 5
07-14 15:45:58.310 V/StatusBar.BatteryController( 482): status5batteryHealth 2
07-14 15:45:58.310 D/StatusBar.BatteryController( 482): mOldstatus5status 5
07-14 15:45:58.310 D/StatusBar.BatteryController( 482): now old status is 5
07-14 15:46:01.500 D/Tethering( 275): interfaceLinkStateChanged wlan0, true
07-14 15:46:01.500 D/Tethering( 275): interfaceStatusChanged wlan0, true
07-14 15:46:15.470 W/SignalStrength( 275): getCdmaLevel=2
07-14 15:46:15.470 W/SignalStrength( 275): getEvdoLevel=0
07-14 15:46:15.470 W/SignalStrength( 275): getCdmaLevel=2
07-14 15:46:15.470 W/SignalStrength( 275): getLevel=2
07-14 15:46:15.470 W/SignalStrength( 482): getCdmaLevel=2
07-14 15:46:15.470 W/SignalStrength( 482): getEvdoLevel=0
07-14 15:46:15.470 W/SignalStrength( 482): getCdmaLevel=2
07-14 15:46:15.470 W/SignalStrength( 482): getLevel=2
07-14 15:46:16.470 W/SignalStrength( 275): getCdmaLevel=3
07-14 15:46:16.470 W/SignalStrength( 275): getEvdoLevel=0
07-14 15:46:16.470 W/SignalStrength( 275): getCdmaLevel=3
07-14 15:46:16.470 W/SignalStrength( 275): getLevel=3
07-14 15:46:16.470 W/SignalStrength( 482): getCdmaLevel=3
07-14 15:46:16.470 W/SignalStrength( 482): getEvdoLevel=0
07-14 15:46:16.470 W/SignalStrength( 482): getCdmaLevel=3
07-14 15:46:16.470 W/SignalStrength( 482): getLevel=3
07-14 15:46:18.350 V/StatusBar.BatteryController( 482): status5batteryHealth 2
07-14 15:46:18.350 D/StatusBar.BatteryController( 482): mOldstatus5status 5
07-14 15:46:18.350 D/StatusBar.BatteryController( 482): now old status is 5
07-14 15:46:28.370 V/StatusBar.BatteryController( 482): status5batteryHealth 2
07-14 15:46:28.370 D/StatusBar.BatteryController( 482): mOldstatus5status 5
07-14 15:46:28.370 D/StatusBar.BatteryController( 482): now old status is 5
07-14 15:46:38.400 V/StatusBar.BatteryController( 482): status5batteryHealth 2
07-14 15:46:38.400 D/StatusBar.BatteryController( 482): mOldstatus5status 5
07-14 15:46:38.400 D/StatusBar.BatteryController( 482): now old status is 5
07-14 15:46:48.420 V/StatusBar.BatteryController( 482): status5batteryHealth 2
07-14 15:46:48.420 D/StatusBar.BatteryController( 482): mOldstatus5status 5
07-14 15:46:48.420 D/StatusBar.BatteryController( 482): now old status is 5
07-14 15:46:56.480 W/SignalStrength( 275): getCdmaLevel=2
07-14 15:46:56.480 W/SignalStrength( 275): getEvdoLevel=0
07-14 15:46:56.480 W/SignalStrength( 275): getCdmaLevel=2
07-14 15:46:56.480 W/SignalStrength( 275): getLevel=2
07-14 15:46:56.490 W/SignalStrength( 482): getCdmaLevel=2
07-14 15:46:56.490 W/SignalStrength( 482): getEvdoLevel=0
07-14 15:46:56.490 W/SignalStrength( 482): getCdmaLevel=2
07-14 15:46:56.490 W/SignalStrength( 482): getLevel=2
07-14 15:46:57.480 W/SignalStrength( 275): getCdmaLevel=3
07-14 15:46:57.480 W/SignalStrength( 275): getEvdoLevel=0
07-14 15:46:57.480 W/SignalStrength( 275): getCdmaLevel=3
07-14 15:46:57.480 W/SignalStrength( 275): getLevel=3
07-14 15:46:57.490 W/SignalStrength( 482): getCdmaLevel=3
07-14 15:46:57.490 W/SignalStrength( 482): getEvdoLevel=0
07-14 15:46:57.490 W/SignalStrength( 482): getCdmaLevel=3
07-14 15:46:57.490 W/SignalStrength( 482): getLevel=3
07-14 15:46:58.430 V/StatusBar.BatteryController( 482): status5batteryHealth 2
07-14 15:46:58.430 D/StatusBar.BatteryController( 482): mOldstatus5status 5
07-14 15:46:58.430 D/StatusBar.BatteryController( 482): now old status is 5
07-14 15:47:21.490 W/SignalStrength( 275): getCdmaLevel=2
07-14 15:47:21.490 W/SignalStrength( 275): getEvdoLevel=0
07-14 15:47:21.490 W/SignalStrength( 275): getCdmaLevel=2
07-14 15:47:21.490 W/SignalStrength( 275): getLevel=2
07-14 15:47:21.500 W/SignalStrength( 482): getCdmaLevel=2
07-14 15:47:21.500 W/SignalStrength( 482): getEvdoLevel=0
07-14 15:47:21.500 W/SignalStrength( 482): getCdmaLevel=2
07-14 15:47:21.500 W/SignalStrength( 482): getLevel=2
07-14 15:47:22.490 W/SignalStrength( 275): getCdmaLevel=3
07-14 15:47:22.490 W/SignalStrength( 275): getEvdoLevel=0
07-14 15:47:22.490 W/SignalStrength( 275): getCdmaLevel=3
07-14 15:47:22.490 W/SignalStrength( 275): getLevel=3
07-14 15:47:22.500 W/SignalStrength( 482): getCdmaLevel=3
07-14 15:47:22.500 W/SignalStrength( 482): getEvdoLevel=0
07-14 15:47:22.500 W/SignalStrength( 482): getCdmaLevel=3
07-14 15:47:22.500 W/SignalStrength( 482): getLevel=3
07-14 15:47:38.520 V/StatusBar.BatteryController( 482): status5batteryHealth 2
07-14 15:47:38.520 D/StatusBar.BatteryController( 482): mOldstatus5status 5
07-14 15:47:38.520 D/StatusBar.BatteryController( 482): now old status is 5
07-14 15:47:47.500 W/SignalStrength( 275): getCdmaLevel=2
07-14 15:47:47.500 W/SignalStrength( 275): getEvdoLevel=0
07-14 15:47:47.500 W/SignalStrength( 275): getCdmaLevel=2
07-14 15:47:47.500 W/SignalStrength( 275): getLevel=2
07-14 15:47:47.500 W/SignalStrength( 482): getCdmaLevel=2
07-14 15:47:47.500 W/SignalStrength( 482): getEvdoLevel=0
07-14 15:47:47.500 W/SignalStrength( 482): getCdmaLevel=2
07-14 15:47:47.500 W/SignalStrength( 482): getLevel=2
07-14 15:47:48.500 W/SignalStrength( 275): getCdmaLevel=3
07-14 15:47:48.500 W/SignalStrength( 275): getEvdoLevel=0
07-14 15:47:48.500 W/SignalStrength( 275): getCdmaLevel=3
07-14 15:47:48.510 W/SignalStrength( 482): getCdmaLevel=3
07-14 15:47:48.510 W/SignalStrength( 482): getEvdoLevel=0
07-14 15:47:48.510 W/SignalStrength( 482): getCdmaLevel=3
07-14 15:47:48.510 W/SignalStrength( 482): getLevel=3
07-14 15:47:48.510 W/SignalStrength( 275): getLevel=3
07-14 15:47:48.530 I/ActivityManager( 275): No longer want app.processName (pid 2534): hidden #16
07-14 15:47:48.540 V/StatusBar.BatteryController( 482): status5batteryHealth 2
07-14 15:47:48.540 D/StatusBar.BatteryController( 482): mOldstatus5status 5
07-14 15:47:48.540 D/StatusBar.BatteryController( 482): now old status is 5
07-14 15:47:48.560 D/SensorManager( 768): registerListener :: handle = 0 name= BOSCH 3-axis Accelerometer delay= 10000 Listener= kvo@411db178
07-14 15:47:48.560 E/SensorManager( 768): thread start
07-14 15:47:48.560 E/SensorManager( 768): =======>>>Sensor Thread RUNNING <<<========
07-14 15:47:49.250 I/SensorManager( 768): Set normal delay = true
07-14 15:47:49.330 D/SensorManager( 768): unregisterListener:: disable all sensors for this listener, name = BOSCH 3-axis Accelerometer listener = kvo@411db178
07-14 15:48:04.510 W/SignalStrength( 275): getCdmaLevel=3
07-14 15:48:04.510 W/SignalStrength( 275): getEvdoLevel=0
07-14 15:48:04.510 W/SignalStrength( 275): getCdmaLevel=3
07-14 15:48:04.510 W/SignalStrength( 275): getLevel=3
07-14 15:48:04.510 W/SignalStrength( 482): getCdmaLevel=3
07-14 15:48:04.510 W/SignalStrength( 482): getEvdoLevel=0
07-14 15:48:04.510 W/SignalStrength( 482): getCdmaLevel=3
07-14 15:48:04.510 W/SignalStrength( 482): getLevel=3
07-14 15:48:04.520 E/WifiStateMachine( 275): set suspend optimizations failed!
07-14 15:48:05.070 E/WifiStateMachine( 275): set suspend optimizations failed!
07-14 15:48:14.560 D/Tethering( 275): interfaceLinkStateChanged wlan0, true
07-14 15:48:14.560 D/Tethering( 275): interfaceStatusChanged wlan0, true
07-14 15:48:28.610 V/StatusBar.BatteryController( 482): status5batteryHealth 2
07-14 15:48:28.610 D/StatusBar.BatteryController( 482): mOldstatus5status 5
07-14 15:48:28.620 D/StatusBar.BatteryController( 482): now old status is 5
07-14 15:48:38.520 W/SignalStrength( 275): getCdmaLevel=3
07-14 15:48:38.520 W/SignalStrength( 275): getEvdoLevel=0
07-14 15:48:38.520 W/SignalStrength( 275): getCdmaLevel=3
07-14 15:48:38.520 W/SignalStrength( 275): getLevel=3
07-14 15:48:38.530 W/SignalStrength( 482): getCdmaLevel=3
07-14 15:48:38.530 W/SignalStrength( 482): getEvdoLevel=0
07-14 15:48:38.530 W/SignalStrength( 482): getCdmaLevel=3
07-14 15:48:38.530 W/SignalStrength( 482): getLevel=3
07-14 15:48:38.640 V/StatusBar.BatteryController( 482): status5batteryHealth 2
07-14 15:48:38.640 D/StatusBar.BatteryController( 482): mOldstatus5status 5
07-14 15:48:38.640 D/StatusBar.BatteryController( 482): now old status is 5
07-14 15:48:48.520 W/SignalStrength( 275): getCdmaLevel=2
07-14 15:48:48.520 W/SignalStrength( 275): getEvdoLevel=0
07-14 15:48:48.520 W/SignalStrength( 275): getCdmaLevel=2
07-14 15:48:48.520 W/SignalStrength( 275): getLevel=2
07-14 15:48:48.530 W/SignalStrength( 482): getCdmaLevel=2
07-14 15:48:48.530 W/SignalStrength( 482): getEvdoLevel=0
07-14 15:48:48.530 W/SignalStrength( 482): getCdmaLevel=2
07-14 15:48:48.530 W/SignalStrength( 482): getLevel=2
07-14 15:48:49.520 W/SignalStrength( 275): getCdmaLevel=3
07-14 15:48:49.520 W/SignalStrength( 275): getEvdoLevel=0
07-14 15:48:49.520 W/SignalStrength( 275): getCdmaLevel=3
07-14 15:48:49.520 W/SignalStrength( 275): getLevel=3
07-14 15:48:49.530 W/SignalStrength( 482): getCdmaLevel=3
07-14 15:48:49.530 W/SignalStrength( 482): getEvdoLevel=0
07-14 15:48:49.530 W/SignalStrength( 482): getCdmaLevel=3
07-14 15:48:49.530 W/SignalStrength( 482): getLevel=3
07-14 15:48:58.680 V/StatusBar.BatteryController( 482): status5batteryHealth 2
07-14 15:48:58.680 D/StatusBar.BatteryController( 482): mOldstatus5status 5
07-14 15:48:58.680 D/StatusBar.BatteryController( 482): now old status is 5
07-14 15:49:08.690 V/StatusBar.BatteryController( 482): status5batteryHealth 2
07-14 15:49:08.690 D/StatusBar.BatteryController( 482): mOldstatus5status 5
07-14 15:49:08.690 D/StatusBar.BatteryController( 482): now old status is 5
07-14 15:49:18.710 V/StatusBar.BatteryController( 482): status5batteryHealth 2
07-14 15:49:18.710 D/StatusBar.BatteryController( 482): mOldstatus5status 5
07-14 15:49:18.710 D/StatusBar.BatteryController( 482): now old status is 5
07-14 15:49:19.540 W/SignalStrength( 482): getCdmaLevel=2
07-14 15:49:19.540 W/SignalStrength( 482): getEvdoLevel=0
07-14 15:49:19.540 W/SignalStrength( 482): getCdmaLevel=2
07-14 15:49:19.540 W/SignalStrength( 482): getLevel=2
07-14 15:49:19.540 W/SignalStrength( 275): getCdmaLevel=2
07-14 15:49:19.540 W/SignalStrength( 275): getEvdoLevel=0
07-14 15:49:19.540 W/SignalStrength( 275): getCdmaLevel=2
07-14 15:49:19.540 W/SignalStrength( 275): getLevel=2
07-14 15:49:20.540 W/SignalStrength( 275): getCdmaLevel=3
07-14 15:49:20.540 W/SignalStrength( 275): getEvdoLevel=0
07-14 15:49:20.540 W/SignalStrength( 275): getCdmaLevel=3
07-14 15:49:20.540 W/SignalStrength( 275): getLevel=3
07-14 15:49:20.540 W/SignalStrength( 482): getCdmaLevel=3
07-14 15:49:20.540 W/SignalStrength( 482): getEvdoLevel=0
07-14 15:49:20.540 W/SignalStrength( 482): getCdmaLevel=3
07-14 15:49:20.540 W/SignalStrength( 482): getLevel=3
07-14 15:49:28.740 V/StatusBar.BatteryController( 482): status5batteryHealth 2
07-14 15:49:28.740 D/StatusBar.BatteryController( 482): mOldstatus5status 5
07-14 15:49:28.740 D/StatusBar.BatteryController( 482): now old status is 5
07-14 15:49:38.750 V/StatusBar.BatteryController( 482): status5batteryHealth 2
07-14 15:49:38.750 D/StatusBar.BatteryController( 482): mOldstatus5status 5
07-14 15:49:38.750 D/StatusBar.BatteryController( 482): now old status is 5
07-14 15:49:48.770 V/StatusBar.BatteryController( 482): status5batteryHealth 2
07-14 15:49:48.770 D/StatusBar.BatteryController( 482): mOldstatus5status 5
07-14 15:49:48.770 D/StatusBar.BatteryController( 482): now old status is 5
07-14 15:49:50.550 W/SignalStrength( 275): getCdmaLevel=2
07-14 15:49:50.550 W/SignalStrength( 275): getEvdoLevel=0
07-14 15:49:50.550 W/SignalStrength( 275): getCdmaLevel=2
07-14 15:49:50.550 W/SignalStrength( 275): getLevel=2
07-14 15:49:50.550 W/SignalStrength( 482): getCdmaLevel=2
07-14 15:49:50.550 W/SignalStrength( 482): getEvdoLevel=0
07-14 15:49:50.550 W/SignalStrength( 482): getCdmaLevel=2
07-14 15:49:50.550 W/SignalStrength( 482): getLevel=2
07-14 15:49:51.550 W/SignalStrength( 275): getCdmaLevel=3
07-14 15:49:51.550 W/SignalStrength( 275): getEvdoLevel=0
07-14 15:49:51.550 W/SignalStrength( 275): getCdmaLevel=3
07-14 15:49:51.550 W/SignalStrength( 275): getLevel=3
07-14 15:49:51.550 W/SignalStrength( 482): getCdmaLevel=3
07-14 15:49:51.550 W/SignalStrength( 482): getEvdoLevel=0
07-14 15:49:51.550 W/SignalStrength( 482): getCdmaLevel=3
07-14 15:49:51.550 W/SignalStrength( 482): getLevel=3
07-14 15:49:58.790 V/StatusBar.BatteryController( 482): status5batteryHealth 2
07-14 15:49:58.800 D/StatusBar.BatteryController( 482): mOldstatus5status 5
07-14 15:49:58.800 D/StatusBar.BatteryController( 482): now old status is 5
07-14 15:50:00.550 W/SignalStrength( 275): getCdmaLevel=2
07-14 15:50:00.550 W/SignalStrength( 275): getEvdoLevel=0
07-14 15:50:00.550 W/SignalStrength( 275): getCdmaLevel=2
07-14 15:50:00.550 W/SignalStrength( 275): getLevel=2
07-14 15:50:00.560 W/SignalStrength( 482): getCdmaLevel=2
07-14 15:50:00.560 W/SignalStrength( 482): getEvdoLevel=0
07-14 15:50:00.560 W/SignalStrength( 482): getCdmaLevel=2
07-14 15:50:00.560 W/SignalStrength( 482): getLevel=2
07-14 15:50:01.550 W/SignalStrength( 275): getCdmaLevel=3
07-14 15:50:01.550 W/SignalStrength( 275): getEvdoLevel=0
07-14 15:50:01.550 W/SignalStrength( 275): getCdmaLevel=3
07-14 15:50:01.550 W/SignalStrength( 275): getLevel=3
07-14 15:50:01.560 W/SignalStrength( 482): getCdmaLevel=3
07-14 15:50:01.560 W/SignalStrength( 482): getEvdoLevel=0
07-14 15:50:01.560 W/SignalStrength( 482): getCdmaLevel=3
07-14 15:50:01.560 W/SignalStrength( 482): getLevel=3
07-14 15:50:08.810 V/StatusBar.BatteryController( 482): status5batteryHealth 2
07-14 15:50:08.810 D/StatusBar.BatteryController( 482): mOldstatus5status 5
07-14 15:50:08.810 D/StatusBar.BatteryController( 482): now old status is 5
07-14 15:50:15.560 W/SignalStrength( 275): getCdmaLevel=2
07-14 15:50:15.560 W/SignalStrength( 275): getEvdoLevel=0
07-14 15:50:15.560 W/SignalStrength( 275): getCdmaLevel=2
07-14 15:50:15.560 W/SignalStrength( 275): getLevel=2
07-14 15:50:15.560 W/SignalStrength( 482): getCdmaLevel=2
07-14 15:50:15.560 W/SignalStrength( 482): getEvdoLevel=0
07-14 15:50:15.560 W/SignalStrength( 482): getCdmaLevel=2
07-14 15:50:15.560 W/SignalStrength( 482): getLevel=2
07-14 15:50:16.560 W/SignalStrength( 275): getCdmaLevel=3
07-14 15:50:16.560 W/SignalStrength( 275): getEvdoLevel=0
07-14 15:50:16.560 W/SignalStrength( 275): getCdmaLevel=3
07-14 15:50:16.560 W/SignalStrength( 275): getLevel=3
07-14 15:50:16.560 W/SignalStrength( 482): getCdmaLevel=3
07-14 15:50:16.560 W/SignalStrength( 482): getEvdoLevel=0
07-14 15:50:16.560 W/SignalStrength( 482): getCdmaLevel=3
07-14 15:50:16.560 W/SignalStrength( 482): getLevel=3
07-14 15:50:18.840 V/StatusBar.BatteryController( 482): status5batteryHealth 2
07-14 15:50:18.840 D/StatusBar.BatteryController( 482): mOldstatus5status 5
07-14 15:50:18.840 D/StatusBar.BatteryController( 482): now old status is 5
07-14 15:50:25.560 W/SignalStrength( 275): getCdmaLevel=2
07-14 15:50:25.560 W/SignalStrength( 275): getEvdoLevel=0
07-14 15:50:25.560 W/SignalStrength( 275): getCdmaLevel=2
07-14 15:50:25.560 W/SignalStrength( 275): getLevel=2
07-14 15:50:25.560 W/SignalStrength( 482): getCdmaLevel=2
07-14 15:50:25.560 W/SignalStrength( 482): getEvdoLevel=0
07-14 15:50:25.570 W/SignalStrength( 482): getCdmaLevel=2
07-14 15:50:25.570 W/SignalStrength( 482): getLevel=2
07-14 15:50:29.560 W/SignalStrength( 275): getCdmaLevel=3
07-14 15:50:29.560 W/SignalStrength( 275): getEvdoLevel=0
07-14 15:50:29.560 W/SignalStrength( 275): getCdmaLevel=3
07-14 15:50:29.560 W/SignalStrength( 275): getLevel=3
07-14 15:50:29.570 W/SignalStrength( 482): getCdmaLevel=3
07-14 15:50:29.570 W/SignalStrength( 482): getEvdoLevel=0
07-14 15:50:29.570 W/SignalStrength( 482): getCdmaLevel=3
07-14 15:50:29.570 W/SignalStrength( 482): getLevel=3
07-14 15:50:51.570 W/SignalStrength( 275): getCdmaLevel=2
07-14 15:50:51.570 W/SignalStrength( 275): getEvdoLevel=0
07-14 15:50:51.570 W/SignalStrength( 275): getCdmaLevel=2
07-14 15:50:51.570 W/SignalStrength( 275): getLevel=2
07-14 15:50:51.570 W/SignalStrength( 482): getCdmaLevel=2
07-14 15:50:51.570 W/SignalStrength( 482): getEvdoLevel=0
07-14 15:50:51.570 W/SignalStrength( 482): getCdmaLevel=2
07-14 15:50:51.580 W/SignalStrength( 482): getLevel=2
07-14 15:50:52.570 W/SignalStrength( 275): getCdmaLevel=3
07-14 15:50:52.570 W/SignalStrength( 275): getEvdoLevel=0
07-14 15:50:52.570 W/SignalStrength( 275): getCdmaLevel=3
07-14 15:50:52.570 W/SignalStrength( 275): getLevel=3
07-14 15:50:52.580 W/SignalStrength( 482): getCdmaLevel=3
07-14 15:50:52.580 W/SignalStrength( 482): getEvdoLevel=0
07-14 15:50:52.580 W/SignalStrength( 482): getCdmaLevel=3
07-14 15:50:52.580 W/SignalStrength( 482): getLevel=3
07-14 15:50:53.260 E/WifiStateMachine( 275): set suspend optimizations failed!
07-14 15:50:53.290 D/SensorManager( 768): registerListener :: handle = 0 name= BOSCH 3-axis Accelerometer delay= 10000 Listener= kvo@412e4b48
07-14 15:50:53.290 E/SensorManager( 768): thread start
07-14 15:50:53.290 E/SensorManager( 768): =======>>>Sensor Thread RUNNING <<<========
07-14 15:50:53.990 I/SensorManager( 768): Set normal delay = true
07-14 15:50:54.010 D/Tethering( 275): interfaceLinkStateChanged wlan0, true
07-14 15:50:54.010 D/Tethering( 275): interfaceStatusChanged wlan0, true
07-14 15:50:54.010 D/Tethering( 275): interfaceLinkStateChanged wlan0, true
07-14 15:50:54.010 D/Tethering( 275): interfaceStatusChanged wlan0, true
07-14 15:50:54.080 D/SensorManager( 768): unregisterListener:: disable all sensors for this listener, name = BOSCH 3-axis Accelerometer listener = kvo@412e4b48
07-14 15:50:54.150 E/WifiStateMachine( 275): set suspend optimizations failed!
07-14 15:50:54.280 I/GCoreUlr( 768): Successfully inserted location
07-14 15:50:54.510 I/GCoreUlr( 768): Starting service, intent=Intent { cmp=xxxx }, extras=null
07-14 15:50:54.660 V/StatusBar.BatteryController( 482): status5batteryHealth 2
07-14 15:50:54.660 D/StatusBar.BatteryController( 482): mOldstatus5status 5
07-14 15:50:54.660 D/StatusBar.BatteryController( 482): now old status is 5
07-14 15:50:55.010 W/GLSUser ( 592): GoogleAccountDataService.getToken()
07-14 15:50:55.700 W/GLSUser ( 592): [avd][avd] Permission for com.google.android.gms to access oauth2:https://www.googleapis.com/auth/userlocation.reporting will be managed locally.
07-14 15:50:55.930 W/NetworkManagementSocketTagger( 768): untagSocket(68) failed with errno -22
07-14 15:50:55.940 I/mbi ( 768): I/O exception (org.apache.http.NoHttpResponseException) caught when processing request: The target server failed to respond
07-14 15:50:55.940 I/mbi ( 768): Retrying request
07-14 15:50:56.320 I/GCoreUlr( 768): Starting service, intent=Intent { act=com.google.android.location.reporting.ACTION_UPDATE_ACTIVE_STATE cmp=xxxx }, extras=null
07-14 15:50:56.330 I/AdsMeasurementBroadcastReceiver( 736): Reporting settings might have changed, alerting AdsMeasurementService
07-14 15:50:56.330 D/AdsMeasurementBroadcastReceiver( 736): Unauthorized to start the main service
07-14 15:50:56.340 I/GCoreUlr( 768): Batch Location Update succeeded for account account#15#
07-14 15:50:56.360 E/SqliteDatabaseCpp( 768): sqlite3_exec - Failed to set synchronous mode = 1(Normal)
07-14 15:50:56.470 I/GCoreUlr( 768): Ensuring that reporting is active for [account#15#]
07-14 15:50:56.470 I/GCoreUlr( 768): Starting service, intent=Intent { act=com.google.android.location.reporting.ACTION_LOCATION_STATUS cmp=xxxx (has extras) }, extras=Bundle[{status=LocationStatus[cell status: STATUS_UNKNOWN, wifi status: STATUS_UNKNOWN, elapsed realtime ns: 0]}]
07-14 15:50:58.570 W/SignalStrength( 275): getCdmaLevel=2
07-14 15:50:58.570 W/SignalStrength( 275): getEvdoLevel=0
07-14 15:50:58.570 W/SignalStrength( 275): getCdmaLevel=2
07-14 15:50:58.570 W/SignalStrength( 275): getLevel=2
07-14 15:50:58.580 W/SignalStrength( 482): getCdmaLevel=2
07-14 15:50:58.580 W/SignalStrength( 482): getEvdoLevel=0
07-14 15:50:58.580 W/SignalStrength( 482): getCdmaLevel=2
07-14 15:50:58.580 W/SignalStrength( 482): getLevel=2
07-14 15:51:04.680 V/StatusBar.BatteryController( 482): status5batteryHealth 2
07-14 15:51:04.680 D/StatusBar.BatteryController( 482): mOldstatus5status 5
07-14 15:51:04.680 D/StatusBar.BatteryController( 482): now old status is 5
07-14 15:51:05.580 W/SignalStrength( 275): getCdmaLevel=3
07-14 15:51:05.580 W/SignalStrength( 275): getEvdoLevel=0
07-14 15:51:05.580 W/SignalStrength( 275): getCdmaLevel=3
07-14 15:51:05.580 W/SignalStrength( 275): getLevel=3
07-14 15:51:05.580 W/SignalStrength( 482): getCdmaLevel=3
07-14 15:51:05.580 W/SignalStrength( 482): getEvdoLevel=0
07-14 15:51:05.580 W/SignalStrength( 482): getCdmaLevel=3
07-14 15:51:05.580 W/SignalStrength( 482): getLevel=3
07-14 15:51:09.710 D/Tethering( 275): interfaceLinkStateChanged wlan0, true
07-14 15:51:09.710 D/Tethering( 275): interfaceStatusChanged wlan0, true
07-14 15:51:12.580 W/SignalStrength( 275): getCdmaLevel=2
07-14 15:51:12.580 W/SignalStrength( 275): getEvdoLevel=0
07-14 15:51:12.580 W/SignalStrength( 275): getCdmaLevel=2
07-14 15:51:12.580 W/SignalStrength( 275): getLevel=2
07-14 15:51:12.590 W/SignalStrength( 482): getCdmaLevel=2
07-14 15:51:12.590 W/SignalStrength( 482): getEvdoLevel=0
07-14 15:51:12.590 W/SignalStrength( 482): getCdmaLevel=2
07-14 15:51:12.590 W/SignalStrength( 482): getLevel=2
07-14 15:51:13.580 W/SignalStrength( 275): getCdmaLevel=3
07-14 15:51:13.580 W/SignalStrength( 275): getEvdoLevel=0
07-14 15:51:13.580 W/SignalStrength( 275): getCdmaLevel=3
07-14 15:51:13.580 W/SignalStrength( 275): getLevel=3
07-14 15:51:13.580 W/SignalStrength( 482): getCdmaLevel=3
07-14 15:51:13.580 W/SignalStrength( 482): getEvdoLevel=0
07-14 15:51:13.580 W/SignalStrength( 482): getCdmaLevel=3
07-14 15:51:13.580 W/SignalStrength( 482): getLevel=3
07-14 15:51:16.110 D/Tethering( 275): interfaceLinkStateChanged wlan0, true
07-14 15:51:16.110 D/Tethering( 275): interfaceStatusChanged wlan0, true
07-14 15:51:22.580 W/SignalStrength( 275): getCdmaLevel=2
07-14 15:51:22.580 W/SignalStrength( 275): getEvdoLevel=0
07-14 15:51:22.580 W/SignalStrength( 275): getCdmaLevel=2
07-14 15:51:22.580 W/SignalStrength( 275): getLevel=2
07-14 15:51:22.590 W/SignalStrength( 482): getCdmaLevel=2
07-14 15:51:22.590 W/SignalStrength( 482): getEvdoLevel=0
07-14 15:51:22.590 W/SignalStrength( 482): getCdmaLevel=2
07-14 15:51:22.590 W/SignalStrength( 482): getLevel=2
07-14 15:51:24.720 V/StatusBar.BatteryController( 482): status5batteryHealth 2
07-14 15:51:24.720 D/StatusBar.BatteryController( 482): mOldstatus5status 5
07-14 15:51:24.720 D/StatusBar.BatteryController( 482): now old status is 5
07-14 15:51:32.780 D/Tethering( 275): interfaceLinkStateChanged wlan0, true
07-14 15:51:32.780 D/Tethering( 275): interfaceStatusChanged wlan0, true
07-14 15:51:33.590 W/SignalStrength( 275): getCdmaLevel=3
07-14 15:51:33.590 W/SignalStrength( 275): getEvdoLevel=0
07-14 15:51:33.590 W/SignalStrength( 275): getCdmaLevel=3
07-14 15:51:33.590 W/SignalStrength( 275): getLevel=3
07-14 15:51:33.590 W/SignalStrength( 482): getCdmaLevel=3
07-14 15:51:33.590 W/SignalStrength( 482): getEvdoLevel=0
07-14 15:51:33.600 W/SignalStrength( 482): getCdmaLevel=3
07-14 15:51:33.600 W/SignalStrength( 482): getLevel=3
07-14 15:51:34.740 V/StatusBar.BatteryController( 482): status5batteryHealth 2
07-14 15:51:34.740 D/StatusBar.BatteryController( 482): mOldstatus5status 5
07-14 15:51:34.740 D/StatusBar.BatteryController( 482): now old status is 5
07-14 15:51:44.760 V/StatusBar.BatteryController( 482): status5batteryHealth 2
07-14 15:51:44.760 D/StatusBar.BatteryController( 482): mOldstatus5status 5
07-14 15:51:44.760 D/StatusBar.BatteryController( 482): now old status is 5
07-14 15:51:46.590 W/SignalStrength( 275): getCdmaLevel=2
07-14 15:51:46.590 W/SignalStrength( 275): getEvdoLevel=0
07-14 15:51:46.590 W/SignalStrength( 275): getCdmaLevel=2
07-14 15:51:46.590 W/SignalStrength( 275): getLevel=2
07-14 15:51:46.600 W/SignalStrength( 482): getCdmaLevel=2
07-14 15:51:46.600 W/SignalStrength( 482): getEvdoLevel=0
07-14 15:51:46.600 W/SignalStrength( 482): getCdmaLevel=2
