07-14 14:42:42.830 D/ExchangeService( 1304): !!! EAS ExchangeService, onCreate
07-14 14:42:42.850 D/ExchangeService( 1304): !!! EAS ExchangeService, onStartCommand, startingUp = false, running = false
07-14 14:42:42.850 D/ExchangeService( 1304): !!! EAS ExchangeService, onStartCommand, startingUp = true, running = false
07-14 14:42:42.850 W/dalvikvm( 768): VFY: unable to resolve virtual method 1149: Landroid/accounts/AccountManager;.getAccountsByTypeForPackage (Ljava/lang/String;Ljava/lang/String;)[Landroid/accounts/Account;
07-14 14:42:42.850 E/dalvikvm( 768): Could not find class 'android.os.UserManager', referenced from method cbe.c
07-14 14:42:42.850 W/dalvikvm( 768): VFY: unable to resolve check-cast 543 (Landroid/os/UserManager;) in Lcbe;
07-14 14:42:42.850 E/dalvikvm( 768): Could not find class 'android.os.UserManager', referenced from method cbe.d
07-14 14:42:42.850 W/dalvikvm( 768): VFY: unable to resolve check-cast 543 (Landroid/os/UserManager;) in Lcbe;
07-14 14:42:42.850 E/dalvikvm( 768): Could not find class 'android.os.UserManager', referenced from method cbe.e
07-14 14:42:42.850 W/dalvikvm( 768): VFY: unable to resolve check-cast 543 (Landroid/os/UserManager;) in Lcbe;
07-14 14:42:42.870 I/FactoryTestApp( 1156): [Class] ModuleCommon , [Method] isFactoryModeCheck , [Message] result : false
07-14 14:42:42.870 I/FactoryTestApp( 1156): [Class] ModuleCommon , [Method] connectedJIG , [Message] ...
07-14 14:42:42.880 D/FactoryTestApp( 1156): [Class] Support , [Method] Values.getString , [Message] id=ANYWAY_JIG, value=/sys/class/sec/switch/adc
07-14 14:42:42.880 D/FactoryTestApp( 1156): [Class] Support , [Method] Values.getString , [Message] id=MODEL_COMMUNICATION_MODE, value=cdma
07-14 14:42:42.880 I/FactoryTestApp( 1156): [Class] ModuleCommon , [Method] isConnectionModeNone , [Message] mConnectionMode = cdma
07-14 14:42:42.890 I/FactoryTestApp( 1156): [Class] ModuleCommon , [Method] isFactorySim , [Message] isFactorySim == false
07-14 14:42:42.890 I/FactoryTestApp( 1156): [Class] ModuleCommon , [Method] isFactorySim , [Message] isFactorySim=falseby Keystring
07-14 14:42:42.890 D/FactoryTestApp( 1156): [Class] Support , [Method] Values.getString , [Message] id=FACTORY_MODE, value=/efs/FactoryApp/factorymode
07-14 14:42:42.890 D/FactoryTestApp( 1156): [Class] Support , [Method] Kernel.read , [Message] path=/efs/FactoryApp/factorymode, value=ON
07-14 14:42:42.890 I/FactoryTestApp( 1156): [Class] ModuleCommon , [Method] readFactoryMode , [Message] mode: ON
07-14 14:42:42.900 D/FactoryTestApp( 1156): [Class] Support , [Method] Values.getString , [Message] id=FACTORY_MODE, value=/efs/FactoryApp/factorymode
07-14 14:42:42.900 D/FactoryTestApp( 1156): [Class] Support , [Method] Kernel.read , [Message] path=/efs/FactoryApp/factorymode, value=ON
07-14 14:42:42.900 I/FactoryTestApp( 1156): [Class] ModuleCommon , [Method] readFactoryMode , [Message] mode: ON
07-14 14:42:42.900 I/FactoryTestApp( 1156): [Class] ModuleCommon , [Method] disableFtClient , [Message] ...
07-14 14:42:42.900 E/SetupWizardSkipReceiver( 1156): onReceive android.intent.action.BOOT_COMPLETED
07-14 14:42:42.910 I/FactoryTestApp( 1156): [Class] XMLDataStorage , [Method] parsingXML , [Message] FtClient => XML data parsing was completed.
07-14 14:42:42.910 I/SetupWizardSkipReceiver( 1156): onReceive - XML parsing failed
07-14 14:42:42.910 D/FactoryTestApp( 1156): [Class] Support , [Method] Values.getString , [Message] id=SETUPWIZARD_INDEX_LIST, value=-1
07-14 14:42:42.910 I/SetupWizardSkipReceiver( 1156): isFactoryMode == false
07-14 14:42:42.910 D/SetupWizardSkipReceiver( 1156): User Mode
07-14 14:42:42.920 I/SetupWizardSkipReceiver( 1156): isForcedSkipped() before : false
07-14 14:42:42.990 I/ActivityManager( 275): Start proc app.processName for broadcast hostingNameStr: pid=1333 uid=10024 gids={3003}
07-14 14:42:43.040 I/ActivityThread( 1333): Pub com.google.android.partnersetup.rlzprovider: com.google.android.partnersetup.RlzProvider
07-14 14:42:43.050 I/ActivityThread( 1333): Pub com.google.android.partnersetup.rlzappprovider: com.google.android.partnersetup.RlzAppProvider
07-14 14:42:43.130 D/ExchangeService( 1304): Received deviceId from Email app: androidc556053337
07-14 14:42:43.130 D/ExchangeService( 1304): Reconciling accounts...
07-14 14:42:43.140 D/ExchangeService( 1304): !!! EAS ExchangeService, onStartCommand, startingUp = true, running = false
07-14 14:42:43.170 D/Eas Debug( 1304): Logging:
07-14 14:42:43.440 I/RlzPingService( 1333): Setting next ping for 1405968163440
07-14 14:42:43.480 I/ActivityManager( 275): Start proc app.processName for broadcast hostingNameStr: pid=1373 uid=1001 gids={3002, 3001, 3003, 1015, 1023}
07-14 14:42:43.530 I/MIPErrorReceiver( 1373): onReceive
07-14 14:42:43.580 I/ActivityManager( 275): Start proc app.processName for broadcast hostingNameStr: pid=1387 uid=10032 gids={3003, 1015, 1023}
07-14 14:42:43.650 I/ActivityThread( 1387): Pub mms_temp_file: com.android.mms.TempFileProvider
07-14 14:42:43.650 I/ActivityThread( 1387): Pub com.android.mms.SuggestionsProvider: com.android.mms.SuggestionsProvider
07-14 14:42:43.720 W/Resources( 1387): Converting to string: TypedValue{t=0x10/d=0xf0 a=-1}
07-14 14:42:43.910 I/CalendarProvider2( 1254): Sending notification intent: Intent { act=android.intent.action.PROVIDER_CHANGED dat=content://com.android.calendar }
07-14 14:42:43.940 I/SystemUpdateService( 592): checking for post-install intent
07-14 14:42:43.940 I/SystemUpdateService( 592): cancelUpdate (empty URL)
07-14 14:42:43.940 D/BatteryService( 275): If you want to hear notification sound for TA detecting, Time should be reach 40 sec from boot. But now is 37 sec
07-14 14:42:43.970 V/StatusBar.BatteryController( 482): status2batteryHealth 2
07-14 14:42:43.970 D/StatusBar.BatteryController( 482): mOldstatus1status 2
07-14 14:42:43.970 D/StatusBar.BatteryController( 482): now old status is 2
07-14 14:42:43.980 E/lights ( 275): write_int failed to open /sys/class/leds/red/brightness
07-14 14:42:43.980 D/BatteryService( 275): If you want to hear notification sound for TA detecting, Time should be reach 40 sec from boot. But now is 37 sec
07-14 14:42:43.980 D/BatteryService( 275): If you want to hear notification sound for TA detecting, Time should be reach 40 sec from boot. But now is 37 sec
07-14 14:42:44.000 W/PowerUI ( 482): unknown intent: Intent { act=android.intent.action.ACTION_POWER_CONNECTED flg=0x10000010 }
07-14 14:42:44.020 D/BatteryService( 275): If you want to hear notification sound for TA detecting, Time should be reach 40 sec from boot. But now is 37 sec
07-14 14:42:44.020 V/StatusBar.BatteryController( 482): status2batteryHealth 2
07-14 14:42:44.020 D/StatusBar.BatteryController( 482): mOldstatus2status 2
07-14 14:42:44.020 D/StatusBar.BatteryController( 482): now old status is 2
07-14 14:42:44.050 W/SignalStrength( 275): getCdmaLevel=2
07-14 14:42:44.050 W/SignalStrength( 275): getEvdoLevel=0
07-14 14:42:44.050 W/SignalStrength( 275): getCdmaLevel=2
07-14 14:42:44.050 W/SignalStrength( 275): getLevel=2
07-14 14:42:44.050 W/SignalStrength( 482): getCdmaLevel=2
07-14 14:42:44.050 W/SignalStrength( 482): getEvdoLevel=0
07-14 14:42:44.050 W/SignalStrength( 482): getCdmaLevel=2
07-14 14:42:44.050 W/SignalStrength( 482): getLevel=2
07-14 14:42:44.059 D/BatteryService( 275): If you want to hear notification sound for TA detecting, Time should be reach 40 sec from boot. But now is 20 sec
07-14 14:42:44.060 D/BatteryService( 275): If you want to hear notification sound for TA detecting, Time should be reach 40 sec from boot. But now is 37 sec
07-14 14:42:44.110 D/CountryDetector( 275): The first listener is added
07-14 14:42:44.120 V/MmsConfig( 1387): Transaction Timeout: 240000
07-14 14:42:44.170 W/Mms/cache( 1387): RecipientId 10 not in cache!
07-14 14:42:44.190 V/MmsSystemEventReceiver( 1387): Intent received
07-14 14:42:44.230 D/BatteryService( 275): If you want to hear notification sound for TA detecting, Time should be reach 40 sec from boot. But now is 38 sec
07-14 14:42:44.290 W/ActivityManager( 275): Permission Denial: receiving Intent { act=android.intent.action.BOOT_COMPLETED flg=0x10 } to info.activityInfo.applicationInfo.packageName requires android.permission.RECEIVE_BOOT_COMPLETED due to sender r.callerPackage (uid 1000)
07-14 14:42:44.310 V/Mms:app ( 1387): blockingUpdateNewMessageIndicator: new message cancelNotification
07-14 14:42:44.340 I/ActivityManager( 275): Start proc app.processName for broadcast hostingNameStr: pid=1414 uid=1001 gids={3002, 3001, 3003, 1015, 1023}
07-14 14:42:44.360 V/UsbDeviceManager( 275): USB UEVENT: {USB_STATE=CONNECTED, SUBSYSTEM=android_usb, DEVPATH=/devices/virtual/android_usb/android0, SEQNUM=1568, ACTION=change}
07-14 14:42:44.370 D/UsbDeviceManager( 275): handleMessage -> MSG_UPDATE_STATE connected = 1,configured = 0
07-14 14:42:44.370 D/UsbDeviceManager( 275): updateUsbNotification mConnected = true, mConnected = true, mCurrentFunctions = mtp,adb, mUsbNotificationId = 0
07-14 14:42:44.390 V/SmsReceiverService( 1387): SmsreceiverService casuecode 0
07-14 14:42:44.390 V/SmsReceiverService( 1387): SmsreceiverService errorCode 0
07-14 14:42:44.440 D/BatteryService( 275): If you want to hear notification sound for TA detecting, Time should be reach 40 sec from boot. But now is 38 sec
07-14 14:42:44.510 D/UsbDeviceManager( 275): updateAdbNotification : mAdbEnabled = true, mConnected = true, mAdbNotificationShown = false
07-14 14:42:44.510 D/UsbDeviceManager( 275): don't notify adb
07-14 14:42:44.510 D/UsbDeviceManager( 275): sending intent : ACTION_USB_STATE : connected = true, configured = false, functions = mtp,adb
07-14 14:42:44.530 I/PhoneInfoReceiver( 1414): onReceiveandroid.intent.action.BOOT_COMPLETED
07-14 14:42:44.530 V/PhoneInfoReceiver( 1414): beginStartingService
07-14 14:42:44.560 V/PhoneInfoService( 546): onStart
07-14 14:42:44.640 D/CAT ( 546): StkAppService$ServiceHandler: OP_BOOT_COMPLETED
07-14 14:42:44.800 I/ActivityManager( 275): Start proc app.processName for broadcast hostingNameStr: pid=1435 uid=10050 gids={3002}
07-14 14:42:44.850 V/UsbDeviceManager( 275): USB UEVENT: {USB_STATE=CONFIGURED, SUBSYSTEM=android_usb, DEVPATH=/devices/virtual/android_usb/android0, SEQNUM=1571, ACTION=change}
07-14 14:42:44.860 D/UsbDeviceManager( 275): handleMessage -> MSG_UPDATE_STATE connected = 1,configured = 1
07-14 14:42:44.860 D/UsbDeviceManager( 275): updateUsbNotification mConnected = true, mConnected = true, mCurrentFunctions = mtp,adb, mUsbNotificationId = 17040450
07-14 14:42:44.860 D/UsbDeviceManager( 275): updateAdbNotification : mAdbEnabled = true, mConnected = true, mAdbNotificationShown = false
07-14 14:42:44.860 D/UsbDeviceManager( 275): don't notify adb
07-14 14:42:44.860 D/UsbDeviceManager( 275): sending intent : ACTION_USB_STATE : connected = true, configured = true, functions = mtp,adb
07-14 14:42:44.900 V/WindowOrientationListener( 275): nearestRotation : 0 Angle: 319 tilt: 57
07-14 14:42:44.960 I/ActivityManager( 275): Start proc app.processName for broadcast hostingNameStr: pid=1452 uid=1000 gids={3001, 3002, 1023, 1006, 1007, 3003, 1015, 1001, 3007}
07-14 14:42:45.300 I/SystemUpdateService( 736): receiver: Intent { act=android.intent.action.BOOT_COMPLETED flg=0x10 cmp=xxxx }
07-14 14:42:45.320 I/AdsMeasurementBroadcastReceiver( 736): Device was rebooted, starting AdsMeasurementService
07-14 14:42:45.350 D/AdsMeasurementBroadcastReceiver( 736): Unauthorized to start the main service
07-14 14:42:45.350 I/ActivityManager( 275): START {intent.toShortString} from pid 592
07-14 14:42:45.390 I/WindowManager( 275): SCREENLAYOUT_SIZE (1:small, 2:normal, 3:large, 4:xlarge) 2
07-14 14:42:45.390 D/ActivityManager( 275): Trying to launch applicationName
07-14 14:42:45.540 I/MultiDex( 592): install
07-14 14:42:45.540 I/MultiDex( 592): MultiDexExtractor.load(/data/app/com.google.android.gms-2.apk, false)
07-14 14:42:45.549 I/ActivityManager( 275): Start proc app.processName for service hostingNameStr: pid=768 uid=10013 gids={3003, 1015, 1023, 1007, 1006, 3002, 3001, 2001, 3006}
07-14 14:42:45.550 I/MultiDex( 592): loading existing secondary dex files
07-14 14:42:45.550 I/MultiDex( 592): load found 1 secondary dex files
07-14 14:42:45.550 I/MultiDex( 592): install done
07-14 14:42:45.570 I/ProviderInstaller( 592): Insert disabled by gate 'gms:security:enable_conscrypt_in_gms_application'
07-14 14:42:45.570 I/ActivityManager( 275): START {intent.toShortString} from pid 592
07-14 14:42:45.579 D/PowerManagerService( 275): bootCompleted
07-14 14:42:45.579 I/PowerManagerService( 275): Ulight 15->7|0
07-14 14:42:45.580 D/SyncManager( 275): setSyncAutomatically: , provider com.google.android.location.reporting -> true
07-14 14:42:45.580 D/SyncManager( 275): setSyncAutomatically: already set to true, doing nothing
07-14 14:42:45.620 W/dalvikvm( 736): VFY: unable to resolve virtual method 1149: Landroid/accounts/AccountManager;.getAccountsByTypeForPackage (Ljava/lang/String;Ljava/lang/String;)[Landroid/accounts/Account;
07-14 14:42:45.620 E/dalvikvm( 736): Could not find class 'android.os.UserManager', referenced from method cbe.c
07-14 14:42:45.620 W/dalvikvm( 736): VFY: unable to resolve check-cast 543 (Landroid/os/UserManager;) in Lcbe;
07-14 14:42:45.620 E/dalvikvm( 736): Could not find class 'android.os.UserManager', referenced from method cbe.d
07-14 14:42:45.620 W/dalvikvm( 736): VFY: unable to resolve check-cast 543 (Landroid/os/UserManager;) in Lcbe;
07-14 14:42:45.620 E/dalvikvm( 736): Could not find class 'android.os.UserManager', referenced from method cbe.e
07-14 14:42:45.620 W/dalvikvm( 736): VFY: unable to resolve check-cast 543 (Landroid/os/UserManager;) in Lcbe;
07-14 14:42:45.650 I/WindowManager( 275): SCREENLAYOUT_SIZE (1:small, 2:normal, 3:large, 4:xlarge) 2
07-14 14:42:45.650 D/ActivityManager( 275): Trying to launch applicationName
07-14 14:42:45.720 I/ActivityManager( 275): Start proc app.processName for broadcast hostingNameStr: pid=1478 uid=10053 gids={3003, 1015, 1023, 1006}
07-14 14:42:45.730 W/dalvikvm( 592): VFY: unable to resolve virtual method 587: Landroid/app/AlarmManager;.setExact (IJLandroid/app/PendingIntent;)V
07-14 14:42:45.790 V/AuthZen ( 736): Handling intent: android.intent.action.BOOT_COMPLETED
07-14 14:42:45.870 V/AuthZen ( 736): [DefaultAuthzenGcmReceiverDelegateService] Handling delegate intent.
07-14 14:42:45.970 D/KeyguardViewMediator( 275): handleTimeout
07-14 14:42:45.990 W/dalvikvm( 592): VFY: unable to resolve static method 2600: Landroid/provider/Settings$Global;.getInt (Landroid/content/ContentResolver;Ljava/lang/String;I)I
07-14 14:42:46.020 W/ActivityManager( 275): Unable to start service Intent { act=android.intent.action.BOOT_COMPLETED flg=0x10 cmp=xxxx }: not found
07-14 14:42:46.100 I/ActivityThread( 1478): Pub com.google.android.youtube.fileprovider: android.support.v4.content.FileProvider
07-14 14:42:46.120 I/GCoreUlr( 736): Starting service, intent=Intent { act=com.google.android.location.reporting.ACTION_UPDATE_WORLD cmp=xxxx (has extras) }, extras=Bundle[{receiverAction=android.intent.action.BOOT_COMPLETED}]
07-14 14:42:46.160 I/ActivityThread( 1478): Pub com.google.android.youtube.SuggestionProvider: com.google.android.apps.youtube.core.suggest.SuggestionProvider
07-14 14:42:46.230 W/GCM ( 592): Using fallback http
07-14 14:42:46.450 I/GoogleHttpClient( 592): Falling back to old SSLCertificateSocketFactory
07-14 14:42:46.450 I/GoogleHttpClient( 592): Using GMS GoogleHttpClient
07-14 14:42:46.540 D/YouTube ( 1478): apps.youtube.common.network.l.a:40 HttpClient.UserAgent: com.google.android.youtube/5.7.41(Linux; U; Android 4.0.4; en_US; SCH-S738C Build/IMM76D)
07-14 14:42:46.590 V/Mms:app ( 1387): blockingUpdateNewMessageIndicator: new message cancelNotification
07-14 14:42:46.690 I/GCM ( 592): GCM config loaded
07-14 14:42:46.710 D/GCM ( 592): GcmService start Intent { act=android.intent.action.BOOT_COMPLETED flg=0x10 cmp=xxxx } android.intent.action.BOOT_COMPLETED
07-14 14:42:46.760 W/InputManagerService( 275): Window already focused, ignoring focus gain of: com.android.internal.view.IInputMethodClient$Stub$Proxy@4175d1a8
07-14 14:42:46.770 V/SystemUpdateService( 592): onPostExecute: false
07-14 14:42:46.790 W/dalvikvm( 592): VFY: unable to resolve virtual method 1149: Landroid/accounts/AccountManager;.getAccountsByTypeForPackage (Ljava/lang/String;Ljava/lang/String;)[Landroid/accounts/Account;
07-14 14:42:46.790 E/dalvikvm( 592): Could not find class 'android.os.UserManager', referenced from method cbe.c
07-14 14:42:46.790 W/dalvikvm( 592): VFY: unable to resolve check-cast 543 (Landroid/os/UserManager;) in Lcbe;
07-14 14:42:46.790 E/dalvikvm( 592): Could not find class 'android.os.UserManager', referenced from method cbe.d
07-14 14:42:46.790 W/dalvikvm( 592): VFY: unable to resolve check-cast 543 (Landroid/os/UserManager;) in Lcbe;
07-14 14:42:46.790 E/dalvikvm( 592): Could not find class 'android.os.UserManager', referenced from method cbe.e
07-14 14:42:46.790 W/dalvikvm( 592): VFY: unable to resolve check-cast 543 (Landroid/os/UserManager;) in Lcbe;
07-14 14:42:46.800 I/WindowManager( 275): SCREENLAYOUT_SIZE (1:small, 2:normal, 3:large, 4:xlarge) 2
07-14 14:42:46.860 D/YouTube ( 1478): apps.youtube.common.network.l.a:40 HttpClient.UserAgent: com.google.android.youtube/5.7.41(Linux; U; Android 4.0.4; en_US; SCH-S738C Build/IMM76D)
07-14 14:42:46.890 E/SMD ( 104): DCD OFF
07-14 14:42:46.900 D/YouTube ( 1478): apps.youtube.common.network.l.a:40 HttpClient.UserAgent: com.google.android.youtube/5.7.41(Linux; U; Android 4.0.4; en_US; SCH-S738C Build/IMM76D)
07-14 14:42:47.130 D/YouTube ( 1478): apps.youtube.common.cache.f.run:163 Cache is below limit, no need to shrink: [size=0, limit=20971520]
07-14 14:42:47.170 D/YouTube ( 1478): apps.youtube.core.player.Director.c:388 VideoStage: NEW
07-14 14:42:47.300 V/AudioPolicyManagerBase( 112): getNewDevice() selected device 0
07-14 14:42:47.300 V/AudioPolicyManagerBase( 112): getDeviceForStrategy() from cache strategy 0, device 2
07-14 14:42:47.300 D/AudioService( 275): getStreamVolume(3)
07-14 14:42:47.300 I/MediaRouter( 1478): Found default route: MediaRouter.RouteInfo{ uniqueId=android/.support.v7.media.bj:DEFAULT_ROUTE, name=System, description=null, enabled=true, connecting=false, playbackType=0, playbackStream=3, volumeHandling=1, volume=15, volumeMax=15, presentationDisplayId=-1, extras=null, providerPackageName=android }
07-14 14:42:47.310 D/YouTube ( 1478): apps.youtube.core.client.ab.a:115 event [version=5.7.41-s2000, action=Startup, label=NORMAL_STARTUP, value=-1]
07-14 14:42:47.320 W/dalvikvm( 1478): Link of class 'Lcom/google/android/apps/youtube/app/remote/bi;' failed
07-14 14:42:47.320 E/dalvikvm( 1478): Could not find class 'com.google.android.apps.youtube.app.remote.bi', referenced from method com.google.android.apps.youtube.app.remote.bh.
07-14 14:42:47.320 W/dalvikvm( 1478): VFY: unable to resolve new-instance 3024 (Lcom/google/android/apps/youtube/app/remote/bi;) in Lcom/google/android/apps/youtube/app/remote/bh;
07-14 14:42:47.320 W/dalvikvm( 1478): Link of class 'Lcom/google/android/apps/youtube/app/remote/bi;' failed
07-14 14:42:47.330 W/dalvikvm( 1478): VFY: unable to resolve instance field 6
07-14 14:42:47.330 W/dalvikvm( 1478): Link of class 'Lcom/google/android/apps/youtube/core/player/notification/a;' failed
07-14 14:42:47.330 E/dalvikvm( 1478): Could not find class 'com.google.android.apps.youtube.core.player.notification.a', referenced from method com.google.android.apps.youtube.core.player.notification.ExternalPlaybackControllerV14.
07-14 14:42:47.330 W/dalvikvm( 1478): VFY: unable to resolve new-instance 4374 (Lcom/google/android/apps/youtube/core/player/notification/a;) in Lcom/google/android/apps/youtube/core/player/notification/ExternalPlaybackControllerV14;
07-14 14:42:47.330 W/dalvikvm( 1478): VFY: unable to resolve virtual method 991: Landroid/media/RemoteControlClient;.setOnGetPlaybackPositionListener (Landroid/media/RemoteControlClient$OnGetPlaybackPositionListener;)V
07-14 14:42:47.330 W/dalvikvm( 1478): VFY: unable to resolve interface method 988: Landroid/media/RemoteControlClient$OnGetPlaybackPositionListener;.onGetPlaybackPosition ()J
07-14 14:42:47.330 W/dalvikvm( 1478): Link of class 'Lcom/google/android/apps/youtube/core/player/notification/a;' failed
07-14 14:42:47.340 I/GoogleConversionPing( 1478): Pinging: http://www.googleadservices.com/pagead/conversion/1001680686/?label=4dahCKKczAYQrt7R3QM&value=&muid=vWLkWcGSPq12m6ZJQO8dcw&bundleid=com.google.android.youtube&appversion=5.7.41&osversion=4.0.4&sdkversion=ct-sdk-a-v1.1.0&remarketing_only=1×tamp=1405363367&data=screen_name%3D%3CAndroid_YT_Open_App%3E
07-14 14:42:47.620 I/GoogleConversionPing( 1478): Ping responded with response code 200
07-14 14:42:48.090 D/YouTube ( 1478): apps.youtube.core.transfer.DownloadService$BootReceiver.onReceive:98 boot completed, starting download service
07-14 14:42:48.310 I/AuthZen ( 736): Fetching signing key...
07-14 14:42:48.310 D/YouTube ( 1478): apps.youtube.common.e.d.a:25 Executing ConditionTask com.google.android.apps.youtube.datalib.offline.h
07-14 14:42:48.330 D/YouTube ( 1478): apps.youtube.datalib.offline.h.a:34 Network change detected, dispatch offline http requests.
07-14 14:42:48.340 D/YouTube ( 1478): apps.youtube.core.transfer.TransferService.onCreate:116 creating transfer service
07-14 14:42:48.420 I/ActivityManager( 275): Start proc app.processName for broadcast hostingNameStr: pid=1560 uid=10021 gids={3003, 1015, 1023}
07-14 14:42:48.490 D/Mms/MessagingNotificationAlert( 1387): ########## Destroy called !!!!! ##########
07-14 14:42:48.500 E/New Message TTS( 1387): ########## Destroy called !!!!! ##########
07-14 14:42:48.510 I/ActivityManager( 275): No longer want app.processName (pid 516): hidden #16
07-14 14:42:48.660 I/AuthZen ( 736): Signing key fetched successfuly!
07-14 14:42:48.730 I/ActivityThread( 1560): Pub com.google.android.gm2.accountcache: com.android.mail.providers.GmailAccountCacheProvider
07-14 14:42:48.770 W/dalvikvm( 1560): VFY: unable to resolve static method 1266: Landroid/os/Trace;.endSection ()V
07-14 14:42:48.790 W/dalvikvm( 1560): VFY: unable to resolve virtual method 176: Landroid/app/ActivityManager;.isLowRamDevice ()Z
07-14 14:42:48.790 W/dalvikvm( 1560): VFY: unable to resolve static method 1265: Landroid/os/Trace;.beginSection (Ljava/lang/String;)V
07-14 14:42:48.800 D/ActivityThread( 1560): Loading provider com.android.gmail.ui: com.google.android.gm.provider.GmailProvider
07-14 14:42:48.830 I/ActivityThread( 1560): Pub com.google.android.gm.provider.eml.attachment: com.android.mail.providers.EmlAttachmentProvider
07-14 14:42:48.830 I/ActivityThread( 1560): Pub gmail-ls: com.google.android.gm.provider.MailProvider
07-14 14:42:48.930 I/ActivityThread( 1560): Pub com.google.android.gmail.SuggestionsProvider: com.google.android.gm.SuggestionsProvider
07-14 14:42:48.940 I/ActivityThread( 1560): Pub com.google.android.gm2.conversation.provider: com.android.mail.browse.GmailConversationProvider
07-14 14:42:48.950 W/dalvikvm( 1560): VFY: unable to resolve virtual method 7596: Lcom/android/mail/browse/i;.getNotificationUri ()Landroid/net/Uri;
07-14 14:42:48.950 I/ActivityThread( 1560): Pub com.android.gmail.ui: com.google.android.gm.provider.GmailProvider
07-14 14:42:48.950 I/ActivityThread( 1560): Pub gmail-appindexing: com.google.android.gm.provider.SearchQuery$Provider
07-14 14:42:48.950 I/ActivityThread( 1560): Pub com.google.android.gm: com.google.android.gm.provider.PublicContentProvider
07-14 14:42:49.000 W/GAV2 ( 1560): Thread[main,5,main]: Need to call initialize() and be in fallback mode to start dispatch.
07-14 14:42:49.170 I/ActivityManager( 275): Start proc app.processName for service hostingNameStr: pid=1588 uid=10013 gids={3003, 1015, 1023, 1007, 1006, 3002, 3001, 2001, 3006}
07-14 14:42:49.210 I/ActivityManager( 275): Start proc app.processName for broadcast hostingNameStr: pid=1601 uid=10039 gids={3003, 1015, 1023}
07-14 14:42:49.400 I/ActivityManager( 275): No longer want app.processName (pid 945): hidden #16
07-14 14:42:49.480 D/YouTube ( 1478): apps.youtube.common.e.j.e:170 Scheduling task com.google.android.apps.youtube.datalib.offline.o with ScheduledExecutorService for repeating execution.
07-14 14:42:49.680 I/ActivityThread( 1601): Pub com.google.android.finsky.QSBSuggestionsProvider2: com.google.android.finsky.providers.QSBSuggestionsProvider
07-14 14:42:49.680 I/ActivityThread( 1601): Pub com.google.android.finsky.AppIconProvider: com.google.android.finsky.providers.AppIconProvider
07-14 14:42:49.680 I/ActivityThread( 1601): Pub com.google.android.finsky.RecentSuggestionsProvider: com.google.android.finsky.providers.RecentSuggestionsProvider
07-14 14:42:49.720 W/dalvikvm( 1560): VFY: unable to resolve virtual method 14618: Lcom/google/android/gm/provider/ai;.setWriteAheadLoggingEnabled (Z)V
07-14 14:42:49.890 E/SMD ( 104): DCD OFF
07-14 14:42:49.950 W/PowerManagerService( 275): Timer 0x3->0x3|0x0
07-14 14:42:50.110 E/dalvikvm( 736): Could not find class 'android.app.AppOpsManager', referenced from method cbg.a
07-14 14:42:50.110 W/dalvikvm( 736): VFY: unable to resolve check-cast 304 (Landroid/app/AppOpsManager;) in Lcbg;
07-14 14:42:50.140 I/GCoreUlr( 768): Ensuring that reporting is active for [account#15#]
07-14 14:42:50.380 D/Finsky ( 1601): [1] FinskyApp.onCreate: Initializing network with DFE https://android.clients.google.com/fdfe/
07-14 14:42:50.480 W/dalvikvm( 1601): VFY: unable to resolve static method 876: Landroid/provider/Settings$Global;.getInt (Landroid/content/ContentResolver;Ljava/lang/String;I)I
07-14 14:42:50.480 D/Finsky ( 1601): [1] DailyHygiene.goMakeHygieneIfDirty: No need to run daily hygiene.
07-14 14:42:50.570 W/dalvikvm( 1601): VFY: unable to resolve virtual method 643: Landroid/net/ConnectivityManager;.isActiveNetworkMetered ()Z
07-14 14:42:50.770 W/dalvikvm( 1601): VFY: unable to resolve virtual method 383: Landroid/content/pm/PackageManager;.extendVerificationTimeout (IIJ)V
07-14 14:42:50.820 I/ActivityManager( 275): Start proc app.processName for broadcast hostingNameStr: pid=1656 uid=10048 gids={3003, 1015, 1023, 1006, 3002}
07-14 14:42:50.820 I/ActivityManager( 275): No longer want app.processName (pid 703): hidden #16
07-14 14:42:51.210 W/SignalStrength( 275): getCdmaLevel=3
07-14 14:42:51.210 W/SignalStrength( 275): getEvdoLevel=0
07-14 14:42:51.210 W/SignalStrength( 275): getCdmaLevel=3
07-14 14:42:51.210 W/SignalStrength( 275): getLevel=3
07-14 14:42:51.210 W/SignalStrength( 482): getCdmaLevel=3
07-14 14:42:51.210 W/SignalStrength( 482): getEvdoLevel=0
07-14 14:42:51.210 W/SignalStrength( 482): getCdmaLevel=3
07-14 14:42:51.210 W/SignalStrength( 482): getLevel=3
07-14 14:42:51.380 D/ExchangeService( 1304): !!! EAS ExchangeService, onStartCommand, startingUp = true, running = false
07-14 14:42:51.440 W/dalvikvm( 1656): VFY: unable to resolve virtual method 1216: Landroid/app/ActivityManager;.isLowRamDevice ()Z
07-14 14:42:51.450 I/ActivityThread( 1656): Pub com.google.android.apps.babel.content.EsProvider: com.google.android.apps.babel.content.EsProvider
07-14 14:42:51.560 I/Icing ( 736): Storage manager: low false usage 1.17MB avail 1.80GB capacity 2.34GB
07-14 14:42:51.680 W/dalvikvm( 1656): VFY: unable to resolve static method 2613: Landroid/provider/Telephony$Sms;.getDefaultSmsPackage (Landroid/content/Context;)Ljava/lang/String;
07-14 14:42:51.710 W/dalvikvm( 1656): VFY: unable to resolve virtual method 8647: Landroid/telephony/TelephonyManager;.getMmsUserAgent ()Ljava/lang/String;
07-14 14:42:51.720 W/dalvikvm( 1656): VFY: unable to resolve static method 2108: Landroid/media/MediaCodecList;.getCodecCount ()I
07-14 14:42:51.720 W/dalvikvm( 1656): VFY: unable to find class referenced in signature (Landroid/media/MediaCodecInfo;)
07-14 14:42:51.720 W/dalvikvm( 1656): VFY: unable to resolve virtual method 2105: Landroid/media/MediaCodecInfo;.getName ()Ljava/lang/String;
07-14 14:42:51.720 I/Babel ( 1656): MmsConfig: mnc/mcc: 310/0
07-14 14:42:51.720 I/Babel ( 1656): MmsConfig.loadMmsSettings
07-14 14:42:51.720 I/Babel ( 1656): MmsConfig.loadFromDatabase
07-14 14:42:51.740 I/Babel ( 1656): MmsConfig: no mmsconfig table android.database.sqlite.SQLiteException: no such table: mmsconfig: , while compiling: SELECT key, value, type FROM mmsconfig WHERE numeric=?
07-14 14:42:51.740 I/Babel ( 1656): MmsConfig.loadFromResources
07-14 14:42:51.740 E/Babel ( 1656): canonicalizeMccMnc: invalid mccmnc nullnull
07-14 14:42:51.740 I/Babel ( 1656): MmsConfig.loadMmsSettings: mUserAgent=Hangouts/2.1.311, mUaProfUrl=http://www.gstatic.com/android/hangouts/hangouts_mms_ua_profile.xml
07-14 14:42:51.860 V/Babel ( 1656): babel boot account: jon.d.oman@gmail.com
07-14 14:42:51.860 V/Babel ( 1656): babel boot account: SMS
07-14 14:42:51.860 V/StatusBar.BatteryController( 482): status2batteryHealth 2
07-14 14:42:51.860 D/StatusBar.BatteryController( 482): mOldstatus2status 2
07-14 14:42:51.860 D/StatusBar.BatteryController( 482): now old status is 2
07-14 14:42:51.890 I/ActivityManager( 275): Start proc app.processName for broadcast hostingNameStr: pid=1692 uid=10058 gids={3003, 1015, 1023}
07-14 14:42:51.890 I/ActivityManager( 275): No longer want app.processName (pid 1173): hidden #16
07-14 14:42:52.080 W/SignalStrength( 275): getCdmaLevel=2
07-14 14:42:52.080 W/SignalStrength( 275): getEvdoLevel=0
07-14 14:42:52.080 W/SignalStrength( 275): getCdmaLevel=2
07-14 14:42:52.080 W/SignalStrength( 275): getLevel=2
07-14 14:42:52.090 W/SignalStrength( 482): getCdmaLevel=2
07-14 14:42:52.090 W/SignalStrength( 482): getEvdoLevel=0
07-14 14:42:52.090 W/SignalStrength( 482): getCdmaLevel=2
07-14 14:42:52.090 W/SignalStrength( 482): getLevel=2
07-14 14:42:52.140 I/ActivityManager( 275): No longer want app.processName (pid 1236): hidden #16
07-14 14:42:52.150 I/ActivityManager( 275): No longer want app.processName (pid 1272): hidden #16
07-14 14:42:52.280 W/SignalStrength( 275): getCdmaLevel=2
07-14 14:42:52.280 W/SignalStrength( 275): getEvdoLevel=0
07-14 14:42:52.280 W/SignalStrength( 275): getCdmaLevel=2
07-14 14:42:52.280 W/SignalStrength( 275): getLevel=2
07-14 14:42:52.280 W/SignalStrength( 482): getCdmaLevel=2
07-14 14:42:52.280 W/SignalStrength( 482): getEvdoLevel=0
07-14 14:42:52.280 W/SignalStrength( 482): getCdmaLevel=2
07-14 14:42:52.280 W/SignalStrength( 482): getLevel=2
07-14 14:42:52.370 I/GCoreUlr( 768): Starting service, intent=Intent { act=com.google.android.location.reporting.ACTION_LOCATION_STATUS cmp=xxxx (has extras) }, extras=Bundle[{status=LocationStatus[cell status: STATUS_UNKNOWN, wifi status: STATUS_UNKNOWN, elapsed realtime ns: 0]}]
07-14 14:42:52.630 D/Finsky ( 1601): [1] 2.run: Loaded library for account: [t9fR9-wdggBqDU7apIl5Abm-Zn4]
07-14 14:42:52.630 D/Finsky ( 1601): [1] 2.run: Finished loading 1 libraries.
07-14 14:42:52.670 W/GAV2 ( 1692): Thread[main,5,main]: Need to call initialize() and be in fallback mode to start dispatch.
07-14 14:42:52.700 W/dalvikvm( 1692): VFY: unable to resolve virtual method 89: Landroid/app/AlarmManager;.setExact (IJLandroid/app/PendingIntent;)V
07-14 14:42:52.740 I/ActivityManager( 275): Start proc app.processName for broadcast hostingNameStr: pid=1725 uid=10060 gids={3003}
07-14 14:42:52.740 I/ActivityManager( 275): No longer want app.processName (pid 1156): hidden #16
07-14 14:42:52.750 W/ActivityManager( 275): Scheduling restart of crashed service r.shortName in 5000ms
07-14 14:42:52.810 I/ActivityManager( 275): Start proc app.processName for service hostingNameStr: pid=1739 uid=1000 gids={3001, 3002, 1023, 1006, 1007, 3003, 1015, 1001, 3007}
07-14 14:42:52.900 E/SMD ( 104): DCD OFF
07-14 14:42:52.930 I/FactoryTestApp( 1739): [Class] FtClientCPO , [Method] onCreate , [Message] Create FtClientCPO service
07-14 14:42:52.930 W/ActivityThread( 1739): ClassLoader.getResources: The class loader returned by Thread.getContextClassLoader() may fail for processes that host multiple applications. You should explicitly specify a context class loader. For example: Thread.setContextClassLoader(getClass().getClassLoader());
07-14 14:42:52.950 D/ClockSync( 1725): Timer set, interval: 86400
07-14 14:42:52.950 D/ClockSync( 1725): Boot received
07-14 14:42:52.970 D/GCM ( 592): GcmService start Intent { act=com.google.android.gms.INITIALIZE flg=0x10 pkg=com.google.android.gms cmp=xxxx } com.google.android.gms.INITIALIZE
07-14 14:42:52.980 D/FactoryTestApp( 1739): [Class] XMLDataStorage , [Method] parseXML , [Message] is Live Demo : false
07-14 14:42:52.980 D/FactoryTestApp( 1739): [Class] XMLDataStorage , [Method] parseXML , [Message] modelXML=sch-s738c.dat
07-14 14:42:52.980 D/FactoryTestApp( 1739): [Class] XMLDataStorage , [Method] parseXML , [Message] deviceXML=amazing3gtrf.dat
07-14 14:42:52.980 D/FactoryTestApp( 1739): [Class] XMLDataStorage , [Method] parseXML , [Message] nameXML=amazing3gtrf.dat
07-14 14:42:52.980 I/ActivityManager( 275): No longer want app.processName (pid 1254): hidden #16
07-14 14:42:53.000 I/FactoryTestApp( 1739): [Class] XMLDataStorage , [Method] parseAsset , [Message] Convert enc file to xml file: sch-s738c.dat
07-14 14:42:53.050 D/FactoryTestApp( 1739): [Class] XMLDataStorage , [Method] parseAsset , [Message] Decode base xml file: factory.dat
07-14 14:42:53.300 D/FactoryTestApp( 1739): [Class] XMLDataStorage , [Method] redefinitionById , [Message] id=MODEL_NAME
07-14 14:42:53.310 D/FactoryTestApp( 1739): [Class] XMLDataStorage , [Method] redefinitionById , [Message] id=MODEL_NUMBER
07-14 14:42:53.310 D/FactoryTestApp( 1739): [Class] XMLDataStorage , [Method] redefinitionById , [Message] id=MODEL_HARDWARE_REVISION
07-14 14:42:53.310 D/FactoryTestApp( 1739): [Class] XMLDataStorage , [Method] redefinitionById , [Message] id=MODEL_COMMUNICATION_MODE
07-14 14:42:53.310 D/FactoryTestApp( 1739): [Class] XMLDataStorage , [Method] redefinitionById , [Message] id=CHIPSET_MANUFACTURE
07-14 14:42:53.310 D/FactoryTestApp( 1739): [Class] XMLDataStorage , [Method] redefinitionById , [Message] id=CHIPSET_NAME
07-14 14:42:53.310 D/FactoryTestApp( 1739): [Class] XMLDataStorage , [Method] redefinitionById , [Message] id=DEVICE_TYPE
07-14 14:42:53.310 D/FactoryTestApp( 1739): [Class] XMLDataStorage , [Method] redefinitionById , [Message] id=PANEL_TYPE
07-14 14:42:53.310 D/FactoryTestApp( 1739): [Class] XMLDataStorage , [Method] redefinitionById , [Message] id=TSP_MANUFACTURE
07-14 14:42:53.310 D/FactoryTestApp( 1739): [Class] XMLDataStorage , [Method] redefinitionById , [Message] id=SENSOR_NAME_ACCELEROMETER
07-14 14:42:53.310 D/FactoryTestApp( 1739): [Class] XMLDataStorage , [Method] redefinitionById , [Message] id=SENSOR_NAME_MAGNETIC
07-14 14:42:53.310 D/FactoryTestApp( 1739): [Class] XMLDataStorage , [Method] redefinitionById , [Message] id=SENSOR_NAME_GYROSCOPE
07-14 14:42:53.310 D/FactoryTestApp( 1739): [Class] XMLDataStorage , [Method] redefinitionById , [Message] id=REAR_CAMERA_TYPE
07-14 14:42:53.310 D/FactoryTestApp( 1739): [Class] XMLDataStorage , [Method] redefinitionById , [Message] id=SPEAKER_COUNT
07-14 14:42:53.310 D/FactoryTestApp( 1739): [Class] XMLDataStorage , [Method] redefinitionById , [Message] id=MIC_COUNT
07-14 14:42:53.310 D/FactoryTestApp( 1739): [Class] XMLDataStorage , [Method] redefinitionById , [Message] id=SUPPORT_VIBRATOR
07-14 14:42:53.310 D/FactoryTestApp( 1739): [Class] XMLDataStorage , [Method] redefinitionById , [Message] id=SUPPORT_LTE
07-14 14:42:53.310 D/FactoryTestApp( 1739): [Class] XMLDataStorage , [Method] redefinitionById , [Message] id=SUPPORT_DMB
07-14 14:42:53.310 D/FactoryTestApp( 1739): [Class] XMLDataStorage , [Method] redefinitionById , [Message] id=SUPPORT_QWERTY_KEY
07-14 14:42:53.310 D/FactoryTestApp( 1739): [Class] XMLDataStorage , [Method] redefinitionById , [Message] id=SUPPORT_FRONT_CAMERA
07-14 14:42:53.320 D/FactoryTestApp( 1739): [Class] XMLDataStorage , [Method] redefinitionById , [Message] id=SUPPORT_RCV
07-14 14:42:53.320 D/FactoryTestApp( 1739): [Class] XMLDataStorage , [Method] redefinitionById , [Message] id=FACTORY_TEST_APO
07-14 14:42:53.320 D/FactoryTestApp( 1739): [Class] XMLDataStorage , [Method] redefinitionById , [Message] id=SUPPORT_BOOST_MEDIASCAN
07-14 14:42:53.320 D/FactoryTestApp( 1739): [Class] XMLDataStorage , [Method] redefinitionById , [Message] id=NEED_NOTI_AUDIO_MANAGER
07-14 14:42:53.320 D/FactoryTestApp( 1739): [Class] XMLDataStorage , [Method] redefinitionById , [Message] id=FACTORY_TEST_PROTOCOL
07-14 14:42:53.320 D/FactoryTestApp( 1739): [Class] XMLDataStorage , [Method] redefinitionById , [Message] id=KEY_TEST_VOLUME_UP
07-14 14:42:53.340 D/FactoryTestApp( 1739): [Class] XMLDataStorage , [Method] redefinitionById , [Message] id=KEY_TEST_VOLUME_DOWN
07-14 14:42:53.350 D/Finsky ( 1601): [1] GmsCoreHelper.cleanupNlp: result=false type=4
07-14 14:42:53.350 D/FactoryTestApp( 1739): [Class] XMLDataStorage , [Method] redefinitionById , [Message] id=KEY_TEST_POWER
07-14 14:42:53.360 D/FactoryTestApp( 1739): [Class] XMLDataStorage , [Method] redefinitionById , [Message] id=KEY_TEST_MENU
07-14 14:42:53.370 D/FactoryTestApp( 1739): [Class] XMLDataStorage , [Method] redefinitionById , [Message] id=KEY_TEST_HOME
07-14 14:42:53.380 D/FactoryTestApp( 1739): [Class] XMLDataStorage , [Method] redefinitionById , [Message] id=KEY_TEST_BACK
07-14 14:42:53.400 D/FactoryTestApp( 1739): [Class] XMLDataStorage , [Method] redefinitionById , [Message] id=KEY_TEST_SEARCH
07-14 14:42:53.420 D/FactoryTestApp( 1739): [Class] XMLDataStorage , [Method] redefinitionById , [Message] id=KEY_TEST_FOCUS
07-14 14:42:53.430 D/FactoryTestApp( 1739): [Class] XMLDataStorage , [Method] redefinitionById , [Message] id=KEY_TEST_CAMERA
07-14 14:42:53.440 D/FactoryTestApp( 1739): [Class] XMLDataStorage , [Method] redefinitionById , [Message] id=KEY_TEST_F1
07-14 14:42:53.450 D/FactoryTestApp( 1739): [Class] XMLDataStorage , [Method] redefinitionById , [Message] id=KEY_TEST_VIEW_TABLE
07-14 14:42:53.460 D/FactoryTestApp( 1739): [Class] XMLDataStorage , [Method] redefinitionById , [Message] id=KEY_TEST_TOUCH_KEY_ODER
07-14 14:42:53.460 D/FactoryTestApp( 1739): [Class] XMLDataStorage , [Method] redefinitionById , [Message] id=IS_SIMPLE_TEST_ACC_SYSFS
07-14 14:42:53.470 D/FactoryTestApp( 1739): [Class] XMLDataStorage , [Method] redefinitionById , [Message] id=IS_SENSOR_TEST_ACC_REVERSE
07-14 14:42:53.470 D/FactoryTestApp( 1739): [Class] XMLDataStorage , [Method] redefinitionById , [Message] id=SENSOR_TEST_ACC_BIT
07-14 14:42:53.480 D/FactoryTestApp( 1739): [Class] XMLDataStorage , [Method] redefinitionById , [Message] id=IS_PROXIMITY_TEST_MOTOR_FEEDBACK
07-14 14:42:53.480 D/FactoryTestApp( 1739): [Class] XMLDataStorage , [Method] redefinitionById , [Message] id=IS_IRLED_TEST_SPLIT_COMMAND
07-14 14:42:53.480 D/FactoryTestApp( 1739): [Class] XMLDataStorage , [Method] redefinitionById , [Message] id=AT_GPSSTEST
07-14 14:42:53.490 D/FactoryTestApp( 1739): [Class] XMLDataStorage , [Method] redefinitionById , [Message] id=AT_BATTEST_RESET_WHEN_READ
07-14 14:42:53.490 D/FactoryTestApp( 1739): [Class] XMLDataStorage , [Method] redefinitionById , [Message] id=SYS_INFO_FONT_SIZE
07-14 14:42:53.500 D/FactoryTestApp( 1739): [Class] XMLDataStorage , [Method] redefinitionById , [Message] id=SYS_INFO_BG_COLOR
07-14 14:42:53.500 D/FactoryTestApp( 1739): [Class] XMLDataStorage , [Method] redefinitionById , [Message] id=TSP_X_AXIS_CHANNEL
07-14 14:42:53.500 D/FactoryTestApp( 1739): [Class] XMLDataStorage , [Method] redefinitionById , [Message] id=TSP_Y_AXIS_CHANNEL
07-14 14:42:53.510 D/FactoryTestApp( 1739): [Class] XMLDataStorage , [Method] redefinitionById , [Message] id=TSP_SELFTEST_MIN
07-14 14:42:53.520 D/FactoryTestApp( 1739): [Class] XMLDataStorage , [Method] redefinitionById , [Message] id=TSP_SELFTEST_MAX
07-14 14:42:53.520 D/FactoryTestApp( 1739): [Class] XMLDataStorage , [Method] redefinitionById , [Message] id=TOUCH_KEY_SPEC_MAX
07-14 14:42:53.520 D/FactoryTestApp( 1739): [Class] XMLDataStorage , [Method] redefinitionById , [Message] id=TOUCH_KEY_SPEC_MIN
07-14 14:42:53.530 D/FactoryTestApp( 1739): [Class] XMLDataStorage , [Method] redefinitionById , [Message] id=BOOT_VERSION
07-14 14:42:53.530 D/FactoryTestApp( 1739): [Class] XMLDataStorage , [Method] redefinitionById , [Message] id=PHONE_VERSION
07-14 14:42:53.540 D/FactoryTestApp( 1739): [Class] XMLDataStorage , [Method] redefinitionById , [Message] id=BATTERY_VOLT
07-14 14:42:53.540 D/FactoryTestApp( 1739): [Class] XMLDataStorage , [Method] redefinitionById , [Message] id=BATTERY_VOLT_AVER
07-14 14:42:53.550 D/FactoryTestApp( 1739): [Class] XMLDataStorage , [Method] redefinitionById , [Message] id=TSP_COMMAND_CMD
07-14 14:42:53.560 D/FactoryTestApp( 1739): [Class] XMLDataStorage , [Method] redefinitionById , [Message] id=TSP_COMMAND_STATUS
07-14 14:42:53.560 D/FactoryTestApp( 1739): [Class] XMLDataStorage , [Method] redefinitionById , [Message] id=TSP_COMMAND_RESULT
07-14 14:42:53.570 D/FactoryTestApp( 1739): [Class] XMLDataStorage , [Method] redefinitionById , [Message] id=LED_RED
07-14 14:42:53.580 D/FactoryTestApp( 1739): [Class] XMLDataStorage , [Method] redefinitionById , [Message] id=LED_GREEN
07-14 14:42:53.590 D/FactoryTestApp( 1739): [Class] XMLDataStorage , [Method] redefinitionById , [Message] id=LED_BLUE
07-14 14:42:53.600 D/FactoryTestApp( 1739): [Class] XMLDataStorage , [Method] redefinitionById , [Message] id=BAROMETE_DELTA
07-14 14:42:53.600 D/FactoryTestApp( 1739): [Class] XMLDataStorage , [Method] redefinitionById , [Message] id=BAROMETE_VENDOR
07-14 14:42:53.610 D/FactoryTestApp( 1739): [Class] XMLDataStorage , [Method] redefinitionById , [Message] id=KEY_PRESSED_POWER
07-14 14:42:53.620 D/FactoryTestApp( 1739): [Class] XMLDataStorage , [Method] redefinitionById , [Message] id=TOUCH_KEY_SENSITIVITY_OK
07-14 14:42:53.630 I/FactoryTestApp( 1739): [Class] FtClientCPO , [Method] connectToSecPhoneService , [Message] Create sendMessenger - com.sec.phone.SecPhoneService
07-14 14:42:53.650 I/FactoryTestApp( 1739): [Class] FtClientCPO , [Method] onCreate , [Message] mBroadcastReceiver registered
07-14 14:42:53.650 I/FactoryTestApp( 1739): [Class] FtClientCPO , [Method] onBind , [Message] start
07-14 14:42:53.660 I/FactoryTestApp( 1739): [Class] FtClientCPO , [Method] onServiceConnected , [Message] connected done
07-14 14:42:53.660 D/FactoryTestApp( 1739): [Class] ResponseWriterCPO , [Method] ResponseWriter , [Message] Create ResponseWriterCPO
07-14 14:42:53.660 D/FactoryTestApp( 1739): [Class] AtParserCPO , [Method] registerAllHandler , [Message] Register IPC command handler
07-14 14:42:53.660 I/FactoryTestApp( 1739): [Class] ModuleAudio , [Method] ModuleAudio , [Message] Create ModuleAudio
07-14 14:42:53.660 I/FactoryTestApp( 1739): [Class] ModuleAudio , [Method] getSystemService , [Message] service=audio
07-14 14:42:53.660 D/FactoryTestApp( 1739): [Class] Support , [Method] Values.getString , [Message] id=MODEL_COMMUNICATION_MODE, value=cdma
07-14 14:42:53.660 D/FactoryTestApp( 1739): [Class] Support , [Method] Values.getBoolean , [Message] id=SUPPORT_PACKET_LOOPBACK, value=false
07-14 14:42:53.660 I/FactoryTestApp( 1739): [Class] ModuleCommon , [Method] ModuleCommon , [Message] Create ModuleCommon
07-14 14:42:53.680 D/FactoryTestApp( 1739): [Class] Support , [Method] Values.getString , [Message] id=CHIPSET_NAME, value=7x27
07-14 14:42:53.680 D/FactoryTestApp( 1739): [Class] Support , [Method] Values.getString , [Message] id=CHIPSET_NAME, value=7x27
07-14 14:42:53.680 D/FactoryTestApp( 1739): [Class] Support , [Method] Values.getString , [Message] id=CHIPSET_NAME, value=7x27
07-14 14:42:53.690 W/dalvikvm( 736): VFY: unable to resolve virtual method 1415: Landroid/app/admin/DevicePolicyManager;.isDeviceOwnerApp (Ljava/lang/String;)Z
07-14 14:42:53.700 D/FactoryTestApp( 1739): [Class] Support , [Method] Values.getString , [Message] id=EFS_FACTORYAPP_ROOT_PATH, value=/efs/FactoryApp/
07-14 14:42:53.720 I/FactoryTestApp( 1739): [Class] ModuleCommunication , [Method] ModuleCommunication , [Message] Create ModuleCommunication
07-14 14:42:53.720 D/FactoryTestApp( 1739): [Class] ModuleCommunication , [Method] registerReceiver , [Message] mContext=android.app.Application@4112a7c8
07-14 14:42:53.720 D/Finsky ( 1601): [1] RestoreTracker.stopServiceIfDone: Restore complete with 0 success and 0 failed.
07-14 14:42:53.750 D/FactoryTestApp( 1739): [Class] ModuleCommunication , [Method] registerReceiver , [Message] mContext=android.app.Application@4112a7c8
07-14 14:42:53.750 I/ActivityManager( 275): Start proc app.processName for broadcast hostingNameStr: pid=1764 uid=10041 gids={}
07-14 14:42:53.760 D/FactoryTestApp( 1739): [Class] ModuleCommunication , [Method] registerReceiver , [Message] mContext=android.app.Application@4112a7c8
07-14 14:42:53.760 D/FactoryTestApp( 1739): [Class] Support , [Method] Values.getInt , [Message] id=TSP_X_AXIS_CHANNEL, value=11
07-14 14:42:53.780 D/FactoryTestApp( 1739): [Class] Support , [Method] Values.getInt , [Message] id=TSP_Y_AXIS_CHANNEL, value=17
07-14 14:42:53.780 I/FactoryTestApp( 1739): [Class] ModuleDevice , [Method] ModuleDevice , [Message] Create ModuleDevice
07-14 14:42:53.780 D/FactoryTestApp( 1739): [Class] Support , [Method] Values.getString , [Message] id=CHIPSET_NAME, value=7x27
07-14 14:42:53.780 D/FactoryTestApp( 1739): [Class] Support , [Method] Values.getString , [Message] id=CHIPSET_NAME, value=7x27
07-14 14:42:53.780 D/FactoryTestApp( 1739): [Class] Support , [Method] Values.getString , [Message] id=CHIPSET_NAME, value=7x27
07-14 14:42:53.780 I/FactoryTestApp( 1739): [Class] ModuleDevice , [Method] getSystemService , [Message] service=vibrator
07-14 14:42:53.790 I/FactoryTestApp( 1739): [Class] ModuleDevice , [Method] getSystemService , [Message] service=storage
07-14 14:42:53.800 D/FactoryTestApp( 1739): [Class] ModuleDevice , [Method] registerReceiver , [Message] mContext=android.app.Application@4112a7c8
07-14 14:42:53.800 I/FactoryTestApp( 1739): [Class] ModuleDevice , [Method] ModuleDevice , [Message] registerReceiver OK
07-14 14:42:53.810 I/FactoryTestApp( 1739): [Class] ModuleDevice , [Method] isMountedStorage , [Message] path : /mnt/extSdCard
07-14 14:42:53.820 I/FactoryTestApp( 1739): [Class] ModuleDevice , [Method] isMountedStorage , [Message] Environment.MEDIA_MOUNTED : mounted
07-14 14:42:53.820 I/FactoryTestApp( 1739): [Class] ModuleDevice , [Method] isMountedStorage , [Message] state : removed
07-14 14:42:53.820 I/FactoryTestApp( 1739): [Class] ModuleDevice , [Method] isMountedStorage , [Message] StorageVolumes[type] is null
07-14 14:42:53.820 I/FactoryTestApp( 1739): [Class] ModuleDevice , [Method] isMountedStorage , [Message] StorageVolumes[type] is null
07-14 14:42:53.820 I/FactoryTestApp( 1739): [Class] ModuleDFT , [Method] ModuleDFT , [Message] Create ModuleDFT
07-14 14:42:53.820 I/FactoryTestApp( 1739): [Class] ModulePower , [Method] ModulePower , [Message] Create ModulePower
07-14 14:42:53.820 I/FactoryTestApp( 1739): [Class] ModuleSensor , [Method] ModuleSensor
07-14 14:42:53.830 D/FactoryTestApp( 1739): [Class] Support , [Method] Values.getString , [Message] id=SENSOR_NAME_GYROSCOPE, value=
07-14 14:42:53.830 D/FactoryTestApp( 1739): [Class] Support , [Method] Values.getString , [Message] id=SENSOR_NAME_MAGNETIC, value=
07-14 14:42:53.830 D/FactoryTestApp( 1739): [Class] SensorCalculator , [Method] initialize
07-14 14:42:53.830 D/FactoryTestApp( 1739): [Class] Support , [Method] Values.getString , [Message] id=SENSOR_NAME_ACCELEROMETER, value=
07-14 14:42:53.830 D/FactoryTestApp( 1739): [Class] SensorSpec , [Method] SensorSpec , [Message] mFeature_Accelerometer :
07-14 14:42:53.830 D/FactoryTestApp( 1739): [Class] SensorSpec , [Method] SensorSpec , [Message] mFeature_Magnetic :
07-14 14:42:53.830 D/FactoryTestApp( 1739): [Class] SensorCalculator , [Method] specLog , [Message] null
07-14 14:42:53.830 D/FactoryTestApp( 1739): [Class] SensorCalculator , [Method] specLog , [Message] null
07-14 14:42:53.830 D/FactoryTestApp( 1739): [Class] SensorCalculator , [Method] specLog , [Message] null
07-14 14:42:53.830 D/FactoryTestApp( 1739): [Class] SensorCalculator , [Method] specLog , [Message] null
07-14 14:42:53.830 D/FactoryTestApp( 1739): [Class] SensorCalculator , [Method] specLog , [Message] null
07-14 14:42:53.830 I/FactoryTestApp( 1739): [Class] ModuleTouchScreen , [Method] ModuleTouchScreen
07-14 14:42:53.830 I/FactoryTestApp( 1739): [Class] ModuleTouchScreen , [Method] setTSPInfo
07-14 14:42:53.830 D/FactoryTestApp( 1739): [Class] Support , [Method] Values.getString , [Message] id=TSP_MANUFACTURE, value=MELFAS
07-14 14:42:53.840 D/FactoryTestApp( 1739): [Class] Support , [Method] Values.getString , [Message] id=PANEL_TYPE, value=TFT
07-14 14:42:53.840 D/FactoryTestApp( 1739): [Class] Support , [Method] Values.getString , [Message] id=DEVICE_TYPE, value=phone
07-14 14:42:53.840 D/FactoryTestApp( 1739): [Class] ModuleTouchScreen , [Method] setTSPInfo , [Message] mTSPVendorName : MELFAS
07-14 14:42:53.840 D/FactoryTestApp( 1739): [Class] ModuleTouchScreen , [Method] setTSPInfo , [Message] mTSPPanelType : TFT
07-14 14:42:53.840 D/PopupuiReceiver( 1764): onReceive() getAction : android.intent.action.NETWORK_SET_TIMEZONE
07-14 14:42:53.840 D/FactoryTestApp( 1739): [Class] ModuleTouchScreen , [Method] setTSPInfo , [Message] mTSPDeviceType : phone
07-14 14:42:53.840 I/FactoryTestApp( 1739): [Class] ModuleTouchScreen , [Method] setTSPConnectionSpec
07-14 14:42:53.850 D/FactoryTestApp( 1739): [Class] Support , [Method] Values.getInt , [Message] id=TSP_SELFTEST_MIN, value=20204
07-14 14:42:53.850 D/FactoryTestApp( 1739): [Class] Support , [Method] Values.getInt , [Message] id=TSP_SELFTEST_MAX, value=28884
07-14 14:42:53.850 D/FactoryTestApp( 1739): [Class] Support , [Method] Values.getBoolean , [Message] id=FACTORY_TEST_APO, value=false
