07-14 14:46:11.140 D/FactoryTestApp( 2977): [Class] XMLDataStorage , [Method] redefinitionById , [Message] id=PANEL_TYPE
07-14 14:46:11.150 D/FactoryTestApp( 2977): [Class] XMLDataStorage , [Method] redefinitionById , [Message] id=TSP_MANUFACTURE
07-14 14:46:11.150 D/FactoryTestApp( 2977): [Class] XMLDataStorage , [Method] redefinitionById , [Message] id=SENSOR_NAME_ACCELEROMETER
07-14 14:46:11.150 D/FactoryTestApp( 2977): [Class] XMLDataStorage , [Method] redefinitionById , [Message] id=SENSOR_NAME_MAGNETIC
07-14 14:46:11.150 D/FactoryTestApp( 2977): [Class] XMLDataStorage , [Method] redefinitionById , [Message] id=SENSOR_NAME_GYROSCOPE
07-14 14:46:11.150 D/FactoryTestApp( 2977): [Class] XMLDataStorage , [Method] redefinitionById , [Message] id=REAR_CAMERA_TYPE
07-14 14:46:11.150 D/FactoryTestApp( 2977): [Class] XMLDataStorage , [Method] redefinitionById , [Message] id=SPEAKER_COUNT
07-14 14:46:11.160 D/FactoryTestApp( 2977): [Class] XMLDataStorage , [Method] redefinitionById , [Message] id=MIC_COUNT
07-14 14:46:11.160 D/FactoryTestApp( 2977): [Class] XMLDataStorage , [Method] redefinitionById , [Message] id=SUPPORT_VIBRATOR
07-14 14:46:11.160 D/FactoryTestApp( 2977): [Class] XMLDataStorage , [Method] redefinitionById , [Message] id=SUPPORT_LTE
07-14 14:46:11.160 D/FactoryTestApp( 2977): [Class] XMLDataStorage , [Method] redefinitionById , [Message] id=SUPPORT_DMB
07-14 14:46:11.160 D/FactoryTestApp( 2977): [Class] XMLDataStorage , [Method] redefinitionById , [Message] id=SUPPORT_QWERTY_KEY
07-14 14:46:11.160 D/FactoryTestApp( 2977): [Class] XMLDataStorage , [Method] redefinitionById , [Message] id=SUPPORT_FRONT_CAMERA
07-14 14:46:11.160 D/FactoryTestApp( 2977): [Class] XMLDataStorage , [Method] redefinitionById , [Message] id=SUPPORT_RCV
07-14 14:46:11.160 D/FactoryTestApp( 2977): [Class] XMLDataStorage , [Method] redefinitionById , [Message] id=FACTORY_TEST_APO
07-14 14:46:11.180 D/FactoryTestApp( 2977): [Class] XMLDataStorage , [Method] redefinitionById , [Message] id=SUPPORT_BOOST_MEDIASCAN
07-14 14:46:11.180 D/FactoryTestApp( 2977): [Class] XMLDataStorage , [Method] redefinitionById , [Message] id=NEED_NOTI_AUDIO_MANAGER
07-14 14:46:11.180 D/FactoryTestApp( 2977): [Class] XMLDataStorage , [Method] redefinitionById , [Message] id=FACTORY_TEST_PROTOCOL
07-14 14:46:11.180 D/FactoryTestApp( 2977): [Class] XMLDataStorage , [Method] redefinitionById , [Message] id=KEY_TEST_VOLUME_UP
07-14 14:46:11.200 D/FactoryTestApp( 2977): [Class] XMLDataStorage , [Method] redefinitionById , [Message] id=KEY_TEST_VOLUME_DOWN
07-14 14:46:11.220 D/FactoryTestApp( 2977): [Class] XMLDataStorage , [Method] redefinitionById , [Message] id=KEY_TEST_POWER
07-14 14:46:11.230 D/FactoryTestApp( 2977): [Class] XMLDataStorage , [Method] redefinitionById , [Message] id=KEY_TEST_MENU
07-14 14:46:11.240 D/FactoryTestApp( 2977): [Class] XMLDataStorage , [Method] redefinitionById , [Message] id=KEY_TEST_HOME
07-14 14:46:11.250 D/FactoryTestApp( 2977): [Class] XMLDataStorage , [Method] redefinitionById , [Message] id=KEY_TEST_BACK
07-14 14:46:11.260 E/DataRouter( 102): init_cur_sock
07-14 14:46:11.260 E/DataRouter( 102): dr_usb_deinit
07-14 14:46:11.260 E/DataRouter( 102): Initialise USB and start the thread
07-14 14:46:11.260 E/DataRouter( 102): dr_usb_init
07-14 14:46:11.270 E/DataRouter( 102): USB Interface is open with 0xa
07-14 14:46:11.270 E/DataRouter( 102): USB interface is now configured for usb_fd = 0xa
07-14 14:46:11.270 E/DataRouter( 102): THREAD LAUNCH
07-14 14:46:11.270 E/DataRouter( 102): monitor_data_of_usb
07-14 14:46:11.270 E/DataRouter( 102): USB monitor thread launched, usb_fd= 0xa
07-14 14:46:11.270 E/DataRouter( 102): init_cur_sock
07-14 14:46:11.270 E/DataRouter( 102): Before the usb select
07-14 14:46:11.270 D/FactoryTestApp( 2977): [Class] XMLDataStorage , [Method] redefinitionById , [Message] id=KEY_TEST_SEARCH
07-14 14:46:11.280 D/FactoryTestApp( 2977): [Class] XMLDataStorage , [Method] redefinitionById , [Message] id=KEY_TEST_FOCUS
07-14 14:46:11.290 D/FactoryTestApp( 2977): [Class] XMLDataStorage , [Method] redefinitionById , [Message] id=KEY_TEST_CAMERA
07-14 14:46:11.300 D/FactoryTestApp( 2977): [Class] XMLDataStorage , [Method] redefinitionById , [Message] id=KEY_TEST_F1
07-14 14:46:11.320 D/FactoryTestApp( 2977): [Class] XMLDataStorage , [Method] redefinitionById , [Message] id=KEY_TEST_VIEW_TABLE
07-14 14:46:11.320 D/FactoryTestApp( 2977): [Class] XMLDataStorage , [Method] redefinitionById , [Message] id=KEY_TEST_TOUCH_KEY_ODER
07-14 14:46:11.330 D/FactoryTestApp( 2977): [Class] XMLDataStorage , [Method] redefinitionById , [Message] id=IS_SIMPLE_TEST_ACC_SYSFS
07-14 14:46:11.330 D/FactoryTestApp( 2977): [Class] XMLDataStorage , [Method] redefinitionById , [Message] id=IS_SENSOR_TEST_ACC_REVERSE
07-14 14:46:11.330 D/FactoryTestApp( 2977): [Class] XMLDataStorage , [Method] redefinitionById , [Message] id=SENSOR_TEST_ACC_BIT
07-14 14:46:11.340 D/FactoryTestApp( 2977): [Class] XMLDataStorage , [Method] redefinitionById , [Message] id=IS_PROXIMITY_TEST_MOTOR_FEEDBACK
07-14 14:46:11.340 D/FactoryTestApp( 2977): [Class] XMLDataStorage , [Method] redefinitionById , [Message] id=IS_IRLED_TEST_SPLIT_COMMAND
07-14 14:46:11.340 D/FactoryTestApp( 2977): [Class] XMLDataStorage , [Method] redefinitionById , [Message] id=AT_GPSSTEST
07-14 14:46:11.350 D/FactoryTestApp( 2977): [Class] XMLDataStorage , [Method] redefinitionById , [Message] id=AT_BATTEST_RESET_WHEN_READ
07-14 14:46:11.350 D/FactoryTestApp( 2977): [Class] XMLDataStorage , [Method] redefinitionById , [Message] id=SYS_INFO_FONT_SIZE
07-14 14:46:11.360 D/FactoryTestApp( 2977): [Class] XMLDataStorage , [Method] redefinitionById , [Message] id=SYS_INFO_BG_COLOR
07-14 14:46:11.360 D/FactoryTestApp( 2977): [Class] XMLDataStorage , [Method] redefinitionById , [Message] id=TSP_X_AXIS_CHANNEL
07-14 14:46:11.360 D/FactoryTestApp( 2977): [Class] XMLDataStorage , [Method] redefinitionById , [Message] id=TSP_Y_AXIS_CHANNEL
07-14 14:46:11.380 D/FactoryTestApp( 2977): [Class] XMLDataStorage , [Method] redefinitionById , [Message] id=TSP_SELFTEST_MIN
07-14 14:46:11.400 D/FactoryTestApp( 2977): [Class] XMLDataStorage , [Method] redefinitionById , [Message] id=TSP_SELFTEST_MAX
07-14 14:46:11.400 D/FactoryTestApp( 2977): [Class] XMLDataStorage , [Method] redefinitionById , [Message] id=TOUCH_KEY_SPEC_MAX
07-14 14:46:11.410 D/FactoryTestApp( 2977): [Class] XMLDataStorage , [Method] redefinitionById , [Message] id=TOUCH_KEY_SPEC_MIN
07-14 14:46:11.410 D/FactoryTestApp( 2977): [Class] XMLDataStorage , [Method] redefinitionById , [Message] id=BOOT_VERSION
07-14 14:46:11.420 D/FactoryTestApp( 2977): [Class] XMLDataStorage , [Method] redefinitionById , [Message] id=PHONE_VERSION
07-14 14:46:11.420 D/FactoryTestApp( 2977): [Class] XMLDataStorage , [Method] redefinitionById , [Message] id=BATTERY_VOLT
07-14 14:46:11.430 D/FactoryTestApp( 2977): [Class] XMLDataStorage , [Method] redefinitionById , [Message] id=BATTERY_VOLT_AVER
07-14 14:46:11.430 D/FactoryTestApp( 2977): [Class] XMLDataStorage , [Method] redefinitionById , [Message] id=TSP_COMMAND_CMD
07-14 14:46:11.440 D/FactoryTestApp( 2977): [Class] XMLDataStorage , [Method] redefinitionById , [Message] id=TSP_COMMAND_STATUS
07-14 14:46:11.450 D/FactoryTestApp( 2977): [Class] XMLDataStorage , [Method] redefinitionById , [Message] id=TSP_COMMAND_RESULT
07-14 14:46:11.450 D/FactoryTestApp( 2977): [Class] XMLDataStorage , [Method] redefinitionById , [Message] id=LED_RED
07-14 14:46:11.460 D/FactoryTestApp( 2977): [Class] XMLDataStorage , [Method] redefinitionById , [Message] id=LED_GREEN
07-14 14:46:11.470 D/FactoryTestApp( 2977): [Class] XMLDataStorage , [Method] redefinitionById , [Message] id=LED_BLUE
07-14 14:46:11.480 D/FactoryTestApp( 2977): [Class] XMLDataStorage , [Method] redefinitionById , [Message] id=BAROMETE_DELTA
07-14 14:46:11.480 D/FactoryTestApp( 2977): [Class] XMLDataStorage , [Method] redefinitionById , [Message] id=BAROMETE_VENDOR
07-14 14:46:11.490 D/FactoryTestApp( 2977): [Class] XMLDataStorage , [Method] redefinitionById , [Message] id=KEY_PRESSED_POWER
07-14 14:46:11.500 D/FactoryTestApp( 2977): [Class] XMLDataStorage , [Method] redefinitionById , [Message] id=TOUCH_KEY_SENSITIVITY_OK
07-14 14:46:11.520 I/FactoryTestApp( 2977): [Class] FtClientCPO , [Method] connectToSecPhoneService , [Message] Create sendMessenger - com.sec.phone.SecPhoneService
07-14 14:46:11.680 I/FactoryTestApp( 2977): [Class] FtClientCPO , [Method] onCreate , [Message] mBroadcastReceiver registered
07-14 14:46:11.680 I/FactoryTestApp( 2977): [Class] FtClientCPO , [Method] onBind , [Message] start
07-14 14:46:11.680 D/SensorManager( 768): registerListener :: handle = 0 name= BOSCH 3-axis Accelerometer delay= 10000 Listener= kvo@411de5f0
07-14 14:46:11.690 E/SensorManager( 768): thread start
07-14 14:46:11.690 E/SensorManager( 768): =======>>>Sensor Thread RUNNING <<<========
07-14 14:46:11.700 I/FactoryTestApp( 2977): [Class] FtClientCPO , [Method] onServiceConnected , [Message] connected done
07-14 14:46:11.700 D/FactoryTestApp( 2977): [Class] ResponseWriterCPO , [Method] ResponseWriter , [Message] Create ResponseWriterCPO
07-14 14:46:11.700 D/FactoryTestApp( 2977): [Class] AtParserCPO , [Method] registerAllHandler , [Message] Register IPC command handler
07-14 14:46:11.700 I/FactoryTestApp( 2977): [Class] ModuleAudio , [Method] ModuleAudio , [Message] Create ModuleAudio
07-14 14:46:11.700 I/FactoryTestApp( 2977): [Class] ModuleAudio , [Method] getSystemService , [Message] service=audio
07-14 14:46:11.700 D/FactoryTestApp( 2977): [Class] Support , [Method] Values.getString , [Message] id=MODEL_COMMUNICATION_MODE, value=cdma
07-14 14:46:11.700 D/FactoryTestApp( 2977): [Class] Support , [Method] Values.getBoolean , [Message] id=SUPPORT_PACKET_LOOPBACK, value=false
07-14 14:46:11.700 I/FactoryTestApp( 2977): [Class] ModuleCommon , [Method] ModuleCommon , [Message] Create ModuleCommon
07-14 14:46:11.710 D/FactoryTestApp( 2977): [Class] Support , [Method] Values.getString , [Message] id=CHIPSET_NAME, value=7x27
07-14 14:46:11.710 D/FactoryTestApp( 2977): [Class] Support , [Method] Values.getString , [Message] id=CHIPSET_NAME, value=7x27
07-14 14:46:11.710 D/FactoryTestApp( 2977): [Class] Support , [Method] Values.getString , [Message] id=CHIPSET_NAME, value=7x27
07-14 14:46:11.730 E/GTalkService( 592): connectionClosed: no XMPPConnection - That's strange!
07-14 14:46:11.730 D/FactoryTestApp( 2977): [Class] Support , [Method] Values.getString , [Message] id=EFS_FACTORYAPP_ROOT_PATH, value=/efs/FactoryApp/
07-14 14:46:11.730 I/FactoryTestApp( 2977): [Class] ModuleCommunication , [Method] ModuleCommunication , [Message] Create ModuleCommunication
07-14 14:46:11.730 D/FactoryTestApp( 2977): [Class] ModuleCommunication , [Method] registerReceiver , [Message] mContext=android.app.Application@41125830
07-14 14:46:11.740 D/FactoryTestApp( 2977): [Class] ModuleCommunication , [Method] registerReceiver , [Message] mContext=android.app.Application@41125830
07-14 14:46:11.740 D/FactoryTestApp( 2977): [Class] ModuleCommunication , [Method] registerReceiver , [Message] mContext=android.app.Application@41125830
07-14 14:46:11.750 D/FactoryTestApp( 2977): [Class] Support , [Method] Values.getInt , [Message] id=TSP_X_AXIS_CHANNEL, value=11
07-14 14:46:11.750 D/FactoryTestApp( 2977): [Class] Support , [Method] Values.getInt , [Message] id=TSP_Y_AXIS_CHANNEL, value=17
07-14 14:46:11.750 I/FactoryTestApp( 2977): [Class] ModuleDevice , [Method] ModuleDevice , [Message] Create ModuleDevice
07-14 14:46:11.750 D/FactoryTestApp( 2977): [Class] Support , [Method] Values.getString , [Message] id=CHIPSET_NAME, value=7x27
07-14 14:46:11.750 D/FactoryTestApp( 2977): [Class] Support , [Method] Values.getString , [Message] id=CHIPSET_NAME, value=7x27
07-14 14:46:11.750 D/FactoryTestApp( 2977): [Class] Support , [Method] Values.getString , [Message] id=CHIPSET_NAME, value=7x27
07-14 14:46:11.750 I/FactoryTestApp( 2977): [Class] ModuleDevice , [Method] getSystemService , [Message] service=vibrator
07-14 14:46:11.760 I/FactoryTestApp( 2977): [Class] ModuleDevice , [Method] getSystemService , [Message] service=storage
07-14 14:46:11.760 D/FactoryTestApp( 2977): [Class] ModuleDevice , [Method] registerReceiver , [Message] mContext=android.app.Application@41125830
07-14 14:46:11.760 I/FactoryTestApp( 2977): [Class] ModuleDevice , [Method] ModuleDevice , [Message] registerReceiver OK
07-14 14:46:11.760 I/FactoryTestApp( 2977): [Class] ModuleDevice , [Method] isMountedStorage , [Message] path : /mnt/extSdCard
07-14 14:46:11.760 I/FactoryTestApp( 2977): [Class] ModuleDevice , [Method] isMountedStorage , [Message] Environment.MEDIA_MOUNTED : mounted
07-14 14:46:11.760 I/FactoryTestApp( 2977): [Class] ModuleDevice , [Method] isMountedStorage , [Message] state : removed
07-14 14:46:11.760 I/FactoryTestApp( 2977): [Class] ModuleDevice , [Method] isMountedStorage , [Message] StorageVolumes[type] is null
07-14 14:46:11.770 I/FactoryTestApp( 2977): [Class] ModuleDevice , [Method] isMountedStorage , [Message] StorageVolumes[type] is null
07-14 14:46:11.770 I/FactoryTestApp( 2977): [Class] ModuleDFT , [Method] ModuleDFT , [Message] Create ModuleDFT
07-14 14:46:11.770 I/FactoryTestApp( 2977): [Class] ModulePower , [Method] ModulePower , [Message] Create ModulePower
07-14 14:46:11.770 I/FactoryTestApp( 2977): [Class] ModuleSensor , [Method] ModuleSensor
07-14 14:46:11.770 D/FactoryTestApp( 2977): [Class] Support , [Method] Values.getString , [Message] id=SENSOR_NAME_GYROSCOPE, value=
07-14 14:46:11.770 D/FactoryTestApp( 2977): [Class] Support , [Method] Values.getString , [Message] id=SENSOR_NAME_MAGNETIC, value=
07-14 14:46:11.770 D/FactoryTestApp( 2977): [Class] SensorCalculator , [Method] initialize
07-14 14:46:11.770 D/FactoryTestApp( 2977): [Class] Support , [Method] Values.getString , [Message] id=SENSOR_NAME_ACCELEROMETER, value=
07-14 14:46:11.770 D/FactoryTestApp( 2977): [Class] SensorSpec , [Method] SensorSpec , [Message] mFeature_Accelerometer :
07-14 14:46:11.770 D/FactoryTestApp( 2977): [Class] SensorSpec , [Method] SensorSpec , [Message] mFeature_Magnetic :
07-14 14:46:11.770 D/FactoryTestApp( 2977): [Class] SensorCalculator , [Method] specLog , [Message] null
07-14 14:46:11.770 D/FactoryTestApp( 2977): [Class] SensorCalculator , [Method] specLog , [Message] null
07-14 14:46:11.770 D/FactoryTestApp( 2977): [Class] SensorCalculator , [Method] specLog , [Message] null
07-14 14:46:11.770 D/FactoryTestApp( 2977): [Class] SensorCalculator , [Method] specLog , [Message] null
07-14 14:46:11.770 D/FactoryTestApp( 2977): [Class] SensorCalculator , [Method] specLog , [Message] null
07-14 14:46:11.770 I/FactoryTestApp( 2977): [Class] ModuleTouchScreen , [Method] ModuleTouchScreen
07-14 14:46:11.770 I/FactoryTestApp( 2977): [Class] ModuleTouchScreen , [Method] setTSPInfo
07-14 14:46:11.770 D/FactoryTestApp( 2977): [Class] Support , [Method] Values.getString , [Message] id=TSP_MANUFACTURE, value=MELFAS
07-14 14:46:11.770 D/FactoryTestApp( 2977): [Class] Support , [Method] Values.getString , [Message] id=PANEL_TYPE, value=TFT
07-14 14:46:11.770 D/FactoryTestApp( 2977): [Class] Support , [Method] Values.getString , [Message] id=DEVICE_TYPE, value=phone
07-14 14:46:11.770 D/FactoryTestApp( 2977): [Class] ModuleTouchScreen , [Method] setTSPInfo , [Message] mTSPVendorName : MELFAS
07-14 14:46:11.770 D/FactoryTestApp( 2977): [Class] ModuleTouchScreen , [Method] setTSPInfo , [Message] mTSPPanelType : TFT
07-14 14:46:11.770 D/FactoryTestApp( 2977): [Class] ModuleTouchScreen , [Method] setTSPInfo , [Message] mTSPDeviceType : phone
07-14 14:46:11.770 I/FactoryTestApp( 2977): [Class] ModuleTouchScreen , [Method] setTSPConnectionSpec
07-14 14:46:11.790 D/FactoryTestApp( 2977): [Class] Support , [Method] Values.getInt , [Message] id=TSP_SELFTEST_MIN, value=20204
07-14 14:46:11.790 D/FactoryTestApp( 2977): [Class] Support , [Method] Values.getInt , [Message] id=TSP_SELFTEST_MAX, value=28884
07-14 14:46:11.790 D/FactoryTestApp( 2977): [Class] Support , [Method] Values.getBoolean , [Message] id=FACTORY_TEST_APO, value=false
07-14 14:46:11.790 D/FactoryTestApp( 2977): [Class] Support , [Method] Values.getString , [Message] id=FACTORY_TEST_PROTOCOL, value=NEW_DM
07-14 14:46:11.790 D/FactoryTestApp( 2977): [Class] Support , [Method] Values.getString , [Message] id=CHIPSET_NAME, value=7x27
07-14 14:46:11.790 D/FactoryTestApp( 2977): [Class] Support , [Method] Values.getString , [Message] id=CHIPSET_NAME, value=7x27
07-14 14:46:11.790 D/FactoryTestApp( 2977): [Class] Support , [Method] Values.getString , [Message] id=CHIPSET_NAME, value=7x27
07-14 14:46:11.790 D/FactoryTestApp( 2977): [Class] Support , [Method] Values.getString , [Message] id=CHIPSET_NAME, value=7x27
07-14 14:46:11.790 D/FactoryTestApp( 2977): [Class] Support , [Method] Values.getString , [Message] id=CHIPSET_NAME_CP, value=#DEFAULT
07-14 14:46:11.800 D/FactoryTestApp( 2977): [Class] Support , [Method] Values.getString , [Message] id=EFS_HW_PATH, value=/efs/FactoryApp/hw_ver
07-14 14:46:11.800 D/FactoryTestApp( 2977): [Class] AtVersname , [Method] AtVersname , [Message] EFS_HW_PATHis already existed...
07-14 14:46:11.800 D/FactoryTestApp( 2977): [Class] Support , [Method] Values.getString , [Message] id=CHIPSET_NAME, value=7x27
07-14 14:46:11.800 D/FactoryTestApp( 2977): [Class] Support , [Method] Values.getString , [Message] id=CHIPSET_NAME, value=7x27
07-14 14:46:11.810 D/FactoryTestApp( 2977): [Class] Support , [Method] Values.getString , [Message] id=SERIAL_NO, value=/efs/FactoryApp/serial_no
07-14 14:46:11.820 D/FactoryTestApp( 2977): [Class] Support , [Method] Values.getString , [Message] id=BATTERY_VOLT_ADC_CAL, value=/sys/class/power_supply/battery/batt_vol_adc_cal
07-14 14:46:11.820 D/SensorManager( 2977): ====>>>>>Num Sensor: 1
07-14 14:46:11.820 D/SensorManager( 2977): ====>>>>>Num Sensor: 0
07-14 14:46:11.830 D/FactoryTestApp( 2977): [Class] Support , [Method] Values.getString , [Message] id=FACTORY_MODE, value=/efs/FactoryApp/factorymode
07-14 14:46:11.830 D/FactoryTestApp( 2977): [Class] AtKstringb , [Method] AtKstringb , [Message] FACTORY_MODEis already existed...
07-14 14:46:11.840 D/FactoryTestApp( 2977): [Class] Support , [Method] Values.getString , [Message] id=KEYSTRING_BLOCK, value=/efs/FactoryApp/keystr
07-14 14:46:11.840 D/FactoryTestApp( 2977): [Class] AtKstringb , [Method] AtKstringb , [Message] KEYSTRING_BLOCKis already existed...
07-14 14:46:11.840 D/FactoryTestApp( 2977): [Class] Support , [Method] Values.getBoolean , [Message] id=IS_TSP_STANDARD, value=true
07-14 14:46:11.850 D/FactoryTestApp( 2977): [Class] Support , [Method] Values.getString , [Message] id=BAROMETE_DELTA, value=/efs/FactoryApp/baro_delta
07-14 14:46:11.850 D/FactoryTestApp( 2977): [Class] AtBaromete , [Method] AtBaromete , [Message] BAROMETE_DELTAis already existed...
07-14 14:46:14.740 D/ConnectivityService( 275): handleInetConditionHoldEnd: net=1, condition=0, published condition=0
07-14 14:46:14.750 W/SignalStrength( 482): getCdmaLevel=3
07-14 14:46:14.750 W/SignalStrength( 482): getEvdoLevel=0
07-14 14:46:14.750 W/SignalStrength( 482): getCdmaLevel=3
07-14 14:46:14.750 W/SignalStrength( 482): getLevel=3
07-14 14:46:15.280 I/SensorManager( 768): Set normal delay = true
07-14 14:46:15.360 D/SensorManager( 768): unregisterListener:: disable all sensors for this listener, name = BOSCH 3-axis Accelerometer listener = kvo@411de5f0
07-14 14:46:15.460 W/PowerManagerService( 275): Timer 0x3->0x3|0x3
07-14 14:46:16.080 W/SignalStrength( 275): getCdmaLevel=2
07-14 14:46:16.080 W/SignalStrength( 275): getEvdoLevel=0
07-14 14:46:16.080 W/SignalStrength( 275): getCdmaLevel=2
07-14 14:46:16.080 W/SignalStrength( 275): getLevel=2
07-14 14:46:16.080 W/SignalStrength( 482): getCdmaLevel=2
07-14 14:46:16.080 W/SignalStrength( 482): getEvdoLevel=0
07-14 14:46:16.080 W/SignalStrength( 482): getCdmaLevel=2
07-14 14:46:16.080 W/SignalStrength( 482): getLevel=2
07-14 14:46:16.480 V/WindowOrientationListener( 275): nearestRotation : 0 Angle: 358 tilt: 19
07-14 14:46:17.080 W/SignalStrength( 275): getCdmaLevel=3
07-14 14:46:17.080 W/SignalStrength( 275): getEvdoLevel=0
07-14 14:46:17.080 W/SignalStrength( 275): getCdmaLevel=3
07-14 14:46:17.080 W/SignalStrength( 275): getLevel=3
07-14 14:46:17.080 W/SignalStrength( 482): getCdmaLevel=3
07-14 14:46:17.080 W/SignalStrength( 482): getEvdoLevel=0
07-14 14:46:17.080 W/SignalStrength( 482): getCdmaLevel=3
07-14 14:46:17.080 W/SignalStrength( 482): getLevel=3
07-14 14:46:18.050 I/GTalkService/c( 592): [AndroidEndpoint@1092387576] connect: acct=1000000, state=CONNECTING
07-14 14:46:19.480 D/ConnectivityService( 275): handleInetConditionHoldEnd: net=1, condition=100, published condition=0
07-14 14:46:19.490 W/SignalStrength( 482): getCdmaLevel=3
07-14 14:46:19.490 W/SignalStrength( 482): getEvdoLevel=0
07-14 14:46:19.490 W/SignalStrength( 482): getCdmaLevel=3
07-14 14:46:19.490 W/SignalStrength( 482): getLevel=3
07-14 14:46:20.550 D/SensorManager( 768): registerListener :: handle = 0 name= BOSCH 3-axis Accelerometer delay= 10000 Listener= kvo@413419d8
07-14 14:46:20.550 E/SensorManager( 768): thread start
07-14 14:46:20.550 E/SensorManager( 768): =======>>>Sensor Thread RUNNING <<<========
07-14 14:46:23.820 D/Tethering( 275): interfaceLinkStateChanged wlan0, true
07-14 14:46:23.820 D/Tethering( 275): interfaceStatusChanged wlan0, true
07-14 14:46:24.080 W/SignalStrength( 275): getCdmaLevel=2
07-14 14:46:24.080 W/SignalStrength( 275): getEvdoLevel=0
07-14 14:46:24.080 W/SignalStrength( 275): getCdmaLevel=2
07-14 14:46:24.080 W/SignalStrength( 275): getLevel=2
07-14 14:46:24.080 W/SignalStrength( 482): getCdmaLevel=2
07-14 14:46:24.080 W/SignalStrength( 482): getEvdoLevel=0
07-14 14:46:24.080 W/SignalStrength( 482): getCdmaLevel=2
07-14 14:46:24.080 W/SignalStrength( 482): getLevel=2
07-14 14:46:24.120 I/SensorManager( 768): Set normal delay = true
07-14 14:46:24.200 D/SensorManager( 768): unregisterListener:: disable all sensors for this listener, name = BOSCH 3-axis Accelerometer listener = kvo@413419d8
07-14 14:46:24.750 D/AudioService( 275): getStreamVolume(5)
07-14 14:46:24.750 D/BatteryService( 275): CHARGER :: mBatteryStatus = 2
07-14 14:46:24.750 E/NotificationService( 275): Ignoring notification with icon==0: Notification(contentView=null vibrate=null,sound=system/media/audio/ui/Charger_Connection.ogg,defaults=0x0,flags=0x0)
07-14 14:46:24.780 V/MediaPlayer( 275): constructor
07-14 14:46:24.780 V/StatusBar.BatteryController( 482): status2batteryHealth 2
07-14 14:46:24.780 D/StatusBar.BatteryController( 482): mOldstatus2status 2
07-14 14:46:24.780 D/StatusBar.BatteryController( 482): now old status is 2
07-14 14:46:24.780 W/PowerUI ( 482): unknown intent: Intent { act=android.intent.action.ACTION_POWER_CONNECTED flg=0x10000010 }
07-14 14:46:24.790 V/MediaPlayer( 275): setListener
07-14 14:46:24.790 V/MediaPlayer( 275): MediaPlayer::setAudioStreamType
07-14 14:46:24.790 E/MediaPlayer( 275): Uri is system/media/audio/ui/Charger_Connection.ogg
07-14 14:46:24.790 V/MediaPlayer( 275): setDataSource()
07-14 14:46:24.790 V/MediaPlayerService( 112): Client(2) constructor
07-14 14:46:24.790 V/MediaPlayerService( 112): Create new client(2) from pid 275, uid 1000,
07-14 14:46:24.790 V/MediaPlayerService( 112): setDataSource()
07-14 14:46:24.790 V/MediaPlayerService( 112): player type = 3
07-14 14:46:24.790 V/MediaPlayerService( 112): create StagefrightPlayer
07-14 14:46:24.790 V/AudioSink( 112): AudioOutput(5)
07-14 14:46:24.790 V/MediaPlayerService( 112): setDataSource
07-14 14:46:24.790 V/MediaPlayer( 275): MediaPlayer::setLooping
07-14 14:46:24.790 V/MediaPlayerService( 112): [2] setLooping(0)
07-14 14:46:24.790 V/MediaPlayer( 275): setVideoSurfaceTexture
07-14 14:46:24.790 V/MediaPlayerService( 112): [2] setVideoSurfaceTexture(0x0)
07-14 14:46:24.790 V/MediaPlayer( 275): prepare
07-14 14:46:24.790 V/MediaPlayerService( 112): [2] setAudioStreamType(5)
07-14 14:46:24.790 V/MediaPlayerService( 112): [2] prepareAsync
07-14 14:46:24.800 V/AwesomePlayer( 112): track of type 'audio/vorbis' does not publish bitrate
07-14 14:46:24.800 V/AwesomePlayer( 112): mBitrate = -1 bits/sec
07-14 14:46:24.800 E/OMXCodec( 112): Attempting to allocate OMX node
07-14 14:46:24.810 E/OMXCodec( 112): Successfully allocated OMX node
07-14 14:46:24.810 V/MediaPlayerService( 112): [2] notify (0x30cf70, 5, 0, 0)
07-14 14:46:24.810 V/MediaPlayerService( 112): [2] notify (0x30cf70, 1, 0, 0)
07-14 14:46:24.810 V/MediaPlayer( 275): message received msg=5, ext1=0, ext2=0
07-14 14:46:24.810 V/MediaPlayer( 275): callback application
07-14 14:46:24.810 V/MediaPlayer( 275): back from callback
07-14 14:46:24.810 V/MediaPlayer( 275): message received msg=1, ext1=0, ext2=0
07-14 14:46:24.810 V/MediaPlayer( 275): prepared
07-14 14:46:24.810 V/MediaPlayer( 275): signal application thread
07-14 14:46:24.810 V/MediaPlayer( 275): callback application
07-14 14:46:24.810 V/MediaPlayer( 275): back from callback
07-14 14:46:24.810 V/MediaPlayer( 275): prepare complete - status=0
07-14 14:46:24.810 I/AudioService( 275): AudioFocus requestAudioFocus() from android.media.AudioManager$416b1088
07-14 14:46:24.810 V/MediaPlayer( 275): getDuration
07-14 14:46:24.810 V/MediaPlayerService( 112): getDuration
07-14 14:46:24.810 V/MediaPlayerService( 112): [2] getDuration = 558
07-14 14:46:24.810 D/MediaPlayer( 275): start() mUri is system/media/audio/ui/Charger_Connection.ogg
07-14 14:46:24.810 V/MediaPlayer( 275): getVideoWidth
07-14 14:46:24.810 V/MediaPlayer( 275): getVideoHeight
07-14 14:46:24.810 D/MediaPlayer( 275): Updating Battery SYSFS to true from start() for Music
07-14 14:46:24.810 V/MediaPlayer( 275): start
07-14 14:46:24.810 V/MediaPlayerService( 112): [2] setLooping(0)
07-14 14:46:24.810 V/MediaPlayerService( 112): [2] setVolume(1.000000, 1.000000)
07-14 14:46:24.810 V/AudioSink( 112): setVolume(1.000000, 1.000000)
07-14 14:46:24.810 V/MediaPlayerService( 112): [2] setAuxEffectSendLevel(0.000000)
07-14 14:46:24.810 V/AudioSink( 112): setAuxEffectSendLevel(0.000000)
07-14 14:46:24.810 V/MediaPlayerService( 112): [2] start
07-14 14:46:24.810 V/MediaPlayerService( 112): pausedClient = 0
07-14 14:46:24.810 V/MediaPlayerService( 112): incrementing started clients
07-14 14:46:24.810 V/MediaPlayerService( 112): numofclients = 1
07-14 14:46:24.810 W/BatteryStats( 275): updateBatterySysfs...
07-14 14:46:24.810 W/BatteryStats( 275): updateSysfs...
07-14 14:46:24.820 V/AudioSink( 112): open(44100, 1, 1, 4, 5)
07-14 14:46:24.820 V/AudioPolicyManagerBase( 112): getDeviceForStrategy() from cache strategy 2, device 2
07-14 14:46:24.820 V/AudioPolicyManagerBase( 112): getOutput() stream 5, samplingRate 0, format 0, channels 3, flags 0
07-14 14:46:24.820 V/AudioPolicyManagerBase( 112): getOutput() using hw output 1 devices 2
07-14 14:46:24.820 V/AudioSystem( 112): getOutputFrameCount() streamType 5, output 1, frameCount 1200
07-14 14:46:24.820 V/AudioSystem( 112): getOutput() read 1 from cache for stream 5
07-14 14:46:24.820 V/AudioSystem( 112): getOutputSamplingRate() reading from output desc
07-14 14:46:24.820 V/AudioSystem( 112): getOutputSamplingRate() streamType 5, output 1, sampling rate 44100
07-14 14:46:24.820 V/AudioSystem( 112): getOutput() read 1 from cache for stream 5
07-14 14:46:24.820 V/AudioSystem( 112): getOutputSamplingRate() reading from output desc
07-14 14:46:24.820 V/AudioSystem( 112): getOutputSamplingRate() streamType 5, output 1, sampling rate 44100
07-14 14:46:24.820 V/AudioSystem( 112): getOutput() read 1 from cache for stream 5
07-14 14:46:24.820 V/AudioSystem( 112): getOutputLatency() streamType 5, output 1, latency 36
07-14 14:46:24.820 V/AudioSystem( 112): getOutput() read 1 from cache for stream 5
07-14 14:46:24.820 V/AudioSystem( 112): getOutput() read 1 from cache for stream 5
07-14 14:46:24.820 V/AudioSystem( 112): getOutputSamplingRate() reading from output desc
07-14 14:46:24.820 V/AudioSystem( 112): getOutputSamplingRate() streamType 5, output 1, sampling rate 44100
07-14 14:46:24.820 V/AudioSystem( 112): getOutput() read 1 from cache for stream 5
07-14 14:46:24.820 V/AudioSystem( 112): getOutputFrameCount() streamType 5, output 1, frameCount 1200
07-14 14:46:24.820 V/AudioSystem( 112): getOutput() read 1 from cache for stream 5
07-14 14:46:24.820 V/AudioSystem( 112): getOutputLatency() streamType 5, output 1, latency 36
07-14 14:46:24.820 V/AudioSink( 112): setVolume
07-14 14:46:24.820 V/AudioSink( 112): start
07-14 14:46:24.820 V/AudioPolicyManagerBase( 112): startOutput() output 1, stream 5, session 5
07-14 14:46:24.820 V/AudioPolicyManagerBase( 112): getDeviceForStrategy() from cache strategy 2, device 2
07-14 14:46:24.820 V/AudioPolicyManagerBase( 112): changeRefCount() stream 5, count 1
07-14 14:46:24.820 V/AudioPolicyManagerBase( 112): getDeviceForStrategy() from cache strategy 2, device 2
07-14 14:46:24.820 V/AudioPolicyManagerBase( 112): getNewDevice() selected device 2
07-14 14:46:24.820 V/AudioPolicyManager7x27a( 112): setOutputDevice() output 1 device 2 delayMs 0 force 0
07-14 14:46:24.820 V/AudioPolicyManager7x27a( 112): setOutputDevice output :0x1 mCurDevice:0x2
07-14 14:46:24.820 V/AudioPolicyManager7x27a( 112): setOutputDevice() setting same device 2 or null device for output 1
07-14 14:46:24.820 V/AwesomePlayer( 112): addBatteryData
07-14 14:46:24.820 E/MediaPlayer( 275): mOnVideoSizeChangedListener is null. Failed to send MEDIA_SET_VIDEO_SIZE message.
07-14 14:46:24.820 E/MediaPlayer( 275): mOnPreparedListener is null. Failed to send MEDIA_PREPARED message.
07-14 14:46:25.630 V/MediaPlayerService( 112): [2] notify (0x30cf70, 2, 0, 0)
07-14 14:46:25.630 V/MediaPlayerService( 112): Playback complete!
07-14 14:46:25.630 V/MediaPlayerService( 112): decrementing started clients
07-14 14:46:25.630 V/MediaPlayerService( 112): numofclients = 0
07-14 14:46:25.630 V/AudioSink( 112): stop
07-14 14:46:25.630 V/MediaPlayer( 275): message received msg=2, ext1=0, ext2=0
07-14 14:46:25.630 V/MediaPlayer( 275): playback complete
07-14 14:46:25.630 V/MediaPlayer( 275): callback application
07-14 14:46:25.630 V/MediaPlayer( 275): back from callback
07-14 14:46:25.630 I/MediaPlayer( 275): mOnCompletionListener. Send MEDIA_PLAYBACK_COMPLETE message.
07-14 14:46:25.640 V/AudioPolicyManagerBase( 112): stopOutput() output 1, stream 5, session 5
07-14 14:46:25.640 V/AudioPolicyManagerBase( 112): changeRefCount() stream 5, count 0
07-14 14:46:25.640 V/AudioPolicyManagerBase( 112): getNewDevice() selected device 0
07-14 14:46:25.640 V/AudioPolicyManager7x27a( 112): setOutputDevice() output 1 device 0 delayMs 72 force 0
07-14 14:46:25.640 V/AudioPolicyManager7x27a( 112): setOutputDevice() setting same device 0 or null device for output 1
07-14 14:46:25.640 V/MediaPlayer( 275): Number of Clients: 0
07-14 14:46:25.640 D/MediaPlayer( 275): Number of Clients updated = 0
07-14 14:46:25.640 D/MediaPlayer( 275): Updating Battery SYSFS to false from playbackcomplete() for Music
07-14 14:46:25.640 V/AwesomePlayer( 112): addBatteryData
07-14 14:46:25.640 I/AudioService( 275): AudioFocus abandonAudioFocus() from android.media.AudioManager$416b1088
07-14 14:46:25.640 W/BatteryStats( 275): updateBatterySysfs...
07-14 14:46:25.640 W/BatteryStats( 275): updateSysfs...
07-14 14:46:25.840 V/WindowOrientationListener( 275): nearestRotation : 0 Angle: 12 tilt: 16
07-14 14:46:28.080 D/Tethering( 275): interfaceLinkStateChanged wlan0, true
07-14 14:46:28.080 D/Tethering( 275): interfaceStatusChanged wlan0, true
07-14 14:46:28.750 V/AudioFlinger( 112): Audio hardware entering standby, mixer 0x2de428, mSuspended 0
07-14 14:46:29.340 D/SensorManager( 768): registerListener :: handle = 0 name= BOSCH 3-axis Accelerometer delay= 10000 Listener= kvo@411778f0
07-14 14:46:29.340 E/SensorManager( 768): thread start
07-14 14:46:29.340 E/SensorManager( 768): =======>>>Sensor Thread RUNNING <<<========
07-14 14:46:30.770 W/PowerManagerService( 275): Timer 0x3->0x3|0x3
07-14 14:46:31.200 V/StatusBar.BatteryController( 482): status2batteryHealth 2
07-14 14:46:31.200 D/StatusBar.BatteryController( 482): mOldstatus2status 2
07-14 14:46:31.200 D/StatusBar.BatteryController( 482): now old status is 2
07-14 14:46:32.080 W/SignalStrength( 275): getCdmaLevel=3
07-14 14:46:32.080 W/SignalStrength( 275): getEvdoLevel=0
07-14 14:46:32.080 W/SignalStrength( 275): getCdmaLevel=3
07-14 14:46:32.080 W/SignalStrength( 275): getLevel=3
07-14 14:46:32.090 W/SignalStrength( 482): getCdmaLevel=3
07-14 14:46:32.090 W/SignalStrength( 482): getEvdoLevel=0
07-14 14:46:32.090 W/SignalStrength( 482): getCdmaLevel=3
07-14 14:46:32.090 W/SignalStrength( 482): getLevel=3
07-14 14:46:32.880 I/SensorManager( 768): Set normal delay = true
07-14 14:46:32.960 D/SensorManager( 768): unregisterListener:: disable all sensors for this listener, name = BOSCH 3-axis Accelerometer listener = kvo@411778f0
07-14 14:46:40.360 D/Tethering( 275): interfaceLinkStateChanged wlan0, true
07-14 14:46:40.360 D/Tethering( 275): interfaceStatusChanged wlan0, true
07-14 14:46:41.210 V/StatusBar.BatteryController( 482): status2batteryHealth 2
07-14 14:46:41.210 D/StatusBar.BatteryController( 482): mOldstatus2status 2
07-14 14:46:41.210 D/StatusBar.BatteryController( 482): now old status is 2
07-14 14:46:51.230 V/StatusBar.BatteryController( 482): status2batteryHealth 2
07-14 14:46:51.230 D/StatusBar.BatteryController( 482): mOldstatus2status 2
07-14 14:46:51.230 D/StatusBar.BatteryController( 482): now old status is 2
07-14 14:46:53.040 E/WifiStateMachine( 275): set suspend optimizations failed!
07-14 14:46:53.820 D/Tethering( 275): interfaceLinkStateChanged wlan0, true
07-14 14:46:53.820 D/Tethering( 275): interfaceStatusChanged wlan0, true
07-14 14:46:53.830 D/Tethering( 275): interfaceLinkStateChanged wlan0, true
07-14 14:46:53.830 D/Tethering( 275): interfaceStatusChanged wlan0, true
07-14 14:46:53.940 E/WifiStateMachine( 275): set suspend optimizations failed!
07-14 14:46:54.050 I/GCoreUlr( 768): Successfully inserted location
07-14 14:46:54.060 I/GCoreUlr( 768): Not calling LocationReportingService, hasMoved: false, elapsed millis: 119989, request: Phone
07-14 14:47:01.260 V/StatusBar.BatteryController( 482): status2batteryHealth 2
07-14 14:47:01.260 D/StatusBar.BatteryController( 482): mOldstatus2status 2
07-14 14:47:01.260 D/StatusBar.BatteryController( 482): now old status is 2
07-14 14:47:11.280 V/StatusBar.BatteryController( 482): status2batteryHealth 2
07-14 14:47:11.280 D/StatusBar.BatteryController( 482): mOldstatus2status 2
07-14 14:47:11.280 D/StatusBar.BatteryController( 482): now old status is 2
07-14 14:47:17.110 W/SignalStrength( 275): getCdmaLevel=2
07-14 14:47:17.110 W/SignalStrength( 275): getEvdoLevel=0
07-14 14:47:17.110 W/SignalStrength( 275): getCdmaLevel=2
07-14 14:47:17.110 W/SignalStrength( 275): getLevel=2
07-14 14:47:17.110 W/SignalStrength( 482): getCdmaLevel=2
07-14 14:47:17.110 W/SignalStrength( 482): getEvdoLevel=0
07-14 14:47:17.110 W/SignalStrength( 482): getCdmaLevel=2
07-14 14:47:17.110 W/SignalStrength( 482): getLevel=2
07-14 14:47:18.110 W/SignalStrength( 275): getCdmaLevel=3
07-14 14:47:18.110 W/SignalStrength( 275): getEvdoLevel=0
07-14 14:47:18.110 W/SignalStrength( 275): getCdmaLevel=3
07-14 14:47:18.110 W/SignalStrength( 275): getLevel=3
07-14 14:47:18.110 W/SignalStrength( 482): getCdmaLevel=3
07-14 14:47:18.110 W/SignalStrength( 482): getEvdoLevel=0
07-14 14:47:18.110 W/SignalStrength( 482): getCdmaLevel=3
07-14 14:47:18.110 W/SignalStrength( 482): getLevel=3
07-14 14:47:21.300 V/StatusBar.BatteryController( 482): status2batteryHealth 2
07-14 14:47:21.300 D/StatusBar.BatteryController( 482): mOldstatus2status 2
07-14 14:47:21.300 D/StatusBar.BatteryController( 482): now old status is 2
07-14 14:47:41.330 V/StatusBar.BatteryController( 482): status2batteryHealth 2
07-14 14:47:41.330 D/StatusBar.BatteryController( 482): mOldstatus2status 2
07-14 14:47:41.330 D/StatusBar.BatteryController( 482): now old status is 2
07-14 14:47:53.060 E/WifiStateMachine( 275): set suspend optimizations failed!
07-14 14:47:53.840 D/Tethering( 275): interfaceLinkStateChanged wlan0, true
07-14 14:47:53.840 D/Tethering( 275): interfaceStatusChanged wlan0, true
07-14 14:47:53.850 D/Tethering( 275): interfaceLinkStateChanged wlan0, true
07-14 14:47:53.850 D/Tethering( 275): interfaceStatusChanged wlan0, true
07-14 14:47:53.950 E/WifiStateMachine( 275): set suspend optimizations failed!
07-14 14:47:54.060 I/GCoreUlr( 768): Successfully inserted location
07-14 14:47:54.070 I/GCoreUlr( 768): Not calling LocationReportingService, hasMoved: false, elapsed millis: 179998, request: Phone
07-14 14:48:02.240 W/Uploader( 736): No account for auth token provided
07-14 14:48:02.830 W/ActivityThread( 736): ClassLoader.loadClass: The class loader returned by Thread.getContextClassLoader() may fail for processes that host multiple applications. You should explicitly specify a context class loader. For example: Thread.setContextClassLoader(getClass().getClassLoader());
07-14 14:48:02.940 W/Uploader( 736): No account for auth token provided
07-14 14:48:11.390 V/StatusBar.BatteryController( 482): status2batteryHealth 2
07-14 14:48:11.390 D/StatusBar.BatteryController( 482): mOldstatus2status 2
07-14 14:48:11.400 D/StatusBar.BatteryController( 482): now old status is 2
07-14 14:48:12.410 D/Tethering( 275): interfaceLinkStateChanged wlan0, true
07-14 14:48:12.410 D/Tethering( 275): interfaceStatusChanged wlan0, true
07-14 14:48:21.420 V/StatusBar.BatteryController( 482): status2batteryHealth 2
07-14 14:48:21.420 D/StatusBar.BatteryController( 482): mOldstatus2status 2
07-14 14:48:21.420 D/StatusBar.BatteryController( 482): now old status is 2
07-14 14:48:33.330 I/ActivityManager( 275): Start proc app.processName for service hostingNameStr: pid=3132 uid=10013 gids={3003, 1015, 1023, 1007, 1006, 3002, 3001, 2001, 3006}
07-14 14:48:33.450 I/ActivityManager( 275): No longer want app.processName (pid 2394): hidden #16
07-14 14:48:39.130 W/SignalStrength( 275): getCdmaLevel=2
07-14 14:48:39.130 W/SignalStrength( 275): getEvdoLevel=0
07-14 14:48:39.130 W/SignalStrength( 275): getCdmaLevel=2
07-14 14:48:39.130 W/SignalStrength( 275): getLevel=2
07-14 14:48:39.140 W/SignalStrength( 482): getCdmaLevel=2
07-14 14:48:39.140 W/SignalStrength( 482): getEvdoLevel=0
07-14 14:48:39.140 W/SignalStrength( 482): getCdmaLevel=2
07-14 14:48:39.140 W/SignalStrength( 482): getLevel=2
07-14 14:48:41.450 V/StatusBar.BatteryController( 482): status2batteryHealth 2
07-14 14:48:41.450 D/StatusBar.BatteryController( 482): mOldstatus2status 2
07-14 14:48:41.450 D/StatusBar.BatteryController( 482): now old status is 2
07-14 14:48:43.470 D/Tethering( 275): interfaceLinkStateChanged wlan0, true
07-14 14:48:43.470 D/Tethering( 275): interfaceStatusChanged wlan0, true
07-14 14:48:51.480 V/StatusBar.BatteryController( 482): status2batteryHealth 2
07-14 14:48:51.480 D/StatusBar.BatteryController( 482): mOldstatus2status 2
07-14 14:48:51.480 D/StatusBar.BatteryController( 482): now old status is 2
07-14 14:48:53.070 E/WifiStateMachine( 275): set suspend optimizations failed!
07-14 14:48:53.830 D/Tethering( 275): interfaceLinkStateChanged wlan0, true
07-14 14:48:53.830 D/Tethering( 275): interfaceStatusChanged wlan0, true
07-14 14:48:53.840 D/Tethering( 275): interfaceLinkStateChanged wlan0, true
07-14 14:48:53.840 D/Tethering( 275): interfaceStatusChanged wlan0, true
07-14 14:48:53.950 E/WifiStateMachine( 275): set suspend optimizations failed!
07-14 14:48:54.060 I/GCoreUlr( 768): Successfully inserted location
07-14 14:48:54.060 I/GCoreUlr( 768): Not calling LocationReportingService, hasMoved: false, elapsed millis: 239995, request: Phone
07-14 14:49:01.140 W/SignalStrength( 275): getCdmaLevel=3
07-14 14:49:01.140 W/SignalStrength( 275): getEvdoLevel=0
07-14 14:49:01.140 W/SignalStrength( 275): getCdmaLevel=3
07-14 14:49:01.140 W/SignalStrength( 275): getLevel=3
07-14 14:49:01.150 W/SignalStrength( 482): getCdmaLevel=3
07-14 14:49:01.150 W/SignalStrength( 482): getEvdoLevel=0
07-14 14:49:01.150 W/SignalStrength( 482): getCdmaLevel=3
07-14 14:49:01.150 W/SignalStrength( 482): getLevel=3
07-14 14:49:06.060 D/Tethering( 275): interfaceLinkStateChanged wlan0, true
07-14 14:49:06.060 D/Tethering( 275): interfaceStatusChanged wlan0, true
07-14 14:49:11.510 V/StatusBar.BatteryController( 482): status2batteryHealth 2
07-14 14:49:11.510 D/StatusBar.BatteryController( 482): mOldstatus2status 2
07-14 14:49:11.510 D/StatusBar.BatteryController( 482): now old status is 2
07-14 14:49:21.530 V/StatusBar.BatteryController( 482): status2batteryHealth 2
07-14 14:49:21.530 D/StatusBar.BatteryController( 482): mOldstatus2status 2
07-14 14:49:21.540 D/StatusBar.BatteryController( 482): now old status is 2
07-14 14:49:31.560 V/StatusBar.BatteryController( 482): status2batteryHealth 2
07-14 14:49:31.560 D/StatusBar.BatteryController( 482): mOldstatus2status 2
07-14 14:49:31.560 D/StatusBar.BatteryController( 482): now old status is 2
07-14 14:49:41.570 D/BatteryService( 275): CHARGER :: mBatteryStatus = 5
07-14 14:49:41.580 V/StatusBar.BatteryController( 482): status5batteryHealth 2
07-14 14:49:41.580 D/StatusBar.BatteryController( 482): mOldstatus2status 5
07-14 14:49:41.580 D/StatusBar.BatteryController( 482): now old status is 5
07-14 14:49:46.160 W/SignalStrength( 275): getCdmaLevel=2
07-14 14:49:46.160 W/SignalStrength( 275): getEvdoLevel=0
07-14 14:49:46.160 W/SignalStrength( 275): getCdmaLevel=2
07-14 14:49:46.160 W/SignalStrength( 275): getLevel=2
07-14 14:49:46.160 W/SignalStrength( 482): getCdmaLevel=2
07-14 14:49:46.160 W/SignalStrength( 482): getEvdoLevel=0
07-14 14:49:46.160 W/SignalStrength( 482): getCdmaLevel=2
07-14 14:49:46.160 W/SignalStrength( 482): getLevel=2
07-14 14:49:51.600 V/StatusBar.BatteryController( 482): status5batteryHealth 2
07-14 14:49:51.600 D/StatusBar.BatteryController( 482): mOldstatus5status 5
07-14 14:49:51.600 D/StatusBar.BatteryController( 482): now old status is 5
07-14 14:49:53.090 E/WifiStateMachine( 275): set suspend optimizations failed!
07-14 14:49:53.150 D/SensorManager( 768): registerListener :: handle = 0 name= BOSCH 3-axis Accelerometer delay= 10000 Listener= kvo@411355c0
07-14 14:49:53.160 E/SensorManager( 768): thread start
07-14 14:49:53.160 E/SensorManager( 768): =======>>>Sensor Thread RUNNING <<<========
07-14 14:49:53.830 D/Tethering( 275): interfaceLinkStateChanged wlan0, true
07-14 14:49:53.830 D/Tethering( 275): interfaceStatusChanged wlan0, true
07-14 14:49:53.830 D/Tethering( 275): interfaceLinkStateChanged wlan0, true
07-14 14:49:53.830 D/Tethering( 275): interfaceStatusChanged wlan0, true
07-14 14:49:53.970 E/WifiStateMachine( 275): set suspend optimizations failed!
07-14 14:49:54.080 I/GCoreUlr( 768): Successfully inserted location
07-14 14:49:54.080 I/GCoreUlr( 768): Not calling LocationReportingService, hasMoved: false, elapsed millis: 300015, request: Phone
07-14 14:49:56.710 I/SensorManager( 768): Set normal delay = true
07-14 14:49:56.790 D/SensorManager( 768): unregisterListener:: disable all sensors for this listener, name = BOSCH 3-axis Accelerometer listener = kvo@411355c0
07-14 14:49:59.160 W/SignalStrength( 275): getCdmaLevel=3
07-14 14:49:59.160 W/SignalStrength( 275): getEvdoLevel=0
07-14 14:49:59.160 W/SignalStrength( 275): getCdmaLevel=3
07-14 14:49:59.160 W/SignalStrength( 275): getLevel=3
07-14 14:49:59.170 W/SignalStrength( 482): getCdmaLevel=3
07-14 14:49:59.170 W/SignalStrength( 482): getEvdoLevel=0
07-14 14:49:59.170 W/SignalStrength( 482): getCdmaLevel=3
07-14 14:49:59.170 W/SignalStrength( 482): getLevel=3
07-14 14:50:01.620 V/StatusBar.BatteryController( 482): status5batteryHealth 2
07-14 14:50:01.620 D/StatusBar.BatteryController( 482): mOldstatus5status 5
07-14 14:50:01.620 D/StatusBar.BatteryController( 482): now old status is 5
07-14 14:50:06.170 W/SignalStrength( 275): getCdmaLevel=2
07-14 14:50:06.170 W/SignalStrength( 275): getEvdoLevel=0
07-14 14:50:06.170 W/SignalStrength( 275): getCdmaLevel=2
07-14 14:50:06.170 W/SignalStrength( 275): getLevel=2
07-14 14:50:06.170 W/SignalStrength( 482): getCdmaLevel=2
07-14 14:50:06.170 W/SignalStrength( 482): getEvdoLevel=0
07-14 14:50:06.170 W/SignalStrength( 482): getCdmaLevel=2
07-14 14:50:06.170 W/SignalStrength( 482): getLevel=2
07-14 14:50:07.170 W/SignalStrength( 275): getCdmaLevel=3
07-14 14:50:07.170 W/SignalStrength( 275): getEvdoLevel=0
07-14 14:50:07.170 W/SignalStrength( 275): getCdmaLevel=3
07-14 14:50:07.170 W/SignalStrength( 275): getLevel=3
07-14 14:50:07.180 W/SignalStrength( 482): getCdmaLevel=3
07-14 14:50:07.180 W/SignalStrength( 482): getEvdoLevel=0
07-14 14:50:07.180 W/SignalStrength( 482): getCdmaLevel=3
07-14 14:50:07.180 W/SignalStrength( 482): getLevel=3
07-14 14:50:11.640 V/StatusBar.BatteryController( 482): status5batteryHealth 2
07-14 14:50:11.640 D/StatusBar.BatteryController( 482): mOldstatus5status 5
07-14 14:50:11.640 D/StatusBar.BatteryController( 482): now old status is 5
07-14 14:50:21.660 V/StatusBar.BatteryController( 482): status5batteryHealth 2
07-14 14:50:21.660 D/StatusBar.BatteryController( 482): mOldstatus5status 5
07-14 14:50:21.660 D/StatusBar.BatteryController( 482): now old status is 5
07-14 14:50:31.680 V/StatusBar.BatteryController( 482): status5batteryHealth 2
07-14 14:50:31.680 D/StatusBar.BatteryController( 482): mOldstatus5status 5
07-14 14:50:31.680 D/StatusBar.BatteryController( 482): now old status is 5
07-14 14:50:41.700 V/StatusBar.BatteryController( 482): status5batteryHealth 2
07-14 14:50:41.700 D/StatusBar.BatteryController( 482): mOldstatus5status 5
07-14 14:50:41.700 D/StatusBar.BatteryController( 482): now old status is 5
07-14 14:50:51.720 V/StatusBar.BatteryController( 482): status5batteryHealth 2
07-14 14:50:51.720 D/StatusBar.BatteryController( 482): mOldstatus5status 5
07-14 14:50:51.720 D/StatusBar.BatteryController( 482): now old status is 5
07-14 14:50:53.110 E/WifiStateMachine( 275): set suspend optimizations failed!
07-14 14:50:53.900 D/Tethering( 275): interfaceLinkStateChanged wlan0, true
07-14 14:50:53.900 D/Tethering( 275): interfaceStatusChanged wlan0, true
07-14 14:50:53.910 D/Tethering( 275): interfaceLinkStateChanged wlan0, true
07-14 14:50:53.910 D/Tethering( 275): interfaceStatusChanged wlan0, true
07-14 14:50:54.010 E/WifiStateMachine( 275): set suspend optimizations failed!
07-14 14:50:54.130 I/GCoreUlr( 768): Successfully inserted location
07-14 14:50:54.130 I/GCoreUlr( 768): Not calling LocationReportingService, hasMoved: false, elapsed millis: 360064, request: Phone
07-14 14:51:01.730 V/StatusBar.BatteryController( 482): status5batteryHealth 2
07-14 14:51:01.730 D/StatusBar.BatteryController( 482): mOldstatus5status 5
07-14 14:51:01.730 D/StatusBar.BatteryController( 482): now old status is 5
07-14 14:51:11.750 V/StatusBar.BatteryController( 482): status5batteryHealth 2
07-14 14:51:11.750 D/StatusBar.BatteryController( 482): mOldstatus5status 5
07-14 14:51:11.750 D/StatusBar.BatteryController( 482): now old status is 5
07-14 14:51:17.200 W/SignalStrength( 275): getCdmaLevel=2
07-14 14:51:17.200 W/SignalStrength( 275): getEvdoLevel=0
07-14 14:51:17.200 W/SignalStrength( 275): getCdmaLevel=2
07-14 14:51:17.200 W/SignalStrength( 275): getLevel=2
07-14 14:51:17.200 W/SignalStrength( 482): getCdmaLevel=2
07-14 14:51:17.200 W/SignalStrength( 482): getEvdoLevel=0
07-14 14:51:17.200 W/SignalStrength( 482): getCdmaLevel=2
07-14 14:51:17.200 W/SignalStrength( 482): getLevel=2
07-14 14:51:17.870 W/PowerManagerService( 275): Timer 0x3->0x1|0x3
07-14 14:51:21.770 V/StatusBar.BatteryController( 482): status5batteryHealth 2
07-14 14:51:21.770 D/StatusBar.BatteryController( 482): mOldstatus5status 5
07-14 14:51:21.770 D/StatusBar.BatteryController( 482): now old status is 5
07-14 14:51:22.200 W/SignalStrength( 275): getCdmaLevel=3
07-14 14:51:22.200 W/SignalStrength( 275): getEvdoLevel=0
07-14 14:51:22.200 W/SignalStrength( 275): getCdmaLevel=3
07-14 14:51:22.200 W/SignalStrength( 275): getLevel=3
07-14 14:51:22.200 W/SignalStrength( 482): getCdmaLevel=3
07-14 14:51:22.200 W/SignalStrength( 482): getEvdoLevel=0
07-14 14:51:22.200 W/SignalStrength( 482): getCdmaLevel=3
07-14 14:51:22.200 W/SignalStrength( 482): getLevel=3
07-14 14:51:24.880 W/PowerManagerService( 275): Timer 0x3->0x0|0x3
07-14 14:51:24.880 E/PowerManagerService( 275): CurLock p:3 mPS:3
07-14 14:51:24.880 W/PowerManagerService( 275): type=SCREEN_BRIGHT_WAKE_LOCK 'KEEP_SCREEN_ON_FLAG' active (minState=3) activeT=338184
07-14 14:51:31.790 V/StatusBar.BatteryController( 482): status5batteryHealth 2
07-14 14:51:31.790 D/StatusBar.BatteryController( 482): mOldstatus5status 5
07-14 14:51:31.790 D/StatusBar.BatteryController( 482): now old status is 5
07-14 14:51:41.820 V/StatusBar.BatteryController( 482): status5batteryHealth 2
07-14 14:51:41.820 D/StatusBar.BatteryController( 482): mOldstatus5status 5
07-14 14:51:41.820 D/StatusBar.BatteryController( 482): now old status is 5
07-14 14:51:51.830 V/StatusBar.BatteryController( 482): status5batteryHealth 2
07-14 14:51:51.830 D/StatusBar.BatteryController( 482): mOldstatus5status 5
07-14 14:51:51.830 D/StatusBar.BatteryController( 482): now old status is 5
07-14 14:51:53.130 E/WifiStateMachine( 275): set suspend optimizations failed!
07-14 14:51:53.850 D/Tethering( 275): interfaceLinkStateChanged wlan0, true
07-14 14:51:53.850 D/Tethering( 275): interfaceStatusChanged wlan0, true
07-14 14:51:53.860 D/Tethering( 275): interfaceLinkStateChanged wlan0, true
07-14 14:51:53.860 D/Tethering( 275): interfaceStatusChanged wlan0, true
07-14 14:51:53.960 E/WifiStateMachine( 275): set suspend optimizations failed!
07-14 14:51:54.090 I/GCoreUlr( 768): Successfully inserted location
07-14 14:51:54.100 I/GCoreUlr( 768): Not calling LocationReportingService, hasMoved: false, elapsed millis: 420028, request: Phone
07-14 14:52:01.860 V/StatusBar.BatteryController( 482): status5batteryHealth 2
