07-14 14:44:55.150 V/WindowOrientationListener( 275): Proposed rotation changed! proposedRotation=0, oldProposedRotation=-1currentRotation = 1
07-14 14:44:55.150 V/WindowManager( 275): rotationForOrientationLw(orient=-1, last=1); user=0 mLidOpen=-1 mDockMode=0 mHdmiPlugged=false mAccelerometerDefault=1 sensorRotation=0
07-14 14:44:55.170 I/WindowManager( 275): SCREENLAYOUT_SIZE (1:small, 2:normal, 3:large, 4:xlarge) 2
07-14 14:44:55.170 I/ActivityManager( 275): Config changed: {1.0 310mcc0mnc en_US layoutdir=0 sw320dp w320dp h455dp nrml port finger -keyb/v/h -nav/h s.7}
07-14 14:44:55.210 D/MyClockApp.MyDigitalClock( 2699): +onDetachedFromWindow
07-14 14:44:55.210 D/MyClockApp.MyDigitalClock( 2699): -onDetachedFromWindow
07-14 14:44:55.220 D/memalloc( 2699): /dev/pmem: Unmapping buffer base:0x50cab000 size:1896448 offset:1282048
07-14 14:44:55.220 D/memalloc( 2699): /dev/pmem: Unmapping buffer base:0x5100d000 size:2510848 offset:1896448
07-14 14:44:55.220 D/memalloc( 2699): /dev/pmem: Unmapping buffer base:0x51272000 size:4300800 offset:3686400
07-14 14:44:55.220 D/memalloc( 107): /dev/pmem: Freeing buffer base:0x41729000 size:614400 offset:1282048 fd:33
07-14 14:44:55.220 D/memalloc( 107): /dev/pmem: Freeing buffer base:0x41974000 size:614400 offset:3686400 fd:48
07-14 14:44:55.230 D/InputTransport( 275): Input channel destroyed: ashmemFd=194, receivePipeFd=250, sendPipeFd=249
07-14 14:44:55.230 D/memalloc( 107): /dev/pmem: Freeing buffer base:0x417bf000 size:614400 offset:1896448 fd:45
07-14 14:44:55.230 D/InputTransport( 2699): Input channel destroyed: ashmemFd=47, receivePipeFd=48, sendPipeFd=49
07-14 14:44:55.230 D/PowerManagerService( 275): releaseWakeLockLocked flags=0x0 tag=KEEP_SCREEN_ON_FLAG myUID=1000 myPID=275 myTID=566
07-14 14:44:55.250 D/InputTransport( 275): Input channel constructed: ashmemFd=194, receivePipeFd=247, sendPipeFd=246
07-14 14:44:55.250 D/InputTransport( 275): Input channel constructed: ashmemFd=219, receivePipeFd=220, sendPipeFd=249
07-14 14:44:55.250 D/InputTransport( 275): Input channel destroyed: ashmemFd=219, receivePipeFd=220, sendPipeFd=249
07-14 14:44:55.250 D/InputTransport( 482): Input channel constructed: ashmemFd=75, receivePipeFd=76, sendPipeFd=77
07-14 14:44:55.260 D/InputTransport( 275): Input channel destroyed: ashmemFd=248, receivePipeFd=252, sendPipeFd=251
07-14 14:44:55.260 D/InputTransport( 482): Input channel destroyed: ashmemFd=78, receivePipeFd=79, sendPipeFd=80
07-14 14:44:55.320 D/MyClockApp.MyDigitalClock( 2699): +MyDigitalClock(Content, AttributeSet)
07-14 14:44:55.320 D/MyClockApp.MyDigitalClock( 2699): +initClock
07-14 14:44:55.330 D/MyClockApp.MyDigitalClock( 2699): -initClock
07-14 14:44:55.330 D/MyClockApp.MyDigitalClock( 2699): -MyDigitalClock(Content, AttributeSet)
07-14 14:44:55.330 D/MyClockApp( 2699): +onStart
07-14 14:44:55.340 D/MyClockApp( 2699): isAvailable: true
07-14 14:44:55.340 D/MyClockApp( 2699): isConnected: true
07-14 14:44:55.340 D/MyClockApp( 2699): isConnectedOrConnecting: true
07-14 14:44:55.340 D/MyClockApp( 2699): isFailover: false
07-14 14:44:55.340 D/MyClockApp( 2699): isRoaming: false
07-14 14:44:55.340 D/MyClockApp( 2699): strExtra: null
07-14 14:44:55.340 D/MyClockApp( 2699): strReason: null
07-14 14:44:55.340 D/MyClockApp( 2699): iSubType: 0
07-14 14:44:55.340 D/MyClockApp( 2699): strSubtypeName:
07-14 14:44:55.340 D/MyClockApp( 2699): iType: 1
07-14 14:44:55.340 D/MyClockApp( 2699): strType: WIFI
07-14 14:44:55.340 D/MyClockApp( 2699): strString: NetworkInfo: type: WIFI[], state: CONNECTED/CONNECTED, reason: (unspecified), extra: (none), roaming: false, failover: false, isAvailable: true
07-14 14:44:55.370 D/memalloc( 107): /dev/pmem: Allocated buffer base:0x415f0000 size:573440 offset:1282048 fd:33
07-14 14:44:55.370 D/memalloc( 107): /dev/pmem: Freeing buffer base:0x418de000 size:614400 offset:3072000 fd:42
07-14 14:44:55.370 D/memalloc( 482): /dev/pmem: Unmapping buffer base:0x4fe60000 size:3686400 offset:3072000
07-14 14:44:55.370 D/memalloc( 482): /dev/pmem: Mapped buffer base:0x4fd35000 size:1855488 offset:1282048 fd:57
07-14 14:44:55.440 I/Adreno200-EGLSUB( 107): : Android Image
07-14 14:44:55.440 I/Adreno200-EGLSUB( 107): : RGBA_8888
07-14 14:44:55.460 D/memalloc( 107): /dev/pmem: Allocated buffer base:0x415f0000 size:20480 offset:1200128 fd:42
07-14 14:44:55.460 D/memalloc( 107): /dev/pmem: Freeing buffer base:0x41721000 size:32768 offset:1249280 fd:30
07-14 14:44:55.460 D/memalloc( 482): /dev/pmem: Unmapping buffer base:0x50426000 size:1282048 offset:1249280
07-14 14:44:55.460 D/memalloc( 482): /dev/pmem: Mapped buffer base:0x4fefa000 size:1220608 offset:1200128 fd:39
07-14 14:44:55.460 I/Adreno200-EGLSUB( 107): : Android Image
07-14 14:44:55.460 I/Adreno200-EGLSUB( 107): : RGB_565
07-14 14:44:55.520 D/MyClockApp.SntpClient( 2699): +requestTime
07-14 14:44:55.580 D/MyClockApp.SntpClient( 2699): -requestTime
07-14 14:44:55.580 D/MyClockApp( 2699): iCtr: 0
07-14 14:44:55.590 D/MyClockApp( 2699): lNtpTime: 1405363496334
07-14 14:44:55.590 D/MyClockApp( 2699): lElapsedRealtime: 169485
07-14 14:44:55.590 D/MyClockApp( 2699): lNtptimeReference: 169484
07-14 14:44:55.590 D/MyClockApp( 2699): lSNTPTime: 1405363477176
07-14 14:44:55.590 D/MyClockApp( 2699): +Datetime
07-14 14:44:55.590 D/MyClockApp( 2699): Current time: Mon Jul 14 14:44:55 EDT 2014
07-14 14:44:55.590 D/MyClockApp( 2699): -Datetime
07-14 14:44:55.590 D/MyClockApp( 2699): +SNTPDatetime
07-14 14:44:55.590 D/MyClockApp( 2699): lSNTPTime: 1405363496335
07-14 14:44:55.590 D/MyClockApp( 2699): SNTP Current time: Mon Jul 14 14:44:56 EDT 2014
07-14 14:44:55.590 D/MyClockApp( 2699): -SNTPDatetime
07-14 14:44:55.590 D/MyClockApp( 2699): strStorageLocation: /data/data/org.gophotog.myclockapp/files
07-14 14:44:55.590 D/MyClockApp( 2699): -onStart
07-14 14:44:55.600 D/InputTransport( 275): Input channel constructed: ashmemFd=219, receivePipeFd=250, sendPipeFd=249
07-14 14:44:55.600 D/InputTransport( 275): Input channel constructed: ashmemFd=220, receivePipeFd=248, sendPipeFd=251
07-14 14:44:55.600 D/InputTransport( 275): Input channel destroyed: ashmemFd=220, receivePipeFd=248, sendPipeFd=251
07-14 14:44:55.600 D/InputTransport( 2699): Input channel constructed: ashmemFd=47, receivePipeFd=48, sendPipeFd=49
07-14 14:44:55.610 D/MyClockApp.MyDigitalClock( 2699): +onAttachedToWindow
07-14 14:44:55.610 D/MyClockApp.MyDigitalClock( 2699): -onAttachedToWindow
07-14 14:44:55.620 D/PowerManagerService( 275): acquireWakeLock flags=0xa tag=KEEP_SCREEN_ON_FLAG uid=1000 pid=275 myUID=1000 myPID=275 myTID=286
07-14 14:44:55.630 I/Adreno200-EGLSUB( 2699): : Format RGBA_8888.
07-14 14:44:55.630 D/memalloc( 107): /dev/pmem: Allocated buffer base:0x415f0000 size:614400 offset:1855488 fd:30
07-14 14:44:55.630 D/memalloc( 2699): /dev/pmem: Mapped buffer base:0x5100d000 size:2469888 offset:1855488 fd:44
07-14 14:44:55.650 D/memalloc( 107): /dev/pmem: Allocated buffer base:0x415f0000 size:614400 offset:2469888 fd:45
07-14 14:44:55.660 D/memalloc( 2699): /dev/pmem: Mapped buffer base:0x51268000 size:3084288 offset:2469888 fd:52
07-14 14:44:55.670 I/Adreno200-EGLSUB( 107): : Android Image
07-14 14:44:55.670 I/Adreno200-EGLSUB( 107): : RGBA_8888
07-14 14:44:55.830 W/ActivityThread( 768): ClassLoader.loadClass: The class loader returned by Thread.getContextClassLoader() may fail for processes that host multiple applications. You should explicitly specify a context class loader. For example: Thread.setContextClassLoader(getClass().getClassLoader());
07-14 14:44:55.990 E/SMD ( 104): DCD OFF
07-14 14:44:56.040 I/GCoreUlr( 768): Starting service, intent=Intent { act=com.google.android.location.reporting.ACTION_UPDATE_ACTIVE_STATE cmp=xxxx }, extras=null
07-14 14:44:56.060 I/AdsMeasurementBroadcastReceiver( 736): Reporting settings might have changed, alerting AdsMeasurementService
07-14 14:44:56.060 D/AdsMeasurementBroadcastReceiver( 736): Unauthorized to start the main service
07-14 14:44:56.070 I/GCoreUlr( 768): Batch Location Update succeeded for account account#15#
07-14 14:44:56.110 D/memalloc( 107): /dev/pmem: Allocated buffer base:0x415f0000 size:614400 offset:3084288 fd:48
07-14 14:44:56.110 D/memalloc( 2699): /dev/pmem: Mapped buffer base:0x51559000 size:3698688 offset:3084288 fd:55
07-14 14:44:56.110 I/Adreno200-EGLSUB( 107): : Android Image
07-14 14:44:56.110 I/Adreno200-EGLSUB( 107): : RGBA_8888
07-14 14:44:56.120 E/SqliteDatabaseCpp( 768): sqlite3_exec - Failed to set synchronous mode = 1(Normal)
07-14 14:44:56.140 V/WindowManager( 275): rotationForOrientationLw(orient=-1, last=0); user=0 mLidOpen=-1 mDockMode=0 mHdmiPlugged=false mAccelerometerDefault=1 sensorRotation=0
07-14 14:44:56.320 I/GCoreUlr( 768): Ensuring that reporting is active for [account#15#]
07-14 14:44:56.330 I/GCoreUlr( 768): Starting service, intent=Intent { act=com.google.android.location.reporting.ACTION_LOCATION_STATUS cmp=xxxx (has extras) }, extras=Bundle[{status=LocationStatus[cell status: STATUS_UNKNOWN, wifi status: STATUS_UNKNOWN, elapsed realtime ns: 0]}]
07-14 14:44:57.100 I/Adreno200-EGLSUB( 107): : Android Image
07-14 14:44:57.100 I/Adreno200-EGLSUB( 107): : RGBA_8888
07-14 14:44:58.270 D/memalloc( 107): /dev/pmem: Allocated buffer base:0x415f0000 size:20480 offset:1220608 fd:51
07-14 14:44:58.270 D/memalloc( 107): /dev/pmem: Freeing buffer base:0x4170d000 size:32768 offset:1167360 fd:39
07-14 14:44:58.270 D/memalloc( 482): /dev/pmem: Unmapping buffer base:0x50301000 size:1200128 offset:1167360
07-14 14:44:58.270 D/memalloc( 482): /dev/pmem: Mapped buffer base:0x50024000 size:1241088 offset:1220608 fd:63
07-14 14:44:58.280 I/Adreno200-EGLSUB( 107): : Android Image
07-14 14:44:58.280 I/Adreno200-EGLSUB( 107): : RGB_565
07-14 14:44:58.990 E/SMD ( 104): DCD OFF
07-14 14:45:00.040 D/memalloc( 107): /dev/pmem: Allocated buffer base:0x415f0000 size:573440 offset:3698688 fd:39
07-14 14:45:00.040 D/memalloc( 107): /dev/pmem: Freeing buffer base:0x41686000 size:552960 offset:614400 fd:36
07-14 14:45:00.040 D/memalloc( 482): /dev/pmem: Unmapping buffer base:0x501e4000 size:1167360 offset:614400
07-14 14:45:00.040 D/memalloc( 482): /dev/pmem: Mapped buffer base:0x50153000 size:4272128 offset:3698688 fd:49
07-14 14:45:00.050 I/Adreno200-EGLSUB( 107): : Android Image
07-14 14:45:00.050 I/Adreno200-EGLSUB( 107): : RGBA_8888
07-14 14:45:01.240 W/PowerManagerService( 275): Timer 0x3->0x3|0x3
07-14 14:45:02.000 E/SMD ( 104): DCD OFF
07-14 14:45:02.050 W/SignalStrength( 275): getCdmaLevel=3
07-14 14:45:02.050 W/SignalStrength( 275): getEvdoLevel=0
07-14 14:45:02.050 W/SignalStrength( 275): getCdmaLevel=3
07-14 14:45:02.050 W/SignalStrength( 275): getLevel=3
07-14 14:45:02.050 W/SignalStrength( 482): getCdmaLevel=3
07-14 14:45:02.060 W/SignalStrength( 482): getEvdoLevel=0
07-14 14:45:02.060 W/SignalStrength( 482): getCdmaLevel=3
07-14 14:45:02.060 W/SignalStrength( 482): getLevel=3
07-14 14:45:02.120 V/StatusBar.BatteryController( 482): status2batteryHealth 2
07-14 14:45:02.120 D/StatusBar.BatteryController( 482): mOldstatus2status 2
07-14 14:45:02.120 D/StatusBar.BatteryController( 482): now old status is 2
07-14 14:45:04.930 D/Tethering( 275): interfaceLinkStateChanged wlan0, true
07-14 14:45:04.930 D/Tethering( 275): interfaceStatusChanged wlan0, true
07-14 14:45:05.000 E/SMD ( 104): DCD OFF
07-14 14:45:08.000 E/SMD ( 104): DCD OFF
07-14 14:45:08.050 W/SignalStrength( 275): getCdmaLevel=3
07-14 14:45:08.050 W/SignalStrength( 275): getEvdoLevel=0
07-14 14:45:08.050 W/SignalStrength( 275): getCdmaLevel=3
07-14 14:45:08.050 W/SignalStrength( 275): getLevel=3
07-14 14:45:08.050 W/SignalStrength( 482): getCdmaLevel=3
07-14 14:45:08.050 W/SignalStrength( 482): getEvdoLevel=0
07-14 14:45:08.050 W/SignalStrength( 482): getCdmaLevel=3
07-14 14:45:08.050 W/SignalStrength( 482): getLevel=3
07-14 14:45:08.760 I/PackageManager( 275): Removing non-system package:org.gophotog.myclockapp
07-14 14:45:08.760 I/ActivityManager( 275): Force stopping package name uid=10062
07-14 14:45:08.760 I/ActivityManager( 275): Killing proc 2699:org.gophotog.myclockapp/10062: force stop
07-14 14:45:08.760 W/ActivityManager( 275): Force removing r: app died, no saved state
07-14 14:45:08.770 D/memalloc( 2699): /dev/pmem: Unmapping buffer base:0x5100d000 size:2469888 offset:1855488
07-14 14:45:08.770 D/memalloc( 2699): /dev/pmem: Unmapping buffer base:0x51268000 size:3084288 offset:2469888
07-14 14:45:08.770 D/memalloc( 2699): /dev/pmem: Unmapping buffer base:0x51559000 size:3698688 offset:3084288
07-14 14:45:08.770 D/memalloc( 107): /dev/pmem: Freeing buffer base:0x417b5000 size:614400 offset:1855488 fd:30
07-14 14:45:08.770 D/memalloc( 107): /dev/pmem: Freeing buffer base:0x418e1000 size:614400 offset:3084288 fd:48
07-14 14:45:08.780 D/PowerManagerService( 275): releaseWakeLockLocked flags=0x0 tag=KEEP_SCREEN_ON_FLAG myUID=1000 myPID=275 myTID=553
07-14 14:45:08.780 D/PowerManagerService( 275): setScreenBrightnessOverride : mScreenBrightnessOverride : -1
07-14 14:45:08.780 I/PowerManagerService( 275): Ulight 3->3|1
07-14 14:45:08.790 I/WindowManager( 275): SCREENLAYOUT_SIZE (1:small, 2:normal, 3:large, 4:xlarge) 2
07-14 14:45:08.790 V/WindowManager( 275): rotationForOrientationLw(orient=5, last=0); user=0 mLidOpen=-1 mDockMode=0 mHdmiPlugged=false mAccelerometerDefault=1 sensorRotation=-1
07-14 14:45:08.820 I/Adreno200-EGLSUB( 575): : Format RGBA_8888.
07-14 14:45:08.820 D/memalloc( 107): /dev/pmem: Allocated buffer base:0x415f0000 size:614400 offset:1855488 fd:30
07-14 14:45:08.830 D/memalloc( 575): /dev/pmem: Mapped buffer base:0x5116f000 size:2469888 offset:1855488 fd:51
07-14 14:45:08.860 D/memalloc( 107): /dev/pmem: Allocated buffer base:0x415f0000 size:614400 offset:3084288 fd:36
07-14 14:45:08.860 D/memalloc( 575): /dev/pmem: Mapped buffer base:0x514cc000 size:3698688 offset:3084288 fd:54
07-14 14:45:08.880 I/Adreno200-EGLSUB( 107): : Android Image
07-14 14:45:08.880 I/Adreno200-EGLSUB( 107): : RGBA_8888
07-14 14:45:08.900 D/memalloc( 107): /dev/pmem: Freeing buffer base:0x4184b000 size:614400 offset:2469888 fd:45
07-14 14:45:08.900 D/InputTransport( 275): Input channel destroyed: ashmemFd=219, receivePipeFd=250, sendPipeFd=249
07-14 14:45:08.900 I/WindowManager( 275): WIN DEATH: win
07-14 14:45:09.050 W/SignalStrength( 275): getCdmaLevel=2
07-14 14:45:09.050 W/SignalStrength( 275): getEvdoLevel=0
07-14 14:45:09.050 W/SignalStrength( 275): getCdmaLevel=2
07-14 14:45:09.050 W/SignalStrength( 275): getLevel=2
07-14 14:45:09.060 W/SignalStrength( 482): getCdmaLevel=2
07-14 14:45:09.060 W/SignalStrength( 482): getEvdoLevel=0
07-14 14:45:09.060 W/SignalStrength( 482): getCdmaLevel=2
07-14 14:45:09.060 W/SignalStrength( 482): getLevel=2
07-14 14:45:09.080 I/PackageManager( 275): Running dexopt on: org.gophotog.myclockapp
07-14 14:45:09.100 I/PowerManagerService( 275): Light Animator Finished curIntValue=148
07-14 14:45:10.360 I/ActivityManager( 275): Force stopping package name uid=10062
07-14 14:45:10.510 D/PackageManager( 275): New package installed in
07-14 14:45:10.850 I/ActivityManager( 275): Force stopping package name uid=10062
07-14 14:45:10.910 D/PackageManager( 275): generateServicesMap(android.accounts.AccountAuthenticator): 4 services unchanged
07-14 14:45:11.000 D/PackageManager( 275): generateServicesMap(android.content.SyncAdapter): 22 services unchanged
07-14 14:45:11.000 E/SMD ( 104): DCD OFF
07-14 14:45:11.040 D/PackageBroadcastService( 736): Received broadcast action=android.intent.action.PACKAGE_REMOVED and uri=org.gophotog.myclockapp
07-14 14:45:11.100 V/AudioPolicyManagerBase( 112): getNewDevice() selected device 0
07-14 14:45:11.100 V/AudioPolicyManagerBase( 112): getDeviceForStrategy() from cache strategy 0, device 2
07-14 14:45:11.110 D/AccountTypeManager( 1114): Registering 1 extension packages
07-14 14:45:11.170 D/VolumePanel( 275): onVolumeChanged(streamType: 3, flags: 64)
07-14 14:45:11.170 V/AudioPolicyManagerBase( 112): getNewDevice() selected device 0
07-14 14:45:11.170 V/AudioPolicyManagerBase( 112): getDeviceForStrategy() from cache strategy 0, device 2
07-14 14:45:11.170 D/BackupManagerService( 275): Received broadcast Intent { act=android.intent.action.PACKAGE_REMOVED dat=package:org.gophotog.myclockapp flg=0x10000010 (has extras) }
07-14 14:45:11.180 D/AudioService( 275): getStreamVolume(3)
07-14 14:45:11.180 V/AudioPolicyManagerBase( 112): getNewDevice() selected device 0
07-14 14:45:11.180 V/AudioPolicyManagerBase( 112): getDeviceForStrategy() from cache strategy 0, device 2
07-14 14:45:11.180 D/PackageManager( 275): generateServicesMap(android.accounts.AccountAuthenticator): 4 services unchanged
07-14 14:45:11.200 D/PackageManager( 275): generateServicesMap(android.content.SyncAdapter): 22 services unchanged
07-14 14:45:11.240 D/memalloc( 107): /dev/pmem: Allocated buffer base:0x415f0000 size:614400 offset:2469888 fd:45
07-14 14:45:11.250 D/memalloc( 575): /dev/pmem: Mapped buffer base:0x524d5000 size:3084288 offset:2469888 fd:58
07-14 14:45:11.250 I/Adreno200-EGLSUB( 107): : Android Image
07-14 14:45:11.250 I/Adreno200-EGLSUB( 107): : RGBA_8888
07-14 14:45:11.340 D/BackupManagerService( 275): Received broadcast Intent { act=android.intent.action.PACKAGE_ADDED dat=package:org.gophotog.myclockapp flg=0x10000010 (has extras) }
07-14 14:45:11.340 V/BackupManagerService( 275): updatePackageParticipantsLocked: #1
07-14 14:45:11.500 E/ExternalAccountType( 1114): Unsupported attribute readOnly
07-14 14:45:11.500 I/Adreno200-EGLSUB( 107): : Android Image
07-14 14:45:11.500 I/Adreno200-EGLSUB( 107): : RGBA_8888
07-14 14:45:11.550 D/PackageBroadcastService( 736): Received broadcast action=android.intent.action.PACKAGE_ADDED and uri=org.gophotog.myclockapp
07-14 14:45:11.660 D/AccountTypeManager( 1114): Registering extension package account type=com.google, dataSet=plus, packageName=com.google.android.apps.plus
07-14 14:45:11.690 D/BackupManagerService( 275): Received broadcast Intent { act=android.intent.action.PACKAGE_REPLACED dat=package:org.gophotog.myclockapp flg=0x10000010 (has extras) }
07-14 14:45:11.690 V/BackupManagerService( 275): updatePackageParticipantsLocked: #1
07-14 14:45:11.740 I/PeopleContactsSync( 736): CP2 sync disabled
07-14 14:45:12.130 V/StatusBar.BatteryController( 482): status2batteryHealth 2
07-14 14:45:12.130 D/StatusBar.BatteryController( 482): mOldstatus2status 2
07-14 14:45:12.130 D/StatusBar.BatteryController( 482): now old status is 2
07-14 14:45:12.260 D/PackageBroadcastService( 736): Received broadcast action=android.intent.action.PACKAGE_REPLACED and uri=org.gophotog.myclockapp
07-14 14:45:12.280 I/PeopleContactsSync( 736): CP2 sync disabled
07-14 14:45:12.300 I/AccountTypeManager( 1114): Loaded meta-data for 3 account types, 2 accounts in 1330ms(wall) 25ms(cpu)
07-14 14:45:12.320 D/AccountTypeManager( 1114): Registering 1 extension packages
07-14 14:45:12.380 E/ExternalAccountType( 1114): Unsupported attribute readOnly
07-14 14:45:12.440 D/AccountTypeManager( 1114): Registering extension package account type=com.google, dataSet=plus, packageName=com.google.android.apps.plus
07-14 14:45:12.440 I/AccountTypeManager( 1114): Loaded meta-data for 3 account types, 2 accounts in 142ms(wall) 55ms(cpu)
07-14 14:45:13.470 I/ActivityManager( 275): START {intent.toShortString} from pid 2807
07-14 14:45:13.500 D/InputTransport( 275): Input channel constructed: ashmemFd=220, receivePipeFd=251, sendPipeFd=250
07-14 14:45:13.500 D/InputTransport( 275): Input channel constructed: ashmemFd=248, receivePipeFd=249, sendPipeFd=252
07-14 14:45:13.540 I/ActivityManager( 275): Start proc app.processName for activity hostingNameStr: pid=2818 uid=10062 gids={3003, 1007}
07-14 14:45:13.560 D/memalloc( 107): /dev/pmem: Allocated buffer base:0x415f0000 size:614400 offset:4272128 fd:48
07-14 14:45:13.560 D/memalloc( 275): /dev/pmem: Mapped buffer base:0x52067000 size:4886528 offset:4272128 fd:255
07-14 14:45:13.580 I/Adreno200-EGLSUB( 107): : Android Image
07-14 14:45:13.580 I/Adreno200-EGLSUB( 107): : RGBA_8888
07-14 14:45:13.600 I/WindowManager( 275): SCREENLAYOUT_SIZE (1:small, 2:normal, 3:large, 4:xlarge) 2
07-14 14:45:13.600 V/WindowManager( 275): rotationForOrientationLw(orient=-1, last=0); user=0 mLidOpen=-1 mDockMode=0 mHdmiPlugged=false mAccelerometerDefault=1 sensorRotation=-1
07-14 14:45:13.780 D/MyClockApp.MyDigitalClock( 2818): +MyDigitalClock(Content, AttributeSet)
07-14 14:45:13.780 D/MyClockApp.MyDigitalClock( 2818): +initClock
07-14 14:45:13.810 D/MyClockApp.MyDigitalClock( 2818): -initClock
07-14 14:45:13.810 D/MyClockApp.MyDigitalClock( 2818): -MyDigitalClock(Content, AttributeSet)
07-14 14:45:13.820 D/MyClockApp( 2818): +onStart
07-14 14:45:13.830 D/MyClockApp( 2818): isAvailable: true
07-14 14:45:13.830 D/MyClockApp( 2818): isConnected: true
07-14 14:45:13.830 D/MyClockApp( 2818): isConnectedOrConnecting: true
07-14 14:45:13.830 D/MyClockApp( 2818): isFailover: false
07-14 14:45:13.830 D/MyClockApp( 2818): isRoaming: false
07-14 14:45:13.830 D/MyClockApp( 2818): strExtra: null
07-14 14:45:13.830 D/MyClockApp( 2818): strReason: null
07-14 14:45:13.830 D/MyClockApp( 2818): iSubType: 0
07-14 14:45:13.830 D/MyClockApp( 2818): strSubtypeName:
07-14 14:45:13.830 D/MyClockApp( 2818): iType: 1
07-14 14:45:13.830 D/MyClockApp( 2818): strType: WIFI
07-14 14:45:13.830 D/MyClockApp( 2818): strString: NetworkInfo: type: WIFI[], state: CONNECTED/CONNECTED, reason: (unspecified), extra: (none), roaming: false, failover: false, isAvailable: true
07-14 14:45:13.840 D/MyClockApp.SntpClient( 2818): +requestTime
07-14 14:45:13.840 D/memalloc( 575): /dev/pmem: Unmapping buffer base:0x5116f000 size:2469888 offset:1855488
07-14 14:45:13.840 D/memalloc( 575): /dev/pmem: Unmapping buffer base:0x514cc000 size:3698688 offset:3084288
07-14 14:45:13.840 D/memalloc( 575): /dev/pmem: Unmapping buffer base:0x524d5000 size:3084288 offset:2469888
07-14 14:45:13.850 D/memalloc( 107): /dev/pmem: Freeing buffer base:0x417b5000 size:614400 offset:1855488 fd:30
07-14 14:45:13.850 D/memalloc( 107): /dev/pmem: Freeing buffer base:0x418e1000 size:614400 offset:3084288 fd:36
07-14 14:45:14.010 E/SMD ( 104): DCD OFF
07-14 14:45:14.020 D/MyClockApp.SntpClient( 2818): -requestTime
07-14 14:45:14.020 D/MyClockApp( 2818): iCtr: 0
07-14 14:45:14.020 D/MyClockApp( 2818): lNtpTime: 1405363514718
07-14 14:45:14.020 D/MyClockApp( 2818): lElapsedRealtime: 187922
07-14 14:45:14.030 D/MyClockApp( 2818): lNtptimeReference: 187916
07-14 14:45:14.030 D/MyClockApp( 2818): lSNTPTime: 0
07-14 14:45:14.030 D/MyClockApp( 2818): +Datetime
07-14 14:45:14.040 D/MyClockApp( 2818): Current time: Mon Jul 14 14:45:14 EDT 2014
07-14 14:45:14.040 D/MyClockApp( 2818): -Datetime
07-14 14:45:14.040 D/MyClockApp( 2818): +SNTPDatetime
07-14 14:45:14.040 D/MyClockApp( 2818): lSNTPTime: 1405363514724
07-14 14:45:14.040 D/MyClockApp( 2818): SNTP Current time: Mon Jul 14 14:45:14 EDT 2014
07-14 14:45:14.050 D/MyClockApp( 2818): -SNTPDatetime
07-14 14:45:14.050 D/MyClockApp( 2818): strStorageLocation: /data/data/org.gophotog.myclockapp/files
07-14 14:45:14.050 D/MyClockApp( 2818): -onStart
07-14 14:45:14.060 D/InputTransport( 275): Input channel constructed: ashmemFd=253, receivePipeFd=260, sendPipeFd=259
07-14 14:45:14.060 D/InputTransport( 275): Input channel constructed: ashmemFd=254, receivePipeFd=258, sendPipeFd=261
07-14 14:45:14.070 D/InputTransport( 275): Input channel destroyed: ashmemFd=254, receivePipeFd=258, sendPipeFd=261
07-14 14:45:14.070 D/InputTransport( 2818): Input channel constructed: ashmemFd=42, receivePipeFd=43, sendPipeFd=44
07-14 14:45:14.070 D/MyClockApp.MyDigitalClock( 2818): +onAttachedToWindow
07-14 14:45:14.070 D/MyClockApp.MyDigitalClock( 2818): -onAttachedToWindow
07-14 14:45:14.120 D/PowerManagerService( 275): acquireWakeLock flags=0xa tag=KEEP_SCREEN_ON_FLAG uid=1000 pid=275 myUID=1000 myPID=275 myTID=285
07-14 14:45:14.120 D/PowerManagerService( 275): setScreenBrightnessOverride : mScreenBrightnessOverride : 15
07-14 14:45:14.120 I/PowerManagerService( 275): Ulight 3->3|1
07-14 14:45:14.180 I/Adreno200-EGLSUB( 2818): : Format RGBA_8888.
07-14 14:45:14.180 D/memalloc( 107): /dev/pmem: Allocated buffer base:0x415f0000 size:614400 offset:1855488 fd:30
07-14 14:45:14.190 D/memalloc( 2818): /dev/pmem: Mapped buffer base:0x50912000 size:2469888 offset:1855488 fd:49
07-14 14:45:14.240 D/PowerManagerService( 275): releaseWakeLockLocked flags=0x0 tag=KEEP_SCREEN_ON_FLAG myUID=1000 myPID=275 myTID=435
07-14 14:45:14.240 D/PowerManagerService( 275): setScreenBrightnessOverride : mScreenBrightnessOverride : -1
07-14 14:45:14.240 I/PowerManagerService( 275): Ulight 3->3|1
07-14 14:45:14.270 D/memalloc( 107): /dev/pmem: Freeing buffer base:0x4184b000 size:614400 offset:2469888 fd:45
07-14 14:45:14.360 D/memalloc( 107): /dev/pmem: Allocated buffer base:0x415f0000 size:614400 offset:4886528 fd:36
07-14 14:45:14.370 D/memalloc( 2818): /dev/pmem: Mapped buffer base:0x50dda000 size:5500928 offset:4886528 fd:52
07-14 14:45:14.370 I/ActivityManager( 275): Displayed shortComponentName: +865ms
07-14 14:45:14.380 D/InputTransport( 275): Input channel destroyed: ashmemFd=220, receivePipeFd=251, sendPipeFd=250
07-14 14:45:14.380 D/InputTransport( 275): Input channel destroyed: ashmemFd=248, receivePipeFd=249, sendPipeFd=252
07-14 14:45:14.380 D/PowerManagerService( 275): acquireWakeLock flags=0xa tag=KEEP_SCREEN_ON_FLAG uid=1000 pid=275 myUID=1000 myPID=275 myTID=435
07-14 14:45:14.380 D/PowerManagerService( 275): setScreenBrightnessOverride : mScreenBrightnessOverride : 15
07-14 14:45:14.380 I/PowerManagerService( 275): Ulight 3->3|1
07-14 14:45:14.430 I/Adreno200-EGLSUB( 107): : Android Image
07-14 14:45:14.430 I/Adreno200-EGLSUB( 107): : RGBA_8888
07-14 14:45:14.560 D/memalloc( 275): /dev/pmem: Unmapping buffer base:0x52067000 size:4886528 offset:4272128
07-14 14:45:14.570 D/memalloc( 107): /dev/pmem: Freeing buffer base:0x41a03000 size:614400 offset:4272128 fd:48
07-14 14:45:14.700 I/PowerManagerService( 275): Light Animator Finished curIntValue=15
07-14 14:45:15.110 D/memalloc( 107): /dev/pmem: Allocated buffer base:0x415f0000 size:614400 offset:4272128 fd:45
07-14 14:45:15.110 D/memalloc( 2818): /dev/pmem: Mapped buffer base:0x51419000 size:4886528 offset:4272128 fd:55
07-14 14:45:15.110 I/Adreno200-EGLSUB( 107): : Android Image
07-14 14:45:15.110 I/Adreno200-EGLSUB( 107): : RGBA_8888
07-14 14:45:16.110 I/Adreno200-EGLSUB( 107): : Android Image
07-14 14:45:16.110 I/Adreno200-EGLSUB( 107): : RGBA_8888
07-14 14:45:17.010 E/SMD ( 104): DCD OFF
07-14 14:45:18.870 D/Tethering( 275): interfaceLinkStateChanged wlan0, true
07-14 14:45:18.870 D/Tethering( 275): interfaceStatusChanged wlan0, true
07-14 14:45:20.010 E/SMD ( 104): DCD OFF
07-14 14:45:20.250 W/PowerManagerService( 275): Timer 0x3->0x3|0x3
07-14 14:45:23.010 E/SMD ( 104): DCD OFF
07-14 14:45:26.010 E/SMD ( 104): DCD OFF
07-14 14:45:26.890 D/Finsky ( 2449): [1] 5.onFinished: Installation state replication succeeded.
07-14 14:45:29.020 E/SMD ( 104): DCD OFF
07-14 14:45:32.020 E/SMD ( 104): DCD OFF
07-14 14:45:33.930 D/Tethering( 275): interfaceLinkStateChanged wlan0, true
07-14 14:45:33.940 D/Tethering( 275): interfaceStatusChanged wlan0, true
07-14 14:45:35.020 E/SMD ( 104): DCD OFF
07-14 14:45:38.030 E/SMD ( 104): DCD OFF
07-14 14:45:41.030 E/SMD ( 104): DCD OFF
07-14 14:45:41.410 I/PackageManager( 275): Removing non-system package:org.gophotog.myclockapp
07-14 14:45:41.410 D/memalloc( 2818): /dev/pmem: Unmapping buffer base:0x50912000 size:2469888 offset:1855488
07-14 14:45:41.410 I/ActivityManager( 275): Force stopping package name uid=10062
07-14 14:45:41.410 I/ActivityManager( 275): Killing proc 2818:org.gophotog.myclockapp/10062: force stop
07-14 14:45:41.410 W/ActivityManager( 275): Force removing r: app died, no saved state
07-14 14:45:41.420 D/memalloc( 2818): /dev/pmem: Unmapping buffer base:0x50dda000 size:5500928 offset:4886528
07-14 14:45:41.420 D/memalloc( 2818): /dev/pmem: Unmapping buffer base:0x51419000 size:4886528 offset:4272128
07-14 14:45:41.420 D/memalloc( 107): /dev/pmem: Freeing buffer base:0x41a99000 size:614400 offset:4886528 fd:36
07-14 14:45:41.420 D/memalloc( 107): /dev/pmem: Freeing buffer base:0x41a03000 size:614400 offset:4272128 fd:45
07-14 14:45:41.420 V/WindowManager( 275): rotationForOrientationLw(orient=5, last=0); user=0 mLidOpen=-1 mDockMode=0 mHdmiPlugged=false mAccelerometerDefault=1 sensorRotation=-1
07-14 14:45:41.430 I/WindowManager( 275): SCREENLAYOUT_SIZE (1:small, 2:normal, 3:large, 4:xlarge) 2
07-14 14:45:41.450 I/Adreno200-EGLSUB( 575): : Format RGBA_8888.
07-14 14:45:41.450 D/memalloc( 107): /dev/pmem: Allocated buffer base:0x415f0000 size:614400 offset:2469888 fd:36
07-14 14:45:41.460 D/memalloc( 575): /dev/pmem: Mapped buffer base:0x5116f000 size:3084288 offset:2469888 fd:52
07-14 14:45:41.490 D/memalloc( 107): /dev/pmem: Allocated buffer base:0x415f0000 size:614400 offset:3084288 fd:45
07-14 14:45:41.500 D/memalloc( 575): /dev/pmem: Mapped buffer base:0x514cc000 size:3698688 offset:3084288 fd:55
07-14 14:45:41.510 I/Adreno200-EGLSUB( 107): : Android Image
07-14 14:45:41.510 I/Adreno200-EGLSUB( 107): : RGBA_8888
07-14 14:45:41.530 D/InputTransport( 275): Input channel destroyed: ashmemFd=253, receivePipeFd=260, sendPipeFd=259
07-14 14:45:41.530 I/WindowManager( 275): WIN DEATH: win
07-14 14:45:41.530 D/PowerManagerService( 275): releaseWakeLockLocked flags=0x0 tag=KEEP_SCREEN_ON_FLAG myUID=1000 myPID=275 myTID=566
07-14 14:45:41.530 D/PowerManagerService( 275): setScreenBrightnessOverride : mScreenBrightnessOverride : -1
07-14 14:45:41.530 I/PowerManagerService( 275): Ulight 3->3|1
07-14 14:45:41.560 D/memalloc( 107): /dev/pmem: Freeing buffer base:0x417b5000 size:614400 offset:1855488 fd:30
07-14 14:45:41.740 I/PackageManager( 275): Running dexopt on: org.gophotog.myclockapp
07-14 14:45:41.840 I/PowerManagerService( 275): Light Animator Finished curIntValue=148
07-14 14:45:42.770 I/ActivityManager( 275): Force stopping package name uid=10062
07-14 14:45:42.950 D/PackageManager( 275): New package installed in
07-14 14:45:43.100 I/ActivityManager( 275): Force stopping package name uid=10062
07-14 14:45:43.370 D/AccountTypeManager( 1114): Registering 1 extension packages
07-14 14:45:43.420 D/PackageManager( 275): generateServicesMap(android.accounts.AccountAuthenticator): 4 services unchanged
07-14 14:45:43.470 D/PackageManager( 275): generateServicesMap(android.content.SyncAdapter): 22 services unchanged
07-14 14:45:43.500 E/ExternalAccountType( 1114): Unsupported attribute readOnly
07-14 14:45:43.550 D/memalloc( 107): /dev/pmem: Allocated buffer base:0x415f0000 size:614400 offset:1855488 fd:30
07-14 14:45:43.550 D/memalloc( 575): /dev/pmem: Mapped buffer base:0x4ff49000 size:2469888 offset:1855488 fd:42
07-14 14:45:43.560 I/Adreno200-EGLSUB( 107): : Android Image
07-14 14:45:43.560 I/Adreno200-EGLSUB( 107): : RGBA_8888
07-14 14:45:43.570 V/AudioPolicyManagerBase( 112): getNewDevice() selected device 0
07-14 14:45:43.570 V/AudioPolicyManagerBase( 112): getDeviceForStrategy() from cache strategy 0, device 2
07-14 14:45:43.570 D/AccountTypeManager( 1114): Registering extension package account type=com.google, dataSet=plus, packageName=com.google.android.apps.plus
07-14 14:45:43.580 I/AccountTypeManager( 1114): Loaded meta-data for 3 account types, 2 accounts in 270ms(wall) 25ms(cpu)
07-14 14:45:43.580 D/AccountTypeManager( 1114): Registering 1 extension packages
07-14 14:45:43.610 D/PackageManager( 275): generateServicesMap(android.accounts.AccountAuthenticator): 4 services unchanged
07-14 14:45:43.610 D/BackupManagerService( 275): Received broadcast Intent { act=android.intent.action.PACKAGE_REMOVED dat=package:org.gophotog.myclockapp flg=0x10000010 (has extras) }
07-14 14:45:43.650 D/PackageManager( 275): generateServicesMap(android.content.SyncAdapter): 22 services unchanged
07-14 14:45:43.710 E/ExternalAccountType( 1114): Unsupported attribute readOnly
07-14 14:45:43.780 D/PackageBroadcastService( 736): Received broadcast action=android.intent.action.PACKAGE_REMOVED and uri=org.gophotog.myclockapp
07-14 14:45:43.910 D/BackupManagerService( 275): Received broadcast Intent { act=android.intent.action.PACKAGE_ADDED dat=package:org.gophotog.myclockapp flg=0x10000010 (has extras) }
07-14 14:45:43.910 V/BackupManagerService( 275): updatePackageParticipantsLocked: #1
07-14 14:45:43.950 I/Adreno200-EGLSUB( 107): : Android Image
07-14 14:45:43.950 I/Adreno200-EGLSUB( 107): : RGBA_8888
07-14 14:45:44.030 E/SMD ( 104): DCD OFF
07-14 14:45:44.120 D/PackageBroadcastService( 736): Received broadcast action=android.intent.action.PACKAGE_ADDED and uri=org.gophotog.myclockapp
07-14 14:45:44.190 I/PeopleContactsSync( 736): CP2 sync disabled
07-14 14:45:44.220 D/VolumePanel( 275): onVolumeChanged(streamType: 3, flags: 64)
07-14 14:45:44.220 V/AudioPolicyManagerBase( 112): getNewDevice() selected device 0
07-14 14:45:44.220 V/AudioPolicyManagerBase( 112): getDeviceForStrategy() from cache strategy 0, device 2
07-14 14:45:44.220 D/AudioService( 275): getStreamVolume(3)
07-14 14:45:44.220 V/AudioPolicyManagerBase( 112): getNewDevice() selected device 0
07-14 14:45:44.220 V/AudioPolicyManagerBase( 112): getDeviceForStrategy() from cache strategy 0, device 2
07-14 14:45:44.230 D/BackupManagerService( 275): Received broadcast Intent { act=android.intent.action.PACKAGE_REPLACED dat=package:org.gophotog.myclockapp flg=0x10000010 (has extras) }
07-14 14:45:44.230 V/BackupManagerService( 275): updatePackageParticipantsLocked: #1
07-14 14:45:44.360 D/AccountTypeManager( 1114): Registering extension package account type=com.google, dataSet=plus, packageName=com.google.android.apps.plus
07-14 14:45:44.560 D/PackageBroadcastService( 736): Received broadcast action=android.intent.action.PACKAGE_REPLACED and uri=org.gophotog.myclockapp
07-14 14:45:44.590 I/PeopleContactsSync( 736): CP2 sync disabled
07-14 14:45:44.620 I/AccountTypeManager( 1114): Loaded meta-data for 3 account types, 2 accounts in 1039ms(wall) 24ms(cpu)
07-14 14:45:45.810 I/ActivityManager( 275): START {intent.toShortString} from pid 2896
07-14 14:45:45.840 D/InputTransport( 275): Input channel constructed: ashmemFd=220, receivePipeFd=251, sendPipeFd=250
07-14 14:45:45.840 D/InputTransport( 275): Input channel constructed: ashmemFd=248, receivePipeFd=249, sendPipeFd=252
07-14 14:45:45.890 I/ActivityManager( 275): Start proc app.processName for activity hostingNameStr: pid=2907 uid=10062 gids={3003, 1007}
07-14 14:45:45.900 D/memalloc( 107): /dev/pmem: Allocated buffer base:0x415f0000 size:614400 offset:4272128 fd:48
07-14 14:45:45.910 D/memalloc( 275): /dev/pmem: Mapped buffer base:0x52067000 size:4886528 offset:4272128 fd:255
07-14 14:45:45.930 I/Adreno200-EGLSUB( 107): : Android Image
07-14 14:45:45.930 I/Adreno200-EGLSUB( 107): : RGBA_8888
07-14 14:45:45.940 I/WindowManager( 275): SCREENLAYOUT_SIZE (1:small, 2:normal, 3:large, 4:xlarge) 2
07-14 14:45:45.940 V/WindowManager( 275): rotationForOrientationLw(orient=-1, last=0); user=0 mLidOpen=-1 mDockMode=0 mHdmiPlugged=false mAccelerometerDefault=1 sensorRotation=-1
07-14 14:45:46.120 D/MyClockApp.MyDigitalClock( 2907): +MyDigitalClock(Content, AttributeSet)
07-14 14:45:46.120 D/MyClockApp.MyDigitalClock( 2907): +initClock
07-14 14:45:46.130 D/MyClockApp.MyDigitalClock( 2907): -initClock
07-14 14:45:46.130 D/MyClockApp.MyDigitalClock( 2907): -MyDigitalClock(Content, AttributeSet)
07-14 14:45:46.140 D/MyClockApp( 2907): +onStart
07-14 14:45:46.140 D/MyClockApp( 2907): isAvailable: true
07-14 14:45:46.140 D/MyClockApp( 2907): isConnected: true
07-14 14:45:46.140 D/MyClockApp( 2907): isConnectedOrConnecting: true
07-14 14:45:46.140 D/MyClockApp( 2907): isFailover: false
07-14 14:45:46.140 D/MyClockApp( 2907): isRoaming: false
07-14 14:45:46.140 D/MyClockApp( 2907): strExtra: null
07-14 14:45:46.140 D/MyClockApp( 2907): strReason: null
07-14 14:45:46.140 D/MyClockApp( 2907): iSubType: 0
07-14 14:45:46.150 D/MyClockApp( 2907): strSubtypeName:
07-14 14:45:46.150 D/MyClockApp( 2907): iType: 1
07-14 14:45:46.150 D/MyClockApp( 2907): strType: WIFI
07-14 14:45:46.150 D/MyClockApp( 2907): strString: NetworkInfo: type: WIFI[], state: CONNECTED/CONNECTED, reason: (unspecified), extra: (none), roaming: false, failover: false, isAvailable: true
07-14 14:45:46.150 D/MyClockApp.SntpClient( 2907): +requestTime
07-14 14:45:46.160 D/memalloc( 575): /dev/pmem: Unmapping buffer base:0x5116f000 size:3084288 offset:2469888
07-14 14:45:46.160 D/memalloc( 575): /dev/pmem: Unmapping buffer base:0x514cc000 size:3698688 offset:3084288
07-14 14:45:46.160 D/memalloc( 575): /dev/pmem: Unmapping buffer base:0x4ff49000 size:2469888 offset:1855488
07-14 14:45:46.160 D/memalloc( 107): /dev/pmem: Freeing buffer base:0x418e1000 size:614400 offset:3084288 fd:45
07-14 14:45:46.160 D/memalloc( 107): /dev/pmem: Freeing buffer base:0x417b5000 size:614400 offset:1855488 fd:30
07-14 14:45:46.270 D/MyClockApp.SntpClient( 2907): -requestTime
07-14 14:45:46.270 D/MyClockApp( 2907): iCtr: 0
07-14 14:45:46.280 D/MyClockApp( 2907): lNtpTime: 1405363547007
07-14 14:45:46.280 D/MyClockApp( 2907): lElapsedRealtime: 220175
07-14 14:45:46.280 D/MyClockApp( 2907): lNtptimeReference: 220172
07-14 14:45:46.280 D/MyClockApp( 2907): lSNTPTime: 0
07-14 14:45:46.290 D/MyClockApp( 2907): +Datetime
07-14 14:45:46.290 D/MyClockApp( 2907): Current time: Mon Jul 14 14:45:46 EDT 2014
07-14 14:45:46.310 D/MyClockApp( 2907): -Datetime
07-14 14:45:46.310 D/MyClockApp( 2907): +SNTPDatetime
07-14 14:45:46.310 D/MyClockApp( 2907): lSNTPTime: 1405363547010
07-14 14:45:46.320 D/MyClockApp( 2907): SNTP Current time: Mon Jul 14 14:45:47 EDT 2014
07-14 14:45:46.320 D/MyClockApp( 2907): -SNTPDatetime
07-14 14:45:46.320 D/MyClockApp( 2907): strStorageLocation: /data/data/org.gophotog.myclockapp/files
07-14 14:45:46.320 D/MyClockApp( 2907): -onStart
07-14 14:45:46.330 D/InputTransport( 275): Input channel constructed: ashmemFd=253, receivePipeFd=260, sendPipeFd=259
07-14 14:45:46.330 D/InputTransport( 275): Input channel constructed: ashmemFd=254, receivePipeFd=258, sendPipeFd=261
07-14 14:45:46.340 D/InputTransport( 275): Input channel destroyed: ashmemFd=254, receivePipeFd=258, sendPipeFd=261
07-14 14:45:46.340 D/InputTransport( 2907): Input channel constructed: ashmemFd=42, receivePipeFd=43, sendPipeFd=44
07-14 14:45:46.340 D/MyClockApp.MyDigitalClock( 2907): +onAttachedToWindow
07-14 14:45:46.350 D/MyClockApp.MyDigitalClock( 2907): -onAttachedToWindow
07-14 14:45:46.390 D/PowerManagerService( 275): acquireWakeLock flags=0xa tag=KEEP_SCREEN_ON_FLAG uid=1000 pid=275 myUID=1000 myPID=275 myTID=285
07-14 14:45:46.390 D/PowerManagerService( 275): setScreenBrightnessOverride : mScreenBrightnessOverride : 2
07-14 14:45:46.390 I/PowerManagerService( 275): Ulight 3->3|1
07-14 14:45:46.450 I/Adreno200-EGLSUB( 2907): : Format RGBA_8888.
07-14 14:45:46.460 D/memalloc( 107): /dev/pmem: Allocated buffer base:0x415f0000 size:614400 offset:1855488 fd:30
07-14 14:45:46.460 D/memalloc( 2907): /dev/pmem: Mapped buffer base:0x50912000 size:2469888 offset:1855488 fd:49
07-14 14:45:46.580 D/PowerManagerService( 275): releaseWakeLockLocked flags=0x0 tag=KEEP_SCREEN_ON_FLAG myUID=1000 myPID=275 myTID=435
07-14 14:45:46.580 D/PowerManagerService( 275): setScreenBrightnessOverride : mScreenBrightnessOverride : -1
07-14 14:45:46.580 I/PowerManagerService( 275): Ulight 3->3|1
07-14 14:45:46.600 D/memalloc( 107): /dev/pmem: Freeing buffer base:0x4184b000 size:614400 offset:2469888 fd:36
07-14 14:45:46.670 D/memalloc( 107): /dev/pmem: Allocated buffer base:0x415f0000 size:614400 offset:4886528 fd:36
07-14 14:45:46.680 D/memalloc( 2907): /dev/pmem: Mapped buffer base:0x50dda000 size:5500928 offset:4886528 fd:52
07-14 14:45:46.680 I/ActivityManager( 275): Displayed shortComponentName: +824ms
07-14 14:45:46.690 D/InputTransport( 275): Input channel destroyed: ashmemFd=220, receivePipeFd=251, sendPipeFd=250
07-14 14:45:46.690 D/InputTransport( 275): Input channel destroyed: ashmemFd=248, receivePipeFd=249, sendPipeFd=252
07-14 14:45:46.690 D/PowerManagerService( 275): acquireWakeLock flags=0xa tag=KEEP_SCREEN_ON_FLAG uid=1000 pid=275 myUID=1000 myPID=275 myTID=435
07-14 14:45:46.690 D/PowerManagerService( 275): setScreenBrightnessOverride : mScreenBrightnessOverride : 2
07-14 14:45:46.690 I/PowerManagerService( 275): Ulight 3->3|1
07-14 14:45:46.740 I/Adreno200-EGLSUB( 107): : Android Image
07-14 14:45:46.740 I/Adreno200-EGLSUB( 107): : RGBA_8888
07-14 14:45:46.860 D/memalloc( 275): /dev/pmem: Unmapping buffer base:0x52067000 size:4886528 offset:4272128
07-14 14:45:46.880 D/memalloc( 107): /dev/pmem: Freeing buffer base:0x41a03000 size:614400 offset:4272128 fd:48
07-14 14:45:47.000 I/PowerManagerService( 275): Light Animator Finished curIntValue=2
07-14 14:45:47.030 E/SMD ( 104): DCD OFF
07-14 14:45:47.110 D/memalloc( 107): /dev/pmem: Allocated buffer base:0x415f0000 size:614400 offset:4272128 fd:45
07-14 14:45:47.110 D/memalloc( 2907): /dev/pmem: Mapped buffer base:0x51419000 size:4886528 offset:4272128 fd:55
07-14 14:45:47.110 I/Adreno200-EGLSUB( 107): : Android Image
07-14 14:45:47.110 I/Adreno200-EGLSUB( 107): : RGBA_8888
07-14 14:45:48.110 I/Adreno200-EGLSUB( 107): : Android Image
07-14 14:45:48.110 I/Adreno200-EGLSUB( 107): : RGBA_8888
07-14 14:45:50.030 E/SMD ( 104): DCD OFF
07-14 14:45:51.180 D/Tethering( 275): interfaceLinkStateChanged wlan0, true
07-14 14:45:51.180 D/Tethering( 275): interfaceStatusChanged wlan0, true
07-14 14:45:52.210 V/StatusBar.BatteryController( 482): status2batteryHealth 2
07-14 14:45:52.210 D/StatusBar.BatteryController( 482): mOldstatus2status 2
07-14 14:45:52.210 D/StatusBar.BatteryController( 482): now old status is 2
07-14 14:45:52.590 W/PowerManagerService( 275): Timer 0x3->0x3|0x3
07-14 14:45:53.030 E/WifiStateMachine( 275): set suspend optimizations failed!
07-14 14:45:53.030 E/SMD ( 104): DCD OFF
07-14 14:45:53.120 W/dalvikvm( 768): VFY: unable to resolve virtual method 1234: Landroid/hardware/SensorManager;.flush (Landroid/hardware/SensorEventListener;)Z
07-14 14:45:53.130 D/SensorManager( 768): registerListener :: handle = 0 name= BOSCH 3-axis Accelerometer delay= 10000 Listener= kvo@41187f68
07-14 14:45:53.130 E/SensorManager( 768): thread start
07-14 14:45:53.130 E/SensorManager( 768): =======>>>Sensor Thread RUNNING <<<========
07-14 14:45:53.810 D/Tethering( 275): interfaceLinkStateChanged wlan0, true
07-14 14:45:53.810 D/Tethering( 275): interfaceStatusChanged wlan0, true
07-14 14:45:53.820 D/Tethering( 275): interfaceLinkStateChanged wlan0, true
07-14 14:45:53.820 D/Tethering( 275): interfaceStatusChanged wlan0, true
07-14 14:45:53.970 E/WifiStateMachine( 275): set suspend optimizations failed!
07-14 14:45:54.050 I/GCoreUlr( 768): Successfully inserted location
07-14 14:45:54.110 I/GCoreUlr( 768): Not calling LocationReportingService, hasMoved: false, elapsed millis: 60016, request: Phone
07-14 14:45:56.040 E/SMD ( 104): DCD OFF
07-14 14:45:56.800 I/SensorManager( 768): Set normal delay = true
07-14 14:45:56.880 D/SensorManager( 768): unregisterListener:: disable all sensors for this listener, name = BOSCH 3-axis Accelerometer listener = kvo@41187f68
07-14 14:45:59.040 E/SMD ( 104): DCD OFF
07-14 14:45:59.510 D/Finsky ( 2449): [1] 5.onFinished: Installation state replication succeeded.
07-14 14:46:02.050 E/SMD ( 104): DCD OFF
07-14 14:46:02.080 D/SensorManager( 768): registerListener :: handle = 0 name= BOSCH 3-axis Accelerometer delay= 10000 Listener= kvo@4133f658
07-14 14:46:02.080 E/SensorManager( 768): thread start
07-14 14:46:02.080 E/SensorManager( 768): =======>>>Sensor Thread RUNNING <<<========
07-14 14:46:02.240 V/StatusBar.BatteryController( 482): status2batteryHealth 2
07-14 14:46:02.240 D/StatusBar.BatteryController( 482): mOldstatus2status 2
07-14 14:46:02.240 D/StatusBar.BatteryController( 482): now old status is 2
07-14 14:46:05.040 E/SMD ( 104): DCD OFF
07-14 14:46:05.650 I/SensorManager( 768): Set normal delay = true
07-14 14:46:05.730 D/SensorManager( 768): unregisterListener:: disable all sensors for this listener, name = BOSCH 3-axis Accelerometer listener = kvo@4133f658
07-14 14:46:07.070 W/SignalStrength( 275): getCdmaLevel=3
07-14 14:46:07.070 W/SignalStrength( 275): getEvdoLevel=0
07-14 14:46:07.070 W/SignalStrength( 275): getCdmaLevel=3
07-14 14:46:07.070 W/SignalStrength( 275): getLevel=3
07-14 14:46:07.080 W/SignalStrength( 482): getCdmaLevel=3
07-14 14:46:07.080 W/SignalStrength( 482): getEvdoLevel=0
07-14 14:46:07.080 W/SignalStrength( 482): getCdmaLevel=3
07-14 14:46:07.080 W/SignalStrength( 482): getLevel=3
07-14 14:46:08.050 E/SMD ( 104): DCD OFF
07-14 14:46:09.260 E/DataRouter( 102): After the usb select
07-14 14:46:09.260 E/DataRouter( 102): read length is zero
07-14 14:46:09.260 E/DataRouter( 102): dr_usb_deinit
07-14 14:46:09.260 E/DataRouter( 102): dr_usb_init
07-14 14:46:09.260 E/DataRouter( 102): USB Interface is open with 0xa
07-14 14:46:09.260 E/DataRouter( 102): USB interface is now configured for usb_fd = 0xa
07-14 14:46:09.260 E/DataRouter( 102): pcsyncreset
07-14 14:46:09.260 E/DTT ( 105): [DR->DTT]Received data notification
07-14 14:46:09.270 E/SMD ( 104): ***Received data notification[DR->SMD]***
07-14 14:46:09.270 E/SMD ( 104): Path set is DATA_PATH_DR_SMD_MANAGER
07-14 14:46:09.270 E/SMD ( 104): Message:�
07-14 14:46:09.270 E/SMD ( 104): Sending data to SMD: Len = [3]
07-14 14:46:09.270 E/SMD ( 104): buffer = [�]
07-14 14:46:09.270 E/SMD ( 104): Wrote 3 chars to SMD PORT fd=7 ch = 81
07-14 14:46:09.450 D/BatteryService( 275): CHARGER :: mBatteryStatus = 3
07-14 14:46:09.470 V/UsbDeviceManager( 275): USB UEVENT: {USB_STATE=DISCONNECTED, SUBSYSTEM=android_usb, DEVPATH=/devices/virtual/android_usb/android0, SEQNUM=1596, ACTION=change}
07-14 14:46:09.520 I/ActivityManager( 275): Start proc app.processName for broadcast hostingNameStr: pid=2948 uid=10012 gids={1006, 3003, 1015, 1023}
07-14 14:46:09.660 D/UsbDeviceManager( 275): handleMessage -> MSG_UPDATE_STATE connected = 0,configured = 0
07-14 14:46:09.660 D/UsbDeviceManager( 275): updateUsbNotification mConnected = false, mConnected = false, mCurrentFunctions = mtp,adb, mUsbNotificationId = 17040450
07-14 14:46:09.830 D/UsbDeviceManager( 275): updateAdbNotification : mAdbEnabled = true, mConnected = false, mAdbNotificationShown = false
07-14 14:46:09.830 D/UsbDeviceManager( 275): sending intent : ACTION_USB_STATE : connected = false, configured = false, functions = mtp,adb
07-14 14:46:10.020 W/dalvikvm( 2948): VFY: unable to resolve static method 1547: Landroid/provider/Settings$Global;.getInt (Landroid/content/ContentResolver;Ljava/lang/String;I)I
07-14 14:46:10.040 I/ActivityThread( 2948): Pub com.android.chrome.AutofillDataProvider: com.google.android.apps.chrome.autofill.AutofillDataProvider
07-14 14:46:10.040 I/ActivityThread( 2948): Pub com.android.chrome.icing: com.google.android.apps.chrome.icing.IcingProvider
07-14 14:46:10.060 I/ActivityThread( 2948): Pub com.android.chrome.snapshot: com.google.android.apps.chrome.snapshot.SnapshotProvider
07-14 14:46:10.060 I/ActivityThread( 2948): Pub com.android.chrome.ChromeBrowserProvider;com.android.chrome.browser;com.android.chrome: com.google.android.apps.chrome.ChromeBrowserProvider
07-14 14:46:10.080 W/dalvikvm( 2948): VFY: unable to resolve static method 1210: Landroid/os/Binder;.getCallingUserHandle ()Landroid/os/UserHandle;
07-14 14:46:10.160 I/ActivityManager( 275): No longer want app.processName (pid 1739): hidden #16
07-14 14:46:10.180 W/ActivityManager( 275): Scheduling restart of crashed service r.shortName in 5000ms
07-14 14:46:10.190 I/ActivityManager( 275): No longer want app.processName (pid 2597): hidden #16
07-14 14:46:10.440 I/ActivityManager( 275): Start proc app.processName for service hostingNameStr: pid=2977 uid=1000 gids={3001, 3002, 1023, 1006, 1007, 3003, 1015, 1001, 3007}
07-14 14:46:10.540 I/FactoryTestApp( 2977): [Class] FtClientCPO , [Method] onCreate , [Message] Create FtClientCPO service
07-14 14:46:10.540 D/FactoryTestApp( 2977): [Class] XMLDataStorage , [Method] parseXML , [Message] is Live Demo : false
07-14 14:46:10.540 D/FactoryTestApp( 2977): [Class] XMLDataStorage , [Method] parseXML , [Message] modelXML=sch-s738c.dat
07-14 14:46:10.540 D/FactoryTestApp( 2977): [Class] XMLDataStorage , [Method] parseXML , [Message] deviceXML=amazing3gtrf.dat
07-14 14:46:10.540 D/FactoryTestApp( 2977): [Class] XMLDataStorage , [Method] parseXML , [Message] nameXML=amazing3gtrf.dat
07-14 14:46:10.540 W/ActivityThread( 2977): ClassLoader.getResources: The class loader returned by Thread.getContextClassLoader() may fail for processes that host multiple applications. You should explicitly specify a context class loader. For example: Thread.setContextClassLoader(getClass().getClassLoader());
07-14 14:46:10.590 I/FactoryTestApp( 2977): [Class] XMLDataStorage , [Method] parseAsset , [Message] Convert enc file to xml file: sch-s738c.dat
07-14 14:46:10.690 D/FactoryTestApp( 2977): [Class] XMLDataStorage , [Method] parseAsset , [Message] Decode base xml file: factory.dat
07-14 14:46:11.050 E/SMD ( 104): DCD OFF
07-14 14:46:11.140 D/FactoryTestApp( 2977): [Class] XMLDataStorage , [Method] redefinitionById , [Message] id=MODEL_NAME
07-14 14:46:11.140 D/FactoryTestApp( 2977): [Class] XMLDataStorage , [Method] redefinitionById , [Message] id=MODEL_NUMBER
07-14 14:46:11.140 D/FactoryTestApp( 2977): [Class] XMLDataStorage , [Method] redefinitionById , [Message] id=MODEL_HARDWARE_REVISION
07-14 14:46:11.140 D/FactoryTestApp( 2977): [Class] XMLDataStorage , [Method] redefinitionById , [Message] id=MODEL_COMMUNICATION_MODE
07-14 14:46:11.140 D/FactoryTestApp( 2977): [Class] XMLDataStorage , [Method] redefinitionById , [Message] id=CHIPSET_MANUFACTURE
07-14 14:46:11.140 D/FactoryTestApp( 2977): [Class] XMLDataStorage , [Method] redefinitionById , [Message] id=CHIPSET_NAME
07-14 14:46:11.140 D/FactoryTestApp( 2977): [Class] XMLDataStorage , [Method] redefinitionById , [Message] id=DEVICE_TYPE
