07-14 17:16:28.430 V/StatusBar.BatteryController( 482): status5batteryHealth 2
07-14 17:16:28.430 D/StatusBar.BatteryController( 482): mOldstatus5status 5
07-14 17:16:28.430 D/StatusBar.BatteryController( 482): now old status is 5
07-14 17:16:38.450 V/StatusBar.BatteryController( 482): status5batteryHealth 2
07-14 17:16:38.450 D/StatusBar.BatteryController( 482): mOldstatus5status 5
07-14 17:16:38.450 D/StatusBar.BatteryController( 482): now old status is 5
07-14 17:16:41.570 W/SignalStrength( 275): getCdmaLevel=3
07-14 17:16:41.570 W/SignalStrength( 275): getEvdoLevel=0
07-14 17:16:41.570 W/SignalStrength( 275): getCdmaLevel=3
07-14 17:16:41.570 W/SignalStrength( 275): getLevel=3
07-14 17:16:41.570 W/SignalStrength( 482): getCdmaLevel=3
07-14 17:16:41.570 W/SignalStrength( 482): getEvdoLevel=0
07-14 17:16:41.570 W/SignalStrength( 482): getCdmaLevel=3
07-14 17:16:41.570 W/SignalStrength( 482): getLevel=3
07-14 17:16:48.470 V/StatusBar.BatteryController( 482): status5batteryHealth 2
07-14 17:16:48.470 D/StatusBar.BatteryController( 482): mOldstatus5status 5
07-14 17:16:48.470 D/StatusBar.BatteryController( 482): now old status is 5
07-14 17:17:28.550 V/StatusBar.BatteryController( 482): status5batteryHealth 2
07-14 17:17:28.550 D/StatusBar.BatteryController( 482): mOldstatus5status 5
07-14 17:17:28.550 D/StatusBar.BatteryController( 482): now old status is 5
07-14 17:17:38.570 V/StatusBar.BatteryController( 482): status5batteryHealth 2
07-14 17:17:38.570 D/StatusBar.BatteryController( 482): mOldstatus5status 5
07-14 17:17:38.570 D/StatusBar.BatteryController( 482): now old status is 5
07-14 17:17:48.340 D/SensorManager( 768): registerListener :: handle = 0 name= BOSCH 3-axis Accelerometer delay= 10000 Listener= kvo@414a08b0
07-14 17:17:48.340 E/SensorManager( 768): thread start
07-14 17:17:48.340 E/SensorManager( 768): =======>>>Sensor Thread RUNNING <<<========
07-14 17:17:48.600 V/StatusBar.BatteryController( 482): status5batteryHealth 2
07-14 17:17:48.600 D/StatusBar.BatteryController( 482): mOldstatus5status 5
07-14 17:17:48.600 D/StatusBar.BatteryController( 482): now old status is 5
07-14 17:17:49.040 I/SensorManager( 768): Set normal delay = true
07-14 17:17:49.130 D/SensorManager( 768): unregisterListener:: disable all sensors for this listener, name = BOSCH 3-axis Accelerometer listener = kvo@414a08b0
07-14 17:17:58.610 V/StatusBar.BatteryController( 482): status5batteryHealth 2
07-14 17:17:58.610 D/StatusBar.BatteryController( 482): mOldstatus5status 5
07-14 17:17:58.610 D/StatusBar.BatteryController( 482): now old status is 5
07-14 17:17:58.630 E/WifiStateMachine( 275): set suspend optimizations failed!
07-14 17:17:59.130 E/WifiStateMachine( 275): set suspend optimizations failed!
07-14 17:18:08.650 D/Tethering( 275): interfaceLinkStateChanged wlan0, true
07-14 17:18:08.650 D/Tethering( 275): interfaceStatusChanged wlan0, true
07-14 17:18:18.650 V/StatusBar.BatteryController( 482): status5batteryHealth 2
07-14 17:18:18.650 D/StatusBar.BatteryController( 482): mOldstatus5status 5
07-14 17:18:18.650 D/StatusBar.BatteryController( 482): now old status is 5
07-14 17:18:28.670 V/StatusBar.BatteryController( 482): status5batteryHealth 2
07-14 17:18:28.670 D/StatusBar.BatteryController( 482): mOldstatus5status 5
07-14 17:18:28.670 D/StatusBar.BatteryController( 482): now old status is 5
07-14 17:18:38.690 V/StatusBar.BatteryController( 482): status5batteryHealth 2
07-14 17:18:38.690 D/StatusBar.BatteryController( 482): mOldstatus5status 5
07-14 17:18:38.690 D/StatusBar.BatteryController( 482): now old status is 5
07-14 17:18:48.720 V/StatusBar.BatteryController( 482): status5batteryHealth 2
07-14 17:18:48.720 D/StatusBar.BatteryController( 482): mOldstatus5status 5
07-14 17:18:48.720 D/StatusBar.BatteryController( 482): now old status is 5
07-14 17:18:58.740 V/StatusBar.BatteryController( 482): status5batteryHealth 2
07-14 17:18:58.740 D/StatusBar.BatteryController( 482): mOldstatus5status 5
07-14 17:18:58.740 D/StatusBar.BatteryController( 482): now old status is 5
07-14 17:19:08.750 V/StatusBar.BatteryController( 482): status5batteryHealth 2
07-14 17:19:08.750 D/StatusBar.BatteryController( 482): mOldstatus5status 5
07-14 17:19:08.750 D/StatusBar.BatteryController( 482): now old status is 5
07-14 17:19:18.780 V/StatusBar.BatteryController( 482): status5batteryHealth 2
07-14 17:19:18.780 D/StatusBar.BatteryController( 482): mOldstatus5status 5
07-14 17:19:18.780 D/StatusBar.BatteryController( 482): now old status is 5
07-14 17:19:28.800 V/StatusBar.BatteryController( 482): status5batteryHealth 2
07-14 17:19:28.800 D/StatusBar.BatteryController( 482): mOldstatus5status 5
07-14 17:19:28.800 D/StatusBar.BatteryController( 482): now old status is 5
07-14 17:19:38.810 V/StatusBar.BatteryController( 482): status5batteryHealth 2
07-14 17:19:38.810 D/StatusBar.BatteryController( 482): mOldstatus5status 5
07-14 17:19:38.810 D/StatusBar.BatteryController( 482): now old status is 5
07-14 17:19:48.840 V/StatusBar.BatteryController( 482): status5batteryHealth 2
07-14 17:19:48.840 D/StatusBar.BatteryController( 482): mOldstatus5status 5
07-14 17:19:48.840 D/StatusBar.BatteryController( 482): now old status is 5
07-14 17:19:58.860 V/StatusBar.BatteryController( 482): status5batteryHealth 2
07-14 17:19:58.860 D/StatusBar.BatteryController( 482): mOldstatus5status 5
07-14 17:19:58.860 D/StatusBar.BatteryController( 482): now old status is 5
07-14 17:20:08.870 V/StatusBar.BatteryController( 482): status5batteryHealth 2
07-14 17:20:08.870 D/StatusBar.BatteryController( 482): mOldstatus5status 5
07-14 17:20:08.870 D/StatusBar.BatteryController( 482): now old status is 5
07-14 17:20:38.930 V/StatusBar.BatteryController( 482): status5batteryHealth 2
07-14 17:20:38.930 D/StatusBar.BatteryController( 482): mOldstatus5status 5
07-14 17:20:38.930 D/StatusBar.BatteryController( 482): now old status is 5
07-14 17:20:48.960 V/StatusBar.BatteryController( 482): status5batteryHealth 2
07-14 17:20:48.960 D/StatusBar.BatteryController( 482): mOldstatus5status 5
07-14 17:20:48.960 D/StatusBar.BatteryController( 482): now old status is 5
07-14 17:20:53.500 E/WifiStateMachine( 275): set suspend optimizations failed!
07-14 17:20:53.530 D/SensorManager( 768): registerListener :: handle = 0 name= BOSCH 3-axis Accelerometer delay= 10000 Listener= kvo@4128ce18
07-14 17:20:53.530 E/SensorManager( 768): thread start
07-14 17:20:53.530 E/SensorManager( 768): =======>>>Sensor Thread RUNNING <<<========
07-14 17:20:54.220 I/SensorManager( 768): Set normal delay = true
07-14 17:20:54.250 D/Tethering( 275): interfaceLinkStateChanged wlan0, true
07-14 17:20:54.250 D/Tethering( 275): interfaceStatusChanged wlan0, true
07-14 17:20:54.250 D/Tethering( 275): interfaceLinkStateChanged wlan0, true
07-14 17:20:54.250 D/Tethering( 275): interfaceStatusChanged wlan0, true
07-14 17:20:54.320 D/SensorManager( 768): unregisterListener:: disable all sensors for this listener, name = BOSCH 3-axis Accelerometer listener = kvo@4128ce18
07-14 17:20:54.500 E/WifiStateMachine( 275): set suspend optimizations failed!
07-14 17:20:54.510 I/GCoreUlr( 768): Received powerMode change from NLP: com.google.android.location.activity.LOW_POWER_MODE_ENABLED
07-14 17:20:54.510 I/GCoreUlr( 768): Starting service, intent=Intent { act=com.google.android.location.reporting.ACTION_UPDATE_ACTIVE_STATE cmp=xxxx }, extras=null
07-14 17:20:54.640 I/GCoreUlr( 768): Successfully inserted location
07-14 17:20:54.640 I/GCoreUlr( 768): Not calling LocationReportingService, hasMoved: false, elapsed millis: 1080151, request: Phone
07-14 17:20:54.690 I/GCoreUlr( 768): Ensuring that reporting is active for [account#15#]
07-14 17:20:54.690 I/GCoreUlr( 768): Starting service, intent=Intent { act=com.google.android.location.reporting.ACTION_LOCATION_STATUS cmp=xxxx (has extras) }, extras=Bundle[{status=LocationStatus[cell status: STATUS_UNKNOWN, wifi status: STATUS_UNKNOWN, elapsed realtime ns: 0]}]
07-14 17:20:58.970 V/StatusBar.BatteryController( 482): status5batteryHealth 2
07-14 17:20:58.970 D/StatusBar.BatteryController( 482): mOldstatus5status 5
07-14 17:20:58.970 D/StatusBar.BatteryController( 482): now old status is 5
07-14 17:21:09.460 D/Tethering( 275): interfaceLinkStateChanged wlan0, true
07-14 17:21:09.460 D/Tethering( 275): interfaceStatusChanged wlan0, true
07-14 17:21:15.240 D/Tethering( 275): interfaceLinkStateChanged wlan0, true
07-14 17:21:15.240 D/Tethering( 275): interfaceStatusChanged wlan0, true
07-14 17:21:23.490 V/StatusBar.BatteryController( 482): status5batteryHealth 2
07-14 17:21:23.490 D/StatusBar.BatteryController( 482): mOldstatus5status 5
07-14 17:21:23.490 D/StatusBar.BatteryController( 482): now old status is 5
07-14 17:21:31.260 D/Tethering( 275): interfaceLinkStateChanged wlan0, true
07-14 17:21:31.260 D/Tethering( 275): interfaceStatusChanged wlan0, true
07-14 17:21:33.510 V/StatusBar.BatteryController( 482): status5batteryHealth 2
07-14 17:21:33.510 D/StatusBar.BatteryController( 482): mOldstatus5status 5
07-14 17:21:33.510 D/StatusBar.BatteryController( 482): now old status is 5
07-14 17:21:43.530 V/StatusBar.BatteryController( 482): status5batteryHealth 2
07-14 17:21:43.530 D/StatusBar.BatteryController( 482): mOldstatus5status 5
07-14 17:21:43.530 D/StatusBar.BatteryController( 482): now old status is 5
07-14 17:21:53.550 V/StatusBar.BatteryController( 482): status5batteryHealth 2
07-14 17:21:53.550 D/StatusBar.BatteryController( 482): mOldstatus5status 5
07-14 17:21:53.550 D/StatusBar.BatteryController( 482): now old status is 5
07-14 17:22:03.570 V/StatusBar.BatteryController( 482): status5batteryHealth 2
07-14 17:22:03.570 D/StatusBar.BatteryController( 482): mOldstatus5status 5
07-14 17:22:03.570 D/StatusBar.BatteryController( 482): now old status is 5
07-14 17:22:04.310 I/EventLogService( 736): Aggregate from 1405371124147 (log), 1405371124147 (data)
07-14 17:22:08.340 D/Tethering( 275): interfaceLinkStateChanged wlan0, true
07-14 17:22:08.340 D/Tethering( 275): interfaceStatusChanged wlan0, true
07-14 17:22:13.590 V/StatusBar.BatteryController( 482): status5batteryHealth 2
07-14 17:22:13.590 D/StatusBar.BatteryController( 482): mOldstatus5status 5
07-14 17:22:13.590 D/StatusBar.BatteryController( 482): now old status is 5
07-14 17:22:23.610 V/StatusBar.BatteryController( 482): status5batteryHealth 2
07-14 17:22:23.610 D/StatusBar.BatteryController( 482): mOldstatus5status 5
07-14 17:22:23.610 D/StatusBar.BatteryController( 482): now old status is 5
07-14 17:22:33.630 V/StatusBar.BatteryController( 482): status5batteryHealth 2
07-14 17:22:33.630 D/StatusBar.BatteryController( 482): mOldstatus5status 5
07-14 17:22:33.630 D/StatusBar.BatteryController( 482): now old status is 5
07-14 17:22:43.650 V/StatusBar.BatteryController( 482): status5batteryHealth 2
07-14 17:22:43.650 D/StatusBar.BatteryController( 482): mOldstatus5status 5
07-14 17:22:43.650 D/StatusBar.BatteryController( 482): now old status is 5
07-14 17:23:13.710 V/StatusBar.BatteryController( 482): status5batteryHealth 2
07-14 17:23:13.710 D/StatusBar.BatteryController( 482): mOldstatus5status 5
07-14 17:23:13.710 D/StatusBar.BatteryController( 482): now old status is 5
07-14 17:23:33.750 V/StatusBar.BatteryController( 482): status5batteryHealth 2
07-14 17:23:33.750 D/StatusBar.BatteryController( 482): mOldstatus5status 5
07-14 17:23:33.750 D/StatusBar.BatteryController( 482): now old status is 5
07-14 17:23:41.730 W/SignalStrength( 275): getCdmaLevel=2
07-14 17:23:41.730 W/SignalStrength( 275): getEvdoLevel=0
07-14 17:23:41.730 W/SignalStrength( 275): getCdmaLevel=2
07-14 17:23:41.730 W/SignalStrength( 275): getLevel=2
07-14 17:23:41.730 W/SignalStrength( 482): getCdmaLevel=2
07-14 17:23:41.730 W/SignalStrength( 482): getEvdoLevel=0
07-14 17:23:41.730 W/SignalStrength( 482): getCdmaLevel=2
07-14 17:23:41.730 W/SignalStrength( 482): getLevel=2
07-14 17:23:43.730 W/SignalStrength( 275): getCdmaLevel=3
07-14 17:23:43.730 W/SignalStrength( 275): getEvdoLevel=0
07-14 17:23:43.730 W/SignalStrength( 275): getCdmaLevel=3
07-14 17:23:43.730 W/SignalStrength( 275): getLevel=3
07-14 17:23:43.730 W/SignalStrength( 482): getCdmaLevel=3
07-14 17:23:43.730 W/SignalStrength( 482): getEvdoLevel=0
07-14 17:23:43.730 W/SignalStrength( 482): getCdmaLevel=3
07-14 17:23:43.730 W/SignalStrength( 482): getLevel=3
07-14 17:23:43.770 V/StatusBar.BatteryController( 482): status5batteryHealth 2
07-14 17:23:43.770 D/StatusBar.BatteryController( 482): mOldstatus5status 5
07-14 17:23:43.770 D/StatusBar.BatteryController( 482): now old status is 5
07-14 17:23:52.660 D/SensorManager( 768): registerListener :: handle = 0 name= BOSCH 3-axis Accelerometer delay= 10000 Listener= kvo@4113ecf8
07-14 17:23:52.660 E/SensorManager( 768): thread start
07-14 17:23:52.660 E/SensorManager( 768): =======>>>Sensor Thread RUNNING <<<========
07-14 17:23:53.380 I/SensorManager( 768): Set normal delay = true
07-14 17:23:53.460 D/SensorManager( 768): unregisterListener:: disable all sensors for this listener, name = BOSCH 3-axis Accelerometer listener = kvo@4113ecf8
07-14 17:24:02.740 W/SignalStrength( 275): getCdmaLevel=2
07-14 17:24:02.740 W/SignalStrength( 275): getEvdoLevel=0
07-14 17:24:02.740 W/SignalStrength( 275): getCdmaLevel=2
07-14 17:24:02.740 W/SignalStrength( 275): getLevel=2
07-14 17:24:02.740 W/SignalStrength( 482): getCdmaLevel=2
07-14 17:24:02.740 W/SignalStrength( 482): getEvdoLevel=0
07-14 17:24:02.740 W/SignalStrength( 482): getCdmaLevel=2
07-14 17:24:02.740 W/SignalStrength( 482): getLevel=2
07-14 17:24:03.740 W/SignalStrength( 275): getCdmaLevel=3
07-14 17:24:03.740 W/SignalStrength( 275): getEvdoLevel=0
07-14 17:24:03.740 W/SignalStrength( 275): getCdmaLevel=3
07-14 17:24:03.740 W/SignalStrength( 275): getLevel=3
07-14 17:24:03.740 W/SignalStrength( 482): getCdmaLevel=3
07-14 17:24:03.740 W/SignalStrength( 482): getEvdoLevel=0
07-14 17:24:03.740 W/SignalStrength( 482): getCdmaLevel=3
07-14 17:24:03.740 W/SignalStrength( 482): getLevel=3
07-14 17:24:10.710 W/ThrottleService( 275): unable to find stats for iface rmnet0
07-14 17:24:23.850 V/StatusBar.BatteryController( 482): status5batteryHealth 2
07-14 17:24:23.850 D/StatusBar.BatteryController( 482): mOldstatus5status 5
07-14 17:24:23.850 D/StatusBar.BatteryController( 482): now old status is 5
07-14 17:24:43.890 V/StatusBar.BatteryController( 482): status5batteryHealth 2
07-14 17:24:43.890 D/StatusBar.BatteryController( 482): mOldstatus5status 5
07-14 17:24:43.890 D/StatusBar.BatteryController( 482): now old status is 5
07-14 17:24:53.910 V/StatusBar.BatteryController( 482): status5batteryHealth 2
07-14 17:24:53.910 D/StatusBar.BatteryController( 482): mOldstatus5status 5
07-14 17:24:53.910 D/StatusBar.BatteryController( 482): now old status is 5
07-14 17:25:16.340 D/GCM ( 592): Ignoring attempt to send heartbeat on dead connection.
07-14 17:25:21.370 D/Tethering( 275): interfaceLinkStateChanged wlan0, true
07-14 17:25:21.370 D/Tethering( 275): interfaceStatusChanged wlan0, true
07-14 17:25:23.970 V/StatusBar.BatteryController( 482): status5batteryHealth 2
07-14 17:25:23.970 D/StatusBar.BatteryController( 482): mOldstatus5status 5
07-14 17:25:23.970 D/StatusBar.BatteryController( 482): now old status is 5
07-14 17:25:26.480 D/Tethering( 275): interfaceLinkStateChanged wlan0, true
07-14 17:25:26.480 D/Tethering( 275): interfaceStatusChanged wlan0, true
07-14 17:25:33.990 V/StatusBar.BatteryController( 482): status5batteryHealth 2
07-14 17:25:33.990 D/StatusBar.BatteryController( 482): mOldstatus5status 5
07-14 17:25:33.990 D/StatusBar.BatteryController( 482): now old status is 5
07-14 17:25:44.020 V/StatusBar.BatteryController( 482): status5batteryHealth 2
07-14 17:25:44.020 D/StatusBar.BatteryController( 482): mOldstatus5status 5
07-14 17:25:44.020 D/StatusBar.BatteryController( 482): now old status is 5
07-14 17:25:54.040 V/StatusBar.BatteryController( 482): status5batteryHealth 2
07-14 17:25:54.040 D/StatusBar.BatteryController( 482): mOldstatus5status 5
07-14 17:25:54.040 D/StatusBar.BatteryController( 482): now old status is 5
07-14 17:26:14.080 V/StatusBar.BatteryController( 482): status5batteryHealth 2
07-14 17:26:14.080 D/StatusBar.BatteryController( 482): mOldstatus5status 5
07-14 17:26:14.080 D/StatusBar.BatteryController( 482): now old status is 5
07-14 17:26:23.790 W/SignalStrength( 275): getCdmaLevel=2
07-14 17:26:23.790 W/SignalStrength( 275): getEvdoLevel=0
07-14 17:26:23.790 W/SignalStrength( 275): getCdmaLevel=2
07-14 17:26:23.790 W/SignalStrength( 275): getLevel=2
07-14 17:26:23.800 W/SignalStrength( 482): getCdmaLevel=2
07-14 17:26:23.800 W/SignalStrength( 482): getEvdoLevel=0
07-14 17:26:23.800 W/SignalStrength( 482): getCdmaLevel=2
07-14 17:26:23.800 W/SignalStrength( 482): getLevel=2
07-14 17:26:24.090 V/StatusBar.BatteryController( 482): status5batteryHealth 2
07-14 17:26:24.090 D/StatusBar.BatteryController( 482): mOldstatus5status 5
07-14 17:26:24.090 D/StatusBar.BatteryController( 482): now old status is 5
07-14 17:26:34.120 V/StatusBar.BatteryController( 482): status5batteryHealth 2
07-14 17:26:34.120 D/StatusBar.BatteryController( 482): mOldstatus5status 5
07-14 17:26:34.120 D/StatusBar.BatteryController( 482): now old status is 5
07-14 17:26:37.800 W/SignalStrength( 275): getCdmaLevel=3
07-14 17:26:37.800 W/SignalStrength( 275): getEvdoLevel=0
07-14 17:26:37.800 W/SignalStrength( 275): getCdmaLevel=3
07-14 17:26:37.800 W/SignalStrength( 275): getLevel=3
07-14 17:26:37.800 W/SignalStrength( 482): getCdmaLevel=3
07-14 17:26:37.800 W/SignalStrength( 482): getEvdoLevel=0
07-14 17:26:37.800 W/SignalStrength( 482): getCdmaLevel=3
07-14 17:26:37.800 W/SignalStrength( 482): getLevel=3
07-14 17:26:51.650 D/SensorManager( 768): registerListener :: handle = 0 name= BOSCH 3-axis Accelerometer delay= 10000 Listener= kvo@41344188
07-14 17:26:51.650 E/SensorManager( 768): thread start
07-14 17:26:51.650 E/SensorManager( 768): =======>>>Sensor Thread RUNNING <<<========
07-14 17:26:52.350 I/SensorManager( 768): Set normal delay = true
07-14 17:26:52.430 D/SensorManager( 768): unregisterListener:: disable all sensors for this listener, name = BOSCH 3-axis Accelerometer listener = kvo@41344188
07-14 17:27:06.810 W/SignalStrength( 275): getCdmaLevel=2
07-14 17:27:06.810 W/SignalStrength( 275): getEvdoLevel=0
07-14 17:27:06.810 W/SignalStrength( 275): getCdmaLevel=2
07-14 17:27:06.810 W/SignalStrength( 275): getLevel=2
07-14 17:27:06.810 W/SignalStrength( 482): getCdmaLevel=2
07-14 17:27:06.810 W/SignalStrength( 482): getEvdoLevel=0
07-14 17:27:06.810 W/SignalStrength( 482): getCdmaLevel=2
07-14 17:27:06.810 W/SignalStrength( 482): getLevel=2
07-14 17:27:12.810 W/SignalStrength( 275): getCdmaLevel=3
07-14 17:27:12.810 W/SignalStrength( 275): getEvdoLevel=0
07-14 17:27:12.810 W/SignalStrength( 275): getCdmaLevel=3
07-14 17:27:12.810 W/SignalStrength( 275): getLevel=3
07-14 17:27:12.810 W/SignalStrength( 482): getCdmaLevel=3
07-14 17:27:12.810 W/SignalStrength( 482): getEvdoLevel=0
07-14 17:27:12.810 W/SignalStrength( 482): getCdmaLevel=3
07-14 17:27:12.810 W/SignalStrength( 482): getLevel=3
07-14 17:27:24.210 V/StatusBar.BatteryController( 482): status5batteryHealth 2
07-14 17:27:24.210 D/StatusBar.BatteryController( 482): mOldstatus5status 5
07-14 17:27:24.210 D/StatusBar.BatteryController( 482): now old status is 5
07-14 17:27:54.270 V/StatusBar.BatteryController( 482): status5batteryHealth 2
07-14 17:27:54.270 D/StatusBar.BatteryController( 482): mOldstatus5status 5
07-14 17:27:54.270 D/StatusBar.BatteryController( 482): now old status is 5
07-14 17:28:04.290 V/StatusBar.BatteryController( 482): status5batteryHealth 2
07-14 17:28:04.290 D/StatusBar.BatteryController( 482): mOldstatus5status 5
07-14 17:28:04.290 D/StatusBar.BatteryController( 482): now old status is 5
07-14 17:28:13.840 W/SignalStrength( 275): getCdmaLevel=2
07-14 17:28:13.840 W/SignalStrength( 275): getEvdoLevel=0
07-14 17:28:13.840 W/SignalStrength( 275): getCdmaLevel=2
07-14 17:28:13.840 W/SignalStrength( 275): getLevel=2
07-14 17:28:13.850 W/SignalStrength( 482): getCdmaLevel=2
07-14 17:28:13.850 W/SignalStrength( 482): getEvdoLevel=0
07-14 17:28:13.850 W/SignalStrength( 482): getCdmaLevel=2
07-14 17:28:13.850 W/SignalStrength( 482): getLevel=2
07-14 17:28:14.310 V/StatusBar.BatteryController( 482): status5batteryHealth 2
07-14 17:28:14.310 D/StatusBar.BatteryController( 482): mOldstatus5status 5
07-14 17:28:14.310 D/StatusBar.BatteryController( 482): now old status is 5
07-14 17:28:14.840 W/SignalStrength( 275): getCdmaLevel=3
07-14 17:28:14.840 W/SignalStrength( 275): getEvdoLevel=0
07-14 17:28:14.840 W/SignalStrength( 275): getCdmaLevel=3
07-14 17:28:14.840 W/SignalStrength( 275): getLevel=3
07-14 17:28:14.840 W/SignalStrength( 482): getCdmaLevel=3
07-14 17:28:14.840 W/SignalStrength( 482): getEvdoLevel=0
07-14 17:28:14.840 W/SignalStrength( 482): getCdmaLevel=3
07-14 17:28:14.840 W/SignalStrength( 482): getLevel=3
07-14 17:28:24.330 V/StatusBar.BatteryController( 482): status5batteryHealth 2
07-14 17:28:24.330 D/StatusBar.BatteryController( 482): mOldstatus5status 5
07-14 17:28:24.330 D/StatusBar.BatteryController( 482): now old status is 5
07-14 17:28:34.350 V/StatusBar.BatteryController( 482): status5batteryHealth 2
07-14 17:28:34.350 D/StatusBar.BatteryController( 482): mOldstatus5status 5
07-14 17:28:34.350 D/StatusBar.BatteryController( 482): now old status is 5
07-14 17:28:44.370 V/StatusBar.BatteryController( 482): status5batteryHealth 2
07-14 17:28:44.370 D/StatusBar.BatteryController( 482): mOldstatus5status 5
07-14 17:28:44.370 D/StatusBar.BatteryController( 482): now old status is 5
07-14 17:28:54.390 V/StatusBar.BatteryController( 482): status5batteryHealth 2
07-14 17:28:54.390 D/StatusBar.BatteryController( 482): mOldstatus5status 5
07-14 17:28:54.390 D/StatusBar.BatteryController( 482): now old status is 5
07-14 17:29:04.410 V/StatusBar.BatteryController( 482): status5batteryHealth 2
07-14 17:29:04.410 D/StatusBar.BatteryController( 482): mOldstatus5status 5
07-14 17:29:04.410 D/StatusBar.BatteryController( 482): now old status is 5
07-14 17:29:29.870 W/SignalStrength( 275): getCdmaLevel=2
07-14 17:29:29.870 W/SignalStrength( 275): getEvdoLevel=0
07-14 17:29:29.870 W/SignalStrength( 275): getCdmaLevel=2
07-14 17:29:29.870 W/SignalStrength( 275): getLevel=2
07-14 17:29:29.870 W/SignalStrength( 482): getCdmaLevel=2
07-14 17:29:29.870 W/SignalStrength( 482): getEvdoLevel=0
07-14 17:29:29.870 W/SignalStrength( 482): getCdmaLevel=2
07-14 17:29:29.870 W/SignalStrength( 482): getLevel=2
07-14 17:29:31.870 W/SignalStrength( 275): getCdmaLevel=3
07-14 17:29:31.870 W/SignalStrength( 275): getEvdoLevel=0
07-14 17:29:31.870 W/SignalStrength( 275): getCdmaLevel=3
07-14 17:29:31.870 W/SignalStrength( 275): getLevel=3
07-14 17:29:31.870 W/SignalStrength( 482): getCdmaLevel=3
07-14 17:29:31.870 W/SignalStrength( 482): getEvdoLevel=0
07-14 17:29:31.870 W/SignalStrength( 482): getCdmaLevel=3
07-14 17:29:31.870 W/SignalStrength( 482): getLevel=3
07-14 17:29:34.470 V/StatusBar.BatteryController( 482): status5batteryHealth 2
07-14 17:29:34.470 D/StatusBar.BatteryController( 482): mOldstatus5status 5
07-14 17:29:34.470 D/StatusBar.BatteryController( 482): now old status is 5
07-14 17:29:40.870 W/SignalStrength( 275): getCdmaLevel=2
07-14 17:29:40.870 W/SignalStrength( 275): getEvdoLevel=0
07-14 17:29:40.870 W/SignalStrength( 275): getCdmaLevel=2
07-14 17:29:40.870 W/SignalStrength( 275): getLevel=2
07-14 17:29:40.880 W/SignalStrength( 482): getCdmaLevel=2
07-14 17:29:40.880 W/SignalStrength( 482): getEvdoLevel=0
07-14 17:29:40.880 W/SignalStrength( 482): getCdmaLevel=2
07-14 17:29:40.880 W/SignalStrength( 482): getLevel=2
07-14 17:29:41.870 W/SignalStrength( 275): getCdmaLevel=3
07-14 17:29:41.870 W/SignalStrength( 275): getEvdoLevel=0
07-14 17:29:41.870 W/SignalStrength( 275): getCdmaLevel=3
07-14 17:29:41.870 W/SignalStrength( 275): getLevel=3
07-14 17:29:41.880 W/SignalStrength( 482): getCdmaLevel=3
07-14 17:29:41.880 W/SignalStrength( 482): getEvdoLevel=0
07-14 17:29:41.880 W/SignalStrength( 482): getCdmaLevel=3
07-14 17:29:41.880 W/SignalStrength( 482): getLevel=3
07-14 17:29:44.490 V/StatusBar.BatteryController( 482): status5batteryHealth 2
07-14 17:29:44.490 D/StatusBar.BatteryController( 482): mOldstatus5status 5
07-14 17:29:44.490 D/StatusBar.BatteryController( 482): now old status is 5
07-14 17:29:50.600 D/SensorManager( 768): registerListener :: handle = 0 name= BOSCH 3-axis Accelerometer delay= 10000 Listener= kvo@41151ab8
07-14 17:29:50.610 E/SensorManager( 768): thread start
07-14 17:29:50.610 E/SensorManager( 768): =======>>>Sensor Thread RUNNING <<<========
07-14 17:29:51.310 I/SensorManager( 768): Set normal delay = true
07-14 17:29:51.390 D/SensorManager( 768): unregisterListener:: disable all sensors for this listener, name = BOSCH 3-axis Accelerometer listener = kvo@41151ab8
07-14 17:29:54.510 V/StatusBar.BatteryController( 482): status5batteryHealth 2
07-14 17:29:54.510 D/StatusBar.BatteryController( 482): mOldstatus5status 5
07-14 17:29:54.510 D/StatusBar.BatteryController( 482): now old status is 5
07-14 17:30:04.530 V/StatusBar.BatteryController( 482): status5batteryHealth 2
07-14 17:30:04.530 D/StatusBar.BatteryController( 482): mOldstatus5status 5
07-14 17:30:04.530 D/StatusBar.BatteryController( 482): now old status is 5
07-14 17:30:24.570 V/StatusBar.BatteryController( 482): status5batteryHealth 2
07-14 17:30:24.570 D/StatusBar.BatteryController( 482): mOldstatus5status 5
07-14 17:30:24.570 D/StatusBar.BatteryController( 482): now old status is 5
07-14 17:30:34.590 V/StatusBar.BatteryController( 482): status5batteryHealth 2
07-14 17:30:34.590 D/StatusBar.BatteryController( 482): mOldstatus5status 5
07-14 17:30:34.590 D/StatusBar.BatteryController( 482): now old status is 5
07-14 17:30:44.610 V/StatusBar.BatteryController( 482): status5batteryHealth 2
07-14 17:30:44.610 D/StatusBar.BatteryController( 482): mOldstatus5status 5
07-14 17:30:44.610 D/StatusBar.BatteryController( 482): now old status is 5
07-14 17:31:14.670 V/StatusBar.BatteryController( 482): status5batteryHealth 2
07-14 17:31:14.670 D/StatusBar.BatteryController( 482): mOldstatus5status 5
07-14 17:31:14.670 D/StatusBar.BatteryController( 482): now old status is 5
07-14 17:31:17.910 W/SignalStrength( 275): getCdmaLevel=2
07-14 17:31:17.910 W/SignalStrength( 275): getEvdoLevel=0
07-14 17:31:17.910 W/SignalStrength( 275): getCdmaLevel=2
07-14 17:31:17.910 W/SignalStrength( 275): getLevel=2
07-14 17:31:17.910 W/SignalStrength( 482): getCdmaLevel=2
07-14 17:31:17.910 W/SignalStrength( 482): getEvdoLevel=0
07-14 17:31:17.910 W/SignalStrength( 482): getCdmaLevel=2
07-14 17:31:17.910 W/SignalStrength( 482): getLevel=2
07-14 17:31:18.910 W/SignalStrength( 275): getCdmaLevel=3
07-14 17:31:18.910 W/SignalStrength( 275): getEvdoLevel=0
07-14 17:31:18.910 W/SignalStrength( 275): getCdmaLevel=3
07-14 17:31:18.910 W/SignalStrength( 275): getLevel=3
07-14 17:31:18.910 W/SignalStrength( 482): getCdmaLevel=3
07-14 17:31:18.910 W/SignalStrength( 482): getEvdoLevel=0
07-14 17:31:18.910 W/SignalStrength( 482): getCdmaLevel=3
07-14 17:31:18.910 W/SignalStrength( 482): getLevel=3
07-14 17:31:24.690 V/StatusBar.BatteryController( 482): status5batteryHealth 2
07-14 17:31:24.690 D/StatusBar.BatteryController( 482): mOldstatus5status 5
07-14 17:31:24.690 D/StatusBar.BatteryController( 482): now old status is 5
07-14 17:31:34.710 V/StatusBar.BatteryController( 482): status5batteryHealth 2
07-14 17:31:34.710 D/StatusBar.BatteryController( 482): mOldstatus5status 5
07-14 17:31:34.710 D/StatusBar.BatteryController( 482): now old status is 5
07-14 17:31:44.730 V/StatusBar.BatteryController( 482): status5batteryHealth 2
07-14 17:31:44.730 D/StatusBar.BatteryController( 482): mOldstatus5status 5
07-14 17:31:44.730 D/StatusBar.BatteryController( 482): now old status is 5
07-14 17:31:54.750 V/StatusBar.BatteryController( 482): status5batteryHealth 2
07-14 17:31:54.750 D/StatusBar.BatteryController( 482): mOldstatus5status 5
07-14 17:31:54.750 D/StatusBar.BatteryController( 482): now old status is 5
07-14 17:32:02.920 W/SignalStrength( 275): getCdmaLevel=2
07-14 17:32:02.920 W/SignalStrength( 275): getEvdoLevel=0
07-14 17:32:02.920 W/SignalStrength( 275): getCdmaLevel=2
07-14 17:32:02.930 W/SignalStrength( 275): getLevel=2
07-14 17:32:02.930 W/SignalStrength( 482): getCdmaLevel=2
07-14 17:32:02.930 W/SignalStrength( 482): getEvdoLevel=0
07-14 17:32:02.930 W/SignalStrength( 482): getCdmaLevel=2
07-14 17:32:02.930 W/SignalStrength( 482): getLevel=2
07-14 17:32:04.770 V/StatusBar.BatteryController( 482): status5batteryHealth 2
07-14 17:32:04.770 D/StatusBar.BatteryController( 482): mOldstatus5status 5
07-14 17:32:04.770 D/StatusBar.BatteryController( 482): now old status is 5
07-14 17:32:09.930 W/SignalStrength( 275): getCdmaLevel=3
07-14 17:32:09.930 W/SignalStrength( 275): getEvdoLevel=0
07-14 17:32:09.930 W/SignalStrength( 275): getCdmaLevel=3
07-14 17:32:09.930 W/SignalStrength( 275): getLevel=3
07-14 17:32:09.930 W/SignalStrength( 482): getCdmaLevel=3
07-14 17:32:09.930 W/SignalStrength( 482): getEvdoLevel=0
07-14 17:32:09.930 W/SignalStrength( 482): getCdmaLevel=3
07-14 17:32:09.930 W/SignalStrength( 482): getLevel=3
07-14 17:32:24.810 V/StatusBar.BatteryController( 482): status5batteryHealth 2
07-14 17:32:24.810 D/StatusBar.BatteryController( 482): mOldstatus5status 5
07-14 17:32:24.810 D/StatusBar.BatteryController( 482): now old status is 5
07-14 17:32:29.940 W/SignalStrength( 275): getCdmaLevel=2
07-14 17:32:29.940 W/SignalStrength( 275): getEvdoLevel=0
07-14 17:32:29.940 W/SignalStrength( 275): getCdmaLevel=2
07-14 17:32:29.940 W/SignalStrength( 275): getLevel=2
07-14 17:32:29.940 W/SignalStrength( 482): getCdmaLevel=2
07-14 17:32:29.940 W/SignalStrength( 482): getEvdoLevel=0
07-14 17:32:29.940 W/SignalStrength( 482): getCdmaLevel=2
07-14 17:32:29.940 W/SignalStrength( 482): getLevel=2
07-14 17:32:30.940 W/SignalStrength( 275): getCdmaLevel=3
07-14 17:32:30.940 W/SignalStrength( 275): getEvdoLevel=0
07-14 17:32:30.940 W/SignalStrength( 275): getCdmaLevel=3
07-14 17:32:30.940 W/SignalStrength( 275): getLevel=3
07-14 17:32:30.940 W/SignalStrength( 482): getCdmaLevel=3
07-14 17:32:30.940 W/SignalStrength( 482): getEvdoLevel=0
07-14 17:32:30.940 W/SignalStrength( 482): getCdmaLevel=3
07-14 17:32:30.940 W/SignalStrength( 482): getLevel=3
07-14 17:32:34.830 V/StatusBar.BatteryController( 482): status5batteryHealth 2
07-14 17:32:34.830 D/StatusBar.BatteryController( 482): mOldstatus5status 5
07-14 17:32:34.830 D/StatusBar.BatteryController( 482): now old status is 5
07-14 17:32:44.850 V/StatusBar.BatteryController( 482): status5batteryHealth 2
07-14 17:32:44.850 D/StatusBar.BatteryController( 482): mOldstatus5status 5
07-14 17:32:44.860 D/StatusBar.BatteryController( 482): now old status is 5
07-14 17:32:49.560 D/SensorManager( 768): registerListener :: handle = 0 name= BOSCH 3-axis Accelerometer delay= 10000 Listener= kvo@411b5ee0
07-14 17:32:49.560 E/SensorManager( 768): thread start
07-14 17:32:49.570 E/SensorManager( 768): =======>>>Sensor Thread RUNNING <<<========
07-14 17:32:50.260 I/SensorManager( 768): Set normal delay = true
07-14 17:32:50.340 D/SensorManager( 768): unregisterListener:: disable all sensors for this listener, name = BOSCH 3-axis Accelerometer listener = kvo@411b5ee0
07-14 17:32:50.370 I/GCoreUlr( 768): Received powerMode change from NLP: com.google.android.location.activity.LOW_POWER_MODE_ENABLED
07-14 17:32:50.370 I/GCoreUlr( 768): Starting service, intent=Intent { act=com.google.android.location.reporting.ACTION_UPDATE_ACTIVE_STATE cmp=xxxx }, extras=null
07-14 17:32:50.410 I/GCoreUlr( 768): Ensuring that reporting is active for [account#15#]
07-14 17:32:50.420 I/GCoreUlr( 768): Starting service, intent=Intent { act=com.google.android.location.reporting.ACTION_LOCATION_STATUS cmp=xxxx (has extras) }, extras=Bundle[{status=LocationStatus[cell status: STATUS_UNKNOWN, wifi status: STATUS_UNKNOWN, elapsed realtime ns: 0]}]
07-14 17:33:04.950 W/SignalStrength( 275): getCdmaLevel=2
07-14 17:33:04.950 W/SignalStrength( 275): getEvdoLevel=0
07-14 17:33:04.950 W/SignalStrength( 275): getCdmaLevel=2
07-14 17:33:04.950 W/SignalStrength( 275): getLevel=2
07-14 17:33:04.950 W/SignalStrength( 482): getCdmaLevel=2
07-14 17:33:04.950 W/SignalStrength( 482): getEvdoLevel=0
07-14 17:33:04.950 W/SignalStrength( 482): getCdmaLevel=2
07-14 17:33:04.950 W/SignalStrength( 482): getLevel=2
07-14 17:33:06.950 W/SignalStrength( 275): getCdmaLevel=3
07-14 17:33:06.950 W/SignalStrength( 275): getEvdoLevel=0
07-14 17:33:06.950 W/SignalStrength( 275): getCdmaLevel=3
07-14 17:33:06.950 W/SignalStrength( 275): getLevel=3
07-14 17:33:06.950 W/SignalStrength( 482): getCdmaLevel=3
07-14 17:33:06.950 W/SignalStrength( 482): getEvdoLevel=0
07-14 17:33:06.950 W/SignalStrength( 482): getCdmaLevel=3
07-14 17:33:06.950 W/SignalStrength( 482): getLevel=3
07-14 17:33:14.910 V/StatusBar.BatteryController( 482): status5batteryHealth 2
07-14 17:33:14.910 D/StatusBar.BatteryController( 482): mOldstatus5status 5
07-14 17:33:14.910 D/StatusBar.BatteryController( 482): now old status is 5
07-14 17:33:34.950 V/StatusBar.BatteryController( 482): status5batteryHealth 2
07-14 17:33:34.950 D/StatusBar.BatteryController( 482): mOldstatus5status 5
07-14 17:33:34.950 D/StatusBar.BatteryController( 482): now old status is 5
07-14 17:33:44.970 V/StatusBar.BatteryController( 482): status5batteryHealth 2
07-14 17:33:44.970 D/StatusBar.BatteryController( 482): mOldstatus5status 5
07-14 17:33:44.970 D/StatusBar.BatteryController( 482): now old status is 5
07-14 17:33:45.960 W/SignalStrength( 275): getCdmaLevel=2
07-14 17:33:45.960 W/SignalStrength( 275): getEvdoLevel=0
07-14 17:33:45.960 W/SignalStrength( 275): getCdmaLevel=2
07-14 17:33:45.960 W/SignalStrength( 275): getLevel=2
07-14 17:33:45.970 W/SignalStrength( 482): getCdmaLevel=2
07-14 17:33:45.970 W/SignalStrength( 482): getEvdoLevel=0
07-14 17:33:45.970 W/SignalStrength( 482): getCdmaLevel=2
07-14 17:33:45.970 W/SignalStrength( 482): getLevel=2
07-14 17:33:47.960 W/SignalStrength( 275): getCdmaLevel=3
07-14 17:33:47.960 W/SignalStrength( 275): getEvdoLevel=0
07-14 17:33:47.960 W/SignalStrength( 275): getCdmaLevel=3
07-14 17:33:47.960 W/SignalStrength( 275): getLevel=3
07-14 17:33:47.970 W/SignalStrength( 482): getCdmaLevel=3
07-14 17:33:47.970 W/SignalStrength( 482): getEvdoLevel=0
07-14 17:33:47.970 W/SignalStrength( 482): getCdmaLevel=3
07-14 17:33:47.970 W/SignalStrength( 482): getLevel=3
07-14 17:33:54.990 V/StatusBar.BatteryController( 482): status5batteryHealth 2
07-14 17:33:54.990 D/StatusBar.BatteryController( 482): mOldstatus5status 5
07-14 17:33:55.000 D/StatusBar.BatteryController( 482): now old status is 5
07-14 17:33:56.970 W/SignalStrength( 275): getCdmaLevel=2
07-14 17:33:56.970 W/SignalStrength( 275): getEvdoLevel=0
07-14 17:33:56.970 W/SignalStrength( 275): getCdmaLevel=2
07-14 17:33:56.970 W/SignalStrength( 275): getLevel=2
07-14 17:33:56.970 W/SignalStrength( 482): getCdmaLevel=2
07-14 17:33:56.970 W/SignalStrength( 482): getEvdoLevel=0
07-14 17:33:56.970 W/SignalStrength( 482): getCdmaLevel=2
07-14 17:33:56.970 W/SignalStrength( 482): getLevel=2
07-14 17:34:05.070 V/StatusBar.BatteryController( 482): status5batteryHealth 2
07-14 17:34:05.070 D/StatusBar.BatteryController( 482): mOldstatus5status 5
07-14 17:34:05.070 D/StatusBar.BatteryController( 482): now old status is 5
07-14 17:34:07.970 W/SignalStrength( 275): getCdmaLevel=3
07-14 17:34:07.970 W/SignalStrength( 275): getEvdoLevel=0
07-14 17:34:07.970 W/SignalStrength( 275): getCdmaLevel=3
07-14 17:34:07.970 W/SignalStrength( 275): getLevel=3
07-14 17:34:07.970 W/SignalStrength( 482): getCdmaLevel=3
07-14 17:34:07.970 W/SignalStrength( 482): getEvdoLevel=0
07-14 17:34:07.980 W/SignalStrength( 482): getCdmaLevel=3
07-14 17:34:07.980 W/SignalStrength( 482): getLevel=3
07-14 17:34:10.720 W/ThrottleService( 275): unable to find stats for iface rmnet0
07-14 17:34:15.040 V/StatusBar.BatteryController( 482): status5batteryHealth 2
07-14 17:34:15.040 D/StatusBar.BatteryController( 482): mOldstatus5status 5
07-14 17:34:15.040 D/StatusBar.BatteryController( 482): now old status is 5
07-14 17:34:25.060 V/StatusBar.BatteryController( 482): status5batteryHealth 2
07-14 17:34:25.060 D/StatusBar.BatteryController( 482): mOldstatus5status 5
07-14 17:34:25.060 D/StatusBar.BatteryController( 482): now old status is 5
07-14 17:34:26.980 W/SignalStrength( 275): getCdmaLevel=2
07-14 17:34:26.980 W/SignalStrength( 275): getEvdoLevel=0
07-14 17:34:26.980 W/SignalStrength( 275): getCdmaLevel=2
07-14 17:34:26.980 W/SignalStrength( 275): getLevel=2
07-14 17:34:26.980 W/SignalStrength( 482): getCdmaLevel=2
07-14 17:34:26.980 W/SignalStrength( 482): getEvdoLevel=0
07-14 17:34:26.990 W/SignalStrength( 482): getCdmaLevel=2
07-14 17:34:26.990 W/SignalStrength( 482): getLevel=2
07-14 17:34:35.070 V/StatusBar.BatteryController( 482): status5batteryHealth 2
07-14 17:34:35.070 D/StatusBar.BatteryController( 482): mOldstatus5status 5
07-14 17:34:35.070 D/StatusBar.BatteryController( 482): now old status is 5
07-14 17:34:45.100 V/StatusBar.BatteryController( 482): status5batteryHealth 2
07-14 17:34:45.100 D/StatusBar.BatteryController( 482): mOldstatus5status 5
07-14 17:34:45.100 D/StatusBar.BatteryController( 482): now old status is 5
07-14 17:34:53.990 W/SignalStrength( 275): getCdmaLevel=3
07-14 17:34:53.990 W/SignalStrength( 275): getEvdoLevel=0
07-14 17:34:53.990 W/SignalStrength( 275): getCdmaLevel=3
07-14 17:34:53.990 W/SignalStrength( 275): getLevel=3
07-14 17:34:54.000 W/SignalStrength( 482): getCdmaLevel=3
07-14 17:34:54.000 W/SignalStrength( 482): getEvdoLevel=0
07-14 17:34:54.000 W/SignalStrength( 482): getCdmaLevel=3
07-14 17:34:54.000 W/SignalStrength( 482): getLevel=3
07-14 17:35:05.140 V/StatusBar.BatteryController( 482): status5batteryHealth 2
07-14 17:35:05.140 D/StatusBar.BatteryController( 482): mOldstatus5status 5
07-14 17:35:05.140 D/StatusBar.BatteryController( 482): now old status is 5
07-14 17:35:07.990 W/SignalStrength( 275): getCdmaLevel=2
07-14 17:35:07.990 W/SignalStrength( 275): getEvdoLevel=0
07-14 17:35:07.990 W/SignalStrength( 275): getCdmaLevel=2
07-14 17:35:07.990 W/SignalStrength( 275): getLevel=2
07-14 17:35:08.000 W/SignalStrength( 482): getCdmaLevel=2
07-14 17:35:08.000 W/SignalStrength( 482): getEvdoLevel=0
07-14 17:35:08.000 W/SignalStrength( 482): getCdmaLevel=2
07-14 17:35:08.000 W/SignalStrength( 482): getLevel=2
07-14 17:35:08.990 W/SignalStrength( 275): getCdmaLevel=3
07-14 17:35:09.000 W/SignalStrength( 275): getEvdoLevel=0
07-14 17:35:09.000 W/SignalStrength( 275): getCdmaLevel=3
07-14 17:35:09.000 W/SignalStrength( 275): getLevel=3
07-14 17:35:09.000 W/SignalStrength( 482): getCdmaLevel=3
07-14 17:35:09.000 W/SignalStrength( 482): getEvdoLevel=0
07-14 17:35:09.000 W/SignalStrength( 482): getCdmaLevel=3
07-14 17:35:09.000 W/SignalStrength( 482): getLevel=3
07-14 17:35:26.000 W/SignalStrength( 275): getCdmaLevel=2
07-14 17:35:26.000 W/SignalStrength( 275): getEvdoLevel=0
07-14 17:35:26.000 W/SignalStrength( 275): getCdmaLevel=2
07-14 17:35:26.000 W/SignalStrength( 275): getLevel=2
07-14 17:35:26.000 W/SignalStrength( 482): getCdmaLevel=2
07-14 17:35:26.000 W/SignalStrength( 482): getEvdoLevel=0
07-14 17:35:26.000 W/SignalStrength( 482): getCdmaLevel=2
07-14 17:35:26.000 W/SignalStrength( 482): getLevel=2
07-14 17:35:35.000 W/SignalStrength( 275): getCdmaLevel=3
07-14 17:35:35.000 W/SignalStrength( 275): getEvdoLevel=0
07-14 17:35:35.000 W/SignalStrength( 275): getCdmaLevel=3
07-14 17:35:35.000 W/SignalStrength( 275): getLevel=3
07-14 17:35:35.010 W/SignalStrength( 482): getCdmaLevel=3
07-14 17:35:35.010 W/SignalStrength( 482): getEvdoLevel=0
07-14 17:35:35.010 W/SignalStrength( 482): getCdmaLevel=3
07-14 17:35:35.010 W/SignalStrength( 482): getLevel=3
07-14 17:35:35.190 V/StatusBar.BatteryController( 482): status5batteryHealth 2
07-14 17:35:35.190 D/StatusBar.BatteryController( 482): mOldstatus5status 5
07-14 17:35:35.190 D/StatusBar.BatteryController( 482): now old status is 5
07-14 17:35:42.010 W/SignalStrength( 275): getCdmaLevel=2
07-14 17:35:42.010 W/SignalStrength( 275): getEvdoLevel=0
07-14 17:35:42.010 W/SignalStrength( 275): getCdmaLevel=2
07-14 17:35:42.010 W/SignalStrength( 275): getLevel=2
07-14 17:35:42.010 W/SignalStrength( 482): getCdmaLevel=2
07-14 17:35:42.010 W/SignalStrength( 482): getEvdoLevel=0
07-14 17:35:42.010 W/SignalStrength( 482): getCdmaLevel=2
07-14 17:35:42.010 W/SignalStrength( 482): getLevel=2
07-14 17:35:45.210 V/StatusBar.BatteryController( 482): status5batteryHealth 2
07-14 17:35:45.210 D/StatusBar.BatteryController( 482): mOldstatus5status 5
07-14 17:35:45.210 D/StatusBar.BatteryController( 482): now old status is 5
07-14 17:35:47.010 W/SignalStrength( 275): getCdmaLevel=3
07-14 17:35:47.010 W/SignalStrength( 275): getEvdoLevel=0
07-14 17:35:47.010 W/SignalStrength( 275): getCdmaLevel=3
07-14 17:35:47.010 W/SignalStrength( 275): getLevel=3
07-14 17:35:47.010 W/SignalStrength( 482): getCdmaLevel=3
07-14 17:35:47.010 W/SignalStrength( 482): getEvdoLevel=0
07-14 17:35:47.010 W/SignalStrength( 482): getCdmaLevel=3
07-14 17:35:47.010 W/SignalStrength( 482): getLevel=3
07-14 17:35:48.520 D/SensorManager( 768): registerListener :: handle = 0 name= BOSCH 3-axis Accelerometer delay= 10000 Listener= kvo@4118a388
07-14 17:35:48.520 E/SensorManager( 768): thread start
07-14 17:35:48.520 E/SensorManager( 768): =======>>>Sensor Thread RUNNING <<<========
07-14 17:35:49.210 I/SensorManager( 768): Set normal delay = true
07-14 17:35:49.290 D/SensorManager( 768): unregisterListener:: disable all sensors for this listener, name = BOSCH 3-axis Accelerometer listener = kvo@4118a388
07-14 17:35:55.230 V/StatusBar.BatteryController( 482): status5batteryHealth 2
07-14 17:35:55.230 D/StatusBar.BatteryController( 482): mOldstatus5status 5
07-14 17:35:55.230 D/StatusBar.BatteryController( 482): now old status is 5
07-14 17:35:55.250 E/WifiStateMachine( 275): set suspend optimizations failed!
07-14 17:35:55.720 E/WifiStateMachine( 275): set suspend optimizations failed!
07-14 17:35:57.010 W/SignalStrength( 275): getCdmaLevel=2
07-14 17:35:57.010 W/SignalStrength( 275): getEvdoLevel=0
07-14 17:35:57.010 W/SignalStrength( 275): getCdmaLevel=2
07-14 17:35:57.010 W/SignalStrength( 275): getLevel=2
07-14 17:35:57.010 W/SignalStrength( 482): getCdmaLevel=2
07-14 17:35:57.010 W/SignalStrength( 482): getEvdoLevel=0
07-14 17:35:57.010 W/SignalStrength( 482): getCdmaLevel=2
07-14 17:35:57.010 W/SignalStrength( 482): getLevel=2
07-14 17:36:05.290 D/Tethering( 275): interfaceLinkStateChanged wlan0, true
07-14 17:36:05.290 D/Tethering( 275): interfaceStatusChanged wlan0, true
07-14 17:36:15.270 V/StatusBar.BatteryController( 482): status5batteryHealth 2
07-14 17:36:15.270 D/StatusBar.BatteryController( 482): mOldstatus5status 5
07-14 17:36:15.270 D/StatusBar.BatteryController( 482): now old status is 5
07-14 17:36:25.290 V/StatusBar.BatteryController( 482): status5batteryHealth 2
07-14 17:36:25.290 D/StatusBar.BatteryController( 482): mOldstatus5status 5
07-14 17:36:25.290 D/StatusBar.BatteryController( 482): now old status is 5
07-14 17:36:27.020 W/SignalStrength( 275): getCdmaLevel=3
07-14 17:36:27.020 W/SignalStrength( 275): getEvdoLevel=0
07-14 17:36:27.020 W/SignalStrength( 275): getCdmaLevel=3
07-14 17:36:27.030 W/SignalStrength( 275): getLevel=3
07-14 17:36:27.030 W/SignalStrength( 482): getCdmaLevel=3
07-14 17:36:27.030 W/SignalStrength( 482): getEvdoLevel=0
07-14 17:36:27.030 W/SignalStrength( 482): getCdmaLevel=3
07-14 17:36:27.030 W/SignalStrength( 482): getLevel=3
07-14 17:36:35.310 V/StatusBar.BatteryController( 482): status5batteryHealth 2
07-14 17:36:35.310 D/StatusBar.BatteryController( 482): mOldstatus5status 5
07-14 17:36:35.310 D/StatusBar.BatteryController( 482): now old status is 5
07-14 17:36:51.030 W/SignalStrength( 275): getCdmaLevel=2
07-14 17:36:51.030 W/SignalStrength( 275): getEvdoLevel=0
07-14 17:36:51.030 W/SignalStrength( 275): getCdmaLevel=2
07-14 17:36:51.030 W/SignalStrength( 275): getLevel=2
07-14 17:36:51.040 W/SignalStrength( 482): getCdmaLevel=2
07-14 17:36:51.040 W/SignalStrength( 482): getEvdoLevel=0
07-14 17:36:51.040 W/SignalStrength( 482): getCdmaLevel=2
07-14 17:36:51.040 W/SignalStrength( 482): getLevel=2
07-14 17:36:57.040 W/SignalStrength( 275): getCdmaLevel=3
07-14 17:36:57.040 W/SignalStrength( 275): getEvdoLevel=0
07-14 17:36:57.040 W/SignalStrength( 275): getCdmaLevel=3
07-14 17:36:57.040 W/SignalStrength( 275): getLevel=3
07-14 17:36:57.040 W/SignalStrength( 482): getCdmaLevel=3
07-14 17:36:57.040 W/SignalStrength( 482): getEvdoLevel=0
07-14 17:36:57.040 W/SignalStrength( 482): getCdmaLevel=3
07-14 17:36:57.040 W/SignalStrength( 482): getLevel=3
07-14 17:37:06.040 W/SignalStrength( 275): getCdmaLevel=2
07-14 17:37:06.040 W/SignalStrength( 275): getEvdoLevel=0
07-14 17:37:06.040 W/SignalStrength( 275): getCdmaLevel=2
07-14 17:37:06.040 W/SignalStrength( 275): getLevel=2
07-14 17:37:06.050 W/SignalStrength( 482): getCdmaLevel=2
07-14 17:37:06.050 W/SignalStrength( 482): getEvdoLevel=0
07-14 17:37:06.050 W/SignalStrength( 482): getCdmaLevel=2
07-14 17:37:06.050 W/SignalStrength( 482): getLevel=2
07-14 17:37:07.040 W/SignalStrength( 275): getCdmaLevel=3
07-14 17:37:07.040 W/SignalStrength( 275): getEvdoLevel=0
07-14 17:37:07.040 W/SignalStrength( 275): getCdmaLevel=3
07-14 17:37:07.040 W/SignalStrength( 275): getLevel=3
07-14 17:37:07.050 W/SignalStrength( 482): getCdmaLevel=3
07-14 17:37:07.050 W/SignalStrength( 482): getEvdoLevel=0
07-14 17:37:07.050 W/SignalStrength( 482): getCdmaLevel=3
07-14 17:37:07.050 W/SignalStrength( 482): getLevel=3
07-14 17:37:15.390 V/StatusBar.BatteryController( 482): status5batteryHealth 2
07-14 17:37:15.390 D/StatusBar.BatteryController( 482): mOldstatus5status 5
07-14 17:37:15.390 D/StatusBar.BatteryController( 482): now old status is 5
07-14 17:37:18.040 W/SignalStrength( 275): getCdmaLevel=2
07-14 17:37:18.040 W/SignalStrength( 275): getEvdoLevel=0
07-14 17:37:18.040 W/SignalStrength( 275): getCdmaLevel=2
07-14 17:37:18.040 W/SignalStrength( 275): getLevel=2
07-14 17:37:18.050 W/SignalStrength( 482): getCdmaLevel=2
07-14 17:37:18.050 W/SignalStrength( 482): getEvdoLevel=0
07-14 17:37:18.050 W/SignalStrength( 482): getCdmaLevel=2
07-14 17:37:18.050 W/SignalStrength( 482): getLevel=2
07-14 17:37:35.430 V/StatusBar.BatteryController( 482): status5batteryHealth 2
07-14 17:37:35.430 D/StatusBar.BatteryController( 482): mOldstatus5status 5
07-14 17:37:35.430 D/StatusBar.BatteryController( 482): now old status is 5
07-14 17:37:40.050 W/SignalStrength( 275): getCdmaLevel=3
07-14 17:37:40.050 W/SignalStrength( 275): getEvdoLevel=0
07-14 17:37:40.050 W/SignalStrength( 275): getCdmaLevel=3
07-14 17:37:40.050 W/SignalStrength( 275): getLevel=3
07-14 17:37:40.060 W/SignalStrength( 482): getCdmaLevel=3
07-14 17:37:40.060 W/SignalStrength( 482): getEvdoLevel=0
07-14 17:37:40.060 W/SignalStrength( 482): getCdmaLevel=3
07-14 17:37:40.060 W/SignalStrength( 482): getLevel=3
07-14 17:37:44.050 W/SignalStrength( 275): getCdmaLevel=2
07-14 17:37:44.050 W/SignalStrength( 275): getEvdoLevel=0
07-14 17:37:44.050 W/SignalStrength( 275): getCdmaLevel=2
07-14 17:37:44.050 W/SignalStrength( 275): getLevel=2
07-14 17:37:44.060 W/SignalStrength( 482): getCdmaLevel=2
07-14 17:37:44.060 W/SignalStrength( 482): getEvdoLevel=0
07-14 17:37:44.060 W/SignalStrength( 482): getCdmaLevel=2
07-14 17:37:44.060 W/SignalStrength( 482): getLevel=2
07-14 17:37:45.450 V/StatusBar.BatteryController( 482): status5batteryHealth 2
07-14 17:37:45.450 D/StatusBar.BatteryController( 482): mOldstatus5status 5
07-14 17:37:45.450 D/StatusBar.BatteryController( 482): now old status is 5
07-14 17:37:53.060 W/SignalStrength( 275): getCdmaLevel=3
07-14 17:37:53.060 W/SignalStrength( 275): getEvdoLevel=0
07-14 17:37:53.060 W/SignalStrength( 275): getCdmaLevel=3
07-14 17:37:53.060 W/SignalStrength( 275): getLevel=3
07-14 17:37:53.060 W/SignalStrength( 482): getCdmaLevel=3
07-14 17:37:53.060 W/SignalStrength( 482): getEvdoLevel=0
07-14 17:37:53.060 W/SignalStrength( 482): getCdmaLevel=3
07-14 17:37:53.060 W/SignalStrength( 482): getLevel=3
07-14 17:38:05.490 V/StatusBar.BatteryController( 482): status5batteryHealth 2
07-14 17:38:05.490 D/StatusBar.BatteryController( 482): mOldstatus5status 5
07-14 17:38:05.490 D/StatusBar.BatteryController( 482): now old status is 5
07-14 17:38:07.060 W/SignalStrength( 275): getCdmaLevel=2
07-14 17:38:07.060 W/SignalStrength( 275): getEvdoLevel=0
07-14 17:38:07.060 W/SignalStrength( 275): getCdmaLevel=2
07-14 17:38:07.060 W/SignalStrength( 275): getLevel=2
07-14 17:38:07.070 W/SignalStrength( 482): getCdmaLevel=2
07-14 17:38:07.070 W/SignalStrength( 482): getEvdoLevel=0
07-14 17:38:07.070 W/SignalStrength( 482): getCdmaLevel=2
07-14 17:38:07.070 W/SignalStrength( 482): getLevel=2
07-14 17:38:09.060 W/SignalStrength( 275): getCdmaLevel=3
07-14 17:38:09.060 W/SignalStrength( 275): getEvdoLevel=0
07-14 17:38:09.060 W/SignalStrength( 275): getCdmaLevel=3
07-14 17:38:09.060 W/SignalStrength( 275): getLevel=3
07-14 17:38:09.070 W/SignalStrength( 482): getCdmaLevel=3
07-14 17:38:09.070 W/SignalStrength( 482): getEvdoLevel=0
07-14 17:38:09.070 W/SignalStrength( 482): getCdmaLevel=3
07-14 17:38:09.070 W/SignalStrength( 482): getLevel=3
07-14 17:38:15.510 V/StatusBar.BatteryController( 482): status5batteryHealth 2
07-14 17:38:15.510 D/StatusBar.BatteryController( 482): mOldstatus5status 5
07-14 17:38:15.510 D/StatusBar.BatteryController( 482): now old status is 5
07-14 17:38:17.070 W/SignalStrength( 275): getCdmaLevel=2
07-14 17:38:17.070 W/SignalStrength( 275): getEvdoLevel=0
07-14 17:38:17.070 W/SignalStrength( 275): getCdmaLevel=2
07-14 17:38:17.070 W/SignalStrength( 275): getLevel=2
07-14 17:38:17.070 W/SignalStrength( 482): getCdmaLevel=2
07-14 17:38:17.070 W/SignalStrength( 482): getEvdoLevel=0
