07-14 14:43:14.010 W/SignalStrength( 275): getCdmaLevel=3
07-14 14:43:14.010 W/SignalStrength( 275): getLevel=3
07-14 14:43:14.020 W/SignalStrength( 482): getCdmaLevel=3
07-14 14:43:14.020 W/SignalStrength( 482): getEvdoLevel=0
07-14 14:43:14.020 W/SignalStrength( 482): getCdmaLevel=3
07-14 14:43:14.020 W/SignalStrength( 482): getLevel=3
07-14 14:43:14.270 D/FactoryTestApp( 1739): [Class] DummyFtClient , [Method] onDestroy , [Message] Destroy DummyFtClient service
07-14 14:43:14.280 D/FactoryTestApp( 1739): [Class] Support , [Method] Values.getString , [Message] id=MODEL_COMMUNICATION_MODE, value=cdma
07-14 14:43:14.280 I/FactoryTestApp( 1739): [Class] ModuleCommon , [Method] isConnectionModeNone , [Message] mConnectionMode = cdma
07-14 14:43:15.140 I/ActivityManager( 275): No longer want app.processName (pid 1838): hidden #16
07-14 14:43:16.010 W/SignalStrength( 275): getCdmaLevel=3
07-14 14:43:16.010 W/SignalStrength( 275): getEvdoLevel=0
07-14 14:43:16.010 W/SignalStrength( 275): getCdmaLevel=3
07-14 14:43:16.010 W/SignalStrength( 275): getLevel=3
07-14 14:43:16.020 W/SignalStrength( 482): getCdmaLevel=3
07-14 14:43:16.020 W/SignalStrength( 482): getEvdoLevel=0
07-14 14:43:16.020 W/SignalStrength( 482): getCdmaLevel=3
07-14 14:43:16.020 W/SignalStrength( 482): getLevel=3
07-14 14:43:16.920 E/SMD ( 104): DCD OFF
07-14 14:43:18.470 D/Tethering( 275): interfaceLinkStateChanged wlan0, true
07-14 14:43:18.470 D/Tethering( 275): interfaceStatusChanged wlan0, true
07-14 14:43:19.010 W/SignalStrength( 275): getCdmaLevel=3
07-14 14:43:19.010 W/SignalStrength( 275): getEvdoLevel=0
07-14 14:43:19.010 W/SignalStrength( 275): getCdmaLevel=3
07-14 14:43:19.010 W/SignalStrength( 275): getLevel=3
07-14 14:43:19.020 W/SignalStrength( 482): getCdmaLevel=3
07-14 14:43:19.020 W/SignalStrength( 482): getEvdoLevel=0
07-14 14:43:19.020 W/SignalStrength( 482): getCdmaLevel=3
07-14 14:43:19.020 W/SignalStrength( 482): getLevel=3
07-14 14:43:19.920 E/SMD ( 104): DCD OFF
07-14 14:43:20.990 I/ActivityManager( 275): Start proc app.processName for service hostingNameStr: pid=2362 uid=10014 gids={1015, 1023, 2001}
07-14 14:43:21.930 V/StatusBar.BatteryController( 482): status2batteryHealth 2
07-14 14:43:21.930 D/StatusBar.BatteryController( 482): mOldstatus2status 2
07-14 14:43:21.930 D/StatusBar.BatteryController( 482): now old status is 2
07-14 14:43:22.430 I/PackageManager( 275): Removing non-system package:org.gophotog.myclockapp
07-14 14:43:22.430 I/ActivityManager( 275): Force stopping package name uid=10062
07-14 14:43:22.630 I/PackageManager( 275): Running dexopt on: org.gophotog.myclockapp
07-14 14:43:22.920 E/SMD ( 104): DCD OFF
07-14 14:43:23.880 I/ActivityManager( 275): Force stopping package name uid=10062
07-14 14:43:24.090 D/PackageManager( 275): New package installed in
07-14 14:43:24.280 I/ActivityManager( 275): Force stopping package name uid=10062
07-14 14:43:24.420 D/PackageManager( 275): generateServicesMap(android.accounts.AccountAuthenticator): 4 services unchanged
07-14 14:43:24.530 I/ActivityManager( 275): Start proc app.processName for broadcast hostingNameStr: pid=2381 uid=10020 gids={3003, 1015, 1023}
07-14 14:43:24.570 D/PackageManager( 275): generateServicesMap(android.content.SyncAdapter): 22 services unchanged
07-14 14:43:24.640 D/AccountTypeManager( 1114): Registering 1 extension packages
07-14 14:43:24.680 V/AudioPolicyManagerBase( 112): getNewDevice() selected device 0
07-14 14:43:24.680 V/AudioPolicyManagerBase( 112): getDeviceForStrategy() from cache strategy 0, device 2
07-14 14:43:24.700 E/ExternalAccountType( 1114): Unsupported attribute readOnly
07-14 14:43:24.720 D/VolumePanel( 275): onVolumeChanged(streamType: 3, flags: 64)
07-14 14:43:24.720 D/BackupManagerService( 275): Received broadcast Intent { act=android.intent.action.PACKAGE_REMOVED dat=package:org.gophotog.myclockapp flg=0x10000010 (has extras) }
07-14 14:43:24.730 V/AudioPolicyManagerBase( 112): getNewDevice() selected device 0
07-14 14:43:24.730 V/AudioPolicyManagerBase( 112): getDeviceForStrategy() from cache strategy 0, device 2
07-14 14:43:24.740 D/AudioService( 275): getStreamVolume(3)
07-14 14:43:24.740 V/AudioPolicyManagerBase( 112): getNewDevice() selected device 0
07-14 14:43:24.740 V/AudioPolicyManagerBase( 112): getDeviceForStrategy() from cache strategy 0, device 2
07-14 14:43:24.740 D/PackageManager( 275): generateServicesMap(android.accounts.AccountAuthenticator): 4 services unchanged
07-14 14:43:24.770 D/PackageManager( 275): generateServicesMap(android.content.SyncAdapter): 22 services unchanged
07-14 14:43:24.840 D/AccountTypeManager( 1114): Registering extension package account type=com.google, dataSet=plus, packageName=com.google.android.apps.plus
07-14 14:43:24.850 I/AccountTypeManager( 1114): Loaded meta-data for 3 account types, 2 accounts in 300ms(wall) 24ms(cpu)
07-14 14:43:24.850 D/AccountTypeManager( 1114): Registering 1 extension packages
07-14 14:43:24.860 I/ActivityThread( 2381): Pub com.android.gallery3d.provider: com.android.gallery3d.provider.GalleryProvider
07-14 14:43:24.890 E/ExternalAccountType( 1114): Unsupported attribute readOnly
07-14 14:43:25.000 D/BackupManagerService( 275): Received broadcast Intent { act=android.intent.action.PACKAGE_ADDED dat=package:org.gophotog.myclockapp flg=0x10000010 (has extras) }
07-14 14:43:25.000 V/BackupManagerService( 275): updatePackageParticipantsLocked: #1
07-14 14:43:25.110 D/BackupManagerService( 275): Received broadcast Intent { act=android.intent.action.PACKAGE_REPLACED dat=package:org.gophotog.myclockapp flg=0x10000010 (has extras) }
07-14 14:43:25.110 V/BackupManagerService( 275): updatePackageParticipantsLocked: #1
07-14 14:43:25.270 I/ActivityManager( 275): Start proc app.processName for broadcast hostingNameStr: pid=2394 uid=1000 gids={3001, 3002, 1023, 1006, 1007, 3003, 1015, 1001, 3007}
07-14 14:43:25.270 I/ActivityManager( 275): No longer want app.processName (pid 1601): hidden #16
07-14 14:43:25.290 D/AccountTypeManager( 1114): Registering extension package account type=com.google, dataSet=plus, packageName=com.google.android.apps.plus
07-14 14:43:25.350 I/AccountTypeManager( 1114): Loaded meta-data for 3 account types, 2 accounts in 502ms(wall) 24ms(cpu)
07-14 14:43:25.410 I/ActivityManager( 275): Start proc app.processName for broadcast hostingNameStr: pid=2407 uid=10034 gids={3003, 3002}
07-14 14:43:25.480 I/ActivityManager( 275): No longer want app.processName (pid 1851): hidden #16
07-14 14:43:25.510 I/ActivityManager( 275): Start proc app.processName for broadcast hostingNameStr: pid=2419 uid=10050 gids={3002}
07-14 14:43:25.570 I/ActivityManager( 275): No longer want app.processName (pid 1968): hidden #16
07-14 14:43:25.630 D/PackageBroadcastService( 736): Received broadcast action=android.intent.action.PACKAGE_REMOVED and uri=org.gophotog.myclockapp
07-14 14:43:25.640 I/ActivityManager( 275): Start proc app.processName for broadcast hostingNameStr: pid=2433 uid=10013 gids={3003, 1015, 1023, 1007, 1006, 3002, 3001, 2001, 3006}
07-14 14:43:25.830 I/MultiDex( 2433): install
07-14 14:43:25.830 I/MultiDex( 2433): MultiDexExtractor.load(/data/app/com.google.android.gms-2.apk, false)
07-14 14:43:25.840 I/MultiDex( 2433): loading existing secondary dex files
07-14 14:43:25.840 I/MultiDex( 2433): load found 1 secondary dex files
07-14 14:43:25.840 I/MultiDex( 2433): install done
07-14 14:43:25.840 I/ActivityThread( 2433): Pub com.google.android.gms.drive: com.google.android.gms.drive.data.sync.syncadapter.DatabaseNotificationContentProvider
07-14 14:43:25.880 I/ProviderInstaller( 2433): Insert disabled by gate 'gms:security:enable_conscrypt_in_gms_application'
07-14 14:43:25.900 I/ActivityManager( 275): Start proc app.processName for broadcast hostingNameStr: pid=2449 uid=10039 gids={3003, 1015, 1023}
07-14 14:43:25.900 I/ActivityManager( 275): No longer want app.processName (pid 1725): hidden #16
07-14 14:43:25.920 E/SMD ( 104): DCD OFF
07-14 14:43:26.070 I/ActivityThread( 2449): Pub com.google.android.finsky.QSBSuggestionsProvider2: com.google.android.finsky.providers.QSBSuggestionsProvider
07-14 14:43:26.070 I/ActivityThread( 2449): Pub com.google.android.finsky.AppIconProvider: com.google.android.finsky.providers.AppIconProvider
07-14 14:43:26.070 I/ActivityThread( 2449): Pub com.google.android.finsky.RecentSuggestionsProvider: com.google.android.finsky.providers.RecentSuggestionsProvider
07-14 14:43:26.200 D/Finsky ( 2449): [1] FinskyApp.onCreate: Initializing network with DFE https://android.clients.google.com/fdfe/
07-14 14:43:26.240 W/dalvikvm( 2449): VFY: unable to resolve static method 876: Landroid/provider/Settings$Global;.getInt (Landroid/content/ContentResolver;Ljava/lang/String;I)I
07-14 14:43:26.240 D/Finsky ( 2449): [1] DailyHygiene.goMakeHygieneIfDirty: No need to run daily hygiene.
07-14 14:43:26.260 W/dalvikvm( 2449): VFY: unable to resolve virtual method 643: Landroid/net/ConnectivityManager;.isActiveNetworkMetered ()Z
07-14 14:43:26.290 W/dalvikvm( 2449): VFY: unable to resolve virtual method 383: Landroid/content/pm/PackageManager;.extendVerificationTimeout (IIJ)V
07-14 14:43:26.310 I/ActivityManager( 275): No longer want app.processName (pid 2039): hidden #16
07-14 14:43:26.600 I/ActivityManager( 275): Start proc app.processName for broadcast hostingNameStr: pid=2481 uid=10024 gids={3003}
07-14 14:43:26.600 I/ActivityManager( 275): No longer want app.processName (pid 1692): hidden #16
07-14 14:43:26.640 D/Finsky ( 2449): [1] 2.run: Loaded library for account: [t9fR9-wdggBqDU7apIl5Abm-Zn4]
07-14 14:43:26.640 D/Finsky ( 2449): [1] 2.run: Finished loading 1 libraries.
07-14 14:43:26.670 I/ActivityThread( 2481): Pub com.google.android.partnersetup.rlzprovider: com.google.android.partnersetup.RlzProvider
07-14 14:43:26.670 I/ActivityThread( 2481): Pub com.google.android.partnersetup.rlzappprovider: com.google.android.partnersetup.RlzAppProvider
07-14 14:43:26.800 D/Finsky ( 2449): [1] GmsCoreHelper.cleanupNlp: result=false type=4
07-14 14:43:26.810 D/PackageBroadcastService( 736): Received broadcast action=android.intent.action.PACKAGE_ADDED and uri=org.gophotog.myclockapp
07-14 14:43:27.560 D/Finsky ( 2449): [1] RestoreTracker.stopServiceIfDone: Restore complete with 0 success and 0 failed.
07-14 14:43:27.660 D/Tethering( 275): interfaceLinkStateChanged wlan0, true
07-14 14:43:27.660 D/Tethering( 275): interfaceStatusChanged wlan0, true
07-14 14:43:27.830 I/ActivityManager( 275): START {intent.toShortString} from pid 2508
07-14 14:43:27.870 D/InputTransport( 275): Input channel constructed: ashmemFd=248, receivePipeFd=252, sendPipeFd=251
07-14 14:43:27.870 D/InputTransport( 275): Input channel constructed: ashmemFd=249, receivePipeFd=250, sendPipeFd=253
07-14 14:43:27.890 D/PackageBroadcastService( 736): Received broadcast action=android.intent.action.PACKAGE_REPLACED and uri=org.gophotog.myclockapp
07-14 14:43:27.920 D/memalloc( 107): /dev/pmem: Allocated buffer base:0x415f0000 size:614400 offset:614400 fd:36
07-14 14:43:27.920 D/memalloc( 275): /dev/pmem: Mapped buffer base:0x52395000 size:1228800 offset:614400 fd:256
07-14 14:43:27.980 I/Adreno200-EGLSUB( 107): : Android Image
07-14 14:43:27.980 I/Adreno200-EGLSUB( 107): : RGBA_8888
07-14 14:43:27.980 I/ActivityManager( 275): Start proc app.processName for activity hostingNameStr: pid=2522 uid=10062 gids={3003, 1007}
07-14 14:43:28.030 I/PeopleContactsSync( 736): CP2 sync disabled
07-14 14:43:28.040 I/PeopleContactsSync( 736): CP2 sync disabled
07-14 14:43:28.060 I/ActivityManager( 275): Start proc app.processName for broadcast hostingNameStr: pid=2534 uid=10030 gids={3003, 1015, 1023}
07-14 14:43:28.060 I/ActivityManager( 275): No longer want app.processName (pid 1780): hidden #16
07-14 14:43:28.070 I/WindowManager( 275): SCREENLAYOUT_SIZE (1:small, 2:normal, 3:large, 4:xlarge) 2
07-14 14:43:28.070 V/WindowManager( 275): rotationForOrientationLw(orient=-1, last=0); user=0 mLidOpen=-1 mDockMode=0 mHdmiPlugged=false mAccelerometerDefault=1 sensorRotation=-1
07-14 14:43:28.760 D/MyClockApp.MyDigitalClock( 2522): +MyDigitalClock(Content, AttributeSet)
07-14 14:43:28.760 D/MyClockApp.MyDigitalClock( 2522): +initClock
07-14 14:43:28.820 D/MyClockApp.MyDigitalClock( 2522): -initClock
07-14 14:43:28.820 D/MyClockApp.MyDigitalClock( 2522): -MyDigitalClock(Content, AttributeSet)
07-14 14:43:28.820 D/MyClockApp( 2522): +onStart
07-14 14:43:28.840 D/MyClockApp( 2522): isAvailable: true
07-14 14:43:28.840 D/MyClockApp( 2522): isConnected: true
07-14 14:43:28.840 D/MyClockApp( 2522): isConnectedOrConnecting: true
07-14 14:43:28.840 D/MyClockApp( 2522): isFailover: false
07-14 14:43:28.840 D/MyClockApp( 2522): isRoaming: false
07-14 14:43:28.840 D/MyClockApp( 2522): strExtra: null
07-14 14:43:28.840 D/MyClockApp( 2522): strReason: null
07-14 14:43:28.840 D/MyClockApp( 2522): iSubType: 0
07-14 14:43:28.840 D/MyClockApp( 2522): strSubtypeName:
07-14 14:43:28.840 D/MyClockApp( 2522): iType: 1
07-14 14:43:28.840 D/MyClockApp( 2522): strType: WIFI
07-14 14:43:28.840 D/MyClockApp( 2522): strString: NetworkInfo: type: WIFI[], state: CONNECTED/CONNECTED, reason: (unspecified), extra: (none), roaming: false, failover: false, isAvailable: true
07-14 14:43:28.920 I/ActivityThread( 2534): Pub com.google.android.apps.magazines.webdata: com.google.apps.dots.android.newsstand.provider.WebDataContentProvider
07-14 14:43:28.920 E/SMD ( 104): DCD OFF
07-14 14:43:28.950 I/ActivityThread( 2534): Pub com.google.android.apps.magazines: com.google.apps.dots.android.newsstand.provider.NSContentProvider
07-14 14:43:29.130 W/dalvikvm( 2534): VFY: unable to resolve static method 6692: Landroid/webkit/WebView;.setWebContentsDebuggingEnabled (Z)V
07-14 14:43:29.210 W/dalvikvm( 2534): VFY: unable to resolve virtual method 735: Landroid/content/res/Configuration;.getLayoutDirection ()I
07-14 14:43:29.480 D/MyClockApp.SntpClient( 2522): +requestTime
07-14 14:43:29.710 W/dalvikvm( 2534): VFY: unable to resolve static method 1346: Landroid/os/Trace;.beginSection (Ljava/lang/String;)V
07-14 14:43:29.710 D/memalloc( 575): /dev/pmem: Unmapping buffer base:0x51018000 size:4915200 offset:4300800
07-14 14:43:29.710 D/memalloc( 575): /dev/pmem: Unmapping buffer base:0x514dc000 size:5529600 offset:4915200
07-14 14:43:29.710 D/memalloc( 575): /dev/pmem: Unmapping buffer base:0x51a22000 size:6758400 offset:6144000
07-14 14:43:29.710 D/memalloc( 107): /dev/pmem: Freeing buffer base:0x41a0a000 size:614400 offset:4300800 fd:48
07-14 14:43:29.710 D/memalloc( 107): /dev/pmem: Freeing buffer base:0x41bcc000 size:614400 offset:6144000 fd:57
07-14 14:43:29.720 D/memalloc( 107): /dev/pmem: Freeing buffer base:0x41aa0000 size:614400 offset:4915200 fd:51
07-14 14:43:29.810 W/dalvikvm( 2534): VFY: unable to resolve static method 1347: Landroid/os/Trace;.endSection ()V
07-14 14:43:29.850 W/dalvikvm( 2534): VFY: unable to resolve static method 1347: Landroid/os/Trace;.endSection ()V
07-14 14:43:29.870 D/MyClockApp.SntpClient( 2522): -requestTime
07-14 14:43:29.870 D/MyClockApp( 2522): iCtr: 0
07-14 14:43:29.870 D/MyClockApp( 2522): lNtpTime: 1405363410618
07-14 14:43:29.870 D/MyClockApp( 2522): lElapsedRealtime: 83771
07-14 14:43:29.880 D/MyClockApp( 2522): lNtptimeReference: 83768
07-14 14:43:29.880 D/MyClockApp( 2522): lSNTPTime: 0
07-14 14:43:29.890 D/MyClockApp( 2522): +Datetime
07-14 14:43:29.890 D/MyClockApp( 2522): Current time: Mon Jul 14 14:43:29 EDT 2014
07-14 14:43:29.900 D/MyClockApp( 2522): -Datetime
07-14 14:43:29.900 D/MyClockApp( 2522): +SNTPDatetime
07-14 14:43:29.900 D/MyClockApp( 2522): lSNTPTime: 1405363410621
07-14 14:43:29.900 D/MyClockApp( 2522): SNTP Current time: Mon Jul 14 14:43:30 EDT 2014
07-14 14:43:29.900 D/MyClockApp( 2522): -SNTPDatetime
07-14 14:43:29.900 W/GAV2 ( 2534): Thread[main,5,main]: Need to call initialize() and be in fallback mode to start dispatch.
07-14 14:43:29.900 D/MyClockApp( 2522): strStorageLocation: /data/data/org.gophotog.myclockapp/files
07-14 14:43:29.900 D/MyClockApp( 2522): -onStart
07-14 14:43:29.930 D/InputTransport( 275): Input channel constructed: ashmemFd=254, receivePipeFd=261, sendPipeFd=260
07-14 14:43:29.930 D/InputTransport( 275): Input channel constructed: ashmemFd=255, receivePipeFd=259, sendPipeFd=262
07-14 14:43:29.930 D/InputTransport( 275): Input channel destroyed: ashmemFd=255, receivePipeFd=259, sendPipeFd=262
07-14 14:43:29.930 D/InputTransport( 2522): Input channel constructed: ashmemFd=42, receivePipeFd=43, sendPipeFd=44
07-14 14:43:29.940 D/MyClockApp.MyDigitalClock( 2522): +onAttachedToWindow
07-14 14:43:29.940 D/MyClockApp.MyDigitalClock( 2522): -onAttachedToWindow
07-14 14:43:30.060 W/dalvikvm( 2534): VFY: unable to resolve virtual method 848: Landroid/graphics/Bitmap;.getAllocationByteCount ()I
07-14 14:43:30.060 W/dalvikvm( 2534): VFY: unable to resolve virtual method 858: Landroid/graphics/Bitmap;.reconfigure (IILandroid/graphics/Bitmap$Config;)V
07-14 14:43:30.060 I/Adreno200-EGLSUB( 2522): : Format RGBA_8888.
07-14 14:43:30.070 D/memalloc( 107): /dev/pmem: Allocated buffer base:0x415f0000 size:614400 offset:4300800 fd:39
07-14 14:43:30.070 D/memalloc( 2522): /dev/pmem: Mapped buffer base:0x50912000 size:4915200 offset:4300800 fd:49
07-14 14:43:30.100 I/ActivityThread( 2534): Pub com.google.android.apps.magazines.exported: com.google.apps.dots.android.newsstand.provider.ExportedContentProvider
07-14 14:43:30.120 I/NSApplication( 2534): Starting up...
07-14 14:43:30.200 I/ActivityManager( 275): Start proc app.processName for broadcast hostingNameStr: pid=2574 uid=10025 gids={3003}
07-14 14:43:30.200 I/ActivityManager( 275): No longer want app.processName (pid 1814): hidden #16
07-14 14:43:30.310 I/ActivityThread( 2574): Pub com.google.android.googlequicksearchbox.shortcuts: com.google.android.googlequicksearchbox.WebHistoryProvider
07-14 14:43:30.310 I/ActivityThread( 2574): Pub com.google.android.googlequicksearchbox.google: com.google.android.googlequicksearchbox.google.GoogleSuggestionProvider
07-14 14:43:30.360 D/GCM ( 592): GcmService start Intent { act=com.google.android.gms.INITIALIZE flg=0x10 pkg=com.google.android.gms cmp=xxxx } com.google.android.gms.INITIALIZE
07-14 14:43:30.360 D/memalloc( 107): /dev/pmem: Allocated buffer base:0x415f0000 size:614400 offset:4915200 fd:48
07-14 14:43:30.370 D/memalloc( 2522): /dev/pmem: Mapped buffer base:0x5102f000 size:5529600 offset:4915200 fd:52
07-14 14:43:30.390 I/ActivityManager( 275): Displayed shortComponentName: +2s443ms (total +44s996ms)
07-14 14:43:30.390 D/InputTransport( 275): Input channel destroyed: ashmemFd=248, receivePipeFd=252, sendPipeFd=251
07-14 14:43:30.390 D/PowerManagerService( 275): acquireWakeLock flags=0xa tag=KEEP_SCREEN_ON_FLAG uid=1000 pid=275 myUID=1000 myPID=275 myTID=435
07-14 14:43:30.400 D/InputTransport( 275): Input channel destroyed: ashmemFd=249, receivePipeFd=250, sendPipeFd=253
07-14 14:43:30.400 D/PowerManagerService( 275): setScreenBrightnessOverride : mScreenBrightnessOverride : 102
07-14 14:43:30.400 I/PowerManagerService( 275): Ulight 3->3|1
07-14 14:43:30.420 I/Adreno200-EGLSUB( 107): : Android Image
07-14 14:43:30.420 I/Adreno200-EGLSUB( 107): : RGBA_8888
07-14 14:43:30.420 I/ActivityManager( 275): No longer want app.processName (pid 2094): hidden #16
07-14 14:43:30.440 D/memalloc( 107): /dev/pmem: Allocated buffer base:0x415f0000 size:614400 offset:1269760 fd:51
07-14 14:43:30.450 D/memalloc( 2522): /dev/pmem: Mapped buffer base:0x51675000 size:1884160 offset:1269760 fd:55
07-14 14:43:30.470 I/Adreno200-EGLSUB( 107): : Android Image
07-14 14:43:30.470 I/Adreno200-EGLSUB( 107): : RGBA_8888
07-14 14:43:30.570 D/memalloc( 275): /dev/pmem: Unmapping buffer base:0x52395000 size:1228800 offset:614400
07-14 14:43:30.590 D/memalloc( 107): /dev/pmem: Freeing buffer base:0x41686000 size:614400 offset:614400 fd:36
07-14 14:43:30.720 I/PowerManagerService( 275): Light Animator Finished curIntValue=102
07-14 14:43:31.100 I/Adreno200-EGLSUB( 107): : Android Image
07-14 14:43:31.100 I/Adreno200-EGLSUB( 107): : RGBA_8888
07-14 14:43:31.410 I/ActivityManager( 275): No longer want app.processName (pid 2171): hidden #16
07-14 14:43:31.930 E/SMD ( 104): DCD OFF
07-14 14:43:32.020 W/SignalStrength( 275): getCdmaLevel=2
07-14 14:43:32.020 W/SignalStrength( 275): getEvdoLevel=0
07-14 14:43:32.020 W/SignalStrength( 275): getCdmaLevel=2
07-14 14:43:32.020 W/SignalStrength( 275): getLevel=2
07-14 14:43:32.020 W/SignalStrength( 482): getCdmaLevel=2
07-14 14:43:32.020 W/SignalStrength( 482): getEvdoLevel=0
07-14 14:43:32.020 W/SignalStrength( 482): getCdmaLevel=2
07-14 14:43:32.020 W/SignalStrength( 482): getLevel=2
07-14 14:43:33.180 I/ActivityManager( 275): Start proc app.processName for service hostingNameStr: pid=2597 uid=10013 gids={3003, 1015, 1023, 1007, 1006, 3002, 3001, 2001, 3006}
07-14 14:43:34.010 D/Finsky ( 2449): [1] SelfUpdateScheduler.checkForSelfUpdate: Skipping DFE self-update. Local Version [80280020] >= Server Version [-1]
07-14 14:43:34.220 W/NetworkManagementSocketTagger( 2449): untagSocket(48) failed with errno -22
07-14 14:43:34.930 E/SMD ( 104): DCD OFF
07-14 14:43:34.940 I/GAV2 ( 2534): Thread[GAThread,5,main]: No campaign data found.
07-14 14:43:35.150 D/Finsky ( 2449): [1] CheckWifiAndAutoUpdate.cancelCheck: Cancelling auto-update wifi check.
07-14 14:43:35.680 W/NetworkManagementSocketTagger( 2449): untagSocket(48) failed with errno -22
07-14 14:43:35.800 D/Finsky ( 2449): [1] MultiWayUpdateController.captureVariesByAccount: Change varies-by-account for com.google.android.music to true
07-14 14:43:35.880 D/Finsky ( 2449): [1] DailyHygiene.flushEventLogsAndContinue: Flushing event logs for [t9fR9-wdggBqDU7apIl5Abm-Zn4]
07-14 14:43:35.910 I/ActivityManager( 275): No longer want app.processName (pid 1872): hidden #16
07-14 14:43:37.930 E/SMD ( 104): DCD OFF
07-14 14:43:40.930 E/SMD ( 104): DCD OFF
07-14 14:43:41.950 V/StatusBar.BatteryController( 482): status2batteryHealth 2
07-14 14:43:41.950 D/StatusBar.BatteryController( 482): mOldstatus2status 2
07-14 14:43:41.960 D/StatusBar.BatteryController( 482): now old status is 2
07-14 14:43:43.940 E/SMD ( 104): DCD OFF
07-14 14:43:44.730 D/Tethering( 275): interfaceLinkStateChanged wlan0, true
07-14 14:43:44.730 D/Tethering( 275): interfaceStatusChanged wlan0, true
07-14 14:43:46.940 E/SMD ( 104): DCD OFF
07-14 14:43:49.940 E/SMD ( 104): DCD OFF
07-14 14:43:50.480 D/Finsky ( 2449): [1] 5.onFinished: Installation state replication succeeded.
07-14 14:43:51.740 D/Tethering( 275): interfaceLinkStateChanged wlan0, true
07-14 14:43:51.740 D/Tethering( 275): interfaceStatusChanged wlan0, true
07-14 14:43:51.970 V/StatusBar.BatteryController( 482): status2batteryHealth 2
07-14 14:43:51.970 D/StatusBar.BatteryController( 482): mOldstatus2status 2
07-14 14:43:51.970 D/StatusBar.BatteryController( 482): now old status is 2
07-14 14:43:52.940 E/SMD ( 104): DCD OFF
07-14 14:43:52.990 E/WifiStateMachine( 275): set suspend optimizations failed!
07-14 14:43:53.780 D/Tethering( 275): interfaceLinkStateChanged wlan0, true
07-14 14:43:53.780 D/Tethering( 275): interfaceStatusChanged wlan0, true
07-14 14:43:53.790 D/Tethering( 275): interfaceLinkStateChanged wlan0, true
07-14 14:43:53.790 D/Tethering( 275): interfaceStatusChanged wlan0, true
07-14 14:43:53.980 E/WifiStateMachine( 275): set suspend optimizations failed!
07-14 14:43:54.030 W/SignalStrength( 275): getCdmaLevel=2
07-14 14:43:54.030 W/SignalStrength( 275): getEvdoLevel=0
07-14 14:43:54.030 W/SignalStrength( 275): getCdmaLevel=2
07-14 14:43:54.030 W/SignalStrength( 275): getLevel=2
07-14 14:43:54.030 W/SignalStrength( 482): getCdmaLevel=2
07-14 14:43:54.030 W/SignalStrength( 482): getEvdoLevel=0
07-14 14:43:54.030 W/SignalStrength( 482): getCdmaLevel=2
07-14 14:43:54.030 W/SignalStrength( 482): getLevel=2
07-14 14:43:54.180 I/GCoreUlr( 768): Successfully inserted location
07-14 14:43:54.180 I/GCoreUlr( 768): Not uploading first location since start (in case we're in restart loop)
07-14 14:43:55.950 E/SMD ( 104): DCD OFF
07-14 14:43:58.950 E/SMD ( 104): DCD OFF
07-14 14:44:01.950 E/SMD ( 104): DCD OFF
07-14 14:44:02.000 V/StatusBar.BatteryController( 482): status2batteryHealth 2
07-14 14:44:02.000 D/StatusBar.BatteryController( 482): mOldstatus2status 2
07-14 14:44:02.000 D/StatusBar.BatteryController( 482): now old status is 2
07-14 14:44:04.960 E/SMD ( 104): DCD OFF
07-14 14:44:07.960 E/SMD ( 104): DCD OFF
07-14 14:44:10.600 W/ThrottleService( 275): unable to find stats for iface rmnet0
07-14 14:44:10.960 E/SMD ( 104): DCD OFF
07-14 14:44:11.880 I/PackageManager( 275): Removing non-system package:org.gophotog.myclockapp
07-14 14:44:11.880 I/ActivityManager( 275): Force stopping package name uid=10062
07-14 14:44:11.890 D/memalloc( 2522): /dev/pmem: Unmapping buffer base:0x50912000 size:4915200 offset:4300800
07-14 14:44:11.890 D/memalloc( 2522): /dev/pmem: Unmapping buffer base:0x5102f000 size:5529600 offset:4915200
07-14 14:44:11.890 D/memalloc( 2522): /dev/pmem: Unmapping buffer base:0x51675000 size:1884160 offset:1269760
07-14 14:44:11.890 D/memalloc( 107): /dev/pmem: Freeing buffer base:0x41aa0000 size:614400 offset:4915200 fd:48
07-14 14:44:11.890 D/memalloc( 107): /dev/pmem: Freeing buffer base:0x41726000 size:614400 offset:1269760 fd:51
07-14 14:44:11.890 I/ActivityManager( 275): Killing proc 2522:org.gophotog.myclockapp/10062: force stop
07-14 14:44:11.890 W/ActivityManager( 275): Force removing r: app died, no saved state
07-14 14:44:11.900 D/PowerManagerService( 275): releaseWakeLockLocked flags=0x0 tag=KEEP_SCREEN_ON_FLAG myUID=1000 myPID=275 myTID=676
07-14 14:44:11.900 D/PowerManagerService( 275): setScreenBrightnessOverride : mScreenBrightnessOverride : -1
07-14 14:44:11.900 I/PowerManagerService( 275): Ulight 3->3|1
07-14 14:44:11.910 V/WindowManager( 275): rotationForOrientationLw(orient=5, last=0); user=0 mLidOpen=-1 mDockMode=0 mHdmiPlugged=false mAccelerometerDefault=1 sensorRotation=-1
07-14 14:44:11.920 I/WindowManager( 275): SCREENLAYOUT_SIZE (1:small, 2:normal, 3:large, 4:xlarge) 2
07-14 14:44:11.960 I/Adreno200-EGLSUB( 575): : Format RGBA_8888.
07-14 14:44:11.960 D/memalloc( 107): /dev/pmem: Allocated buffer base:0x415f0000 size:614400 offset:614400 fd:36
07-14 14:44:11.970 D/memalloc( 575): /dev/pmem: Mapped buffer base:0x51259000 size:1228800 offset:614400 fd:51
07-14 14:44:12.010 D/memalloc( 107): /dev/pmem: Allocated buffer base:0x415f0000 size:614400 offset:4915200 fd:48
07-14 14:44:12.010 D/memalloc( 575): /dev/pmem: Mapped buffer base:0x514cc000 size:5529600 offset:4915200 fd:54
07-14 14:44:12.020 I/Adreno200-EGLSUB( 107): : Android Image
07-14 14:44:12.020 I/Adreno200-EGLSUB( 107): : RGBA_8888
07-14 14:44:12.040 D/memalloc( 107): /dev/pmem: Freeing buffer base:0x41a0a000 size:614400 offset:4300800 fd:39
07-14 14:44:12.040 D/InputTransport( 275): Input channel destroyed: ashmemFd=254, receivePipeFd=261, sendPipeFd=260
07-14 14:44:12.040 I/WindowManager( 275): WIN DEATH: win
07-14 14:44:12.210 I/PowerManagerService( 275): Light Animator Finished curIntValue=148
07-14 14:44:12.320 I/PackageManager( 275): Running dexopt on: org.gophotog.myclockapp
07-14 14:44:13.320 I/ActivityManager( 275): Force stopping package name uid=10062
07-14 14:44:13.580 D/PackageManager( 275): New package installed in
07-14 14:44:13.770 I/ActivityManager( 275): Force stopping package name uid=10062
07-14 14:44:13.960 E/SMD ( 104): DCD OFF
07-14 14:44:14.170 D/AccountTypeManager( 1114): Registering 1 extension packages
07-14 14:44:14.200 D/PackageManager( 275): generateServicesMap(android.accounts.AccountAuthenticator): 4 services unchanged
07-14 14:44:14.250 D/PackageManager( 275): generateServicesMap(android.content.SyncAdapter): 22 services unchanged
07-14 14:44:14.260 E/ExternalAccountType( 1114): Unsupported attribute readOnly
07-14 14:44:14.310 D/PackageBroadcastService( 736): Received broadcast action=android.intent.action.PACKAGE_REMOVED and uri=org.gophotog.myclockapp
07-14 14:44:14.350 V/AudioPolicyManagerBase( 112): getNewDevice() selected device 0
07-14 14:44:14.350 V/AudioPolicyManagerBase( 112): getDeviceForStrategy() from cache strategy 0, device 2
07-14 14:44:14.360 D/PackageManager( 275): generateServicesMap(android.accounts.AccountAuthenticator): 4 services unchanged
07-14 14:44:14.360 D/BackupManagerService( 275): Received broadcast Intent { act=android.intent.action.PACKAGE_REMOVED dat=package:org.gophotog.myclockapp flg=0x10000010 (has extras) }
07-14 14:44:14.390 D/memalloc( 107): /dev/pmem: Allocated buffer base:0x415f0000 size:614400 offset:4300800 fd:39
07-14 14:44:14.390 D/memalloc( 575): /dev/pmem: Mapped buffer base:0x4ff49000 size:4915200 offset:4300800 fd:42
07-14 14:44:14.390 I/Adreno200-EGLSUB( 107): : Android Image
07-14 14:44:14.390 I/Adreno200-EGLSUB( 107): : RGBA_8888
07-14 14:44:14.400 D/PackageManager( 275): generateServicesMap(android.content.SyncAdapter): 22 services unchanged
07-14 14:44:14.450 D/AccountTypeManager( 1114): Registering extension package account type=com.google, dataSet=plus, packageName=com.google.android.apps.plus
07-14 14:44:14.480 I/AccountTypeManager( 1114): Loaded meta-data for 3 account types, 2 accounts in 435ms(wall) 24ms(cpu)
07-14 14:44:14.640 D/BackupManagerService( 275): Received broadcast Intent { act=android.intent.action.PACKAGE_ADDED dat=package:org.gophotog.myclockapp flg=0x10000010 (has extras) }
07-14 14:44:14.640 V/BackupManagerService( 275): updatePackageParticipantsLocked: #1
07-14 14:44:14.680 I/Adreno200-EGLSUB( 107): : Android Image
07-14 14:44:14.680 I/Adreno200-EGLSUB( 107): : RGBA_8888
07-14 14:44:14.790 D/VolumePanel( 275): onVolumeChanged(streamType: 3, flags: 64)
07-14 14:44:14.790 D/AccountTypeManager( 1114): Registering 1 extension packages
07-14 14:44:14.790 V/AudioPolicyManagerBase( 112): getNewDevice() selected device 0
07-14 14:44:14.790 V/AudioPolicyManagerBase( 112): getDeviceForStrategy() from cache strategy 0, device 2
07-14 14:44:14.800 D/AudioService( 275): getStreamVolume(3)
07-14 14:44:14.830 V/AudioPolicyManagerBase( 112): getNewDevice() selected device 0
07-14 14:44:14.830 V/AudioPolicyManagerBase( 112): getDeviceForStrategy() from cache strategy 0, device 2
07-14 14:44:14.860 D/PackageBroadcastService( 736): Received broadcast action=android.intent.action.PACKAGE_ADDED and uri=org.gophotog.myclockapp
07-14 14:44:14.860 D/BackupManagerService( 275): Received broadcast Intent { act=android.intent.action.PACKAGE_REPLACED dat=package:org.gophotog.myclockapp flg=0x10000010 (has extras) }
07-14 14:44:14.860 V/BackupManagerService( 275): updatePackageParticipantsLocked: #1
07-14 14:44:14.980 I/PeopleContactsSync( 736): CP2 sync disabled
07-14 14:44:15.380 E/ExternalAccountType( 1114): Unsupported attribute readOnly
07-14 14:44:15.390 D/PackageBroadcastService( 736): Received broadcast action=android.intent.action.PACKAGE_REPLACED and uri=org.gophotog.myclockapp
07-14 14:44:15.420 I/PeopleContactsSync( 736): CP2 sync disabled
07-14 14:44:15.460 D/AccountTypeManager( 1114): Registering extension package account type=com.google, dataSet=plus, packageName=com.google.android.apps.plus
07-14 14:44:15.460 I/AccountTypeManager( 1114): Loaded meta-data for 3 account types, 2 accounts in 984ms(wall) 24ms(cpu)
07-14 14:44:16.050 W/ProcessStats( 275): Skipping unknown process pid 2650
07-14 14:44:16.050 W/ProcessStats( 275): Skipping unknown process pid 2652
07-14 14:44:16.570 I/ActivityManager( 275): START {intent.toShortString} from pid 2688
07-14 14:44:16.600 D/InputTransport( 275): Input channel constructed: ashmemFd=248, receivePipeFd=252, sendPipeFd=251
07-14 14:44:16.600 D/InputTransport( 275): Input channel constructed: ashmemFd=249, receivePipeFd=250, sendPipeFd=253
07-14 14:44:16.640 I/ActivityManager( 275): Start proc app.processName for activity hostingNameStr: pid=2699 uid=10062 gids={3003, 1007}
07-14 14:44:16.650 D/memalloc( 107): /dev/pmem: Allocated buffer base:0x415f0000 size:614400 offset:1269760 fd:51
07-14 14:44:16.660 D/memalloc( 275): /dev/pmem: Mapped buffer base:0x52395000 size:1884160 offset:1269760 fd:256
07-14 14:44:16.680 I/Adreno200-EGLSUB( 107): : Android Image
07-14 14:44:16.680 I/Adreno200-EGLSUB( 107): : RGBA_8888
07-14 14:44:16.720 I/WindowManager( 275): SCREENLAYOUT_SIZE (1:small, 2:normal, 3:large, 4:xlarge) 2
07-14 14:44:16.720 V/WindowManager( 275): rotationForOrientationLw(orient=-1, last=0); user=0 mLidOpen=-1 mDockMode=0 mHdmiPlugged=false mAccelerometerDefault=1 sensorRotation=-1
07-14 14:44:16.960 E/SMD ( 104): DCD OFF
07-14 14:44:17.020 D/MyClockApp.MyDigitalClock( 2699): +MyDigitalClock(Content, AttributeSet)
07-14 14:44:17.020 D/MyClockApp.MyDigitalClock( 2699): +initClock
07-14 14:44:17.030 D/MyClockApp.MyDigitalClock( 2699): -initClock
07-14 14:44:17.030 D/MyClockApp.MyDigitalClock( 2699): -MyDigitalClock(Content, AttributeSet)
07-14 14:44:17.030 D/MyClockApp( 2699): +onStart
07-14 14:44:17.030 D/MyClockApp( 2699): isAvailable: true
07-14 14:44:17.030 D/MyClockApp( 2699): isConnected: true
07-14 14:44:17.030 D/MyClockApp( 2699): isConnectedOrConnecting: true
07-14 14:44:17.030 D/MyClockApp( 2699): isFailover: false
07-14 14:44:17.030 D/MyClockApp( 2699): isRoaming: false
07-14 14:44:17.040 D/MyClockApp( 2699): strExtra: null
07-14 14:44:17.040 D/MyClockApp( 2699): strReason: null
07-14 14:44:17.040 D/MyClockApp( 2699): iSubType: 0
07-14 14:44:17.040 D/MyClockApp( 2699): strSubtypeName:
07-14 14:44:17.040 D/MyClockApp( 2699): iType: 1
07-14 14:44:17.040 D/MyClockApp( 2699): strType: WIFI
07-14 14:44:17.040 D/MyClockApp( 2699): strString: NetworkInfo: type: WIFI[], state: CONNECTED/CONNECTED, reason: (unspecified), extra: (none), roaming: false, failover: false, isAvailable: true
07-14 14:44:17.040 D/MyClockApp.SntpClient( 2699): +requestTime
07-14 14:44:17.060 D/memalloc( 575): /dev/pmem: Unmapping buffer base:0x51259000 size:1228800 offset:614400
07-14 14:44:17.060 D/memalloc( 575): /dev/pmem: Unmapping buffer base:0x514cc000 size:5529600 offset:4915200
07-14 14:44:17.060 D/memalloc( 575): /dev/pmem: Unmapping buffer base:0x4ff49000 size:4915200 offset:4300800
07-14 14:44:17.060 D/memalloc( 107): /dev/pmem: Freeing buffer base:0x41aa0000 size:614400 offset:4915200 fd:48
07-14 14:44:17.060 D/memalloc( 107): /dev/pmem: Freeing buffer base:0x41a0a000 size:614400 offset:4300800 fd:39
07-14 14:44:17.190 D/MyClockApp.SntpClient( 2699): -requestTime
07-14 14:44:17.190 D/MyClockApp( 2699): iCtr: 0
07-14 14:44:17.190 D/MyClockApp( 2699): lNtpTime: 1405363457909
07-14 14:44:17.190 D/MyClockApp( 2699): lElapsedRealtime: 131086
07-14 14:44:17.190 D/MyClockApp( 2699): lNtptimeReference: 131084
07-14 14:44:17.210 D/MyClockApp( 2699): lSNTPTime: 0
07-14 14:44:17.210 D/MyClockApp( 2699): +Datetime
07-14 14:44:17.210 D/MyClockApp( 2699): Current time: Mon Jul 14 14:44:17 EDT 2014
07-14 14:44:17.210 D/MyClockApp( 2699): -Datetime
07-14 14:44:17.220 D/MyClockApp( 2699): +SNTPDatetime
07-14 14:44:17.220 D/MyClockApp( 2699): lSNTPTime: 1405363457911
07-14 14:44:17.220 D/MyClockApp( 2699): SNTP Current time: Mon Jul 14 14:44:17 EDT 2014
07-14 14:44:17.220 D/MyClockApp( 2699): -SNTPDatetime
07-14 14:44:17.220 D/MyClockApp( 2699): strStorageLocation: /data/data/org.gophotog.myclockapp/files
07-14 14:44:17.220 D/MyClockApp( 2699): -onStart
07-14 14:44:17.380 D/memalloc( 107): /dev/pmem: Freeing buffer base:0x41686000 size:614400 offset:614400 fd:36
07-14 14:44:17.400 D/InputTransport( 275): Input channel constructed: ashmemFd=254, receivePipeFd=261, sendPipeFd=260
07-14 14:44:17.400 D/InputTransport( 275): Input channel constructed: ashmemFd=255, receivePipeFd=259, sendPipeFd=262
07-14 14:44:17.410 D/InputTransport( 275): Input channel destroyed: ashmemFd=255, receivePipeFd=259, sendPipeFd=262
07-14 14:44:17.410 D/InputTransport( 2699): Input channel constructed: ashmemFd=42, receivePipeFd=43, sendPipeFd=44
07-14 14:44:17.410 D/MyClockApp.MyDigitalClock( 2699): +onAttachedToWindow
07-14 14:44:17.410 D/MyClockApp.MyDigitalClock( 2699): -onAttachedToWindow
07-14 14:44:17.460 I/Adreno200-EGLSUB( 2699): : Format RGBA_8888.
07-14 14:44:17.460 D/memalloc( 107): /dev/pmem: Allocated buffer base:0x415f0000 size:614400 offset:614400 fd:36
07-14 14:44:17.460 D/memalloc( 2699): /dev/pmem: Mapped buffer base:0x50912000 size:1228800 offset:614400 fd:49
07-14 14:44:17.590 D/memalloc( 107): /dev/pmem: Allocated buffer base:0x415f0000 size:614400 offset:1884160 fd:39
07-14 14:44:17.590 D/memalloc( 2699): /dev/pmem: Mapped buffer base:0x50cab000 size:2498560 offset:1884160 fd:52
07-14 14:44:17.600 I/ActivityManager( 275): Displayed shortComponentName: +982ms
07-14 14:44:17.600 D/InputTransport( 275): Input channel destroyed: ashmemFd=248, receivePipeFd=252, sendPipeFd=251
07-14 14:44:17.600 D/InputTransport( 275): Input channel destroyed: ashmemFd=249, receivePipeFd=250, sendPipeFd=253
07-14 14:44:17.600 D/PowerManagerService( 275): acquireWakeLock flags=0xa tag=KEEP_SCREEN_ON_FLAG uid=1000 pid=275 myUID=1000 myPID=275 myTID=435
07-14 14:44:17.600 D/PowerManagerService( 275): setScreenBrightnessOverride : mScreenBrightnessOverride : 25
07-14 14:44:17.600 I/PowerManagerService( 275): Ulight 3->3|1
07-14 14:44:17.650 I/Adreno200-EGLSUB( 107): : Android Image
07-14 14:44:17.650 I/Adreno200-EGLSUB( 107): : RGBA_8888
07-14 14:44:17.780 D/memalloc( 275): /dev/pmem: Unmapping buffer base:0x52395000 size:1884160 offset:1269760
07-14 14:44:17.800 D/memalloc( 107): /dev/pmem: Freeing buffer base:0x41726000 size:614400 offset:1269760 fd:51
07-14 14:44:17.910 W/PowerManagerService( 275): Timer 0x3->0x3|0x3
07-14 14:44:17.920 I/PowerManagerService( 275): Light Animator Finished curIntValue=25
07-14 14:44:18.110 D/memalloc( 107): /dev/pmem: Allocated buffer base:0x415f0000 size:614400 offset:1269760 fd:48
07-14 14:44:18.110 D/memalloc( 2699): /dev/pmem: Mapped buffer base:0x5100d000 size:1884160 offset:1269760 fd:55
07-14 14:44:18.110 I/Adreno200-EGLSUB( 107): : Android Image
07-14 14:44:18.110 I/Adreno200-EGLSUB( 107): : RGBA_8888
07-14 14:44:19.110 I/Adreno200-EGLSUB( 107): : Android Image
07-14 14:44:19.110 I/Adreno200-EGLSUB( 107): : RGBA_8888
07-14 14:44:19.970 E/SMD ( 104): DCD OFF
07-14 14:44:22.080 D/Tethering( 275): interfaceLinkStateChanged wlan0, true
07-14 14:44:22.080 D/Tethering( 275): interfaceStatusChanged wlan0, true
07-14 14:44:22.970 E/SMD ( 104): DCD OFF
07-14 14:44:25.970 E/SMD ( 104): DCD OFF
07-14 14:44:27.090 D/Tethering( 275): interfaceLinkStateChanged wlan0, true
07-14 14:44:27.090 D/Tethering( 275): interfaceStatusChanged wlan0, true
07-14 14:44:28.970 E/SMD ( 104): DCD OFF
07-14 14:44:30.170 D/Finsky ( 2449): [1] 5.onFinished: Installation state replication succeeded.
07-14 14:44:31.970 E/SMD ( 104): DCD OFF
07-14 14:44:32.060 V/StatusBar.BatteryController( 482): status2batteryHealth 2
07-14 14:44:32.060 D/StatusBar.BatteryController( 482): mOldstatus2status 2
07-14 14:44:32.060 D/StatusBar.BatteryController( 482): now old status is 2
07-14 14:44:34.980 E/SMD ( 104): DCD OFF
07-14 14:44:35.950 V/WindowOrientationListener( 275): Proposed rotation changed! proposedRotation=1, oldProposedRotation=-1currentRotation = 0
07-14 14:44:35.950 V/WindowManager( 275): rotationForOrientationLw(orient=-1, last=0); user=0 mLidOpen=-1 mDockMode=0 mHdmiPlugged=false mAccelerometerDefault=1 sensorRotation=1
07-14 14:44:35.970 I/InputReader( 275): Reconfiguring input devices. changes=0x00000004
07-14 14:44:35.970 I/InputReader( 275): Device reconfigured: id=3, name='sec_touchscreen', surface size is now 320x480, mode is 1
07-14 14:44:35.990 I/WindowManager( 275): SCREENLAYOUT_SIZE (1:small, 2:normal, 3:large, 4:xlarge) 2
07-14 14:44:35.990 I/ActivityManager( 275): Config changed: {1.0 310mcc0mnc en_US layoutdir=0 sw320dp w480dp h295dp nrml land finger -keyb/v/h -nav/h s.6}
07-14 14:44:36.050 D/InputTransport( 275): Input channel constructed: ashmemFd=248, receivePipeFd=252, sendPipeFd=251
07-14 14:44:36.050 D/InputTransport( 275): Input channel constructed: ashmemFd=249, receivePipeFd=250, sendPipeFd=253
07-14 14:44:36.060 D/InputTransport( 275): Input channel destroyed: ashmemFd=249, receivePipeFd=250, sendPipeFd=253
07-14 14:44:36.060 D/InputTransport( 482): Input channel constructed: ashmemFd=78, receivePipeFd=79, sendPipeFd=80
07-14 14:44:36.060 D/InputTransport( 275): Input channel destroyed: ashmemFd=194, receivePipeFd=220, sendPipeFd=219
07-14 14:44:36.070 D/MyClockApp.MyDigitalClock( 2699): +onDetachedFromWindow
07-14 14:44:36.070 D/MyClockApp.MyDigitalClock( 2699): -onDetachedFromWindow
07-14 14:44:36.070 D/InputTransport( 482): Input channel destroyed: ashmemFd=61, receivePipeFd=62, sendPipeFd=63
07-14 14:44:36.090 D/memalloc( 2699): /dev/pmem: Unmapping buffer base:0x50912000 size:1228800 offset:614400
07-14 14:44:36.090 D/memalloc( 2699): /dev/pmem: Unmapping buffer base:0x50cab000 size:2498560 offset:1884160
07-14 14:44:36.090 D/memalloc( 2699): /dev/pmem: Unmapping buffer base:0x5100d000 size:1884160 offset:1269760
07-14 14:44:36.090 D/memalloc( 107): /dev/pmem: Freeing buffer base:0x417bc000 size:614400 offset:1884160 fd:39
07-14 14:44:36.090 D/memalloc( 107): /dev/pmem: Freeing buffer base:0x41726000 size:614400 offset:1269760 fd:48
07-14 14:44:36.120 D/memalloc( 107): /dev/pmem: Freeing buffer base:0x41686000 size:614400 offset:614400 fd:36
07-14 14:44:36.120 D/InputTransport( 275): Input channel destroyed: ashmemFd=254, receivePipeFd=261, sendPipeFd=260
07-14 14:44:36.120 D/PowerManagerService( 275): releaseWakeLockLocked flags=0x0 tag=KEEP_SCREEN_ON_FLAG myUID=1000 myPID=275 myTID=285
07-14 14:44:36.190 D/InputTransport( 2699): Input channel destroyed: ashmemFd=42, receivePipeFd=43, sendPipeFd=44
07-14 14:44:36.220 D/memalloc( 107): /dev/pmem: Allocated buffer base:0x415f0000 size:552960 offset:614400 fd:36
07-14 14:44:36.220 D/memalloc( 107): /dev/pmem: Freeing buffer base:0x41974000 size:614400 offset:3686400 fd:45
07-14 14:44:36.220 D/memalloc( 482): /dev/pmem: Unmapping buffer base:0x501e4000 size:4300800 offset:3686400
07-14 14:44:36.220 D/memalloc( 482): /dev/pmem: Mapped buffer base:0x501e4000 size:1167360 offset:614400 fd:49
07-14 14:44:36.290 D/MyClockApp.MyDigitalClock( 2699): +MyDigitalClock(Content, AttributeSet)
07-14 14:44:36.290 D/MyClockApp.MyDigitalClock( 2699): +initClock
07-14 14:44:36.300 I/Adreno200-EGLSUB( 107): : Android Image
07-14 14:44:36.300 I/Adreno200-EGLSUB( 107): : RGBA_8888
07-14 14:44:36.310 D/MyClockApp.MyDigitalClock( 2699): -initClock
07-14 14:44:36.310 D/MyClockApp.MyDigitalClock( 2699): -MyDigitalClock(Content, AttributeSet)
07-14 14:44:36.310 D/MyClockApp( 2699): +onStart
07-14 14:44:36.310 D/MyClockApp( 2699): isAvailable: true
07-14 14:44:36.310 D/MyClockApp( 2699): isConnected: true
07-14 14:44:36.310 D/MyClockApp( 2699): isConnectedOrConnecting: true
07-14 14:44:36.310 D/MyClockApp( 2699): isFailover: false
07-14 14:44:36.310 D/MyClockApp( 2699): isRoaming: false
07-14 14:44:36.310 D/MyClockApp( 2699): strExtra: null
07-14 14:44:36.310 D/MyClockApp( 2699): strReason: null
07-14 14:44:36.310 D/MyClockApp( 2699): iSubType: 0
07-14 14:44:36.310 D/MyClockApp( 2699): strSubtypeName:
07-14 14:44:36.310 D/MyClockApp( 2699): iType: 1
07-14 14:44:36.310 D/MyClockApp( 2699): strType: WIFI
07-14 14:44:36.310 D/MyClockApp( 2699): strString: NetworkInfo: type: WIFI[], state: CONNECTED/CONNECTED, reason: (unspecified), extra: (none), roaming: false, failover: false, isAvailable: true
07-14 14:44:36.330 D/memalloc( 107): /dev/pmem: Allocated buffer base:0x415f0000 size:32768 offset:1167360 fd:39
07-14 14:44:36.330 D/memalloc( 107): /dev/pmem: Freeing buffer base:0x41721000 size:20480 offset:1249280 fd:30
07-14 14:44:36.330 D/memalloc( 482): /dev/pmem: Unmapping buffer base:0x50c70000 size:1269760 offset:1249280
07-14 14:44:36.330 D/memalloc( 482): /dev/pmem: Mapped buffer base:0x50301000 size:1200128 offset:1167360 fd:63
07-14 14:44:36.340 I/Adreno200-EGLSUB( 107): : Android Image
07-14 14:44:36.340 I/Adreno200-EGLSUB( 107): : RGB_565
07-14 14:44:36.350 D/MyClockApp.SntpClient( 2699): +requestTime
07-14 14:44:36.390 D/memalloc( 107): /dev/pmem: Allocated buffer base:0x415f0000 size:32768 offset:1249280 fd:30
07-14 14:44:36.390 D/memalloc( 107): /dev/pmem: Freeing buffer base:0x4171c000 size:20480 offset:1228800 fd:33
07-14 14:44:36.390 D/memalloc( 482): /dev/pmem: Unmapping buffer base:0x4fd2f000 size:1249280 offset:1228800
07-14 14:44:36.390 D/memalloc( 482): /dev/pmem: Mapped buffer base:0x50426000 size:1282048 offset:1249280 fd:39
07-14 14:44:36.390 I/Adreno200-EGLSUB( 107): : Android Image
07-14 14:44:36.390 I/Adreno200-EGLSUB( 107): : RGB_565
07-14 14:44:36.440 D/MyClockApp.SntpClient( 2699): -requestTime
07-14 14:44:36.440 D/MyClockApp( 2699): iCtr: 0
07-14 14:44:36.440 D/MyClockApp( 2699): lNtpTime: 1405363477174
07-14 14:44:36.440 D/MyClockApp( 2699): lElapsedRealtime: 150337
07-14 14:44:36.440 D/MyClockApp( 2699): lNtptimeReference: 150335
07-14 14:44:36.440 D/MyClockApp( 2699): lSNTPTime: 1405363457911
07-14 14:44:36.440 D/MyClockApp( 2699): +Datetime
07-14 14:44:36.440 D/MyClockApp( 2699): Current time: Mon Jul 14 14:44:36 EDT 2014
07-14 14:44:36.450 D/MyClockApp( 2699): -Datetime
07-14 14:44:36.450 D/MyClockApp( 2699): +SNTPDatetime
07-14 14:44:36.450 D/MyClockApp( 2699): lSNTPTime: 1405363477176
07-14 14:44:36.450 D/MyClockApp( 2699): SNTP Current time: Mon Jul 14 14:44:37 EDT 2014
07-14 14:44:36.460 D/MyClockApp( 2699): -SNTPDatetime
07-14 14:44:36.470 D/MyClockApp( 2699): strStorageLocation: /data/data/org.gophotog.myclockapp/files
07-14 14:44:36.470 D/MyClockApp( 2699): -onStart
07-14 14:44:36.480 D/InputTransport( 275): Input channel constructed: ashmemFd=194, receivePipeFd=250, sendPipeFd=249
07-14 14:44:36.480 D/InputTransport( 275): Input channel constructed: ashmemFd=219, receivePipeFd=220, sendPipeFd=253
07-14 14:44:36.480 D/InputTransport( 275): Input channel destroyed: ashmemFd=219, receivePipeFd=220, sendPipeFd=253
07-14 14:44:36.480 D/InputTransport( 2699): Input channel constructed: ashmemFd=47, receivePipeFd=48, sendPipeFd=49
07-14 14:44:36.480 D/MyClockApp.MyDigitalClock( 2699): +onAttachedToWindow
07-14 14:44:36.480 D/MyClockApp.MyDigitalClock( 2699): -onAttachedToWindow
07-14 14:44:36.500 I/Adreno200-EGLSUB( 2699): : Format RGBA_8888.
07-14 14:44:36.500 D/memalloc( 107): /dev/pmem: Allocated buffer base:0x415f0000 size:614400 offset:1282048 fd:33
07-14 14:44:36.500 D/PowerManagerService( 275): acquireWakeLock flags=0xa tag=KEEP_SCREEN_ON_FLAG uid=1000 pid=275 myUID=1000 myPID=275 myTID=587
07-14 14:44:36.510 D/memalloc( 2699): /dev/pmem: Mapped buffer base:0x50cab000 size:1896448 offset:1282048 fd:44
07-14 14:44:36.540 D/memalloc( 107): /dev/pmem: Allocated buffer base:0x415f0000 size:614400 offset:1896448 fd:45
07-14 14:44:36.540 D/memalloc( 2699): /dev/pmem: Mapped buffer base:0x5100d000 size:2510848 offset:1896448 fd:52
07-14 14:44:36.560 I/Adreno200-EGLSUB( 107): : Android Image
07-14 14:44:36.560 I/Adreno200-EGLSUB( 107): : RGBA_8888
07-14 14:44:37.040 V/WindowManager( 275): rotationForOrientationLw(orient=-1, last=1); user=0 mLidOpen=-1 mDockMode=0 mHdmiPlugged=false mAccelerometerDefault=1 sensorRotation=-1
07-14 14:44:37.110 D/memalloc( 107): /dev/pmem: Allocated buffer base:0x415f0000 size:614400 offset:3686400 fd:48
07-14 14:44:37.110 D/memalloc( 2699): /dev/pmem: Mapped buffer base:0x51272000 size:4300800 offset:3686400 fd:55
07-14 14:44:37.120 I/Adreno200-EGLSUB( 107): : Android Image
07-14 14:44:37.120 I/Adreno200-EGLSUB( 107): : RGBA_8888
07-14 14:44:37.980 E/SMD ( 104): DCD OFF
07-14 14:44:38.110 I/Adreno200-EGLSUB( 107): : Android Image
07-14 14:44:38.110 I/Adreno200-EGLSUB( 107): : RGBA_8888
07-14 14:44:40.980 E/SMD ( 104): DCD OFF
07-14 14:44:42.080 V/StatusBar.BatteryController( 482): status2batteryHealth 2
07-14 14:44:42.080 D/StatusBar.BatteryController( 482): mOldstatus2status 2
07-14 14:44:42.080 D/StatusBar.BatteryController( 482): now old status is 2
07-14 14:44:42.130 W/PowerManagerService( 275): Timer 0x3->0x3|0x3
07-14 14:44:43.990 E/SMD ( 104): DCD OFF
07-14 14:44:46.990 E/SMD ( 104): DCD OFF
07-14 14:44:49.900 D/Tethering( 275): interfaceLinkStateChanged wlan0, true
07-14 14:44:49.900 D/Tethering( 275): interfaceStatusChanged wlan0, true
07-14 14:44:49.990 E/SMD ( 104): DCD OFF
07-14 14:44:52.100 V/StatusBar.BatteryController( 482): status2batteryHealth 2
07-14 14:44:52.110 D/StatusBar.BatteryController( 482): mOldstatus2status 2
07-14 14:44:52.110 D/StatusBar.BatteryController( 482): now old status is 2
07-14 14:44:52.990 E/SMD ( 104): DCD OFF
07-14 14:44:53.010 E/WifiStateMachine( 275): set suspend optimizations failed!
07-14 14:44:53.800 D/Tethering( 275): interfaceLinkStateChanged wlan0, true
07-14 14:44:53.800 D/Tethering( 275): interfaceStatusChanged wlan0, true
07-14 14:44:53.800 D/Tethering( 275): interfaceLinkStateChanged wlan0, true
07-14 14:44:53.800 D/Tethering( 275): interfaceStatusChanged wlan0, true
07-14 14:44:53.920 E/WifiStateMachine( 275): set suspend optimizations failed!
07-14 14:44:54.070 I/GCoreUlr( 768): Successfully inserted location
07-14 14:44:54.170 I/GCoreUlr( 768): Starting service, intent=Intent { cmp=xxxx }, extras=null
07-14 14:44:54.520 W/dalvikvm( 592): VFY: unable to resolve virtual method 1352: Landroid/app/PendingIntent;.getCreatorPackage ()Ljava/lang/String;
07-14 14:44:54.520 W/dalvikvm( 592): VFY: unable to resolve virtual method 1353: Landroid/app/PendingIntent;.getCreatorUid ()I
07-14 14:44:54.610 W/GLSUser ( 592): GoogleAccountDataService.getToken()
07-14 14:44:54.650 I/GoogleHttpClient( 592): Falling back to old SSLCertificateSocketFactory
07-14 14:44:54.650 I/GoogleHttpClient( 592): Using GMS GoogleHttpClient
07-14 14:44:54.680 I/NotificationStore( 592): file does not exist: /data/data/com.google.android.gms/files/notification_data.dat
07-14 14:44:55.150 I/InputReader( 275): Reconfiguring input devices. changes=0x00000004
07-14 14:44:55.150 I/InputReader( 275): Device reconfigured: id=3, name='sec_touchscreen', surface size is now 320x480, mode is 1
