07-14 15:13:05.120 I/ActivityManager( 275): No longer want app.processName (pid 2381): hidden #16
07-14 15:13:06.800 I/ActivityManager( 275): Start proc app.processName for service hostingNameStr: pid=4404 uid=10058 gids={3003, 1015, 1023}
07-14 15:13:07.380 W/GAV2 ( 4404): Thread[main,5,main]: Need to call initialize() and be in fallback mode to start dispatch.
07-14 15:13:07.420 W/dalvikvm( 4404): VFY: unable to resolve virtual method 89: Landroid/app/AlarmManager;.setExact (IJLandroid/app/PendingIntent;)V
07-14 15:13:07.480 I/ActivityManager( 275): No longer want app.processName (pid 2481): hidden #16
07-14 15:13:12.420 I/GAV2 ( 4404): Thread[GAThread,5,main]: No campaign data found.
07-14 15:13:14.390 V/StatusBar.BatteryController( 482): status5batteryHealth 2
07-14 15:13:14.390 D/StatusBar.BatteryController( 482): mOldstatus5status 5
07-14 15:13:14.390 D/StatusBar.BatteryController( 482): now old status is 5
07-14 15:13:17.500 D/Tethering( 275): interfaceLinkStateChanged wlan0, true
07-14 15:13:17.500 D/Tethering( 275): interfaceStatusChanged wlan0, true
07-14 15:13:34.430 V/StatusBar.BatteryController( 482): status5batteryHealth 2
07-14 15:13:34.430 D/StatusBar.BatteryController( 482): mOldstatus5status 5
07-14 15:13:34.430 D/StatusBar.BatteryController( 482): now old status is 5
07-14 15:14:10.620 W/ThrottleService( 275): unable to find stats for iface rmnet0
07-14 15:14:24.530 V/StatusBar.BatteryController( 482): status5batteryHealth 2
07-14 15:14:24.530 D/StatusBar.BatteryController( 482): mOldstatus5status 5
07-14 15:14:24.530 D/StatusBar.BatteryController( 482): now old status is 5
07-14 15:14:34.560 V/StatusBar.BatteryController( 482): status5batteryHealth 2
07-14 15:14:34.560 D/StatusBar.BatteryController( 482): mOldstatus5status 5
07-14 15:14:34.560 D/StatusBar.BatteryController( 482): now old status is 5
07-14 15:14:44.580 V/StatusBar.BatteryController( 482): status5batteryHealth 2
07-14 15:14:44.580 D/StatusBar.BatteryController( 482): mOldstatus5status 5
07-14 15:14:44.580 D/StatusBar.BatteryController( 482): now old status is 5
07-14 15:14:53.220 E/WifiStateMachine( 275): set suspend optimizations failed!
07-14 15:14:53.250 D/SensorManager( 768): registerListener :: handle = 0 name= BOSCH 3-axis Accelerometer delay= 10000 Listener= kvo@411d46d8
07-14 15:14:53.250 E/SensorManager( 768): thread start
07-14 15:14:53.250 E/SensorManager( 768): =======>>>Sensor Thread RUNNING <<<========
07-14 15:14:53.940 I/SensorManager( 768): Set normal delay = true
07-14 15:14:53.970 D/Tethering( 275): interfaceLinkStateChanged wlan0, true
07-14 15:14:53.970 D/Tethering( 275): interfaceStatusChanged wlan0, true
07-14 15:14:53.970 D/Tethering( 275): interfaceLinkStateChanged wlan0, true
07-14 15:14:53.970 D/Tethering( 275): interfaceStatusChanged wlan0, true
07-14 15:14:54.030 D/SensorManager( 768): unregisterListener:: disable all sensors for this listener, name = BOSCH 3-axis Accelerometer listener = kvo@411d46d8
07-14 15:14:54.100 E/WifiStateMachine( 275): set suspend optimizations failed!
07-14 15:14:54.230 I/GCoreUlr( 768): Successfully inserted location
07-14 15:14:54.230 I/GCoreUlr( 768): Not calling LocationReportingService, hasMoved: false, elapsed millis: 1800162, request: Phone
07-14 15:14:54.590 V/StatusBar.BatteryController( 482): status5batteryHealth 2
07-14 15:14:54.590 D/StatusBar.BatteryController( 482): mOldstatus5status 5
07-14 15:14:54.590 D/StatusBar.BatteryController( 482): now old status is 5
07-14 15:15:04.610 V/StatusBar.BatteryController( 482): status5batteryHealth 2
07-14 15:15:04.610 D/StatusBar.BatteryController( 482): mOldstatus5status 5
07-14 15:15:04.610 D/StatusBar.BatteryController( 482): now old status is 5
07-14 15:15:14.630 V/StatusBar.BatteryController( 482): status5batteryHealth 2
07-14 15:15:14.630 D/StatusBar.BatteryController( 482): mOldstatus5status 5
07-14 15:15:14.630 D/StatusBar.BatteryController( 482): now old status is 5
07-14 15:15:34.670 V/StatusBar.BatteryController( 482): status5batteryHealth 2
07-14 15:15:34.670 D/StatusBar.BatteryController( 482): mOldstatus5status 5
07-14 15:15:34.670 D/StatusBar.BatteryController( 482): now old status is 5
07-14 15:15:54.710 V/StatusBar.BatteryController( 482): status5batteryHealth 2
07-14 15:15:54.710 D/StatusBar.BatteryController( 482): mOldstatus5status 5
07-14 15:15:54.710 D/StatusBar.BatteryController( 482): now old status is 5
07-14 15:16:04.730 V/StatusBar.BatteryController( 482): status5batteryHealth 2
07-14 15:16:04.730 D/StatusBar.BatteryController( 482): mOldstatus5status 5
07-14 15:16:04.730 D/StatusBar.BatteryController( 482): now old status is 5
07-14 15:16:24.770 V/StatusBar.BatteryController( 482): status5batteryHealth 2
07-14 15:16:24.770 D/StatusBar.BatteryController( 482): mOldstatus5status 5
07-14 15:16:24.770 D/StatusBar.BatteryController( 482): now old status is 5
07-14 15:16:34.790 V/StatusBar.BatteryController( 482): status5batteryHealth 2
07-14 15:16:34.790 D/StatusBar.BatteryController( 482): mOldstatus5status 5
07-14 15:16:34.790 D/StatusBar.BatteryController( 482): now old status is 5
07-14 15:16:44.820 V/StatusBar.BatteryController( 482): status5batteryHealth 2
07-14 15:16:44.820 D/StatusBar.BatteryController( 482): mOldstatus5status 5
07-14 15:16:44.820 D/StatusBar.BatteryController( 482): now old status is 5
07-14 15:16:54.830 V/StatusBar.BatteryController( 482): status5batteryHealth 2
07-14 15:16:54.830 D/StatusBar.BatteryController( 482): mOldstatus5status 5
07-14 15:16:54.830 D/StatusBar.BatteryController( 482): now old status is 5
07-14 15:16:59.990 I/ActivityManager( 275): No longer want app.processName (pid 1139): hidden #16
07-14 15:17:00.040 I/FactoryTestApp( 2977): [Class] FtClientCPO , [Method] onServiceDisconnected , [Message] disconnected done
07-14 15:17:00.040 W/ActivityManager( 275): Scheduling restart of crashed service r.shortName in 5000ms
07-14 15:17:00.050 I/FactoryTestApp( 2977): [Class] FtClientCPO , [Method] connectToSecPhoneService , [Message] Create sendMessenger - com.sec.phone.SecPhoneService
07-14 15:17:00.050 D/FactoryTestApp( 2977): [Class] FtClientCPO , [Method] onDestroy , [Message] Destroy FtClientCPO service
07-14 15:17:00.090 I/ActivityManager( 275): Start proc app.processName for service hostingNameStr: pid=4615 uid=10043 gids={3003}
07-14 15:17:00.160 I/APO/CPO ( 4615): Can not find at_distributor. Decided CPO mode
07-14 15:17:00.170 I/FactoryTestApp( 2977): [Class] FtClientCPO , [Method] onCreate , [Message] Create FtClientCPO service
07-14 15:17:00.170 I/FactoryTestApp( 2977): [Class] XMLDataStorage , [Method] parsingXML , [Message] FtClient => XML data parsing was completed.
07-14 15:17:00.170 I/FactoryTestApp( 2977): [Class] FtClientCPO , [Method] onCreate , [Message] FtClientCPO => XML data parsing was failed.
07-14 15:17:00.170 I/FactoryTestApp( 2977): [Class] FtClientCPO , [Method] connectToSecPhoneService , [Message] Create sendMessenger - com.sec.phone.SecPhoneService
07-14 15:17:00.170 I/FactoryTestApp( 2977): [Class] FtClientCPO , [Method] onCreate , [Message] mBroadcastReceiver registered
07-14 15:17:00.170 E/ActivityThread( 2977): Service com.sec.factory.cporiented.FtClientCPO has leaked ServiceConnection com.sec.factory.cporiented.FtClientCPO$1@411263d0 that was originally bound here
07-14 15:17:00.170 E/ActivityThread( 2977): android.app.ServiceConnectionLeaked: Service com.sec.factory.cporiented.FtClientCPO has leaked ServiceConnection com.sec.factory.cporiented.FtClientCPO$1@411263d0 that was originally bound here
07-14 15:17:00.170 E/ActivityThread( 2977): at android.app.LoadedApk$ServiceDispatcher.(LoadedApk.java:936)
07-14 15:17:00.170 E/ActivityThread( 2977): at android.app.LoadedApk.getServiceDispatcher(LoadedApk.java:830)
07-14 15:17:00.170 E/ActivityThread( 2977): at android.app.ContextImpl.bindService(ContextImpl.java:1117)
07-14 15:17:00.170 E/ActivityThread( 2977): at android.content.ContextWrapper.bindService(ContextWrapper.java:370)
07-14 15:17:00.170 E/ActivityThread( 2977): at com.sec.factory.cporiented.FtClientCPO.connectToSecPhoneService(FtClientCPO.java:113)
07-14 15:17:00.170 E/ActivityThread( 2977): at com.sec.factory.cporiented.FtClientCPO.onCreate(FtClientCPO.java:68)
07-14 15:17:00.170 E/ActivityThread( 2977): at android.app.ActivityThread.handleCreateService(ActivityThread.java:2257)
07-14 15:17:00.170 E/ActivityThread( 2977): at android.app.ActivityThread.access$1600(ActivityThread.java:123)
07-14 15:17:00.170 E/ActivityThread( 2977): at android.app.ActivityThread$H.handleMessage(ActivityThread.java:1205)
07-14 15:17:00.170 E/ActivityThread( 2977): at android.os.Handler.dispatchMessage(Handler.java:99)
07-14 15:17:00.170 E/ActivityThread( 2977): at android.os.Looper.loop(Looper.java:137)
07-14 15:17:00.170 E/ActivityThread( 2977): at android.app.ActivityThread.main(ActivityThread.java:4429)
07-14 15:17:00.170 E/ActivityThread( 2977): at java.lang.reflect.Method.invokeNative(Native Method)
07-14 15:17:00.170 E/ActivityThread( 2977): at java.lang.reflect.Method.invoke(Method.java:511)
07-14 15:17:00.170 E/ActivityThread( 2977): at com.android.internal.os.ZygoteInit$MethodAndArgsCaller.run(ZygoteInit.java:3151)
07-14 15:17:00.170 E/ActivityThread( 2977): at com.android.internal.os.ZygoteInit.main(ZygoteInit.java:2918)
07-14 15:17:00.170 E/ActivityThread( 2977): at dalvik.system.NativeStart.main(Native Method)
07-14 15:17:00.180 I/FactoryTestApp( 2977): [Class] FtClientCPO , [Method] onBind , [Message] start
07-14 15:17:00.190 I/FactoryTestApp( 2977): [Class] FtClientCPO , [Method] onServiceConnected , [Message] connected done
07-14 15:17:00.190 D/FactoryTestApp( 2977): [Class] ResponseWriterCPO , [Method] ResponseWriter , [Message] Create ResponseWriterCPO
07-14 15:17:00.190 D/FactoryTestApp( 2977): [Class] AtParserCPO , [Method] registerAllHandler , [Message] Register IPC command handler
07-14 15:17:00.190 D/FactoryTestApp( 2977): [Class] Support , [Method] Values.getBoolean , [Message] id=FACTORY_TEST_APO, value=false
07-14 15:17:00.190 D/FactoryTestApp( 2977): [Class] Support , [Method] Values.getString , [Message] id=FACTORY_TEST_PROTOCOL, value=NEW_DM
07-14 15:17:00.190 D/FactoryTestApp( 2977): [Class] Support , [Method] Values.getString , [Message] id=CHIPSET_NAME, value=7x27
07-14 15:17:00.190 D/FactoryTestApp( 2977): [Class] Support , [Method] Values.getString , [Message] id=CHIPSET_NAME, value=7x27
07-14 15:17:00.190 D/FactoryTestApp( 2977): [Class] Support , [Method] Values.getString , [Message] id=CHIPSET_NAME, value=7x27
07-14 15:17:00.190 D/FactoryTestApp( 2977): [Class] Support , [Method] Values.getString , [Message] id=CHIPSET_NAME, value=7x27
07-14 15:17:00.190 D/FactoryTestApp( 2977): [Class] Support , [Method] Values.getString , [Message] id=CHIPSET_NAME_CP, value=#DEFAULT
07-14 15:17:00.190 D/FactoryTestApp( 2977): [Class] Support , [Method] Values.getString , [Message] id=EFS_HW_PATH, value=/efs/FactoryApp/hw_ver
07-14 15:17:00.190 D/FactoryTestApp( 2977): [Class] AtVersname , [Method] AtVersname , [Message] EFS_HW_PATHis already existed...
07-14 15:17:00.200 D/FactoryTestApp( 2977): [Class] Support , [Method] Values.getString , [Message] id=CHIPSET_NAME, value=7x27
07-14 15:17:00.200 D/FactoryTestApp( 2977): [Class] Support , [Method] Values.getString , [Message] id=CHIPSET_NAME, value=7x27
07-14 15:17:00.200 D/FactoryTestApp( 2977): [Class] Support , [Method] Values.getString , [Message] id=SERIAL_NO, value=/efs/FactoryApp/serial_no
07-14 15:17:00.210 D/FactoryTestApp( 2977): [Class] Support , [Method] Values.getString , [Message] id=BATTERY_VOLT_ADC_CAL, value=/sys/class/power_supply/battery/batt_vol_adc_cal
07-14 15:17:00.210 D/FactoryTestApp( 2977): [Class] Support , [Method] Values.getString , [Message] id=FACTORY_MODE, value=/efs/FactoryApp/factorymode
07-14 15:17:00.210 D/FactoryTestApp( 2977): [Class] AtKstringb , [Method] AtKstringb , [Message] FACTORY_MODEis already existed...
07-14 15:17:00.220 D/FactoryTestApp( 2977): [Class] Support , [Method] Values.getString , [Message] id=KEYSTRING_BLOCK, value=/efs/FactoryApp/keystr
07-14 15:17:00.220 D/FactoryTestApp( 2977): [Class] AtKstringb , [Method] AtKstringb , [Message] KEYSTRING_BLOCKis already existed...
07-14 15:17:00.220 D/FactoryTestApp( 2977): [Class] Support , [Method] Values.getBoolean , [Message] id=IS_TSP_STANDARD, value=true
07-14 15:17:00.220 D/FactoryTestApp( 2977): [Class] Support , [Method] Values.getString , [Message] id=BAROMETE_DELTA, value=/efs/FactoryApp/baro_delta
07-14 15:17:00.220 D/FactoryTestApp( 2977): [Class] AtBaromete , [Method] AtBaromete , [Message] BAROMETE_DELTAis already existed...
07-14 15:17:01.090 I/FactoryTestApp( 2977): [Class] FtClientCPO , [Method] connectToSecPhoneService , [Message] Create sendMessenger - com.sec.phone.SecPhoneService
07-14 15:17:01.090 I/FactoryTestApp( 2977): [Class] FtClientCPO , [Method] onServiceConnected , [Message] connected done
07-14 15:17:01.090 D/FactoryTestApp( 2977): [Class] ResponseWriterCPO , [Method] ResponseWriter , [Message] Create ResponseWriterCPO
07-14 15:17:01.090 D/FactoryTestApp( 2977): [Class] AtParserCPO , [Method] registerAllHandler , [Message] Register IPC command handler
07-14 15:17:01.110 D/FactoryTestApp( 2977): [Class] Support , [Method] Values.getBoolean , [Message] id=FACTORY_TEST_APO, value=false
07-14 15:17:01.110 D/FactoryTestApp( 2977): [Class] Support , [Method] Values.getString , [Message] id=FACTORY_TEST_PROTOCOL, value=NEW_DM
07-14 15:17:01.110 D/FactoryTestApp( 2977): [Class] Support , [Method] Values.getString , [Message] id=CHIPSET_NAME, value=7x27
07-14 15:17:01.110 D/FactoryTestApp( 2977): [Class] Support , [Method] Values.getString , [Message] id=CHIPSET_NAME, value=7x27
07-14 15:17:01.110 D/FactoryTestApp( 2977): [Class] Support , [Method] Values.getString , [Message] id=CHIPSET_NAME, value=7x27
07-14 15:17:01.110 D/FactoryTestApp( 2977): [Class] Support , [Method] Values.getString , [Message] id=CHIPSET_NAME, value=7x27
07-14 15:17:01.110 D/FactoryTestApp( 2977): [Class] Support , [Method] Values.getString , [Message] id=CHIPSET_NAME_CP, value=#DEFAULT
07-14 15:17:01.130 D/FactoryTestApp( 2977): [Class] Support , [Method] Values.getString , [Message] id=EFS_HW_PATH, value=/efs/FactoryApp/hw_ver
07-14 15:17:01.130 D/FactoryTestApp( 2977): [Class] AtVersname , [Method] AtVersname , [Message] EFS_HW_PATHis already existed...
07-14 15:17:01.130 D/FactoryTestApp( 2977): [Class] Support , [Method] Values.getString , [Message] id=CHIPSET_NAME, value=7x27
07-14 15:17:01.130 D/FactoryTestApp( 2977): [Class] Support , [Method] Values.getString , [Message] id=CHIPSET_NAME, value=7x27
07-14 15:17:01.140 D/FactoryTestApp( 2977): [Class] Support , [Method] Values.getString , [Message] id=SERIAL_NO, value=/efs/FactoryApp/serial_no
07-14 15:17:01.150 D/FactoryTestApp( 2977): [Class] Support , [Method] Values.getString , [Message] id=BATTERY_VOLT_ADC_CAL, value=/sys/class/power_supply/battery/batt_vol_adc_cal
07-14 15:17:01.150 D/FactoryTestApp( 2977): [Class] Support , [Method] Values.getString , [Message] id=FACTORY_MODE, value=/efs/FactoryApp/factorymode
07-14 15:17:01.150 D/FactoryTestApp( 2977): [Class] AtKstringb , [Method] AtKstringb , [Message] FACTORY_MODEis already existed...
07-14 15:17:01.160 D/FactoryTestApp( 2977): [Class] Support , [Method] Values.getString , [Message] id=KEYSTRING_BLOCK, value=/efs/FactoryApp/keystr
07-14 15:17:01.160 D/FactoryTestApp( 2977): [Class] AtKstringb , [Method] AtKstringb , [Message] KEYSTRING_BLOCKis already existed...
07-14 15:17:01.160 D/FactoryTestApp( 2977): [Class] Support , [Method] Values.getBoolean , [Message] id=IS_TSP_STANDARD, value=true
07-14 15:17:01.170 D/FactoryTestApp( 2977): [Class] Support , [Method] Values.getString , [Message] id=BAROMETE_DELTA, value=/efs/FactoryApp/baro_delta
07-14 15:17:01.170 D/FactoryTestApp( 2977): [Class] AtBaromete , [Method] AtBaromete , [Message] BAROMETE_DELTAis already existed...
07-14 15:17:04.850 V/StatusBar.BatteryController( 482): status5batteryHealth 2
07-14 15:17:04.850 D/StatusBar.BatteryController( 482): mOldstatus5status 5
07-14 15:17:04.850 D/StatusBar.BatteryController( 482): now old status is 5
07-14 15:17:14.870 V/StatusBar.BatteryController( 482): status5batteryHealth 2
07-14 15:17:14.870 D/StatusBar.BatteryController( 482): mOldstatus5status 5
07-14 15:17:14.870 D/StatusBar.BatteryController( 482): now old status is 5
07-14 15:17:24.900 V/StatusBar.BatteryController( 482): status5batteryHealth 2
07-14 15:17:24.900 D/StatusBar.BatteryController( 482): mOldstatus5status 5
07-14 15:17:24.900 D/StatusBar.BatteryController( 482): now old status is 5
07-14 15:17:44.940 V/StatusBar.BatteryController( 482): status5batteryHealth 2
07-14 15:17:44.940 D/StatusBar.BatteryController( 482): mOldstatus5status 5
07-14 15:17:44.940 D/StatusBar.BatteryController( 482): now old status is 5
07-14 15:17:52.260 D/SensorManager( 768): registerListener :: handle = 0 name= BOSCH 3-axis Accelerometer delay= 10000 Listener= kvo@41166728
07-14 15:17:52.260 E/SensorManager( 768): thread start
07-14 15:17:52.260 E/SensorManager( 768): =======>>>Sensor Thread RUNNING <<<========
07-14 15:17:53.060 I/SensorManager( 768): Set normal delay = true
07-14 15:17:53.140 D/SensorManager( 768): unregisterListener:: disable all sensors for this listener, name = BOSCH 3-axis Accelerometer listener = kvo@41166728
07-14 15:18:15.000 V/StatusBar.BatteryController( 482): status5batteryHealth 2
07-14 15:18:15.000 D/StatusBar.BatteryController( 482): mOldstatus5status 5
07-14 15:18:15.000 D/StatusBar.BatteryController( 482): now old status is 5
07-14 15:18:25.020 V/StatusBar.BatteryController( 482): status5batteryHealth 2
07-14 15:18:25.020 D/StatusBar.BatteryController( 482): mOldstatus5status 5
07-14 15:18:25.020 D/StatusBar.BatteryController( 482): now old status is 5
07-14 15:18:35.030 V/StatusBar.BatteryController( 482): status5batteryHealth 2
07-14 15:18:35.030 D/StatusBar.BatteryController( 482): mOldstatus5status 5
07-14 15:18:35.030 D/StatusBar.BatteryController( 482): now old status is 5
07-14 15:18:45.060 V/StatusBar.BatteryController( 482): status5batteryHealth 2
07-14 15:18:45.060 D/StatusBar.BatteryController( 482): mOldstatus5status 5
07-14 15:18:45.060 D/StatusBar.BatteryController( 482): now old status is 5
07-14 15:18:55.080 V/StatusBar.BatteryController( 482): status5batteryHealth 2
07-14 15:18:55.080 D/StatusBar.BatteryController( 482): mOldstatus5status 5
07-14 15:18:55.080 D/StatusBar.BatteryController( 482): now old status is 5
07-14 15:19:05.090 V/StatusBar.BatteryController( 482): status5batteryHealth 2
07-14 15:19:05.090 D/StatusBar.BatteryController( 482): mOldstatus5status 5
07-14 15:19:05.090 D/StatusBar.BatteryController( 482): now old status is 5
07-14 15:19:15.120 V/StatusBar.BatteryController( 482): status5batteryHealth 2
07-14 15:19:15.120 D/StatusBar.BatteryController( 482): mOldstatus5status 5
07-14 15:19:15.120 D/StatusBar.BatteryController( 482): now old status is 5
07-14 15:19:25.130 V/StatusBar.BatteryController( 482): status5batteryHealth 2
07-14 15:19:25.140 D/StatusBar.BatteryController( 482): mOldstatus5status 5
07-14 15:19:25.140 D/StatusBar.BatteryController( 482): now old status is 5
07-14 15:19:45.170 V/StatusBar.BatteryController( 482): status5batteryHealth 2
07-14 15:19:45.170 D/StatusBar.BatteryController( 482): mOldstatus5status 5
07-14 15:19:45.170 D/StatusBar.BatteryController( 482): now old status is 5
07-14 15:19:55.190 V/StatusBar.BatteryController( 482): status5batteryHealth 2
07-14 15:19:55.190 D/StatusBar.BatteryController( 482): mOldstatus5status 5
07-14 15:19:55.190 D/StatusBar.BatteryController( 482): now old status is 5
07-14 15:20:15.230 V/StatusBar.BatteryController( 482): status5batteryHealth 2
07-14 15:20:15.230 D/StatusBar.BatteryController( 482): mOldstatus5status 5
07-14 15:20:15.230 D/StatusBar.BatteryController( 482): now old status is 5
07-14 15:20:25.250 V/StatusBar.BatteryController( 482): status5batteryHealth 2
07-14 15:20:25.250 D/StatusBar.BatteryController( 482): mOldstatus5status 5
07-14 15:20:25.250 D/StatusBar.BatteryController( 482): now old status is 5
07-14 15:20:35.280 V/StatusBar.BatteryController( 482): status5batteryHealth 2
07-14 15:20:35.280 D/StatusBar.BatteryController( 482): mOldstatus5status 5
07-14 15:20:35.280 D/StatusBar.BatteryController( 482): now old status is 5
07-14 15:20:45.290 V/StatusBar.BatteryController( 482): status5batteryHealth 2
07-14 15:20:45.290 D/StatusBar.BatteryController( 482): mOldstatus5status 5
07-14 15:20:45.290 D/StatusBar.BatteryController( 482): now old status is 5
07-14 15:20:51.450 D/SensorManager( 768): registerListener :: handle = 0 name= BOSCH 3-axis Accelerometer delay= 10000 Listener= kvo@412a8840
07-14 15:20:51.450 E/SensorManager( 768): thread start
07-14 15:20:51.450 E/SensorManager( 768): =======>>>Sensor Thread RUNNING <<<========
07-14 15:20:52.250 I/SensorManager( 768): Set normal delay = true
07-14 15:20:52.330 D/SensorManager( 768): unregisterListener:: disable all sensors for this listener, name = BOSCH 3-axis Accelerometer listener = kvo@412a8840
07-14 15:20:52.360 I/GCoreUlr( 768): Received powerMode change from NLP: com.google.android.location.activity.LOW_POWER_MODE_ENABLED
07-14 15:20:52.360 I/GCoreUlr( 768): Starting service, intent=Intent { act=com.google.android.location.reporting.ACTION_UPDATE_ACTIVE_STATE cmp=xxxx }, extras=null
07-14 15:20:52.400 I/GCoreUlr( 768): Ensuring that reporting is active for [account#15#]
07-14 15:20:52.410 I/GCoreUlr( 768): Starting service, intent=Intent { act=com.google.android.location.reporting.ACTION_LOCATION_STATUS cmp=xxxx (has extras) }, extras=Bundle[{status=LocationStatus[cell status: STATUS_UNKNOWN, wifi status: STATUS_UNKNOWN, elapsed realtime ns: 0]}]
07-14 15:20:55.310 V/StatusBar.BatteryController( 482): status5batteryHealth 2
07-14 15:20:55.310 D/StatusBar.BatteryController( 482): mOldstatus5status 5
07-14 15:20:55.310 D/StatusBar.BatteryController( 482): now old status is 5
07-14 15:21:05.330 V/StatusBar.BatteryController( 482): status5batteryHealth 2
07-14 15:21:05.330 D/StatusBar.BatteryController( 482): mOldstatus5status 5
07-14 15:21:05.330 D/StatusBar.BatteryController( 482): now old status is 5
07-14 15:21:15.350 V/StatusBar.BatteryController( 482): status5batteryHealth 2
07-14 15:21:15.350 D/StatusBar.BatteryController( 482): mOldstatus5status 5
07-14 15:21:15.350 D/StatusBar.BatteryController( 482): now old status is 5
07-14 15:21:35.390 V/StatusBar.BatteryController( 482): status5batteryHealth 2
07-14 15:21:35.390 D/StatusBar.BatteryController( 482): mOldstatus5status 5
07-14 15:21:35.390 D/StatusBar.BatteryController( 482): now old status is 5
07-14 15:21:45.410 V/StatusBar.BatteryController( 482): status5batteryHealth 2
07-14 15:21:45.410 D/StatusBar.BatteryController( 482): mOldstatus5status 5
07-14 15:21:45.410 D/StatusBar.BatteryController( 482): now old status is 5
07-14 15:21:55.430 V/StatusBar.BatteryController( 482): status5batteryHealth 2
07-14 15:21:55.430 D/StatusBar.BatteryController( 482): mOldstatus5status 5
07-14 15:21:55.430 D/StatusBar.BatteryController( 482): now old status is 5
07-14 15:22:03.530 I/EventLogService( 736): Aggregate from 1405363923408 (log), 1405363923408 (data)
07-14 15:22:05.460 V/StatusBar.BatteryController( 482): status5batteryHealth 2
07-14 15:22:05.460 D/StatusBar.BatteryController( 482): mOldstatus5status 5
07-14 15:22:05.460 D/StatusBar.BatteryController( 482): now old status is 5
07-14 15:22:15.470 V/StatusBar.BatteryController( 482): status5batteryHealth 2
07-14 15:22:15.480 D/StatusBar.BatteryController( 482): mOldstatus5status 5
07-14 15:22:15.480 D/StatusBar.BatteryController( 482): now old status is 5
07-14 15:22:36.920 W/SignalStrength( 275): getCdmaLevel=2
07-14 15:22:36.920 W/SignalStrength( 275): getEvdoLevel=0
07-14 15:22:36.920 W/SignalStrength( 275): getCdmaLevel=2
07-14 15:22:36.920 W/SignalStrength( 275): getLevel=2
07-14 15:22:36.920 W/SignalStrength( 482): getCdmaLevel=2
07-14 15:22:36.920 W/SignalStrength( 482): getEvdoLevel=0
07-14 15:22:36.920 W/SignalStrength( 482): getCdmaLevel=2
07-14 15:22:36.920 W/SignalStrength( 482): getLevel=2
07-14 15:22:37.920 W/SignalStrength( 275): getCdmaLevel=3
07-14 15:22:37.920 W/SignalStrength( 275): getEvdoLevel=0
07-14 15:22:37.920 W/SignalStrength( 275): getCdmaLevel=3
07-14 15:22:37.920 W/SignalStrength( 275): getLevel=3
07-14 15:22:37.920 W/SignalStrength( 482): getCdmaLevel=3
07-14 15:22:37.920 W/SignalStrength( 482): getEvdoLevel=0
07-14 15:22:37.920 W/SignalStrength( 482): getCdmaLevel=3
07-14 15:22:37.920 W/SignalStrength( 482): getLevel=3
07-14 15:23:05.570 V/StatusBar.BatteryController( 482): status5batteryHealth 2
07-14 15:23:05.570 D/StatusBar.BatteryController( 482): mOldstatus5status 5
07-14 15:23:05.570 D/StatusBar.BatteryController( 482): now old status is 5
07-14 15:23:12.440 I/ActivityManager( 275): No longer want app.processName (pid 2419): hidden #16
07-14 15:23:15.600 V/StatusBar.BatteryController( 482): status5batteryHealth 2
07-14 15:23:15.600 D/StatusBar.BatteryController( 482): mOldstatus5status 5
07-14 15:23:15.600 D/StatusBar.BatteryController( 482): now old status is 5
07-14 15:23:25.610 V/StatusBar.BatteryController( 482): status5batteryHealth 2
07-14 15:23:25.610 D/StatusBar.BatteryController( 482): mOldstatus5status 5
07-14 15:23:25.610 D/StatusBar.BatteryController( 482): now old status is 5
07-14 15:23:45.660 V/StatusBar.BatteryController( 482): status5batteryHealth 2
07-14 15:23:45.660 D/StatusBar.BatteryController( 482): mOldstatus5status 5
07-14 15:23:45.660 D/StatusBar.BatteryController( 482): now old status is 5
07-14 15:23:50.510 D/SensorManager( 768): registerListener :: handle = 0 name= BOSCH 3-axis Accelerometer delay= 10000 Listener= kvo@41249248
07-14 15:23:50.510 E/SensorManager( 768): thread start
07-14 15:23:50.510 E/SensorManager( 768): =======>>>Sensor Thread RUNNING <<<========
07-14 15:23:51.210 I/SensorManager( 768): Set normal delay = true
07-14 15:23:51.290 D/SensorManager( 768): unregisterListener:: disable all sensors for this listener, name = BOSCH 3-axis Accelerometer listener = kvo@41249248
07-14 15:23:55.670 V/StatusBar.BatteryController( 482): status5batteryHealth 2
07-14 15:23:55.670 D/StatusBar.BatteryController( 482): mOldstatus5status 5
07-14 15:23:55.670 D/StatusBar.BatteryController( 482): now old status is 5
07-14 15:24:05.690 V/StatusBar.BatteryController( 482): status5batteryHealth 2
07-14 15:24:05.690 D/StatusBar.BatteryController( 482): mOldstatus5status 5
07-14 15:24:05.690 D/StatusBar.BatteryController( 482): now old status is 5
07-14 15:24:10.630 W/ThrottleService( 275): unable to find stats for iface rmnet0
07-14 15:24:15.710 V/StatusBar.BatteryController( 482): status5batteryHealth 2
07-14 15:24:15.710 D/StatusBar.BatteryController( 482): mOldstatus5status 5
07-14 15:24:15.710 D/StatusBar.BatteryController( 482): now old status is 5
07-14 15:24:35.750 V/StatusBar.BatteryController( 482): status5batteryHealth 2
07-14 15:24:35.750 D/StatusBar.BatteryController( 482): mOldstatus5status 5
07-14 15:24:35.750 D/StatusBar.BatteryController( 482): now old status is 5
07-14 15:24:54.970 W/SignalStrength( 275): getCdmaLevel=2
07-14 15:24:54.970 W/SignalStrength( 275): getEvdoLevel=0
07-14 15:24:54.970 W/SignalStrength( 275): getCdmaLevel=2
07-14 15:24:54.970 W/SignalStrength( 275): getLevel=2
07-14 15:24:54.970 W/SignalStrength( 482): getCdmaLevel=2
07-14 15:24:54.970 W/SignalStrength( 482): getEvdoLevel=0
07-14 15:24:54.970 W/SignalStrength( 482): getCdmaLevel=2
07-14 15:24:54.970 W/SignalStrength( 482): getLevel=2
07-14 15:24:55.790 V/StatusBar.BatteryController( 482): status5batteryHealth 2
07-14 15:24:55.790 D/StatusBar.BatteryController( 482): mOldstatus5status 5
07-14 15:24:55.790 D/StatusBar.BatteryController( 482): now old status is 5
07-14 15:25:02.970 W/SignalStrength( 275): getCdmaLevel=3
07-14 15:25:02.970 W/SignalStrength( 275): getEvdoLevel=0
07-14 15:25:02.970 W/SignalStrength( 275): getCdmaLevel=3
07-14 15:25:02.970 W/SignalStrength( 275): getLevel=3
07-14 15:25:02.980 W/SignalStrength( 482): getCdmaLevel=3
07-14 15:25:02.980 W/SignalStrength( 482): getEvdoLevel=0
07-14 15:25:02.980 W/SignalStrength( 482): getCdmaLevel=3
07-14 15:25:02.980 W/SignalStrength( 482): getLevel=3
07-14 15:25:05.810 V/StatusBar.BatteryController( 482): status5batteryHealth 2
07-14 15:25:05.810 D/StatusBar.BatteryController( 482): mOldstatus5status 5
07-14 15:25:05.810 D/StatusBar.BatteryController( 482): now old status is 5
07-14 15:25:10.980 W/SignalStrength( 275): getCdmaLevel=2
07-14 15:25:10.980 W/SignalStrength( 275): getEvdoLevel=0
07-14 15:25:10.980 W/SignalStrength( 275): getCdmaLevel=2
07-14 15:25:10.980 W/SignalStrength( 275): getLevel=2
07-14 15:25:10.980 W/SignalStrength( 482): getCdmaLevel=2
07-14 15:25:10.980 W/SignalStrength( 482): getEvdoLevel=0
07-14 15:25:10.980 W/SignalStrength( 482): getCdmaLevel=2
07-14 15:25:10.980 W/SignalStrength( 482): getLevel=2
07-14 15:25:11.980 W/SignalStrength( 275): getCdmaLevel=3
07-14 15:25:11.980 W/SignalStrength( 275): getEvdoLevel=0
07-14 15:25:11.980 W/SignalStrength( 275): getCdmaLevel=3
07-14 15:25:11.980 W/SignalStrength( 275): getLevel=3
07-14 15:25:11.980 W/SignalStrength( 482): getCdmaLevel=3
07-14 15:25:11.980 W/SignalStrength( 482): getEvdoLevel=0
07-14 15:25:11.980 W/SignalStrength( 482): getCdmaLevel=3
07-14 15:25:11.980 W/SignalStrength( 482): getLevel=3
07-14 15:25:13.470 D/GCM ( 592): Ignoring attempt to send heartbeat on dead connection.
07-14 15:25:15.840 V/StatusBar.BatteryController( 482): status5batteryHealth 2
07-14 15:25:15.840 D/StatusBar.BatteryController( 482): mOldstatus5status 5
07-14 15:25:15.840 D/StatusBar.BatteryController( 482): now old status is 5
07-14 15:25:18.500 D/Tethering( 275): interfaceLinkStateChanged wlan0, true
07-14 15:25:18.500 D/Tethering( 275): interfaceStatusChanged wlan0, true
07-14 15:25:23.560 D/Tethering( 275): interfaceLinkStateChanged wlan0, true
07-14 15:25:23.560 D/Tethering( 275): interfaceStatusChanged wlan0, true
07-14 15:25:25.850 V/StatusBar.BatteryController( 482): status5batteryHealth 2
07-14 15:25:25.850 D/StatusBar.BatteryController( 482): mOldstatus5status 5
07-14 15:25:25.850 D/StatusBar.BatteryController( 482): now old status is 5
07-14 15:25:35.870 V/StatusBar.BatteryController( 482): status5batteryHealth 2
07-14 15:25:35.870 D/StatusBar.BatteryController( 482): mOldstatus5status 5
07-14 15:25:35.870 D/StatusBar.BatteryController( 482): now old status is 5
07-14 15:25:45.890 V/StatusBar.BatteryController( 482): status5batteryHealth 2
07-14 15:25:45.890 D/StatusBar.BatteryController( 482): mOldstatus5status 5
07-14 15:25:45.890 D/StatusBar.BatteryController( 482): now old status is 5
07-14 15:25:55.920 V/StatusBar.BatteryController( 482): status5batteryHealth 2
07-14 15:25:55.920 D/StatusBar.BatteryController( 482): mOldstatus5status 5
07-14 15:25:55.920 D/StatusBar.BatteryController( 482): now old status is 5
07-14 15:26:05.930 V/StatusBar.BatteryController( 482): status5batteryHealth 2
07-14 15:26:05.930 D/StatusBar.BatteryController( 482): mOldstatus5status 5
07-14 15:26:05.930 D/StatusBar.BatteryController( 482): now old status is 5
07-14 15:26:15.960 V/StatusBar.BatteryController( 482): status5batteryHealth 2
07-14 15:26:15.960 D/StatusBar.BatteryController( 482): mOldstatus5status 5
07-14 15:26:15.960 D/StatusBar.BatteryController( 482): now old status is 5
07-14 15:26:25.980 V/StatusBar.BatteryController( 482): status5batteryHealth 2
07-14 15:26:25.980 D/StatusBar.BatteryController( 482): mOldstatus5status 5
07-14 15:26:25.980 D/StatusBar.BatteryController( 482): now old status is 5
07-14 15:26:35.990 V/StatusBar.BatteryController( 482): status5batteryHealth 2
07-14 15:26:35.990 D/StatusBar.BatteryController( 482): mOldstatus5status 5
07-14 15:26:35.990 D/StatusBar.BatteryController( 482): now old status is 5
07-14 15:26:49.460 D/SensorManager( 768): registerListener :: handle = 0 name= BOSCH 3-axis Accelerometer delay= 10000 Listener= kvo@4141caf8
07-14 15:26:49.460 E/SensorManager( 768): thread start
07-14 15:26:49.460 E/SensorManager( 768): =======>>>Sensor Thread RUNNING <<<========
07-14 15:26:50.160 I/SensorManager( 768): Set normal delay = true
07-14 15:26:50.240 D/SensorManager( 768): unregisterListener:: disable all sensors for this listener, name = BOSCH 3-axis Accelerometer listener = kvo@4141caf8
07-14 15:27:23.030 W/SignalStrength( 275): getCdmaLevel=2
07-14 15:27:23.030 W/SignalStrength( 275): getEvdoLevel=0
07-14 15:27:23.030 W/SignalStrength( 275): getCdmaLevel=2
07-14 15:27:23.030 W/SignalStrength( 275): getLevel=2
07-14 15:27:23.030 W/SignalStrength( 482): getCdmaLevel=2
07-14 15:27:23.030 W/SignalStrength( 482): getEvdoLevel=0
07-14 15:27:23.030 W/SignalStrength( 482): getCdmaLevel=2
07-14 15:27:23.030 W/SignalStrength( 482): getLevel=2
07-14 15:27:26.090 V/StatusBar.BatteryController( 482): status5batteryHealth 2
07-14 15:27:26.090 D/StatusBar.BatteryController( 482): mOldstatus5status 5
07-14 15:27:26.090 D/StatusBar.BatteryController( 482): now old status is 5
07-14 15:27:28.030 W/SignalStrength( 275): getCdmaLevel=3
07-14 15:27:28.030 W/SignalStrength( 275): getEvdoLevel=0
07-14 15:27:28.030 W/SignalStrength( 275): getCdmaLevel=3
07-14 15:27:28.030 W/SignalStrength( 275): getLevel=3
07-14 15:27:28.030 W/SignalStrength( 482): getCdmaLevel=3
07-14 15:27:28.030 W/SignalStrength( 482): getEvdoLevel=0
07-14 15:27:28.040 W/SignalStrength( 482): getCdmaLevel=3
07-14 15:27:28.040 W/SignalStrength( 482): getLevel=3
07-14 15:27:36.120 V/StatusBar.BatteryController( 482): status5batteryHealth 2
07-14 15:27:36.120 D/StatusBar.BatteryController( 482): mOldstatus5status 5
07-14 15:27:36.120 D/StatusBar.BatteryController( 482): now old status is 5
07-14 15:27:46.140 V/StatusBar.BatteryController( 482): status5batteryHealth 2
07-14 15:27:46.140 D/StatusBar.BatteryController( 482): mOldstatus5status 5
07-14 15:27:46.140 D/StatusBar.BatteryController( 482): now old status is 5
07-14 15:27:56.150 V/StatusBar.BatteryController( 482): status5batteryHealth 2
07-14 15:27:56.150 D/StatusBar.BatteryController( 482): mOldstatus5status 5
07-14 15:27:56.150 D/StatusBar.BatteryController( 482): now old status is 5
07-14 15:28:10.050 W/SignalStrength( 275): getCdmaLevel=2
07-14 15:28:10.050 W/SignalStrength( 275): getEvdoLevel=0
07-14 15:28:10.050 W/SignalStrength( 275): getCdmaLevel=2
07-14 15:28:10.050 W/SignalStrength( 275): getLevel=2
07-14 15:28:10.050 W/SignalStrength( 482): getCdmaLevel=2
07-14 15:28:10.050 W/SignalStrength( 482): getEvdoLevel=0
07-14 15:28:10.050 W/SignalStrength( 482): getCdmaLevel=2
07-14 15:28:10.050 W/SignalStrength( 482): getLevel=2
07-14 15:28:11.050 W/SignalStrength( 275): getCdmaLevel=3
07-14 15:28:11.050 W/SignalStrength( 275): getEvdoLevel=0
07-14 15:28:11.050 W/SignalStrength( 275): getCdmaLevel=3
07-14 15:28:11.050 W/SignalStrength( 275): getLevel=3
07-14 15:28:11.050 W/SignalStrength( 482): getCdmaLevel=3
07-14 15:28:11.050 W/SignalStrength( 482): getEvdoLevel=0
07-14 15:28:11.050 W/SignalStrength( 482): getCdmaLevel=3
07-14 15:28:11.050 W/SignalStrength( 482): getLevel=3
07-14 15:28:30.050 W/SignalStrength( 275): getCdmaLevel=2
07-14 15:28:30.050 W/SignalStrength( 275): getEvdoLevel=0
07-14 15:28:30.050 W/SignalStrength( 275): getCdmaLevel=2
07-14 15:28:30.050 W/SignalStrength( 275): getLevel=2
07-14 15:28:30.060 W/SignalStrength( 482): getCdmaLevel=2
07-14 15:28:30.060 W/SignalStrength( 482): getEvdoLevel=0
07-14 15:28:30.060 W/SignalStrength( 482): getCdmaLevel=2
07-14 15:28:30.060 W/SignalStrength( 482): getLevel=2
07-14 15:28:31.050 W/SignalStrength( 275): getCdmaLevel=3
07-14 15:28:31.050 W/SignalStrength( 275): getEvdoLevel=0
07-14 15:28:31.050 W/SignalStrength( 275): getCdmaLevel=3
07-14 15:28:31.050 W/SignalStrength( 275): getLevel=3
07-14 15:28:31.060 W/SignalStrength( 482): getCdmaLevel=3
07-14 15:28:31.060 W/SignalStrength( 482): getEvdoLevel=0
07-14 15:28:31.060 W/SignalStrength( 482): getCdmaLevel=3
07-14 15:28:31.060 W/SignalStrength( 482): getLevel=3
07-14 15:28:36.230 V/StatusBar.BatteryController( 482): status5batteryHealth 2
07-14 15:28:36.230 D/StatusBar.BatteryController( 482): mOldstatus5status 5
07-14 15:28:36.230 D/StatusBar.BatteryController( 482): now old status is 5
07-14 15:28:40.060 W/SignalStrength( 275): getCdmaLevel=2
07-14 15:28:40.060 W/SignalStrength( 275): getEvdoLevel=0
07-14 15:28:40.060 W/SignalStrength( 275): getCdmaLevel=2
07-14 15:28:40.060 W/SignalStrength( 275): getLevel=2
07-14 15:28:40.060 W/SignalStrength( 482): getCdmaLevel=2
07-14 15:28:40.060 W/SignalStrength( 482): getEvdoLevel=0
07-14 15:28:40.060 W/SignalStrength( 482): getCdmaLevel=2
07-14 15:28:40.060 W/SignalStrength( 482): getLevel=2
07-14 15:28:42.060 W/SignalStrength( 275): getCdmaLevel=3
07-14 15:28:42.060 W/SignalStrength( 275): getEvdoLevel=0
07-14 15:28:42.060 W/SignalStrength( 275): getCdmaLevel=3
07-14 15:28:42.060 W/SignalStrength( 275): getLevel=3
07-14 15:28:42.060 W/SignalStrength( 482): getCdmaLevel=3
07-14 15:28:42.060 W/SignalStrength( 482): getEvdoLevel=0
07-14 15:28:42.060 W/SignalStrength( 482): getCdmaLevel=3
07-14 15:28:42.060 W/SignalStrength( 482): getLevel=3
07-14 15:28:46.260 V/StatusBar.BatteryController( 482): status5batteryHealth 2
07-14 15:28:46.260 D/StatusBar.BatteryController( 482): mOldstatus5status 5
07-14 15:28:46.260 D/StatusBar.BatteryController( 482): now old status is 5
07-14 15:28:55.060 W/SignalStrength( 275): getCdmaLevel=3
07-14 15:28:55.060 W/SignalStrength( 275): getEvdoLevel=0
07-14 15:28:55.060 W/SignalStrength( 275): getCdmaLevel=3
07-14 15:28:55.060 W/SignalStrength( 275): getLevel=3
07-14 15:28:55.070 W/SignalStrength( 482): getCdmaLevel=3
07-14 15:28:55.070 W/SignalStrength( 482): getEvdoLevel=0
07-14 15:28:55.070 W/SignalStrength( 482): getCdmaLevel=3
07-14 15:28:55.070 W/SignalStrength( 482): getLevel=3
07-14 15:29:16.310 V/StatusBar.BatteryController( 482): status5batteryHealth 2
07-14 15:29:16.310 D/StatusBar.BatteryController( 482): mOldstatus5status 5
07-14 15:29:16.310 D/StatusBar.BatteryController( 482): now old status is 5
07-14 15:29:34.080 W/SignalStrength( 275): getCdmaLevel=3
07-14 15:29:34.080 W/SignalStrength( 275): getEvdoLevel=0
07-14 15:29:34.080 W/SignalStrength( 275): getCdmaLevel=3
07-14 15:29:34.080 W/SignalStrength( 275): getLevel=3
07-14 15:29:34.090 W/SignalStrength( 482): getCdmaLevel=3
07-14 15:29:34.090 W/SignalStrength( 482): getEvdoLevel=0
07-14 15:29:34.090 W/SignalStrength( 482): getCdmaLevel=3
07-14 15:29:34.090 W/SignalStrength( 482): getLevel=3
07-14 15:29:46.380 V/StatusBar.BatteryController( 482): status5batteryHealth 2
07-14 15:29:46.380 D/StatusBar.BatteryController( 482): mOldstatus5status 5
07-14 15:29:46.380 D/StatusBar.BatteryController( 482): now old status is 5
07-14 15:29:48.420 D/SensorManager( 768): registerListener :: handle = 0 name= BOSCH 3-axis Accelerometer delay= 10000 Listener= kvo@4140f9f8
07-14 15:29:48.420 E/SensorManager( 768): thread start
07-14 15:29:48.420 E/SensorManager( 768): =======>>>Sensor Thread RUNNING <<<========
07-14 15:29:49.110 I/SensorManager( 768): Set normal delay = true
07-14 15:29:49.190 D/SensorManager( 768): unregisterListener:: disable all sensors for this listener, name = BOSCH 3-axis Accelerometer listener = kvo@4140f9f8
07-14 15:29:56.390 V/StatusBar.BatteryController( 482): status5batteryHealth 2
07-14 15:29:56.390 D/StatusBar.BatteryController( 482): mOldstatus5status 5
07-14 15:29:56.390 D/StatusBar.BatteryController( 482): now old status is 5
07-14 15:29:56.410 E/WifiStateMachine( 275): set suspend optimizations failed!
07-14 15:29:56.880 E/WifiStateMachine( 275): set suspend optimizations failed!
07-14 15:30:06.410 V/StatusBar.BatteryController( 482): status5batteryHealth 2
07-14 15:30:06.410 D/StatusBar.BatteryController( 482): mOldstatus5status 5
07-14 15:30:06.410 D/StatusBar.BatteryController( 482): now old status is 5
07-14 15:30:06.430 D/Tethering( 275): interfaceLinkStateChanged wlan0, true
07-14 15:30:06.430 D/Tethering( 275): interfaceStatusChanged wlan0, true
07-14 15:30:16.430 V/StatusBar.BatteryController( 482): status5batteryHealth 2
07-14 15:30:16.430 D/StatusBar.BatteryController( 482): mOldstatus5status 5
07-14 15:30:16.430 D/StatusBar.BatteryController( 482): now old status is 5
07-14 15:30:46.490 V/StatusBar.BatteryController( 482): status5batteryHealth 2
07-14 15:30:46.490 D/StatusBar.BatteryController( 482): mOldstatus5status 5
07-14 15:30:46.490 D/StatusBar.BatteryController( 482): now old status is 5
07-14 15:31:16.560 V/StatusBar.BatteryController( 482): status5batteryHealth 2
07-14 15:31:16.560 D/StatusBar.BatteryController( 482): mOldstatus5status 5
07-14 15:31:16.560 D/StatusBar.BatteryController( 482): now old status is 5
07-14 15:31:26.580 V/StatusBar.BatteryController( 482): status5batteryHealth 2
07-14 15:31:26.580 D/StatusBar.BatteryController( 482): mOldstatus5status 5
07-14 15:31:26.580 D/StatusBar.BatteryController( 482): now old status is 5
07-14 15:32:36.720 V/StatusBar.BatteryController( 482): status5batteryHealth 2
07-14 15:32:36.720 D/StatusBar.BatteryController( 482): mOldstatus5status 5
07-14 15:32:36.720 D/StatusBar.BatteryController( 482): now old status is 5
07-14 15:32:46.740 V/StatusBar.BatteryController( 482): status5batteryHealth 2
07-14 15:32:46.740 D/StatusBar.BatteryController( 482): mOldstatus5status 5
07-14 15:32:46.740 D/StatusBar.BatteryController( 482): now old status is 5
07-14 15:32:53.240 E/WifiStateMachine( 275): set suspend optimizations failed!
07-14 15:32:53.270 D/SensorManager( 768): registerListener :: handle = 0 name= BOSCH 3-axis Accelerometer delay= 10000 Listener= kvo@4133fed0
07-14 15:32:53.280 E/SensorManager( 768): thread start
07-14 15:32:53.280 E/SensorManager( 768): =======>>>Sensor Thread RUNNING <<<========
07-14 15:32:53.990 D/Tethering( 275): interfaceLinkStateChanged wlan0, true
07-14 15:32:53.990 D/Tethering( 275): interfaceStatusChanged wlan0, true
07-14 15:32:53.990 D/Tethering( 275): interfaceLinkStateChanged wlan0, true
07-14 15:32:53.990 D/Tethering( 275): interfaceStatusChanged wlan0, true
07-14 15:32:54.130 I/SensorManager( 768): Set normal delay = true
07-14 15:32:54.210 D/SensorManager( 768): unregisterListener:: disable all sensors for this listener, name = BOSCH 3-axis Accelerometer listener = kvo@4133fed0
07-14 15:32:54.360 E/WifiStateMachine( 275): set suspend optimizations failed!
07-14 15:32:54.370 I/GCoreUlr( 768): Received powerMode change from NLP: com.google.android.location.activity.LOW_POWER_MODE_ENABLED
07-14 15:32:54.370 I/GCoreUlr( 768): Starting service, intent=Intent { act=com.google.android.location.reporting.ACTION_UPDATE_ACTIVE_STATE cmp=xxxx }, extras=null
07-14 15:32:54.520 I/GCoreUlr( 768): Successfully inserted location
07-14 15:32:54.520 I/GCoreUlr( 768): Not calling LocationReportingService, hasMoved: false, elapsed millis: 2880454, request: Phone
07-14 15:32:54.570 I/GCoreUlr( 768): Ensuring that reporting is active for [account#15#]
07-14 15:32:54.580 I/GCoreUlr( 768): Starting service, intent=Intent { act=com.google.android.location.reporting.ACTION_LOCATION_STATUS cmp=xxxx (has extras) }, extras=Bundle[{status=LocationStatus[cell status: STATUS_UNKNOWN, wifi status: STATUS_UNKNOWN, elapsed realtime ns: 0]}]
07-14 15:32:56.760 V/StatusBar.BatteryController( 482): status5batteryHealth 2
07-14 15:32:56.760 D/StatusBar.BatteryController( 482): mOldstatus5status 5
07-14 15:32:56.760 D/StatusBar.BatteryController( 482): now old status is 5
07-14 15:33:06.780 V/StatusBar.BatteryController( 482): status5batteryHealth 2
07-14 15:33:06.780 D/StatusBar.BatteryController( 482): mOldstatus5status 5
07-14 15:33:06.780 D/StatusBar.BatteryController( 482): now old status is 5
07-14 15:33:09.260 D/Tethering( 275): interfaceLinkStateChanged wlan0, true
07-14 15:33:09.260 D/Tethering( 275): interfaceStatusChanged wlan0, true
07-14 15:33:16.800 V/StatusBar.BatteryController( 482): status5batteryHealth 2
07-14 15:33:16.800 D/StatusBar.BatteryController( 482): mOldstatus5status 5
07-14 15:33:16.800 D/StatusBar.BatteryController( 482): now old status is 5
07-14 15:33:16.940 D/Tethering( 275): interfaceLinkStateChanged wlan0, true
07-14 15:33:16.940 D/Tethering( 275): interfaceStatusChanged wlan0, true
07-14 15:33:26.820 V/StatusBar.BatteryController( 482): status5batteryHealth 2
07-14 15:33:26.820 D/StatusBar.BatteryController( 482): mOldstatus5status 5
07-14 15:33:26.820 D/StatusBar.BatteryController( 482): now old status is 5
07-14 15:33:34.900 D/Tethering( 275): interfaceLinkStateChanged wlan0, true
07-14 15:33:34.900 D/Tethering( 275): interfaceStatusChanged wlan0, true
07-14 15:33:46.860 V/StatusBar.BatteryController( 482): status5batteryHealth 2
07-14 15:33:46.860 D/StatusBar.BatteryController( 482): mOldstatus5status 5
07-14 15:33:46.860 D/StatusBar.BatteryController( 482): now old status is 5
07-14 15:34:10.630 W/ThrottleService( 275): unable to find stats for iface rmnet0
07-14 15:34:16.960 D/Tethering( 275): interfaceLinkStateChanged wlan0, true
07-14 15:34:16.960 D/Tethering( 275): interfaceStatusChanged wlan0, true
07-14 15:34:26.940 V/StatusBar.BatteryController( 482): status5batteryHealth 2
07-14 15:34:26.940 D/StatusBar.BatteryController( 482): mOldstatus5status 5
07-14 15:34:26.940 D/StatusBar.BatteryController( 482): now old status is 5
07-14 15:34:36.960 V/StatusBar.BatteryController( 482): status5batteryHealth 2
07-14 15:34:36.960 D/StatusBar.BatteryController( 482): mOldstatus5status 5
07-14 15:34:36.960 D/StatusBar.BatteryController( 482): now old status is 5
07-14 15:34:46.980 V/StatusBar.BatteryController( 482): status5batteryHealth 2
07-14 15:34:46.980 D/StatusBar.BatteryController( 482): mOldstatus5status 5
07-14 15:34:46.980 D/StatusBar.BatteryController( 482): now old status is 5
07-14 15:34:57.000 V/StatusBar.BatteryController( 482): status5batteryHealth 2
07-14 15:34:57.000 D/StatusBar.BatteryController( 482): mOldstatus5status 5
07-14 15:34:57.000 D/StatusBar.BatteryController( 482): now old status is 5
07-14 15:35:17.040 V/StatusBar.BatteryController( 482): status5batteryHealth 2
07-14 15:35:17.040 D/StatusBar.BatteryController( 482): mOldstatus5status 5
07-14 15:35:17.040 D/StatusBar.BatteryController( 482): now old status is 5
07-14 15:35:27.060 V/StatusBar.BatteryController( 482): status5batteryHealth 2
07-14 15:35:27.060 D/StatusBar.BatteryController( 482): mOldstatus5status 5
07-14 15:35:27.060 D/StatusBar.BatteryController( 482): now old status is 5
07-14 15:35:37.080 V/StatusBar.BatteryController( 482): status5batteryHealth 2
07-14 15:35:37.080 D/StatusBar.BatteryController( 482): mOldstatus5status 5
07-14 15:35:37.080 D/StatusBar.BatteryController( 482): now old status is 5
07-14 15:35:47.110 V/StatusBar.BatteryController( 482): status5batteryHealth 2
07-14 15:35:47.110 D/StatusBar.BatteryController( 482): mOldstatus5status 5
07-14 15:35:47.110 D/StatusBar.BatteryController( 482): now old status is 5
07-14 15:35:52.530 D/SensorManager( 768): registerListener :: handle = 0 name= BOSCH 3-axis Accelerometer delay= 10000 Listener= kvo@414ae618
07-14 15:35:52.530 E/SensorManager( 768): thread start
07-14 15:35:52.530 E/SensorManager( 768): =======>>>Sensor Thread RUNNING <<<========
07-14 15:35:53.330 I/SensorManager( 768): Set normal delay = true
07-14 15:35:53.410 D/SensorManager( 768): unregisterListener:: disable all sensors for this listener, name = BOSCH 3-axis Accelerometer listener = kvo@414ae618
07-14 15:35:57.120 V/StatusBar.BatteryController( 482): status5batteryHealth 2
07-14 15:35:57.120 D/StatusBar.BatteryController( 482): mOldstatus5status 5
07-14 15:35:57.120 D/StatusBar.BatteryController( 482): now old status is 5
07-14 15:36:07.140 V/StatusBar.BatteryController( 482): status5batteryHealth 2
07-14 15:36:07.140 D/StatusBar.BatteryController( 482): mOldstatus5status 5
07-14 15:36:07.140 D/StatusBar.BatteryController( 482): now old status is 5
07-14 15:36:10.230 W/SignalStrength( 275): getCdmaLevel=2
07-14 15:36:10.230 W/SignalStrength( 275): getEvdoLevel=0
07-14 15:36:10.230 W/SignalStrength( 275): getCdmaLevel=2
07-14 15:36:10.230 W/SignalStrength( 275): getLevel=2
07-14 15:36:10.230 W/SignalStrength( 482): getCdmaLevel=2
07-14 15:36:10.230 W/SignalStrength( 482): getEvdoLevel=0
07-14 15:36:10.230 W/SignalStrength( 482): getCdmaLevel=2
07-14 15:36:10.230 W/SignalStrength( 482): getLevel=2
07-14 15:36:14.230 W/SignalStrength( 275): getCdmaLevel=3
07-14 15:36:14.230 W/SignalStrength( 275): getEvdoLevel=0
07-14 15:36:14.230 W/SignalStrength( 275): getCdmaLevel=3
07-14 15:36:14.230 W/SignalStrength( 275): getLevel=3
07-14 15:36:14.240 W/SignalStrength( 482): getCdmaLevel=3
07-14 15:36:14.240 W/SignalStrength( 482): getEvdoLevel=0
07-14 15:36:14.240 W/SignalStrength( 482): getCdmaLevel=3
07-14 15:36:14.240 W/SignalStrength( 482): getLevel=3
07-14 15:36:17.160 V/StatusBar.BatteryController( 482): status5batteryHealth 2
07-14 15:36:17.160 D/StatusBar.BatteryController( 482): mOldstatus5status 5
07-14 15:36:17.160 D/StatusBar.BatteryController( 482): now old status is 5
07-14 15:36:20.230 W/SignalStrength( 275): getCdmaLevel=2
07-14 15:36:20.230 W/SignalStrength( 275): getEvdoLevel=0
07-14 15:36:20.230 W/SignalStrength( 275): getCdmaLevel=2
07-14 15:36:20.230 W/SignalStrength( 275): getLevel=2
07-14 15:36:20.240 W/SignalStrength( 482): getCdmaLevel=2
07-14 15:36:20.240 W/SignalStrength( 482): getEvdoLevel=0
07-14 15:36:20.240 W/SignalStrength( 482): getCdmaLevel=2
07-14 15:36:20.240 W/SignalStrength( 482): getLevel=2
07-14 15:36:23.230 W/SignalStrength( 275): getCdmaLevel=3
07-14 15:36:23.230 W/SignalStrength( 275): getEvdoLevel=0
07-14 15:36:23.230 W/SignalStrength( 275): getCdmaLevel=3
07-14 15:36:23.230 W/SignalStrength( 275): getLevel=3
07-14 15:36:23.240 W/SignalStrength( 482): getCdmaLevel=3
07-14 15:36:23.240 W/SignalStrength( 482): getEvdoLevel=0
