07-14 18:24:29.120 W/SignalStrength( 275): getCdmaLevel=3
07-14 18:24:29.120 W/SignalStrength( 482): getCdmaLevel=3
07-14 18:24:29.120 W/SignalStrength( 482): getEvdoLevel=0
07-14 18:24:29.120 W/SignalStrength( 482): getCdmaLevel=3
07-14 18:24:29.120 W/SignalStrength( 482): getLevel=3
07-14 18:24:29.130 W/SignalStrength( 275): getLevel=3
07-14 18:24:31.060 V/StatusBar.BatteryController( 482): status5batteryHealth 2
07-14 18:24:31.060 D/StatusBar.BatteryController( 482): mOldstatus5status 5
07-14 18:24:31.060 D/StatusBar.BatteryController( 482): now old status is 5
07-14 18:25:01.130 W/SignalStrength( 275): getCdmaLevel=2
07-14 18:25:01.130 W/SignalStrength( 275): getEvdoLevel=0
07-14 18:25:01.130 W/SignalStrength( 275): getCdmaLevel=2
07-14 18:25:01.130 W/SignalStrength( 275): getLevel=2
07-14 18:25:01.130 W/SignalStrength( 482): getCdmaLevel=2
07-14 18:25:01.130 W/SignalStrength( 482): getEvdoLevel=0
07-14 18:25:01.130 W/SignalStrength( 482): getCdmaLevel=2
07-14 18:25:01.130 W/SignalStrength( 482): getLevel=2
07-14 18:25:11.130 V/StatusBar.BatteryController( 482): status5batteryHealth 2
07-14 18:25:11.130 D/StatusBar.BatteryController( 482): mOldstatus5status 5
07-14 18:25:11.130 D/StatusBar.BatteryController( 482): now old status is 5
07-14 18:25:16.750 D/GCM ( 592): Ignoring attempt to send heartbeat on dead connection.
07-14 18:25:21.150 V/StatusBar.BatteryController( 482): status5batteryHealth 2
07-14 18:25:21.150 D/StatusBar.BatteryController( 482): mOldstatus5status 5
07-14 18:25:21.150 D/StatusBar.BatteryController( 482): now old status is 5
07-14 18:25:21.780 D/Tethering( 275): interfaceLinkStateChanged wlan0, true
07-14 18:25:21.780 D/Tethering( 275): interfaceStatusChanged wlan0, true
07-14 18:25:26.860 D/Tethering( 275): interfaceLinkStateChanged wlan0, true
07-14 18:25:26.860 D/Tethering( 275): interfaceStatusChanged wlan0, true
07-14 18:25:51.210 V/StatusBar.BatteryController( 482): status5batteryHealth 2
07-14 18:25:51.210 D/StatusBar.BatteryController( 482): mOldstatus5status 5
07-14 18:25:51.210 D/StatusBar.BatteryController( 482): now old status is 5
07-14 18:26:01.150 W/SignalStrength( 275): getCdmaLevel=3
07-14 18:26:01.150 W/SignalStrength( 275): getEvdoLevel=0
07-14 18:26:01.150 W/SignalStrength( 275): getCdmaLevel=3
07-14 18:26:01.150 W/SignalStrength( 275): getLevel=3
07-14 18:26:01.150 W/SignalStrength( 482): getCdmaLevel=3
07-14 18:26:01.150 W/SignalStrength( 482): getEvdoLevel=0
07-14 18:26:01.150 W/SignalStrength( 482): getCdmaLevel=3
07-14 18:26:01.150 W/SignalStrength( 482): getLevel=3
07-14 18:26:01.230 V/StatusBar.BatteryController( 482): status5batteryHealth 2
07-14 18:26:01.230 D/StatusBar.BatteryController( 482): mOldstatus5status 5
07-14 18:26:01.230 D/StatusBar.BatteryController( 482): now old status is 5
07-14 18:26:10.150 W/SignalStrength( 275): getCdmaLevel=2
07-14 18:26:10.150 W/SignalStrength( 275): getEvdoLevel=0
07-14 18:26:10.150 W/SignalStrength( 275): getCdmaLevel=2
07-14 18:26:10.150 W/SignalStrength( 275): getLevel=2
07-14 18:26:10.160 W/SignalStrength( 482): getCdmaLevel=2
07-14 18:26:10.160 W/SignalStrength( 482): getEvdoLevel=0
07-14 18:26:10.160 W/SignalStrength( 482): getCdmaLevel=2
07-14 18:26:10.160 W/SignalStrength( 482): getLevel=2
07-14 18:26:11.250 V/StatusBar.BatteryController( 482): status5batteryHealth 2
07-14 18:26:11.250 D/StatusBar.BatteryController( 482): mOldstatus5status 5
07-14 18:26:11.250 D/StatusBar.BatteryController( 482): now old status is 5
07-14 18:26:21.270 V/StatusBar.BatteryController( 482): status5batteryHealth 2
07-14 18:26:21.270 D/StatusBar.BatteryController( 482): mOldstatus5status 5
07-14 18:26:21.270 D/StatusBar.BatteryController( 482): now old status is 5
07-14 18:26:26.160 W/SignalStrength( 275): getCdmaLevel=3
07-14 18:26:26.160 W/SignalStrength( 275): getEvdoLevel=0
07-14 18:26:26.160 W/SignalStrength( 275): getCdmaLevel=3
07-14 18:26:26.160 W/SignalStrength( 275): getLevel=3
07-14 18:26:26.160 W/SignalStrength( 482): getCdmaLevel=3
07-14 18:26:26.160 W/SignalStrength( 482): getEvdoLevel=0
07-14 18:26:26.160 W/SignalStrength( 482): getCdmaLevel=3
07-14 18:26:26.160 W/SignalStrength( 482): getLevel=3
07-14 18:26:31.290 V/StatusBar.BatteryController( 482): status5batteryHealth 2
07-14 18:26:31.290 D/StatusBar.BatteryController( 482): mOldstatus5status 5
07-14 18:26:31.290 D/StatusBar.BatteryController( 482): now old status is 5
07-14 18:26:33.160 W/SignalStrength( 275): getCdmaLevel=2
07-14 18:26:33.160 W/SignalStrength( 275): getEvdoLevel=0
07-14 18:26:33.160 W/SignalStrength( 275): getCdmaLevel=2
07-14 18:26:33.160 W/SignalStrength( 275): getLevel=2
07-14 18:26:33.170 W/SignalStrength( 482): getCdmaLevel=2
07-14 18:26:33.170 W/SignalStrength( 482): getEvdoLevel=0
07-14 18:26:33.170 W/SignalStrength( 482): getCdmaLevel=2
07-14 18:26:33.170 W/SignalStrength( 482): getLevel=2
07-14 18:26:42.170 W/SignalStrength( 275): getCdmaLevel=3
07-14 18:26:42.170 W/SignalStrength( 275): getEvdoLevel=0
07-14 18:26:42.170 W/SignalStrength( 275): getCdmaLevel=3
07-14 18:26:42.170 W/SignalStrength( 275): getLevel=3
07-14 18:26:42.170 W/SignalStrength( 482): getCdmaLevel=3
07-14 18:26:42.170 W/SignalStrength( 482): getEvdoLevel=0
07-14 18:26:42.170 W/SignalStrength( 482): getCdmaLevel=3
07-14 18:26:42.170 W/SignalStrength( 482): getLevel=3
07-14 18:26:49.490 D/SensorManager( 768): registerListener :: handle = 0 name= BOSCH 3-axis Accelerometer delay= 10000 Listener= kvo@414144e0
07-14 18:26:49.490 E/SensorManager( 768): thread start
07-14 18:26:49.490 E/SensorManager( 768): =======>>>Sensor Thread RUNNING <<<========
07-14 18:26:50.290 I/SensorManager( 768): Set normal delay = true
07-14 18:26:50.370 D/SensorManager( 768): unregisterListener:: disable all sensors for this listener, name = BOSCH 3-axis Accelerometer listener = kvo@414144e0
07-14 18:26:51.340 V/StatusBar.BatteryController( 482): status5batteryHealth 2
07-14 18:26:51.340 D/StatusBar.BatteryController( 482): mOldstatus5status 5
07-14 18:26:51.340 D/StatusBar.BatteryController( 482): now old status is 5
07-14 18:26:54.170 W/SignalStrength( 275): getCdmaLevel=2
07-14 18:26:54.170 W/SignalStrength( 275): getEvdoLevel=0
07-14 18:26:54.170 W/SignalStrength( 275): getCdmaLevel=2
07-14 18:26:54.170 W/SignalStrength( 275): getLevel=2
07-14 18:26:54.170 W/SignalStrength( 482): getCdmaLevel=2
07-14 18:26:54.170 W/SignalStrength( 482): getEvdoLevel=0
07-14 18:26:54.170 W/SignalStrength( 482): getCdmaLevel=2
07-14 18:26:54.170 W/SignalStrength( 482): getLevel=2
07-14 18:26:59.170 W/SignalStrength( 275): getCdmaLevel=3
07-14 18:26:59.170 W/SignalStrength( 275): getEvdoLevel=0
07-14 18:26:59.170 W/SignalStrength( 275): getCdmaLevel=3
07-14 18:26:59.170 W/SignalStrength( 275): getLevel=3
07-14 18:26:59.180 W/SignalStrength( 482): getCdmaLevel=3
07-14 18:26:59.180 W/SignalStrength( 482): getEvdoLevel=0
07-14 18:26:59.180 W/SignalStrength( 482): getCdmaLevel=3
07-14 18:26:59.180 W/SignalStrength( 482): getLevel=3
07-14 18:27:01.360 V/StatusBar.BatteryController( 482): status5batteryHealth 2
07-14 18:27:01.360 D/StatusBar.BatteryController( 482): mOldstatus5status 5
07-14 18:27:01.360 D/StatusBar.BatteryController( 482): now old status is 5
07-14 18:27:04.170 W/SignalStrength( 275): getCdmaLevel=2
07-14 18:27:04.170 W/SignalStrength( 275): getEvdoLevel=0
07-14 18:27:04.170 W/SignalStrength( 275): getCdmaLevel=2
07-14 18:27:04.170 W/SignalStrength( 275): getLevel=2
07-14 18:27:04.180 W/SignalStrength( 482): getCdmaLevel=2
07-14 18:27:04.180 W/SignalStrength( 482): getEvdoLevel=0
07-14 18:27:04.180 W/SignalStrength( 482): getCdmaLevel=2
07-14 18:27:04.180 W/SignalStrength( 482): getLevel=2
07-14 18:27:11.370 V/StatusBar.BatteryController( 482): status5batteryHealth 2
07-14 18:27:11.370 D/StatusBar.BatteryController( 482): mOldstatus5status 5
07-14 18:27:11.370 D/StatusBar.BatteryController( 482): now old status is 5
07-14 18:27:31.420 V/StatusBar.BatteryController( 482): status5batteryHealth 2
07-14 18:27:31.420 D/StatusBar.BatteryController( 482): mOldstatus5status 5
07-14 18:27:31.420 D/StatusBar.BatteryController( 482): now old status is 5
07-14 18:27:41.440 V/StatusBar.BatteryController( 482): status5batteryHealth 2
07-14 18:27:41.440 D/StatusBar.BatteryController( 482): mOldstatus5status 5
07-14 18:27:41.440 D/StatusBar.BatteryController( 482): now old status is 5
07-14 18:27:45.190 W/SignalStrength( 275): getCdmaLevel=3
07-14 18:27:45.190 W/SignalStrength( 275): getEvdoLevel=0
07-14 18:27:45.190 W/SignalStrength( 275): getCdmaLevel=3
07-14 18:27:45.190 W/SignalStrength( 275): getLevel=3
07-14 18:27:45.190 W/SignalStrength( 482): getCdmaLevel=3
07-14 18:27:45.190 W/SignalStrength( 482): getEvdoLevel=0
07-14 18:27:45.190 W/SignalStrength( 482): getCdmaLevel=3
07-14 18:27:45.190 W/SignalStrength( 482): getLevel=3
07-14 18:27:51.450 V/StatusBar.BatteryController( 482): status5batteryHealth 2
07-14 18:27:51.450 D/StatusBar.BatteryController( 482): mOldstatus5status 5
07-14 18:27:51.450 D/StatusBar.BatteryController( 482): now old status is 5
07-14 18:27:52.190 W/SignalStrength( 275): getCdmaLevel=2
07-14 18:27:52.190 W/SignalStrength( 275): getEvdoLevel=0
07-14 18:27:52.190 W/SignalStrength( 275): getCdmaLevel=2
07-14 18:27:52.190 W/SignalStrength( 275): getLevel=2
07-14 18:27:52.200 W/SignalStrength( 482): getCdmaLevel=2
07-14 18:27:52.200 W/SignalStrength( 482): getEvdoLevel=0
07-14 18:27:52.200 W/SignalStrength( 482): getCdmaLevel=2
07-14 18:27:52.200 W/SignalStrength( 482): getLevel=2
07-14 18:28:11.500 V/StatusBar.BatteryController( 482): status5batteryHealth 2
07-14 18:28:11.500 D/StatusBar.BatteryController( 482): mOldstatus5status 5
07-14 18:28:11.500 D/StatusBar.BatteryController( 482): now old status is 5
07-14 18:28:14.200 W/SignalStrength( 275): getCdmaLevel=3
07-14 18:28:14.200 W/SignalStrength( 275): getEvdoLevel=0
07-14 18:28:14.200 W/SignalStrength( 275): getCdmaLevel=3
07-14 18:28:14.200 W/SignalStrength( 275): getLevel=3
07-14 18:28:14.200 W/SignalStrength( 482): getCdmaLevel=3
07-14 18:28:14.200 W/SignalStrength( 482): getEvdoLevel=0
07-14 18:28:14.200 W/SignalStrength( 482): getCdmaLevel=3
07-14 18:28:14.200 W/SignalStrength( 482): getLevel=3
07-14 18:28:21.520 V/StatusBar.BatteryController( 482): status5batteryHealth 2
07-14 18:28:21.520 D/StatusBar.BatteryController( 482): mOldstatus5status 5
07-14 18:28:21.520 D/StatusBar.BatteryController( 482): now old status is 5
07-14 18:28:41.560 V/StatusBar.BatteryController( 482): status5batteryHealth 2
07-14 18:28:41.560 D/StatusBar.BatteryController( 482): mOldstatus5status 5
07-14 18:28:41.560 D/StatusBar.BatteryController( 482): now old status is 5
07-14 18:28:43.210 W/SignalStrength( 275): getCdmaLevel=2
07-14 18:28:43.210 W/SignalStrength( 275): getEvdoLevel=0
07-14 18:28:43.210 W/SignalStrength( 275): getCdmaLevel=2
07-14 18:28:43.210 W/SignalStrength( 275): getLevel=2
07-14 18:28:43.210 W/SignalStrength( 482): getCdmaLevel=2
07-14 18:28:43.210 W/SignalStrength( 482): getEvdoLevel=0
07-14 18:28:43.210 W/SignalStrength( 482): getCdmaLevel=2
07-14 18:28:43.220 W/SignalStrength( 482): getLevel=2
07-14 18:28:45.210 W/SignalStrength( 275): getCdmaLevel=3
07-14 18:28:45.210 W/SignalStrength( 275): getEvdoLevel=0
07-14 18:28:45.210 W/SignalStrength( 275): getCdmaLevel=3
07-14 18:28:45.210 W/SignalStrength( 275): getLevel=3
07-14 18:28:45.220 W/SignalStrength( 482): getCdmaLevel=3
07-14 18:28:45.220 W/SignalStrength( 482): getEvdoLevel=0
07-14 18:28:45.220 W/SignalStrength( 482): getCdmaLevel=3
07-14 18:28:45.220 W/SignalStrength( 482): getLevel=3
07-14 18:28:54.220 W/SignalStrength( 482): getCdmaLevel=2
07-14 18:28:54.220 W/SignalStrength( 482): getEvdoLevel=0
07-14 18:28:54.220 W/SignalStrength( 482): getCdmaLevel=2
07-14 18:28:54.220 W/SignalStrength( 482): getLevel=2
07-14 18:28:54.220 W/SignalStrength( 275): getCdmaLevel=2
07-14 18:28:54.220 W/SignalStrength( 275): getEvdoLevel=0
07-14 18:28:54.220 W/SignalStrength( 275): getCdmaLevel=2
07-14 18:28:54.220 W/SignalStrength( 275): getLevel=2
07-14 18:29:01.590 V/StatusBar.BatteryController( 482): status5batteryHealth 2
07-14 18:29:01.590 D/StatusBar.BatteryController( 482): mOldstatus5status 5
07-14 18:29:01.590 D/StatusBar.BatteryController( 482): now old status is 5
07-14 18:29:11.620 V/StatusBar.BatteryController( 482): status5batteryHealth 2
07-14 18:29:11.620 D/StatusBar.BatteryController( 482): mOldstatus5status 5
07-14 18:29:11.620 D/StatusBar.BatteryController( 482): now old status is 5
07-14 18:29:21.630 V/StatusBar.BatteryController( 482): status5batteryHealth 2
07-14 18:29:21.630 D/StatusBar.BatteryController( 482): mOldstatus5status 5
07-14 18:29:21.630 D/StatusBar.BatteryController( 482): now old status is 5
07-14 18:29:22.230 W/SignalStrength( 275): getCdmaLevel=3
07-14 18:29:22.230 W/SignalStrength( 275): getEvdoLevel=0
07-14 18:29:22.230 W/SignalStrength( 275): getCdmaLevel=3
07-14 18:29:22.230 W/SignalStrength( 275): getLevel=3
07-14 18:29:22.230 W/SignalStrength( 482): getCdmaLevel=3
07-14 18:29:22.230 W/SignalStrength( 482): getEvdoLevel=0
07-14 18:29:22.230 W/SignalStrength( 482): getCdmaLevel=3
07-14 18:29:22.230 W/SignalStrength( 482): getLevel=3
07-14 18:29:31.660 V/StatusBar.BatteryController( 482): status5batteryHealth 2
07-14 18:29:31.660 D/StatusBar.BatteryController( 482): mOldstatus5status 5
07-14 18:29:31.660 D/StatusBar.BatteryController( 482): now old status is 5
07-14 18:29:41.680 V/StatusBar.BatteryController( 482): status5batteryHealth 2
07-14 18:29:41.680 D/StatusBar.BatteryController( 482): mOldstatus5status 5
07-14 18:29:41.680 D/StatusBar.BatteryController( 482): now old status is 5
07-14 18:29:48.540 D/SensorManager( 768): registerListener :: handle = 0 name= BOSCH 3-axis Accelerometer delay= 10000 Listener= kvo@411bbac8
07-14 18:29:48.540 E/SensorManager( 768): thread start
07-14 18:29:48.540 E/SensorManager( 768): =======>>>Sensor Thread RUNNING <<<========
07-14 18:29:49.220 I/SensorManager( 768): Set normal delay = true
07-14 18:29:49.300 D/SensorManager( 768): unregisterListener:: disable all sensors for this listener, name = BOSCH 3-axis Accelerometer listener = kvo@411bbac8
07-14 18:29:51.690 V/StatusBar.BatteryController( 482): status5batteryHealth 2
07-14 18:29:51.690 D/StatusBar.BatteryController( 482): mOldstatus5status 5
07-14 18:29:51.690 D/StatusBar.BatteryController( 482): now old status is 5
07-14 18:30:00.240 W/SignalStrength( 275): getCdmaLevel=2
07-14 18:30:00.240 W/SignalStrength( 275): getEvdoLevel=0
07-14 18:30:00.240 W/SignalStrength( 275): getCdmaLevel=2
07-14 18:30:00.240 W/SignalStrength( 275): getLevel=2
07-14 18:30:00.250 W/SignalStrength( 482): getCdmaLevel=2
07-14 18:30:00.250 W/SignalStrength( 482): getEvdoLevel=0
07-14 18:30:00.250 W/SignalStrength( 482): getCdmaLevel=2
07-14 18:30:00.250 W/SignalStrength( 482): getLevel=2
07-14 18:30:00.270 E/WifiStateMachine( 275): set suspend optimizations failed!
07-14 18:30:00.780 E/WifiStateMachine( 275): set suspend optimizations failed!
07-14 18:30:01.710 V/StatusBar.BatteryController( 482): status5batteryHealth 2
07-14 18:30:01.710 D/StatusBar.BatteryController( 482): mOldstatus5status 5
07-14 18:30:01.710 D/StatusBar.BatteryController( 482): now old status is 5
07-14 18:30:10.300 D/Tethering( 275): interfaceLinkStateChanged wlan0, true
07-14 18:30:10.300 D/Tethering( 275): interfaceStatusChanged wlan0, true
07-14 18:30:11.740 V/StatusBar.BatteryController( 482): status5batteryHealth 2
07-14 18:30:11.740 D/StatusBar.BatteryController( 482): mOldstatus5status 5
07-14 18:30:11.740 D/StatusBar.BatteryController( 482): now old status is 5
07-14 18:30:21.750 V/StatusBar.BatteryController( 482): status5batteryHealth 2
07-14 18:30:21.750 D/StatusBar.BatteryController( 482): mOldstatus5status 5
07-14 18:30:21.750 D/StatusBar.BatteryController( 482): now old status is 5
07-14 18:30:31.780 V/StatusBar.BatteryController( 482): status5batteryHealth 2
07-14 18:30:31.780 D/StatusBar.BatteryController( 482): mOldstatus5status 5
07-14 18:30:31.780 D/StatusBar.BatteryController( 482): now old status is 5
07-14 18:30:41.790 V/StatusBar.BatteryController( 482): status5batteryHealth 2
07-14 18:30:41.790 D/StatusBar.BatteryController( 482): mOldstatus5status 5
07-14 18:30:41.790 D/StatusBar.BatteryController( 482): now old status is 5
07-14 18:30:52.260 W/SignalStrength( 275): getCdmaLevel=3
07-14 18:30:52.260 W/SignalStrength( 275): getEvdoLevel=0
07-14 18:30:52.260 W/SignalStrength( 275): getCdmaLevel=3
07-14 18:30:52.260 W/SignalStrength( 275): getLevel=3
07-14 18:30:52.260 W/SignalStrength( 482): getCdmaLevel=3
07-14 18:30:52.260 W/SignalStrength( 482): getEvdoLevel=0
07-14 18:30:52.260 W/SignalStrength( 482): getCdmaLevel=3
07-14 18:30:52.260 W/SignalStrength( 482): getLevel=3
07-14 18:31:01.850 V/StatusBar.BatteryController( 482): status5batteryHealth 2
07-14 18:31:01.850 D/StatusBar.BatteryController( 482): mOldstatus5status 5
07-14 18:31:01.850 D/StatusBar.BatteryController( 482): now old status is 5
07-14 18:31:07.270 W/SignalStrength( 275): getCdmaLevel=2
07-14 18:31:07.270 W/SignalStrength( 275): getEvdoLevel=0
07-14 18:31:07.270 W/SignalStrength( 275): getCdmaLevel=2
07-14 18:31:07.270 W/SignalStrength( 275): getLevel=2
07-14 18:31:07.270 W/SignalStrength( 482): getCdmaLevel=2
07-14 18:31:07.270 W/SignalStrength( 482): getEvdoLevel=0
07-14 18:31:07.270 W/SignalStrength( 482): getCdmaLevel=2
07-14 18:31:07.270 W/SignalStrength( 482): getLevel=2
07-14 18:31:11.870 V/StatusBar.BatteryController( 482): status5batteryHealth 2
07-14 18:31:11.870 D/StatusBar.BatteryController( 482): mOldstatus5status 5
07-14 18:31:11.870 D/StatusBar.BatteryController( 482): now old status is 5
07-14 18:31:13.270 W/SignalStrength( 275): getCdmaLevel=3
07-14 18:31:13.270 W/SignalStrength( 275): getEvdoLevel=0
07-14 18:31:13.270 W/SignalStrength( 275): getCdmaLevel=3
07-14 18:31:13.270 W/SignalStrength( 275): getLevel=3
07-14 18:31:13.270 W/SignalStrength( 482): getCdmaLevel=3
07-14 18:31:13.270 W/SignalStrength( 482): getEvdoLevel=0
07-14 18:31:13.270 W/SignalStrength( 482): getCdmaLevel=3
07-14 18:31:13.270 W/SignalStrength( 482): getLevel=3
07-14 18:31:20.270 W/SignalStrength( 275): getCdmaLevel=2
07-14 18:31:20.270 W/SignalStrength( 275): getEvdoLevel=0
07-14 18:31:20.270 W/SignalStrength( 275): getCdmaLevel=2
07-14 18:31:20.270 W/SignalStrength( 275): getLevel=2
07-14 18:31:20.270 W/SignalStrength( 482): getCdmaLevel=2
07-14 18:31:20.270 W/SignalStrength( 482): getEvdoLevel=0
07-14 18:31:20.270 W/SignalStrength( 482): getCdmaLevel=2
07-14 18:31:20.270 W/SignalStrength( 482): getLevel=2
07-14 18:31:21.870 V/StatusBar.BatteryController( 482): status5batteryHealth 2
07-14 18:31:21.870 D/StatusBar.BatteryController( 482): mOldstatus5status 5
07-14 18:31:21.870 D/StatusBar.BatteryController( 482): now old status is 5
07-14 18:31:29.270 W/SignalStrength( 275): getCdmaLevel=3
07-14 18:31:29.270 W/SignalStrength( 275): getEvdoLevel=0
07-14 18:31:29.270 W/SignalStrength( 275): getCdmaLevel=3
07-14 18:31:29.270 W/SignalStrength( 275): getLevel=3
07-14 18:31:29.280 W/SignalStrength( 482): getCdmaLevel=3
07-14 18:31:29.280 W/SignalStrength( 482): getEvdoLevel=0
07-14 18:31:29.280 W/SignalStrength( 482): getCdmaLevel=3
07-14 18:31:29.280 W/SignalStrength( 482): getLevel=3
07-14 18:31:51.930 V/StatusBar.BatteryController( 482): status5batteryHealth 2
07-14 18:31:51.930 D/StatusBar.BatteryController( 482): mOldstatus5status 5
07-14 18:31:51.930 D/StatusBar.BatteryController( 482): now old status is 5
07-14 18:31:57.290 W/SignalStrength( 275): getCdmaLevel=2
07-14 18:31:57.290 W/SignalStrength( 275): getEvdoLevel=0
07-14 18:31:57.290 W/SignalStrength( 275): getCdmaLevel=2
07-14 18:31:57.290 W/SignalStrength( 275): getLevel=2
07-14 18:31:57.290 W/SignalStrength( 482): getCdmaLevel=2
07-14 18:31:57.290 W/SignalStrength( 482): getEvdoLevel=0
07-14 18:31:57.290 W/SignalStrength( 482): getCdmaLevel=2
07-14 18:31:57.290 W/SignalStrength( 482): getLevel=2
07-14 18:32:01.290 W/SignalStrength( 275): getCdmaLevel=3
07-14 18:32:01.290 W/SignalStrength( 275): getEvdoLevel=0
07-14 18:32:01.290 W/SignalStrength( 275): getCdmaLevel=3
07-14 18:32:01.290 W/SignalStrength( 275): getLevel=3
07-14 18:32:01.290 W/SignalStrength( 482): getCdmaLevel=3
07-14 18:32:01.290 W/SignalStrength( 482): getEvdoLevel=0
07-14 18:32:01.290 W/SignalStrength( 482): getCdmaLevel=3
07-14 18:32:01.290 W/SignalStrength( 482): getLevel=3
07-14 18:32:08.290 W/SignalStrength( 275): getCdmaLevel=2
07-14 18:32:08.290 W/SignalStrength( 275): getEvdoLevel=0
07-14 18:32:08.290 W/SignalStrength( 275): getCdmaLevel=2
07-14 18:32:08.290 W/SignalStrength( 275): getLevel=2
07-14 18:32:08.290 W/SignalStrength( 482): getCdmaLevel=2
07-14 18:32:08.290 W/SignalStrength( 482): getEvdoLevel=0
07-14 18:32:08.290 W/SignalStrength( 482): getCdmaLevel=2
07-14 18:32:08.290 W/SignalStrength( 482): getLevel=2
07-14 18:32:09.290 W/SignalStrength( 275): getCdmaLevel=3
07-14 18:32:09.290 W/SignalStrength( 275): getEvdoLevel=0
07-14 18:32:09.290 W/SignalStrength( 275): getCdmaLevel=3
07-14 18:32:09.290 W/SignalStrength( 275): getLevel=3
07-14 18:32:09.290 W/SignalStrength( 482): getCdmaLevel=3
07-14 18:32:09.290 W/SignalStrength( 482): getEvdoLevel=0
07-14 18:32:09.290 W/SignalStrength( 482): getCdmaLevel=3
07-14 18:32:09.290 W/SignalStrength( 482): getLevel=3
07-14 18:32:29.300 W/SignalStrength( 275): getCdmaLevel=2
07-14 18:32:29.300 W/SignalStrength( 275): getEvdoLevel=0
07-14 18:32:29.300 W/SignalStrength( 275): getCdmaLevel=2
07-14 18:32:29.300 W/SignalStrength( 275): getLevel=2
07-14 18:32:29.300 W/SignalStrength( 482): getCdmaLevel=2
07-14 18:32:29.300 W/SignalStrength( 482): getEvdoLevel=0
07-14 18:32:29.300 W/SignalStrength( 482): getCdmaLevel=2
07-14 18:32:29.300 W/SignalStrength( 482): getLevel=2
07-14 18:32:42.030 V/StatusBar.BatteryController( 482): status5batteryHealth 2
07-14 18:32:42.030 D/StatusBar.BatteryController( 482): mOldstatus5status 5
07-14 18:32:42.030 D/StatusBar.BatteryController( 482): now old status is 5
07-14 18:32:52.050 V/StatusBar.BatteryController( 482): status5batteryHealth 2
07-14 18:32:52.050 D/StatusBar.BatteryController( 482): mOldstatus5status 5
07-14 18:32:52.050 D/StatusBar.BatteryController( 482): now old status is 5
07-14 18:32:53.570 E/WifiStateMachine( 275): set suspend optimizations failed!
07-14 18:32:53.600 D/SensorManager( 768): registerListener :: handle = 0 name= BOSCH 3-axis Accelerometer delay= 10000 Listener= kvo@414b6938
07-14 18:32:53.600 E/SensorManager( 768): thread start
07-14 18:32:53.600 E/SensorManager( 768): =======>>>Sensor Thread RUNNING <<<========
07-14 18:32:54.320 D/Tethering( 275): interfaceLinkStateChanged wlan0, true
07-14 18:32:54.320 D/Tethering( 275): interfaceStatusChanged wlan0, true
07-14 18:32:54.320 D/Tethering( 275): interfaceLinkStateChanged wlan0, true
07-14 18:32:54.320 D/Tethering( 275): interfaceStatusChanged wlan0, true
07-14 18:32:54.460 I/SensorManager( 768): Set normal delay = true
07-14 18:32:54.590 D/SensorManager( 768): unregisterListener:: disable all sensors for this listener, name = BOSCH 3-axis Accelerometer listener = kvo@414b6938
07-14 18:32:54.630 E/WifiStateMachine( 275): set suspend optimizations failed!
07-14 18:32:54.690 I/GCoreUlr( 768): Received powerMode change from NLP: com.google.android.location.activity.LOW_POWER_MODE_ENABLED
07-14 18:32:54.690 I/GCoreUlr( 768): Starting service, intent=Intent { act=com.google.android.location.reporting.ACTION_UPDATE_ACTIVE_STATE cmp=xxxx }, extras=null
07-14 18:32:54.820 I/GCoreUlr( 768): Successfully inserted location
07-14 18:32:54.820 I/GCoreUlr( 768): Not calling LocationReportingService, hasMoved: false, elapsed millis: 1080188, request: Phone
07-14 18:32:54.960 I/GCoreUlr( 768): Ensuring that reporting is active for [account#15#]
07-14 18:32:54.960 I/GCoreUlr( 768): Starting service, intent=Intent { act=com.google.android.location.reporting.ACTION_LOCATION_STATUS cmp=xxxx (has extras) }, extras=Bundle[{status=LocationStatus[cell status: STATUS_UNKNOWN, wifi status: STATUS_UNKNOWN, elapsed realtime ns: 0]}]
07-14 18:33:02.070 V/StatusBar.BatteryController( 482): status5batteryHealth 2
07-14 18:33:02.070 D/StatusBar.BatteryController( 482): mOldstatus5status 5
07-14 18:33:02.070 D/StatusBar.BatteryController( 482): now old status is 5
07-14 18:33:09.680 D/Tethering( 275): interfaceLinkStateChanged wlan0, true
07-14 18:33:09.680 D/Tethering( 275): interfaceStatusChanged wlan0, true
07-14 18:33:12.090 V/StatusBar.BatteryController( 482): status5batteryHealth 2
07-14 18:33:12.090 D/StatusBar.BatteryController( 482): mOldstatus5status 5
07-14 18:33:12.090 D/StatusBar.BatteryController( 482): now old status is 5
07-14 18:33:17.340 D/Tethering( 275): interfaceLinkStateChanged wlan0, true
07-14 18:33:17.340 D/Tethering( 275): interfaceStatusChanged wlan0, true
07-14 18:33:32.130 V/StatusBar.BatteryController( 482): status5batteryHealth 2
07-14 18:33:32.130 D/StatusBar.BatteryController( 482): mOldstatus5status 5
07-14 18:33:32.130 D/StatusBar.BatteryController( 482): now old status is 5
07-14 18:33:35.300 D/Tethering( 275): interfaceLinkStateChanged wlan0, true
07-14 18:33:35.300 D/Tethering( 275): interfaceStatusChanged wlan0, true
07-14 18:33:39.320 W/SignalStrength( 275): getCdmaLevel=3
07-14 18:33:39.320 W/SignalStrength( 275): getEvdoLevel=0
07-14 18:33:39.320 W/SignalStrength( 275): getCdmaLevel=3
07-14 18:33:39.320 W/SignalStrength( 275): getLevel=3
07-14 18:33:39.330 W/SignalStrength( 482): getCdmaLevel=3
07-14 18:33:39.330 W/SignalStrength( 482): getEvdoLevel=0
07-14 18:33:39.330 W/SignalStrength( 482): getCdmaLevel=3
07-14 18:33:39.330 W/SignalStrength( 482): getLevel=3
07-14 18:33:42.150 V/StatusBar.BatteryController( 482): status5batteryHealth 2
07-14 18:33:42.150 D/StatusBar.BatteryController( 482): mOldstatus5status 5
07-14 18:33:42.150 D/StatusBar.BatteryController( 482): now old status is 5
07-14 18:33:42.320 W/SignalStrength( 275): getCdmaLevel=2
07-14 18:33:42.320 W/SignalStrength( 275): getEvdoLevel=0
07-14 18:33:42.320 W/SignalStrength( 275): getCdmaLevel=2
07-14 18:33:42.320 W/SignalStrength( 275): getLevel=2
07-14 18:33:42.330 W/SignalStrength( 482): getCdmaLevel=2
07-14 18:33:42.330 W/SignalStrength( 482): getEvdoLevel=0
07-14 18:33:42.330 W/SignalStrength( 482): getCdmaLevel=2
07-14 18:33:42.330 W/SignalStrength( 482): getLevel=2
07-14 18:34:10.750 W/ThrottleService( 275): unable to find stats for iface rmnet0
07-14 18:34:12.210 V/StatusBar.BatteryController( 482): status5batteryHealth 2
07-14 18:34:12.210 D/StatusBar.BatteryController( 482): mOldstatus5status 5
07-14 18:34:12.210 D/StatusBar.BatteryController( 482): now old status is 5
07-14 18:34:20.890 D/Tethering( 275): interfaceLinkStateChanged wlan0, true
07-14 18:34:20.890 D/Tethering( 275): interfaceStatusChanged wlan0, true
07-14 18:34:22.230 V/StatusBar.BatteryController( 482): status5batteryHealth 2
07-14 18:34:22.230 D/StatusBar.BatteryController( 482): mOldstatus5status 5
07-14 18:34:22.230 D/StatusBar.BatteryController( 482): now old status is 5
07-14 18:34:32.260 V/StatusBar.BatteryController( 482): status5batteryHealth 2
07-14 18:34:32.260 D/StatusBar.BatteryController( 482): mOldstatus5status 5
07-14 18:34:32.260 D/StatusBar.BatteryController( 482): now old status is 5
07-14 18:34:42.270 V/StatusBar.BatteryController( 482): status5batteryHealth 2
07-14 18:34:42.270 D/StatusBar.BatteryController( 482): mOldstatus5status 5
07-14 18:34:42.270 D/StatusBar.BatteryController( 482): now old status is 5
07-14 18:35:12.330 V/StatusBar.BatteryController( 482): status5batteryHealth 2
07-14 18:35:12.330 D/StatusBar.BatteryController( 482): mOldstatus5status 5
07-14 18:35:12.330 D/StatusBar.BatteryController( 482): now old status is 5
07-14 18:35:16.360 W/SignalStrength( 275): getCdmaLevel=3
07-14 18:35:16.360 W/SignalStrength( 275): getEvdoLevel=0
07-14 18:35:16.360 W/SignalStrength( 275): getCdmaLevel=3
07-14 18:35:16.360 W/SignalStrength( 275): getLevel=3
07-14 18:35:16.360 W/SignalStrength( 482): getCdmaLevel=3
07-14 18:35:16.360 W/SignalStrength( 482): getEvdoLevel=0
07-14 18:35:16.360 W/SignalStrength( 482): getCdmaLevel=3
07-14 18:35:16.360 W/SignalStrength( 482): getLevel=3
07-14 18:35:20.360 W/SignalStrength( 275): getCdmaLevel=2
07-14 18:35:20.360 W/SignalStrength( 275): getEvdoLevel=0
07-14 18:35:20.360 W/SignalStrength( 275): getCdmaLevel=2
07-14 18:35:20.360 W/SignalStrength( 275): getLevel=2
07-14 18:35:20.360 W/SignalStrength( 482): getCdmaLevel=2
07-14 18:35:20.370 W/SignalStrength( 482): getEvdoLevel=0
07-14 18:35:20.370 W/SignalStrength( 482): getCdmaLevel=2
07-14 18:35:20.370 W/SignalStrength( 482): getLevel=2
07-14 18:35:22.350 V/StatusBar.BatteryController( 482): status5batteryHealth 2
07-14 18:35:22.350 D/StatusBar.BatteryController( 482): mOldstatus5status 5
07-14 18:35:22.350 D/StatusBar.BatteryController( 482): now old status is 5
07-14 18:35:52.810 D/SensorManager( 768): registerListener :: handle = 0 name= BOSCH 3-axis Accelerometer delay= 10000 Listener= kvo@41378f00
07-14 18:35:52.810 E/SensorManager( 768): thread start
07-14 18:35:52.810 E/SensorManager( 768): =======>>>Sensor Thread RUNNING <<<========
07-14 18:35:53.630 I/SensorManager( 768): Set normal delay = true
07-14 18:35:53.710 D/SensorManager( 768): unregisterListener:: disable all sensors for this listener, name = BOSCH 3-axis Accelerometer listener = kvo@41378f00
07-14 18:36:02.430 V/StatusBar.BatteryController( 482): status5batteryHealth 2
07-14 18:36:02.430 D/StatusBar.BatteryController( 482): mOldstatus5status 5
07-14 18:36:02.430 D/StatusBar.BatteryController( 482): now old status is 5
07-14 18:36:12.450 V/StatusBar.BatteryController( 482): status5batteryHealth 2
07-14 18:36:12.450 D/StatusBar.BatteryController( 482): mOldstatus5status 5
07-14 18:36:12.450 D/StatusBar.BatteryController( 482): now old status is 5
07-14 18:36:22.470 V/StatusBar.BatteryController( 482): status5batteryHealth 2
07-14 18:36:22.470 D/StatusBar.BatteryController( 482): mOldstatus5status 5
07-14 18:36:22.470 D/StatusBar.BatteryController( 482): now old status is 5
07-14 18:36:42.510 V/StatusBar.BatteryController( 482): status5batteryHealth 2
07-14 18:36:42.510 D/StatusBar.BatteryController( 482): mOldstatus5status 5
07-14 18:36:42.510 D/StatusBar.BatteryController( 482): now old status is 5
07-14 18:36:52.530 V/StatusBar.BatteryController( 482): status5batteryHealth 2
07-14 18:36:52.530 D/StatusBar.BatteryController( 482): mOldstatus5status 5
07-14 18:36:52.530 D/StatusBar.BatteryController( 482): now old status is 5
07-14 18:36:56.400 W/SignalStrength( 275): getCdmaLevel=3
07-14 18:36:56.400 W/SignalStrength( 275): getEvdoLevel=0
07-14 18:36:56.400 W/SignalStrength( 275): getCdmaLevel=3
07-14 18:36:56.400 W/SignalStrength( 275): getLevel=3
07-14 18:36:56.400 W/SignalStrength( 482): getCdmaLevel=3
07-14 18:36:56.400 W/SignalStrength( 482): getEvdoLevel=0
07-14 18:36:56.400 W/SignalStrength( 482): getCdmaLevel=3
07-14 18:36:56.400 W/SignalStrength( 482): getLevel=3
07-14 18:37:02.550 V/StatusBar.BatteryController( 482): status5batteryHealth 2
07-14 18:37:02.550 D/StatusBar.BatteryController( 482): mOldstatus5status 5
07-14 18:37:02.550 D/StatusBar.BatteryController( 482): now old status is 5
07-14 18:37:08.400 W/SignalStrength( 275): getCdmaLevel=2
07-14 18:37:08.400 W/SignalStrength( 275): getEvdoLevel=0
07-14 18:37:08.400 W/SignalStrength( 275): getCdmaLevel=2
07-14 18:37:08.400 W/SignalStrength( 275): getLevel=2
07-14 18:37:08.410 W/SignalStrength( 482): getCdmaLevel=2
07-14 18:37:08.410 W/SignalStrength( 482): getEvdoLevel=0
07-14 18:37:08.410 W/SignalStrength( 482): getCdmaLevel=2
07-14 18:37:08.410 W/SignalStrength( 482): getLevel=2
07-14 18:37:12.570 V/StatusBar.BatteryController( 482): status5batteryHealth 2
07-14 18:37:12.570 D/StatusBar.BatteryController( 482): mOldstatus5status 5
07-14 18:37:12.570 D/StatusBar.BatteryController( 482): now old status is 5
07-14 18:37:22.590 V/StatusBar.BatteryController( 482): status5batteryHealth 2
07-14 18:37:22.590 D/StatusBar.BatteryController( 482): mOldstatus5status 5
07-14 18:37:22.590 D/StatusBar.BatteryController( 482): now old status is 5
07-14 18:37:32.610 V/StatusBar.BatteryController( 482): status5batteryHealth 2
07-14 18:37:32.610 D/StatusBar.BatteryController( 482): mOldstatus5status 5
07-14 18:37:32.610 D/StatusBar.BatteryController( 482): now old status is 5
07-14 18:37:42.630 V/StatusBar.BatteryController( 482): status5batteryHealth 2
07-14 18:37:42.630 D/StatusBar.BatteryController( 482): mOldstatus5status 5
07-14 18:37:42.630 D/StatusBar.BatteryController( 482): now old status is 5
07-14 18:38:02.670 V/StatusBar.BatteryController( 482): status5batteryHealth 2
07-14 18:38:02.670 D/StatusBar.BatteryController( 482): mOldstatus5status 5
07-14 18:38:02.670 D/StatusBar.BatteryController( 482): now old status is 5
07-14 18:38:12.690 V/StatusBar.BatteryController( 482): status5batteryHealth 2
07-14 18:38:12.690 D/StatusBar.BatteryController( 482): mOldstatus5status 5
07-14 18:38:12.690 D/StatusBar.BatteryController( 482): now old status is 5
07-14 18:38:28.430 W/SignalStrength( 275): getCdmaLevel=3
07-14 18:38:28.430 W/SignalStrength( 275): getEvdoLevel=0
07-14 18:38:28.430 W/SignalStrength( 275): getCdmaLevel=3
07-14 18:38:28.430 W/SignalStrength( 275): getLevel=3
07-14 18:38:28.440 W/SignalStrength( 482): getCdmaLevel=3
07-14 18:38:28.440 W/SignalStrength( 482): getEvdoLevel=0
07-14 18:38:28.440 W/SignalStrength( 482): getCdmaLevel=3
07-14 18:38:28.440 W/SignalStrength( 482): getLevel=3
07-14 18:38:32.730 V/StatusBar.BatteryController( 482): status5batteryHealth 2
07-14 18:38:32.730 D/StatusBar.BatteryController( 482): mOldstatus5status 5
07-14 18:38:32.730 D/StatusBar.BatteryController( 482): now old status is 5
07-14 18:38:37.440 W/SignalStrength( 275): getCdmaLevel=2
07-14 18:38:37.440 W/SignalStrength( 275): getEvdoLevel=0
07-14 18:38:37.440 W/SignalStrength( 275): getCdmaLevel=2
07-14 18:38:37.440 W/SignalStrength( 275): getLevel=2
07-14 18:38:37.440 W/SignalStrength( 482): getCdmaLevel=2
07-14 18:38:37.440 W/SignalStrength( 482): getEvdoLevel=0
07-14 18:38:37.440 W/SignalStrength( 482): getCdmaLevel=2
07-14 18:38:37.440 W/SignalStrength( 482): getLevel=2
07-14 18:38:38.440 W/SignalStrength( 275): getCdmaLevel=3
07-14 18:38:38.440 W/SignalStrength( 275): getEvdoLevel=0
07-14 18:38:38.440 W/SignalStrength( 275): getCdmaLevel=3
07-14 18:38:38.440 W/SignalStrength( 275): getLevel=3
07-14 18:38:38.440 W/SignalStrength( 482): getCdmaLevel=3
07-14 18:38:38.440 W/SignalStrength( 482): getEvdoLevel=0
07-14 18:38:38.440 W/SignalStrength( 482): getCdmaLevel=3
07-14 18:38:38.440 W/SignalStrength( 482): getLevel=3
07-14 18:38:42.750 V/StatusBar.BatteryController( 482): status5batteryHealth 2
07-14 18:38:42.750 D/StatusBar.BatteryController( 482): mOldstatus5status 5
07-14 18:38:42.750 D/StatusBar.BatteryController( 482): now old status is 5
07-14 18:38:50.440 W/SignalStrength( 275): getCdmaLevel=2
07-14 18:38:50.440 W/SignalStrength( 275): getEvdoLevel=0
07-14 18:38:50.440 W/SignalStrength( 275): getCdmaLevel=2
07-14 18:38:50.440 W/SignalStrength( 275): getLevel=2
07-14 18:38:50.440 W/SignalStrength( 482): getCdmaLevel=2
07-14 18:38:50.440 W/SignalStrength( 482): getEvdoLevel=0
07-14 18:38:50.440 W/SignalStrength( 482): getCdmaLevel=2
07-14 18:38:50.440 W/SignalStrength( 482): getLevel=2
07-14 18:38:51.880 D/SensorManager( 768): registerListener :: handle = 0 name= BOSCH 3-axis Accelerometer delay= 10000 Listener= kvo@41291b48
07-14 18:38:51.880 E/SensorManager( 768): thread start
07-14 18:38:51.880 E/SensorManager( 768): =======>>>Sensor Thread RUNNING <<<========
07-14 18:38:52.580 I/SensorManager( 768): Set normal delay = true
07-14 18:38:52.660 D/SensorManager( 768): unregisterListener:: disable all sensors for this listener, name = BOSCH 3-axis Accelerometer listener = kvo@41291b48
07-14 18:38:52.770 V/StatusBar.BatteryController( 482): status5batteryHealth 2
07-14 18:38:52.770 D/StatusBar.BatteryController( 482): mOldstatus5status 5
07-14 18:38:52.770 D/StatusBar.BatteryController( 482): now old status is 5
07-14 18:39:02.790 V/StatusBar.BatteryController( 482): status5batteryHealth 2
07-14 18:39:02.790 D/StatusBar.BatteryController( 482): mOldstatus5status 5
07-14 18:39:02.790 D/StatusBar.BatteryController( 482): now old status is 5
07-14 18:39:04.450 W/SignalStrength( 275): getCdmaLevel=3
07-14 18:39:04.450 W/SignalStrength( 275): getEvdoLevel=0
07-14 18:39:04.450 W/SignalStrength( 275): getCdmaLevel=3
07-14 18:39:04.450 W/SignalStrength( 275): getLevel=3
07-14 18:39:04.450 W/SignalStrength( 482): getCdmaLevel=3
07-14 18:39:04.450 W/SignalStrength( 482): getEvdoLevel=0
07-14 18:39:04.450 W/SignalStrength( 482): getCdmaLevel=3
07-14 18:39:04.450 W/SignalStrength( 482): getLevel=3
07-14 18:39:12.820 V/StatusBar.BatteryController( 482): status5batteryHealth 2
07-14 18:39:12.820 D/StatusBar.BatteryController( 482): mOldstatus5status 5
07-14 18:39:12.820 D/StatusBar.BatteryController( 482): now old status is 5
07-14 18:39:22.450 W/SignalStrength( 275): getCdmaLevel=3
07-14 18:39:22.450 W/SignalStrength( 275): getEvdoLevel=0
07-14 18:39:22.450 W/SignalStrength( 275): getCdmaLevel=3
07-14 18:39:22.450 W/SignalStrength( 275): getLevel=3
07-14 18:39:22.460 W/SignalStrength( 482): getCdmaLevel=3
07-14 18:39:22.460 W/SignalStrength( 482): getEvdoLevel=0
07-14 18:39:22.460 W/SignalStrength( 482): getCdmaLevel=3
07-14 18:39:22.460 W/SignalStrength( 482): getLevel=3
07-14 18:39:23.450 W/SignalStrength( 275): getCdmaLevel=2
07-14 18:39:23.450 W/SignalStrength( 275): getEvdoLevel=0
07-14 18:39:23.450 W/SignalStrength( 275): getCdmaLevel=2
07-14 18:39:23.450 W/SignalStrength( 275): getLevel=2
07-14 18:39:23.460 W/SignalStrength( 482): getCdmaLevel=2
07-14 18:39:23.460 W/SignalStrength( 482): getEvdoLevel=0
07-14 18:39:23.460 W/SignalStrength( 482): getCdmaLevel=2
07-14 18:39:23.460 W/SignalStrength( 482): getLevel=2
07-14 18:39:31.460 W/SignalStrength( 275): getCdmaLevel=3
07-14 18:39:31.460 W/SignalStrength( 275): getEvdoLevel=0
07-14 18:39:31.460 W/SignalStrength( 275): getCdmaLevel=3
07-14 18:39:31.460 W/SignalStrength( 275): getLevel=3
07-14 18:39:31.460 W/SignalStrength( 482): getCdmaLevel=3
07-14 18:39:31.460 W/SignalStrength( 482): getEvdoLevel=0
07-14 18:39:31.460 W/SignalStrength( 482): getCdmaLevel=3
07-14 18:39:31.460 W/SignalStrength( 482): getLevel=3
07-14 18:39:42.460 W/SignalStrength( 275): getCdmaLevel=2
07-14 18:39:42.460 W/SignalStrength( 275): getEvdoLevel=0
07-14 18:39:42.460 W/SignalStrength( 275): getCdmaLevel=2
07-14 18:39:42.460 W/SignalStrength( 275): getLevel=2
07-14 18:39:42.470 W/SignalStrength( 482): getCdmaLevel=2
07-14 18:39:42.470 W/SignalStrength( 482): getEvdoLevel=0
07-14 18:39:42.470 W/SignalStrength( 482): getCdmaLevel=2
07-14 18:39:42.470 W/SignalStrength( 482): getLevel=2
07-14 18:39:42.870 V/StatusBar.BatteryController( 482): status5batteryHealth 2
07-14 18:39:42.870 D/StatusBar.BatteryController( 482): mOldstatus5status 5
07-14 18:39:42.870 D/StatusBar.BatteryController( 482): now old status is 5
07-14 18:39:46.460 W/SignalStrength( 275): getCdmaLevel=3
07-14 18:39:46.460 W/SignalStrength( 275): getEvdoLevel=0
07-14 18:39:46.460 W/SignalStrength( 275): getCdmaLevel=3
07-14 18:39:46.460 W/SignalStrength( 275): getLevel=3
07-14 18:39:46.470 W/SignalStrength( 482): getCdmaLevel=3
07-14 18:39:46.470 W/SignalStrength( 482): getEvdoLevel=0
07-14 18:39:46.470 W/SignalStrength( 482): getCdmaLevel=3
07-14 18:39:46.470 W/SignalStrength( 482): getLevel=3
07-14 18:39:59.470 W/SignalStrength( 275): getCdmaLevel=2
07-14 18:39:59.470 W/SignalStrength( 275): getEvdoLevel=0
07-14 18:39:59.470 W/SignalStrength( 275): getCdmaLevel=2
07-14 18:39:59.470 W/SignalStrength( 275): getLevel=2
07-14 18:39:59.470 W/SignalStrength( 482): getCdmaLevel=2
07-14 18:39:59.470 W/SignalStrength( 482): getEvdoLevel=0
07-14 18:39:59.470 W/SignalStrength( 482): getCdmaLevel=2
07-14 18:39:59.470 W/SignalStrength( 482): getLevel=2
07-14 18:40:00.470 W/SignalStrength( 275): getCdmaLevel=2
07-14 18:40:00.470 W/SignalStrength( 275): getEvdoLevel=0
07-14 18:40:00.470 W/SignalStrength( 275): getCdmaLevel=2
07-14 18:40:00.470 W/SignalStrength( 275): getLevel=2
07-14 18:40:00.470 W/SignalStrength( 482): getCdmaLevel=2
07-14 18:40:00.470 W/SignalStrength( 482): getEvdoLevel=0
07-14 18:40:00.470 W/SignalStrength( 482): getCdmaLevel=2
07-14 18:40:00.470 W/SignalStrength( 482): getLevel=2
07-14 18:40:02.910 V/StatusBar.BatteryController( 482): status5batteryHealth 2
07-14 18:40:02.910 D/StatusBar.BatteryController( 482): mOldstatus5status 5
07-14 18:40:02.910 D/StatusBar.BatteryController( 482): now old status is 5
07-14 18:40:16.840 D/GCM ( 592): Ignoring attempt to send heartbeat on dead connection.
07-14 18:40:21.870 D/Tethering( 275): interfaceLinkStateChanged wlan0, true
07-14 18:40:21.870 D/Tethering( 275): interfaceStatusChanged wlan0, true
07-14 18:40:22.950 V/StatusBar.BatteryController( 482): status5batteryHealth 2
07-14 18:40:22.950 D/StatusBar.BatteryController( 482): mOldstatus5status 5
07-14 18:40:22.950 D/StatusBar.BatteryController( 482): now old status is 5
07-14 18:40:26.950 D/Tethering( 275): interfaceLinkStateChanged wlan0, true
07-14 18:40:26.950 D/Tethering( 275): interfaceStatusChanged wlan0, true
07-14 18:40:43.000 V/StatusBar.BatteryController( 482): status5batteryHealth 2
07-14 18:40:43.000 D/StatusBar.BatteryController( 482): mOldstatus5status 5
07-14 18:40:43.000 D/StatusBar.BatteryController( 482): now old status is 5
07-14 18:40:57.490 W/SignalStrength( 275): getCdmaLevel=3
07-14 18:40:57.490 W/SignalStrength( 275): getEvdoLevel=0
07-14 18:40:57.490 W/SignalStrength( 275): getCdmaLevel=3
07-14 18:40:57.490 W/SignalStrength( 275): getLevel=3
07-14 18:40:57.490 W/SignalStrength( 482): getCdmaLevel=3
07-14 18:40:57.490 W/SignalStrength( 482): getEvdoLevel=0
07-14 18:40:57.490 W/SignalStrength( 482): getCdmaLevel=3
07-14 18:40:57.490 W/SignalStrength( 482): getLevel=3
07-14 18:41:23.070 V/StatusBar.BatteryController( 482): status5batteryHealth 2
07-14 18:41:23.070 D/StatusBar.BatteryController( 482): mOldstatus5status 5
07-14 18:41:23.070 D/StatusBar.BatteryController( 482): now old status is 5
07-14 18:41:25.500 W/SignalStrength( 275): getCdmaLevel=2
07-14 18:41:25.500 W/SignalStrength( 275): getEvdoLevel=0
07-14 18:41:25.500 W/SignalStrength( 275): getCdmaLevel=2
07-14 18:41:25.500 W/SignalStrength( 275): getLevel=2
07-14 18:41:25.510 W/SignalStrength( 482): getCdmaLevel=2
07-14 18:41:25.510 W/SignalStrength( 482): getEvdoLevel=0
07-14 18:41:25.510 W/SignalStrength( 482): getCdmaLevel=2
07-14 18:41:25.510 W/SignalStrength( 482): getLevel=2
07-14 18:41:33.090 V/StatusBar.BatteryController( 482): status5batteryHealth 2
07-14 18:41:33.090 D/StatusBar.BatteryController( 482): mOldstatus5status 5
07-14 18:41:33.100 D/StatusBar.BatteryController( 482): now old status is 5
07-14 18:41:38.500 W/SignalStrength( 275): getCdmaLevel=3
07-14 18:41:38.500 W/SignalStrength( 275): getEvdoLevel=0
07-14 18:41:38.500 W/SignalStrength( 275): getCdmaLevel=3
07-14 18:41:38.500 W/SignalStrength( 275): getLevel=3
07-14 18:41:38.510 W/SignalStrength( 482): getCdmaLevel=3
07-14 18:41:38.510 W/SignalStrength( 482): getEvdoLevel=0
07-14 18:41:38.510 W/SignalStrength( 482): getCdmaLevel=3
07-14 18:41:38.510 W/SignalStrength( 482): getLevel=3
07-14 18:41:43.120 V/StatusBar.BatteryController( 482): status5batteryHealth 2
07-14 18:41:43.120 D/StatusBar.BatteryController( 482): mOldstatus5status 5
07-14 18:41:43.120 D/StatusBar.BatteryController( 482): now old status is 5
07-14 18:41:50.830 D/SensorManager( 768): registerListener :: handle = 0 name= BOSCH 3-axis Accelerometer delay= 10000 Listener= kvo@411825f0
07-14 18:41:50.830 E/SensorManager( 768): thread start
07-14 18:41:50.830 E/SensorManager( 768): =======>>>Sensor Thread RUNNING <<<========
07-14 18:41:51.530 I/SensorManager( 768): Set normal delay = true
07-14 18:41:51.610 D/SensorManager( 768): unregisterListener:: disable all sensors for this listener, name = BOSCH 3-axis Accelerometer listener = kvo@411825f0
07-14 18:41:53.140 V/StatusBar.BatteryController( 482): status5batteryHealth 2
07-14 18:41:53.140 D/StatusBar.BatteryController( 482): mOldstatus5status 5
07-14 18:41:53.140 D/StatusBar.BatteryController( 482): now old status is 5
07-14 18:42:02.510 W/SignalStrength( 275): getCdmaLevel=2
07-14 18:42:02.510 W/SignalStrength( 275): getEvdoLevel=0
07-14 18:42:02.510 W/SignalStrength( 275): getCdmaLevel=2
07-14 18:42:02.510 W/SignalStrength( 275): getLevel=2
07-14 18:42:02.520 W/SignalStrength( 482): getCdmaLevel=2
07-14 18:42:02.520 W/SignalStrength( 482): getEvdoLevel=0
07-14 18:42:02.520 W/SignalStrength( 482): getCdmaLevel=2
07-14 18:42:02.520 W/SignalStrength( 482): getLevel=2
07-14 18:42:03.150 V/StatusBar.BatteryController( 482): status5batteryHealth 2
07-14 18:42:03.150 D/StatusBar.BatteryController( 482): mOldstatus5status 5
07-14 18:42:03.150 D/StatusBar.BatteryController( 482): now old status is 5
07-14 18:42:13.180 V/StatusBar.BatteryController( 482): status5batteryHealth 2
07-14 18:42:13.180 D/StatusBar.BatteryController( 482): mOldstatus5status 5
07-14 18:42:13.180 D/StatusBar.BatteryController( 482): now old status is 5
07-14 18:42:18.520 W/SignalStrength( 275): getCdmaLevel=3
07-14 18:42:18.520 W/SignalStrength( 275): getEvdoLevel=0
07-14 18:42:18.520 W/SignalStrength( 275): getCdmaLevel=3
07-14 18:42:18.520 W/SignalStrength( 275): getLevel=3
07-14 18:42:18.520 W/SignalStrength( 482): getCdmaLevel=3
07-14 18:42:18.520 W/SignalStrength( 482): getEvdoLevel=0
07-14 18:42:18.520 W/SignalStrength( 482): getCdmaLevel=3
07-14 18:42:18.520 W/SignalStrength( 482): getLevel=3
07-14 18:42:23.190 V/StatusBar.BatteryController( 482): status5batteryHealth 2
07-14 18:42:23.190 D/StatusBar.BatteryController( 482): mOldstatus5status 5
07-14 18:42:23.190 D/StatusBar.BatteryController( 482): now old status is 5
07-14 18:42:33.210 V/StatusBar.BatteryController( 482): status5batteryHealth 2
07-14 18:42:33.210 D/StatusBar.BatteryController( 482): mOldstatus5status 5
07-14 18:42:33.210 D/StatusBar.BatteryController( 482): now old status is 5
07-14 18:42:38.530 W/SignalStrength( 275): getCdmaLevel=2
07-14 18:42:38.530 W/SignalStrength( 275): getEvdoLevel=0
07-14 18:42:38.530 W/SignalStrength( 275): getCdmaLevel=2
07-14 18:42:38.530 W/SignalStrength( 275): getLevel=2
07-14 18:42:38.530 W/SignalStrength( 482): getCdmaLevel=2
07-14 18:42:38.530 W/SignalStrength( 482): getEvdoLevel=0
07-14 18:42:38.530 W/SignalStrength( 482): getCdmaLevel=2
07-14 18:42:38.530 W/SignalStrength( 482): getLevel=2
07-14 18:42:43.230 V/StatusBar.BatteryController( 482): status5batteryHealth 2
07-14 18:42:43.230 D/StatusBar.BatteryController( 482): mOldstatus5status 5
07-14 18:42:43.230 D/StatusBar.BatteryController( 482): now old status is 5
07-14 18:42:53.250 V/StatusBar.BatteryController( 482): status5batteryHealth 2
07-14 18:42:53.250 D/StatusBar.BatteryController( 482): mOldstatus5status 5
07-14 18:42:53.250 D/StatusBar.BatteryController( 482): now old status is 5
07-14 18:43:13.290 V/StatusBar.BatteryController( 482): status5batteryHealth 2
07-14 18:43:13.290 D/StatusBar.BatteryController( 482): mOldstatus5status 5
07-14 18:43:13.290 D/StatusBar.BatteryController( 482): now old status is 5
07-14 18:43:13.400 D/Tethering( 275): interfaceLinkStateChanged wlan0, true
07-14 18:43:13.400 D/Tethering( 275): interfaceStatusChanged wlan0, true
07-14 18:43:17.470 D/Tethering( 275): interfaceLinkStateChanged wlan0, true
07-14 18:43:17.470 D/Tethering( 275): interfaceStatusChanged wlan0, true
07-14 18:43:17.540 W/SignalStrength( 275): getCdmaLevel=3
07-14 18:43:17.540 W/SignalStrength( 275): getEvdoLevel=0
07-14 18:43:17.540 W/SignalStrength( 275): getCdmaLevel=3
07-14 18:43:17.540 W/SignalStrength( 275): getLevel=3
07-14 18:43:17.540 W/SignalStrength( 482): getCdmaLevel=3
07-14 18:43:17.540 W/SignalStrength( 482): getEvdoLevel=0
07-14 18:43:17.540 W/SignalStrength( 482): getCdmaLevel=3
07-14 18:43:17.540 W/SignalStrength( 482): getLevel=3
07-14 18:43:23.310 V/StatusBar.BatteryController( 482): status5batteryHealth 2
07-14 18:43:23.310 D/StatusBar.BatteryController( 482): mOldstatus5status 5
07-14 18:43:23.310 D/StatusBar.BatteryController( 482): now old status is 5
07-14 18:43:26.540 W/SignalStrength( 275): getCdmaLevel=2
07-14 18:43:26.540 W/SignalStrength( 275): getEvdoLevel=0
07-14 18:43:26.540 W/SignalStrength( 275): getCdmaLevel=2
07-14 18:43:26.540 W/SignalStrength( 275): getLevel=2
07-14 18:43:26.550 W/SignalStrength( 482): getCdmaLevel=2
07-14 18:43:26.550 W/SignalStrength( 482): getEvdoLevel=0
07-14 18:43:26.550 W/SignalStrength( 482): getCdmaLevel=2
07-14 18:43:26.550 W/SignalStrength( 482): getLevel=2
07-14 18:43:33.330 V/StatusBar.BatteryController( 482): status5batteryHealth 2
07-14 18:43:33.330 D/StatusBar.BatteryController( 482): mOldstatus5status 5
07-14 18:43:33.330 D/StatusBar.BatteryController( 482): now old status is 5
07-14 18:43:45.550 W/SignalStrength( 275): getCdmaLevel=3
07-14 18:43:45.550 W/SignalStrength( 275): getEvdoLevel=0
07-14 18:43:45.550 W/SignalStrength( 275): getCdmaLevel=3
07-14 18:43:45.550 W/SignalStrength( 275): getLevel=3
07-14 18:43:45.550 W/SignalStrength( 482): getCdmaLevel=3
07-14 18:43:45.550 W/SignalStrength( 482): getEvdoLevel=0
07-14 18:43:45.550 W/SignalStrength( 482): getCdmaLevel=3
07-14 18:43:45.560 W/SignalStrength( 482): getLevel=3
07-14 18:43:46.550 W/SignalStrength( 275): getCdmaLevel=3
07-14 18:43:46.550 W/SignalStrength( 275): getEvdoLevel=0
07-14 18:43:46.550 W/SignalStrength( 275): getCdmaLevel=3
07-14 18:43:46.550 W/SignalStrength( 275): getLevel=3
07-14 18:43:46.550 W/SignalStrength( 482): getCdmaLevel=3
07-14 18:43:46.550 W/SignalStrength( 482): getEvdoLevel=0
07-14 18:43:46.550 W/SignalStrength( 482): getCdmaLevel=3
07-14 18:43:46.550 W/SignalStrength( 482): getLevel=3
07-14 18:43:53.370 V/StatusBar.BatteryController( 482): status5batteryHealth 2
