07-14 17:38:17.070 W/SignalStrength( 482): getCdmaLevel=2
07-14 17:38:17.070 W/SignalStrength( 482): getLevel=2
07-14 17:38:20.070 W/SignalStrength( 275): getCdmaLevel=3
07-14 17:38:20.070 W/SignalStrength( 275): getEvdoLevel=0
07-14 17:38:20.070 W/SignalStrength( 275): getCdmaLevel=3
07-14 17:38:20.070 W/SignalStrength( 275): getLevel=3
07-14 17:38:20.070 W/SignalStrength( 482): getCdmaLevel=3
07-14 17:38:20.070 W/SignalStrength( 482): getEvdoLevel=0
07-14 17:38:20.070 W/SignalStrength( 482): getCdmaLevel=3
07-14 17:38:20.070 W/SignalStrength( 482): getLevel=3
07-14 17:38:25.530 V/StatusBar.BatteryController( 482): status5batteryHealth 2
07-14 17:38:25.530 D/StatusBar.BatteryController( 482): mOldstatus5status 5
07-14 17:38:25.530 D/StatusBar.BatteryController( 482): now old status is 5
07-14 17:38:35.550 V/StatusBar.BatteryController( 482): status5batteryHealth 2
07-14 17:38:35.550 D/StatusBar.BatteryController( 482): mOldstatus5status 5
07-14 17:38:35.550 D/StatusBar.BatteryController( 482): now old status is 5
07-14 17:38:45.570 V/StatusBar.BatteryController( 482): status5batteryHealth 2
07-14 17:38:45.570 D/StatusBar.BatteryController( 482): mOldstatus5status 5
07-14 17:38:45.570 D/StatusBar.BatteryController( 482): now old status is 5
07-14 17:38:53.520 E/WifiStateMachine( 275): set suspend optimizations failed!
07-14 17:38:53.550 D/SensorManager( 768): registerListener :: handle = 0 name= BOSCH 3-axis Accelerometer delay= 10000 Listener= kvo@4140a730
07-14 17:38:53.550 E/SensorManager( 768): thread start
07-14 17:38:53.550 E/SensorManager( 768): =======>>>Sensor Thread RUNNING <<<========
07-14 17:38:54.240 I/SensorManager( 768): Set normal delay = true
07-14 17:38:54.270 D/Tethering( 275): interfaceLinkStateChanged wlan0, true
07-14 17:38:54.270 D/Tethering( 275): interfaceStatusChanged wlan0, true
07-14 17:38:54.270 D/Tethering( 275): interfaceLinkStateChanged wlan0, true
07-14 17:38:54.270 D/Tethering( 275): interfaceStatusChanged wlan0, true
07-14 17:38:54.330 D/SensorManager( 768): unregisterListener:: disable all sensors for this listener, name = BOSCH 3-axis Accelerometer listener = kvo@4140a730
07-14 17:38:54.530 E/WifiStateMachine( 275): set suspend optimizations failed!
07-14 17:38:54.660 I/GCoreUlr( 768): Successfully inserted location
07-14 17:38:54.670 I/GCoreUlr( 768): Not calling LocationReportingService, hasMoved: false, elapsed millis: 2160175, request: Phone
07-14 17:38:55.590 V/StatusBar.BatteryController( 482): status5batteryHealth 2
07-14 17:38:55.590 D/StatusBar.BatteryController( 482): mOldstatus5status 5
07-14 17:38:55.590 D/StatusBar.BatteryController( 482): now old status is 5
07-14 17:39:05.610 V/StatusBar.BatteryController( 482): status5batteryHealth 2
07-14 17:39:05.610 D/StatusBar.BatteryController( 482): mOldstatus5status 5
07-14 17:39:05.610 D/StatusBar.BatteryController( 482): now old status is 5
07-14 17:39:15.630 V/StatusBar.BatteryController( 482): status5batteryHealth 2
07-14 17:39:15.630 D/StatusBar.BatteryController( 482): mOldstatus5status 5
07-14 17:39:15.630 D/StatusBar.BatteryController( 482): now old status is 5
07-14 17:39:25.650 V/StatusBar.BatteryController( 482): status5batteryHealth 2
07-14 17:39:25.650 D/StatusBar.BatteryController( 482): mOldstatus5status 5
07-14 17:39:25.650 D/StatusBar.BatteryController( 482): now old status is 5
07-14 17:39:35.670 V/StatusBar.BatteryController( 482): status5batteryHealth 2
07-14 17:39:35.670 D/StatusBar.BatteryController( 482): mOldstatus5status 5
07-14 17:39:35.670 D/StatusBar.BatteryController( 482): now old status is 5
07-14 17:39:45.690 V/StatusBar.BatteryController( 482): status5batteryHealth 2
07-14 17:39:45.690 D/StatusBar.BatteryController( 482): mOldstatus5status 5
07-14 17:39:45.690 D/StatusBar.BatteryController( 482): now old status is 5
07-14 17:40:05.810 D/Tethering( 275): interfaceLinkStateChanged wlan0, true
07-14 17:40:05.810 D/Tethering( 275): interfaceStatusChanged wlan0, true
07-14 17:40:16.430 D/GCM ( 592): Ignoring attempt to send heartbeat on dead connection.
07-14 17:40:21.460 D/Tethering( 275): interfaceLinkStateChanged wlan0, true
07-14 17:40:21.460 D/Tethering( 275): interfaceStatusChanged wlan0, true
07-14 17:40:25.770 V/StatusBar.BatteryController( 482): status5batteryHealth 2
07-14 17:40:25.770 D/StatusBar.BatteryController( 482): mOldstatus5status 5
07-14 17:40:25.770 D/StatusBar.BatteryController( 482): now old status is 5
07-14 17:40:35.790 V/StatusBar.BatteryController( 482): status5batteryHealth 2
07-14 17:40:35.790 D/StatusBar.BatteryController( 482): mOldstatus5status 5
07-14 17:40:35.790 D/StatusBar.BatteryController( 482): now old status is 5
07-14 17:40:41.130 W/SignalStrength( 275): getCdmaLevel=2
07-14 17:40:41.130 W/SignalStrength( 275): getEvdoLevel=0
07-14 17:40:41.130 W/SignalStrength( 275): getCdmaLevel=2
07-14 17:40:41.130 W/SignalStrength( 275): getLevel=2
07-14 17:40:41.130 W/SignalStrength( 482): getCdmaLevel=2
07-14 17:40:41.130 W/SignalStrength( 482): getEvdoLevel=0
07-14 17:40:41.130 W/SignalStrength( 482): getCdmaLevel=2
07-14 17:40:41.130 W/SignalStrength( 482): getLevel=2
07-14 17:40:42.130 W/SignalStrength( 275): getCdmaLevel=3
07-14 17:40:42.130 W/SignalStrength( 275): getEvdoLevel=0
07-14 17:40:42.130 W/SignalStrength( 275): getCdmaLevel=3
07-14 17:40:42.130 W/SignalStrength( 275): getLevel=3
07-14 17:40:42.130 W/SignalStrength( 482): getCdmaLevel=3
07-14 17:40:42.130 W/SignalStrength( 482): getEvdoLevel=0
07-14 17:40:42.130 W/SignalStrength( 482): getCdmaLevel=3
07-14 17:40:42.130 W/SignalStrength( 482): getLevel=3
07-14 17:40:45.810 V/StatusBar.BatteryController( 482): status5batteryHealth 2
07-14 17:40:45.810 D/StatusBar.BatteryController( 482): mOldstatus5status 5
07-14 17:40:45.810 D/StatusBar.BatteryController( 482): now old status is 5
07-14 17:40:55.830 V/StatusBar.BatteryController( 482): status5batteryHealth 2
07-14 17:40:55.830 D/StatusBar.BatteryController( 482): mOldstatus5status 5
07-14 17:40:55.830 D/StatusBar.BatteryController( 482): now old status is 5
07-14 17:41:05.850 V/StatusBar.BatteryController( 482): status5batteryHealth 2
07-14 17:41:05.850 D/StatusBar.BatteryController( 482): mOldstatus5status 5
07-14 17:41:05.850 D/StatusBar.BatteryController( 482): now old status is 5
07-14 17:41:25.890 V/StatusBar.BatteryController( 482): status5batteryHealth 2
07-14 17:41:25.890 D/StatusBar.BatteryController( 482): mOldstatus5status 5
07-14 17:41:25.890 D/StatusBar.BatteryController( 482): now old status is 5
07-14 17:41:35.910 V/StatusBar.BatteryController( 482): status5batteryHealth 2
07-14 17:41:35.910 D/StatusBar.BatteryController( 482): mOldstatus5status 5
07-14 17:41:35.910 D/StatusBar.BatteryController( 482): now old status is 5
07-14 17:41:45.940 V/StatusBar.BatteryController( 482): status5batteryHealth 2
07-14 17:41:45.940 D/StatusBar.BatteryController( 482): mOldstatus5status 5
07-14 17:41:45.940 D/StatusBar.BatteryController( 482): now old status is 5
07-14 17:41:52.690 D/SensorManager( 768): registerListener :: handle = 0 name= BOSCH 3-axis Accelerometer delay= 10000 Listener= kvo@413c2b88
07-14 17:41:52.690 E/SensorManager( 768): thread start
07-14 17:41:52.690 E/SensorManager( 768): =======>>>Sensor Thread RUNNING <<<========
07-14 17:41:53.380 I/SensorManager( 768): Set normal delay = true
07-14 17:41:53.460 D/SensorManager( 768): unregisterListener:: disable all sensors for this listener, name = BOSCH 3-axis Accelerometer listener = kvo@413c2b88
07-14 17:41:55.960 V/StatusBar.BatteryController( 482): status5batteryHealth 2
07-14 17:41:55.960 D/StatusBar.BatteryController( 482): mOldstatus5status 5
07-14 17:41:55.960 D/StatusBar.BatteryController( 482): now old status is 5
07-14 17:42:05.970 V/StatusBar.BatteryController( 482): status5batteryHealth 2
07-14 17:42:05.970 D/StatusBar.BatteryController( 482): mOldstatus5status 5
07-14 17:42:05.970 D/StatusBar.BatteryController( 482): now old status is 5
07-14 17:42:36.030 V/StatusBar.BatteryController( 482): status5batteryHealth 2
07-14 17:42:36.030 D/StatusBar.BatteryController( 482): mOldstatus5status 5
07-14 17:42:36.030 D/StatusBar.BatteryController( 482): now old status is 5
07-14 17:42:46.060 V/StatusBar.BatteryController( 482): status5batteryHealth 2
07-14 17:42:46.060 D/StatusBar.BatteryController( 482): mOldstatus5status 5
07-14 17:42:46.060 D/StatusBar.BatteryController( 482): now old status is 5
07-14 17:42:56.080 V/StatusBar.BatteryController( 482): status5batteryHealth 2
07-14 17:42:56.080 D/StatusBar.BatteryController( 482): mOldstatus5status 5
07-14 17:42:56.080 D/StatusBar.BatteryController( 482): now old status is 5
07-14 17:43:06.090 V/StatusBar.BatteryController( 482): status5batteryHealth 2
07-14 17:43:06.090 D/StatusBar.BatteryController( 482): mOldstatus5status 5
07-14 17:43:06.090 D/StatusBar.BatteryController( 482): now old status is 5
07-14 17:43:22.460 D/Tethering( 275): interfaceLinkStateChanged wlan0, true
07-14 17:43:22.460 D/Tethering( 275): interfaceStatusChanged wlan0, true
07-14 17:43:26.130 V/StatusBar.BatteryController( 482): status5batteryHealth 2
07-14 17:43:26.130 D/StatusBar.BatteryController( 482): mOldstatus5status 5
07-14 17:43:26.130 D/StatusBar.BatteryController( 482): now old status is 5
07-14 17:43:46.170 V/StatusBar.BatteryController( 482): status5batteryHealth 2
07-14 17:43:46.170 D/StatusBar.BatteryController( 482): mOldstatus5status 5
07-14 17:43:46.170 D/StatusBar.BatteryController( 482): now old status is 5
07-14 17:43:56.200 V/StatusBar.BatteryController( 482): status5batteryHealth 2
07-14 17:43:56.200 D/StatusBar.BatteryController( 482): mOldstatus5status 5
07-14 17:43:56.200 D/StatusBar.BatteryController( 482): now old status is 5
07-14 17:44:10.720 W/ThrottleService( 275): unable to find stats for iface rmnet0
07-14 17:44:16.210 W/SignalStrength( 275): getCdmaLevel=2
07-14 17:44:16.210 W/SignalStrength( 275): getEvdoLevel=0
07-14 17:44:16.210 W/SignalStrength( 275): getCdmaLevel=2
07-14 17:44:16.210 W/SignalStrength( 275): getLevel=2
07-14 17:44:16.210 W/SignalStrength( 482): getCdmaLevel=2
07-14 17:44:16.210 W/SignalStrength( 482): getEvdoLevel=0
07-14 17:44:16.210 W/SignalStrength( 482): getCdmaLevel=2
07-14 17:44:16.210 W/SignalStrength( 482): getLevel=2
07-14 17:44:17.210 W/SignalStrength( 275): getCdmaLevel=3
07-14 17:44:17.210 W/SignalStrength( 275): getEvdoLevel=0
07-14 17:44:17.210 W/SignalStrength( 275): getCdmaLevel=3
07-14 17:44:17.210 W/SignalStrength( 275): getLevel=3
07-14 17:44:17.210 W/SignalStrength( 482): getCdmaLevel=3
07-14 17:44:17.210 W/SignalStrength( 482): getEvdoLevel=0
07-14 17:44:17.210 W/SignalStrength( 482): getCdmaLevel=3
07-14 17:44:17.210 W/SignalStrength( 482): getLevel=3
07-14 17:44:26.250 V/StatusBar.BatteryController( 482): status5batteryHealth 2
07-14 17:44:26.250 D/StatusBar.BatteryController( 482): mOldstatus5status 5
07-14 17:44:26.250 D/StatusBar.BatteryController( 482): now old status is 5
07-14 17:44:29.210 W/SignalStrength( 275): getCdmaLevel=2
07-14 17:44:29.210 W/SignalStrength( 275): getEvdoLevel=0
07-14 17:44:29.210 W/SignalStrength( 275): getCdmaLevel=2
07-14 17:44:29.210 W/SignalStrength( 275): getLevel=2
07-14 17:44:29.220 W/SignalStrength( 482): getCdmaLevel=2
07-14 17:44:29.220 W/SignalStrength( 482): getEvdoLevel=0
07-14 17:44:29.220 W/SignalStrength( 482): getCdmaLevel=2
07-14 17:44:29.220 W/SignalStrength( 482): getLevel=2
07-14 17:44:36.270 V/StatusBar.BatteryController( 482): status5batteryHealth 2
07-14 17:44:36.270 D/StatusBar.BatteryController( 482): mOldstatus5status 5
07-14 17:44:36.270 D/StatusBar.BatteryController( 482): now old status is 5
07-14 17:44:45.220 W/SignalStrength( 275): getCdmaLevel=3
07-14 17:44:45.220 W/SignalStrength( 275): getEvdoLevel=0
07-14 17:44:45.220 W/SignalStrength( 275): getCdmaLevel=3
07-14 17:44:45.220 W/SignalStrength( 275): getLevel=3
07-14 17:44:45.220 W/SignalStrength( 482): getCdmaLevel=3
07-14 17:44:45.220 W/SignalStrength( 482): getEvdoLevel=0
07-14 17:44:45.220 W/SignalStrength( 482): getCdmaLevel=3
07-14 17:44:45.220 W/SignalStrength( 482): getLevel=3
07-14 17:44:46.290 V/StatusBar.BatteryController( 482): status5batteryHealth 2
07-14 17:44:46.290 D/StatusBar.BatteryController( 482): mOldstatus5status 5
07-14 17:44:46.290 D/StatusBar.BatteryController( 482): now old status is 5
07-14 17:44:51.630 D/SensorManager( 768): registerListener :: handle = 0 name= BOSCH 3-axis Accelerometer delay= 10000 Listener= kvo@4143b978
07-14 17:44:51.630 E/SensorManager( 768): thread start
07-14 17:44:51.630 E/SensorManager( 768): =======>>>Sensor Thread RUNNING <<<========
07-14 17:44:52.320 I/SensorManager( 768): Set normal delay = true
07-14 17:44:52.400 D/SensorManager( 768): unregisterListener:: disable all sensors for this listener, name = BOSCH 3-axis Accelerometer listener = kvo@4143b978
07-14 17:44:52.450 I/GCoreUlr( 768): Received powerMode change from NLP: com.google.android.location.activity.LOW_POWER_MODE_ENABLED
07-14 17:44:52.450 I/GCoreUlr( 768): Starting service, intent=Intent { act=com.google.android.location.reporting.ACTION_UPDATE_ACTIVE_STATE cmp=xxxx }, extras=null
07-14 17:44:52.550 I/GCoreUlr( 768): Ensuring that reporting is active for [account#15#]
07-14 17:44:52.550 I/GCoreUlr( 768): Starting service, intent=Intent { act=com.google.android.location.reporting.ACTION_LOCATION_STATUS cmp=xxxx (has extras) }, extras=Bundle[{status=LocationStatus[cell status: STATUS_UNKNOWN, wifi status: STATUS_UNKNOWN, elapsed realtime ns: 0]}]
07-14 17:44:56.310 V/StatusBar.BatteryController( 482): status5batteryHealth 2
07-14 17:44:56.310 D/StatusBar.BatteryController( 482): mOldstatus5status 5
07-14 17:44:56.310 D/StatusBar.BatteryController( 482): now old status is 5
07-14 17:45:06.330 V/StatusBar.BatteryController( 482): status5batteryHealth 2
07-14 17:45:06.330 D/StatusBar.BatteryController( 482): mOldstatus5status 5
07-14 17:45:06.330 D/StatusBar.BatteryController( 482): now old status is 5
07-14 17:45:07.230 W/SignalStrength( 275): getCdmaLevel=2
07-14 17:45:07.230 W/SignalStrength( 275): getEvdoLevel=0
07-14 17:45:07.230 W/SignalStrength( 275): getCdmaLevel=2
07-14 17:45:07.230 W/SignalStrength( 275): getLevel=2
07-14 17:45:07.230 W/SignalStrength( 482): getCdmaLevel=2
07-14 17:45:07.230 W/SignalStrength( 482): getEvdoLevel=0
07-14 17:45:07.230 W/SignalStrength( 482): getCdmaLevel=2
07-14 17:45:07.230 W/SignalStrength( 482): getLevel=2
07-14 17:45:07.520 D/Tethering( 275): interfaceLinkStateChanged wlan0, true
07-14 17:45:07.520 D/Tethering( 275): interfaceStatusChanged wlan0, true
07-14 17:45:14.560 D/Tethering( 275): interfaceLinkStateChanged wlan0, true
07-14 17:45:14.560 D/Tethering( 275): interfaceStatusChanged wlan0, true
07-14 17:45:26.370 V/StatusBar.BatteryController( 482): status5batteryHealth 2
07-14 17:45:26.370 D/StatusBar.BatteryController( 482): mOldstatus5status 5
07-14 17:45:26.370 D/StatusBar.BatteryController( 482): now old status is 5
07-14 17:45:31.900 D/Tethering( 275): interfaceLinkStateChanged wlan0, true
07-14 17:45:31.900 D/Tethering( 275): interfaceStatusChanged wlan0, true
07-14 17:45:34.240 W/SignalStrength( 275): getCdmaLevel=3
07-14 17:45:34.240 W/SignalStrength( 275): getEvdoLevel=0
07-14 17:45:34.240 W/SignalStrength( 275): getCdmaLevel=3
07-14 17:45:34.240 W/SignalStrength( 275): getLevel=3
07-14 17:45:34.240 W/SignalStrength( 482): getCdmaLevel=3
07-14 17:45:34.240 W/SignalStrength( 482): getEvdoLevel=0
07-14 17:45:34.240 W/SignalStrength( 482): getCdmaLevel=3
07-14 17:45:34.240 W/SignalStrength( 482): getLevel=3
07-14 17:45:36.910 D/Tethering( 275): interfaceLinkStateChanged wlan0, true
07-14 17:45:36.910 D/Tethering( 275): interfaceStatusChanged wlan0, true
07-14 17:45:43.240 W/SignalStrength( 275): getCdmaLevel=2
07-14 17:45:43.240 W/SignalStrength( 275): getEvdoLevel=0
07-14 17:45:43.240 W/SignalStrength( 275): getCdmaLevel=2
07-14 17:45:43.240 W/SignalStrength( 275): getLevel=2
07-14 17:45:43.250 W/SignalStrength( 482): getCdmaLevel=2
07-14 17:45:43.250 W/SignalStrength( 482): getEvdoLevel=0
07-14 17:45:43.250 W/SignalStrength( 482): getCdmaLevel=2
07-14 17:45:43.250 W/SignalStrength( 482): getLevel=2
07-14 17:45:49.240 W/SignalStrength( 275): getCdmaLevel=3
07-14 17:45:49.240 W/SignalStrength( 275): getEvdoLevel=0
07-14 17:45:49.240 W/SignalStrength( 275): getCdmaLevel=3
07-14 17:45:49.240 W/SignalStrength( 275): getLevel=3
07-14 17:45:49.250 W/SignalStrength( 482): getCdmaLevel=3
07-14 17:45:49.250 W/SignalStrength( 482): getEvdoLevel=0
07-14 17:45:49.250 W/SignalStrength( 482): getCdmaLevel=3
07-14 17:45:49.250 W/SignalStrength( 482): getLevel=3
07-14 17:45:58.250 W/SignalStrength( 275): getCdmaLevel=2
07-14 17:45:58.250 W/SignalStrength( 275): getEvdoLevel=0
07-14 17:45:58.250 W/SignalStrength( 275): getCdmaLevel=2
07-14 17:45:58.250 W/SignalStrength( 275): getLevel=2
07-14 17:45:58.250 W/SignalStrength( 482): getCdmaLevel=2
07-14 17:45:58.250 W/SignalStrength( 482): getEvdoLevel=0
07-14 17:45:58.250 W/SignalStrength( 482): getCdmaLevel=2
07-14 17:45:58.250 W/SignalStrength( 482): getLevel=2
07-14 17:45:59.250 W/SignalStrength( 275): getCdmaLevel=3
07-14 17:45:59.250 W/SignalStrength( 275): getEvdoLevel=0
07-14 17:45:59.250 W/SignalStrength( 275): getCdmaLevel=3
07-14 17:45:59.250 W/SignalStrength( 275): getLevel=3
07-14 17:45:59.250 W/SignalStrength( 482): getCdmaLevel=3
07-14 17:45:59.250 W/SignalStrength( 482): getEvdoLevel=0
07-14 17:45:59.250 W/SignalStrength( 482): getCdmaLevel=3
07-14 17:45:59.250 W/SignalStrength( 482): getLevel=3
07-14 17:46:06.540 D/Tethering( 275): interfaceLinkStateChanged wlan0, true
07-14 17:46:06.540 D/Tethering( 275): interfaceStatusChanged wlan0, true
07-14 17:46:07.250 W/SignalStrength( 275): getCdmaLevel=2
07-14 17:46:07.250 W/SignalStrength( 275): getEvdoLevel=0
07-14 17:46:07.250 W/SignalStrength( 275): getCdmaLevel=2
07-14 17:46:07.250 W/SignalStrength( 275): getLevel=2
07-14 17:46:07.260 W/SignalStrength( 482): getCdmaLevel=2
07-14 17:46:07.260 W/SignalStrength( 482): getEvdoLevel=0
07-14 17:46:07.260 W/SignalStrength( 482): getCdmaLevel=2
07-14 17:46:07.260 W/SignalStrength( 482): getLevel=2
07-14 17:46:11.250 W/SignalStrength( 275): getCdmaLevel=3
07-14 17:46:11.250 W/SignalStrength( 275): getEvdoLevel=0
07-14 17:46:11.250 W/SignalStrength( 275): getCdmaLevel=3
07-14 17:46:11.250 W/SignalStrength( 275): getLevel=3
07-14 17:46:11.260 W/SignalStrength( 482): getCdmaLevel=3
07-14 17:46:11.260 W/SignalStrength( 482): getEvdoLevel=0
07-14 17:46:11.260 W/SignalStrength( 482): getCdmaLevel=3
07-14 17:46:11.260 W/SignalStrength( 482): getLevel=3
07-14 17:46:16.480 V/StatusBar.BatteryController( 482): status5batteryHealth 2
07-14 17:46:16.480 D/StatusBar.BatteryController( 482): mOldstatus5status 5
07-14 17:46:16.480 D/StatusBar.BatteryController( 482): now old status is 5
07-14 17:46:26.500 V/StatusBar.BatteryController( 482): status5batteryHealth 2
07-14 17:46:26.500 D/StatusBar.BatteryController( 482): mOldstatus5status 5
07-14 17:46:26.500 D/StatusBar.BatteryController( 482): now old status is 5
07-14 17:46:46.540 V/StatusBar.BatteryController( 482): status5batteryHealth 2
07-14 17:46:46.540 D/StatusBar.BatteryController( 482): mOldstatus5status 5
07-14 17:46:46.540 D/StatusBar.BatteryController( 482): now old status is 5
07-14 17:46:55.270 W/SignalStrength( 275): getCdmaLevel=2
07-14 17:46:55.270 W/SignalStrength( 275): getEvdoLevel=0
07-14 17:46:55.270 W/SignalStrength( 275): getCdmaLevel=2
07-14 17:46:55.270 W/SignalStrength( 275): getLevel=2
07-14 17:46:55.270 W/SignalStrength( 482): getCdmaLevel=2
07-14 17:46:55.270 W/SignalStrength( 482): getEvdoLevel=0
07-14 17:46:55.270 W/SignalStrength( 482): getCdmaLevel=2
07-14 17:46:55.270 W/SignalStrength( 482): getLevel=2
07-14 17:46:56.270 W/SignalStrength( 275): getCdmaLevel=3
07-14 17:46:56.270 W/SignalStrength( 275): getEvdoLevel=0
07-14 17:46:56.270 W/SignalStrength( 275): getCdmaLevel=3
07-14 17:46:56.270 W/SignalStrength( 275): getLevel=3
07-14 17:46:56.270 W/SignalStrength( 482): getCdmaLevel=3
07-14 17:46:56.270 W/SignalStrength( 482): getEvdoLevel=0
07-14 17:46:56.270 W/SignalStrength( 482): getCdmaLevel=3
07-14 17:46:56.270 W/SignalStrength( 482): getLevel=3
07-14 17:46:56.550 V/StatusBar.BatteryController( 482): status5batteryHealth 2
07-14 17:46:56.550 D/StatusBar.BatteryController( 482): mOldstatus5status 5
07-14 17:46:56.550 D/StatusBar.BatteryController( 482): now old status is 5
07-14 17:47:10.880 V/BackupManagerService( 275): Running a backup pass
07-14 17:47:10.890 V/BackupManagerService( 275): Backup requested but nothing pending
07-14 17:47:50.600 D/SensorManager( 768): registerListener :: handle = 0 name= BOSCH 3-axis Accelerometer delay= 10000 Listener= kvo@4119ed18
07-14 17:47:50.600 E/SensorManager( 768): thread start
07-14 17:47:50.600 E/SensorManager( 768): =======>>>Sensor Thread RUNNING <<<========
07-14 17:47:51.290 I/SensorManager( 768): Set normal delay = true
07-14 17:47:51.370 D/SensorManager( 768): unregisterListener:: disable all sensors for this listener, name = BOSCH 3-axis Accelerometer listener = kvo@4119ed18
07-14 17:48:16.710 V/StatusBar.BatteryController( 482): status5batteryHealth 2
07-14 17:48:16.710 D/StatusBar.BatteryController( 482): mOldstatus5status 5
07-14 17:48:16.710 D/StatusBar.BatteryController( 482): now old status is 5
07-14 17:48:26.730 V/StatusBar.BatteryController( 482): status5batteryHealth 2
07-14 17:48:26.730 D/StatusBar.BatteryController( 482): mOldstatus5status 5
07-14 17:48:26.730 D/StatusBar.BatteryController( 482): now old status is 5
07-14 17:48:36.750 V/StatusBar.BatteryController( 482): status5batteryHealth 2
07-14 17:48:36.750 D/StatusBar.BatteryController( 482): mOldstatus5status 5
07-14 17:48:36.750 D/StatusBar.BatteryController( 482): now old status is 5
07-14 17:48:46.770 V/StatusBar.BatteryController( 482): status5batteryHealth 2
07-14 17:48:46.770 D/StatusBar.BatteryController( 482): mOldstatus5status 5
07-14 17:48:46.770 D/StatusBar.BatteryController( 482): now old status is 5
07-14 17:48:56.790 V/StatusBar.BatteryController( 482): status5batteryHealth 2
07-14 17:48:56.790 D/StatusBar.BatteryController( 482): mOldstatus5status 5
07-14 17:48:56.790 D/StatusBar.BatteryController( 482): now old status is 5
07-14 17:49:06.810 V/StatusBar.BatteryController( 482): status5batteryHealth 2
07-14 17:49:06.810 D/StatusBar.BatteryController( 482): mOldstatus5status 5
07-14 17:49:06.810 D/StatusBar.BatteryController( 482): now old status is 5
07-14 17:49:16.830 V/StatusBar.BatteryController( 482): status5batteryHealth 2
07-14 17:49:16.830 D/StatusBar.BatteryController( 482): mOldstatus5status 5
07-14 17:49:16.830 D/StatusBar.BatteryController( 482): now old status is 5
07-14 17:49:26.850 V/StatusBar.BatteryController( 482): status5batteryHealth 2
07-14 17:49:26.850 D/StatusBar.BatteryController( 482): mOldstatus5status 5
07-14 17:49:26.850 D/StatusBar.BatteryController( 482): now old status is 5
07-14 17:49:36.870 V/StatusBar.BatteryController( 482): status5batteryHealth 2
07-14 17:49:36.870 D/StatusBar.BatteryController( 482): mOldstatus5status 5
07-14 17:49:36.870 D/StatusBar.BatteryController( 482): now old status is 5
07-14 17:49:46.900 V/StatusBar.BatteryController( 482): status5batteryHealth 2
07-14 17:49:46.900 D/StatusBar.BatteryController( 482): mOldstatus5status 5
07-14 17:49:46.900 D/StatusBar.BatteryController( 482): now old status is 5
07-14 17:49:56.920 V/StatusBar.BatteryController( 482): status5batteryHealth 2
07-14 17:49:56.920 D/StatusBar.BatteryController( 482): mOldstatus5status 5
07-14 17:49:56.920 D/StatusBar.BatteryController( 482): now old status is 5
07-14 17:50:06.940 V/StatusBar.BatteryController( 482): status5batteryHealth 2
07-14 17:50:06.940 D/StatusBar.BatteryController( 482): mOldstatus5status 5
07-14 17:50:06.940 D/StatusBar.BatteryController( 482): now old status is 5
07-14 17:50:16.960 V/StatusBar.BatteryController( 482): status5batteryHealth 2
07-14 17:50:16.960 D/StatusBar.BatteryController( 482): mOldstatus5status 5
07-14 17:50:16.960 D/StatusBar.BatteryController( 482): now old status is 5
07-14 17:50:26.980 V/StatusBar.BatteryController( 482): status5batteryHealth 2
07-14 17:50:26.980 D/StatusBar.BatteryController( 482): mOldstatus5status 5
07-14 17:50:26.980 D/StatusBar.BatteryController( 482): now old status is 5
07-14 17:50:36.990 V/StatusBar.BatteryController( 482): status5batteryHealth 2
07-14 17:50:36.990 D/StatusBar.BatteryController( 482): mOldstatus5status 5
07-14 17:50:36.990 D/StatusBar.BatteryController( 482): now old status is 5
07-14 17:50:47.020 V/StatusBar.BatteryController( 482): status5batteryHealth 2
07-14 17:50:47.020 D/StatusBar.BatteryController( 482): mOldstatus5status 5
07-14 17:50:47.020 D/StatusBar.BatteryController( 482): now old status is 5
07-14 17:50:49.550 D/SensorManager( 768): registerListener :: handle = 0 name= BOSCH 3-axis Accelerometer delay= 10000 Listener= kvo@4127ad10
07-14 17:50:49.550 E/SensorManager( 768): thread start
07-14 17:50:49.550 E/SensorManager( 768): =======>>>Sensor Thread RUNNING <<<========
07-14 17:50:50.240 I/SensorManager( 768): Set normal delay = true
07-14 17:50:50.320 D/SensorManager( 768): unregisterListener:: disable all sensors for this listener, name = BOSCH 3-axis Accelerometer listener = kvo@4127ad10
07-14 17:50:57.030 V/StatusBar.BatteryController( 482): status5batteryHealth 2
07-14 17:50:57.030 D/StatusBar.BatteryController( 482): mOldstatus5status 5
07-14 17:50:57.040 D/StatusBar.BatteryController( 482): now old status is 5
07-14 17:51:07.050 V/StatusBar.BatteryController( 482): status5batteryHealth 2
07-14 17:51:07.050 D/StatusBar.BatteryController( 482): mOldstatus5status 5
07-14 17:51:07.050 D/StatusBar.BatteryController( 482): now old status is 5
07-14 17:51:17.080 V/StatusBar.BatteryController( 482): status5batteryHealth 2
07-14 17:51:17.080 D/StatusBar.BatteryController( 482): mOldstatus5status 5
07-14 17:51:17.080 D/StatusBar.BatteryController( 482): now old status is 5
07-14 17:51:26.370 W/SignalStrength( 275): getCdmaLevel=2
07-14 17:51:26.370 W/SignalStrength( 275): getEvdoLevel=0
07-14 17:51:26.370 W/SignalStrength( 275): getCdmaLevel=2
07-14 17:51:26.370 W/SignalStrength( 275): getLevel=2
07-14 17:51:26.370 W/SignalStrength( 482): getCdmaLevel=2
07-14 17:51:26.370 W/SignalStrength( 482): getEvdoLevel=0
07-14 17:51:26.370 W/SignalStrength( 482): getCdmaLevel=2
07-14 17:51:26.370 W/SignalStrength( 482): getLevel=2
07-14 17:51:27.100 V/StatusBar.BatteryController( 482): status5batteryHealth 2
07-14 17:51:27.100 D/StatusBar.BatteryController( 482): mOldstatus5status 5
07-14 17:51:27.100 D/StatusBar.BatteryController( 482): now old status is 5
07-14 17:51:35.370 W/SignalStrength( 275): getCdmaLevel=3
07-14 17:51:35.370 W/SignalStrength( 275): getEvdoLevel=0
07-14 17:51:35.370 W/SignalStrength( 275): getCdmaLevel=3
07-14 17:51:35.370 W/SignalStrength( 275): getLevel=3
07-14 17:51:35.380 W/SignalStrength( 482): getCdmaLevel=3
07-14 17:51:35.380 W/SignalStrength( 482): getEvdoLevel=0
07-14 17:51:35.380 W/SignalStrength( 482): getCdmaLevel=3
07-14 17:51:35.380 W/SignalStrength( 482): getLevel=3
07-14 17:51:37.120 V/StatusBar.BatteryController( 482): status5batteryHealth 2
07-14 17:51:37.120 D/StatusBar.BatteryController( 482): mOldstatus5status 5
07-14 17:51:37.120 D/StatusBar.BatteryController( 482): now old status is 5
07-14 17:51:39.380 W/SignalStrength( 482): getCdmaLevel=2
07-14 17:51:39.380 W/SignalStrength( 482): getEvdoLevel=0
07-14 17:51:39.380 W/SignalStrength( 482): getCdmaLevel=2
07-14 17:51:39.380 W/SignalStrength( 482): getLevel=2
07-14 17:51:39.380 W/SignalStrength( 275): getCdmaLevel=2
07-14 17:51:39.380 W/SignalStrength( 275): getEvdoLevel=0
07-14 17:51:39.380 W/SignalStrength( 275): getCdmaLevel=2
07-14 17:51:39.380 W/SignalStrength( 275): getLevel=2
07-14 17:51:44.380 W/SignalStrength( 275): getCdmaLevel=3
07-14 17:51:44.380 W/SignalStrength( 275): getEvdoLevel=0
07-14 17:51:44.380 W/SignalStrength( 275): getCdmaLevel=3
07-14 17:51:44.380 W/SignalStrength( 275): getLevel=3
07-14 17:51:44.380 W/SignalStrength( 482): getCdmaLevel=3
07-14 17:51:44.380 W/SignalStrength( 482): getEvdoLevel=0
07-14 17:51:44.380 W/SignalStrength( 482): getCdmaLevel=3
07-14 17:51:44.380 W/SignalStrength( 482): getLevel=3
07-14 17:51:47.130 V/StatusBar.BatteryController( 482): status5batteryHealth 2
07-14 17:51:47.130 D/StatusBar.BatteryController( 482): mOldstatus5status 5
07-14 17:51:47.130 D/StatusBar.BatteryController( 482): now old status is 5
07-14 17:51:57.150 V/StatusBar.BatteryController( 482): status5batteryHealth 2
07-14 17:51:57.150 D/StatusBar.BatteryController( 482): mOldstatus5status 5
07-14 17:51:57.150 D/StatusBar.BatteryController( 482): now old status is 5
07-14 17:51:57.380 W/SignalStrength( 275): getCdmaLevel=2
07-14 17:51:57.380 W/SignalStrength( 275): getEvdoLevel=0
07-14 17:51:57.380 W/SignalStrength( 275): getCdmaLevel=2
07-14 17:51:57.380 W/SignalStrength( 275): getLevel=2
07-14 17:51:57.390 W/SignalStrength( 482): getCdmaLevel=2
07-14 17:51:57.390 W/SignalStrength( 482): getEvdoLevel=0
07-14 17:51:57.390 W/SignalStrength( 482): getCdmaLevel=2
07-14 17:51:57.390 W/SignalStrength( 482): getLevel=2
07-14 17:51:58.380 W/SignalStrength( 275): getCdmaLevel=3
07-14 17:51:58.380 W/SignalStrength( 275): getEvdoLevel=0
07-14 17:51:58.380 W/SignalStrength( 275): getCdmaLevel=3
07-14 17:51:58.380 W/SignalStrength( 275): getLevel=3
07-14 17:51:58.390 W/SignalStrength( 482): getCdmaLevel=3
07-14 17:51:58.390 W/SignalStrength( 482): getEvdoLevel=0
07-14 17:51:58.390 W/SignalStrength( 482): getCdmaLevel=3
07-14 17:51:58.390 W/SignalStrength( 482): getLevel=3
07-14 17:52:04.690 I/EventLogService( 736): Aggregate from 1405372924321 (log), 1405372924321 (data)
07-14 17:52:10.390 W/SignalStrength( 275): getCdmaLevel=2
07-14 17:52:10.390 W/SignalStrength( 275): getEvdoLevel=0
07-14 17:52:10.390 W/SignalStrength( 275): getCdmaLevel=2
07-14 17:52:10.390 W/SignalStrength( 275): getLevel=2
07-14 17:52:10.390 W/SignalStrength( 482): getCdmaLevel=2
07-14 17:52:10.390 W/SignalStrength( 482): getEvdoLevel=0
07-14 17:52:10.390 W/SignalStrength( 482): getCdmaLevel=2
07-14 17:52:10.390 W/SignalStrength( 482): getLevel=2
07-14 17:52:15.390 W/SignalStrength( 275): getCdmaLevel=3
07-14 17:52:15.390 W/SignalStrength( 275): getEvdoLevel=0
07-14 17:52:15.390 W/SignalStrength( 275): getCdmaLevel=3
07-14 17:52:15.390 W/SignalStrength( 275): getLevel=3
07-14 17:52:15.390 W/SignalStrength( 482): getCdmaLevel=3
07-14 17:52:15.390 W/SignalStrength( 482): getEvdoLevel=0
07-14 17:52:15.390 W/SignalStrength( 482): getCdmaLevel=3
07-14 17:52:15.390 W/SignalStrength( 482): getLevel=3
07-14 17:52:17.190 V/StatusBar.BatteryController( 482): status5batteryHealth 2
07-14 17:52:17.190 D/StatusBar.BatteryController( 482): mOldstatus5status 5
07-14 17:52:17.190 D/StatusBar.BatteryController( 482): now old status is 5
07-14 17:52:27.210 V/StatusBar.BatteryController( 482): status5batteryHealth 2
07-14 17:52:27.210 D/StatusBar.BatteryController( 482): mOldstatus5status 5
07-14 17:52:27.210 D/StatusBar.BatteryController( 482): now old status is 5
07-14 17:52:32.400 W/SignalStrength( 275): getCdmaLevel=2
07-14 17:52:32.400 W/SignalStrength( 482): getCdmaLevel=2
07-14 17:52:32.400 W/SignalStrength( 482): getEvdoLevel=0
07-14 17:52:32.400 W/SignalStrength( 482): getCdmaLevel=2
07-14 17:52:32.400 W/SignalStrength( 482): getLevel=2
07-14 17:52:32.400 W/SignalStrength( 275): getEvdoLevel=0
07-14 17:52:32.400 W/SignalStrength( 275): getCdmaLevel=2
07-14 17:52:32.400 W/SignalStrength( 275): getLevel=2
07-14 17:52:33.400 W/SignalStrength( 482): getCdmaLevel=3
07-14 17:52:33.400 W/SignalStrength( 482): getEvdoLevel=0
07-14 17:52:33.400 W/SignalStrength( 482): getCdmaLevel=3
07-14 17:52:33.400 W/SignalStrength( 482): getLevel=3
07-14 17:52:33.400 W/SignalStrength( 275): getCdmaLevel=3
07-14 17:52:33.400 W/SignalStrength( 275): getEvdoLevel=0
07-14 17:52:33.400 W/SignalStrength( 275): getCdmaLevel=3
07-14 17:52:33.400 W/SignalStrength( 275): getLevel=3
07-14 17:53:17.320 V/StatusBar.BatteryController( 482): status5batteryHealth 2
07-14 17:53:17.320 D/StatusBar.BatteryController( 482): mOldstatus5status 5
07-14 17:53:17.320 D/StatusBar.BatteryController( 482): now old status is 5
07-14 17:53:27.340 V/StatusBar.BatteryController( 482): status5batteryHealth 2
07-14 17:53:27.340 D/StatusBar.BatteryController( 482): mOldstatus5status 5
07-14 17:53:27.340 D/StatusBar.BatteryController( 482): now old status is 5
07-14 17:53:47.380 V/StatusBar.BatteryController( 482): status5batteryHealth 2
07-14 17:53:47.380 D/StatusBar.BatteryController( 482): mOldstatus5status 5
07-14 17:53:47.380 D/StatusBar.BatteryController( 482): now old status is 5
07-14 17:53:48.490 D/SensorManager( 768): registerListener :: handle = 0 name= BOSCH 3-axis Accelerometer delay= 10000 Listener= kvo@412beb50
07-14 17:53:48.490 E/SensorManager( 768): thread start
07-14 17:53:48.490 E/SensorManager( 768): =======>>>Sensor Thread RUNNING <<<========
07-14 17:53:49.190 I/SensorManager( 768): Set normal delay = true
07-14 17:53:49.270 D/SensorManager( 768): unregisterListener:: disable all sensors for this listener, name = BOSCH 3-axis Accelerometer listener = kvo@412beb50
07-14 17:53:57.400 V/StatusBar.BatteryController( 482): status5batteryHealth 2
07-14 17:53:57.400 D/StatusBar.BatteryController( 482): mOldstatus5status 5
07-14 17:53:57.400 D/StatusBar.BatteryController( 482): now old status is 5
07-14 17:53:57.410 E/WifiStateMachine( 275): set suspend optimizations failed!
07-14 17:53:57.910 E/WifiStateMachine( 275): set suspend optimizations failed!
07-14 17:54:07.430 D/Tethering( 275): interfaceLinkStateChanged wlan0, true
07-14 17:54:07.430 D/Tethering( 275): interfaceStatusChanged wlan0, true
07-14 17:54:10.730 W/ThrottleService( 275): unable to find stats for iface rmnet0
07-14 17:54:17.440 V/StatusBar.BatteryController( 482): status5batteryHealth 2
07-14 17:54:17.440 D/StatusBar.BatteryController( 482): mOldstatus5status 5
07-14 17:54:17.440 D/StatusBar.BatteryController( 482): now old status is 5
07-14 17:54:20.440 W/SignalStrength( 275): getCdmaLevel=2
07-14 17:54:20.440 W/SignalStrength( 275): getEvdoLevel=0
07-14 17:54:20.440 W/SignalStrength( 275): getCdmaLevel=2
07-14 17:54:20.440 W/SignalStrength( 275): getLevel=2
07-14 17:54:20.440 W/SignalStrength( 482): getCdmaLevel=2
07-14 17:54:20.440 W/SignalStrength( 482): getEvdoLevel=0
07-14 17:54:20.440 W/SignalStrength( 482): getCdmaLevel=2
07-14 17:54:20.440 W/SignalStrength( 482): getLevel=2
07-14 17:54:21.440 W/SignalStrength( 275): getCdmaLevel=3
07-14 17:54:21.440 W/SignalStrength( 275): getEvdoLevel=0
07-14 17:54:21.440 W/SignalStrength( 275): getCdmaLevel=3
07-14 17:54:21.440 W/SignalStrength( 275): getLevel=3
07-14 17:54:21.440 W/SignalStrength( 482): getCdmaLevel=3
07-14 17:54:21.440 W/SignalStrength( 482): getEvdoLevel=0
07-14 17:54:21.440 W/SignalStrength( 482): getCdmaLevel=3
07-14 17:54:21.440 W/SignalStrength( 482): getLevel=3
07-14 17:54:27.460 V/StatusBar.BatteryController( 482): status5batteryHealth 2
07-14 17:54:27.460 D/StatusBar.BatteryController( 482): mOldstatus5status 5
07-14 17:54:27.460 D/StatusBar.BatteryController( 482): now old status is 5
07-14 17:55:07.530 V/StatusBar.BatteryController( 482): status5batteryHealth 2
07-14 17:55:07.530 D/StatusBar.BatteryController( 482): mOldstatus5status 5
07-14 17:55:07.530 D/StatusBar.BatteryController( 482): now old status is 5
07-14 17:55:16.570 D/GCM ( 592): Ignoring attempt to send heartbeat on dead connection.
07-14 17:55:17.560 V/StatusBar.BatteryController( 482): status5batteryHealth 2
07-14 17:55:17.560 D/StatusBar.BatteryController( 482): mOldstatus5status 5
07-14 17:55:17.560 D/StatusBar.BatteryController( 482): now old status is 5
07-14 17:55:21.590 D/Tethering( 275): interfaceLinkStateChanged wlan0, true
07-14 17:55:21.590 D/Tethering( 275): interfaceStatusChanged wlan0, true
07-14 17:55:26.670 D/Tethering( 275): interfaceLinkStateChanged wlan0, true
07-14 17:55:26.670 D/Tethering( 275): interfaceStatusChanged wlan0, true
07-14 17:56:42.490 W/SignalStrength( 275): getCdmaLevel=2
07-14 17:56:42.490 W/SignalStrength( 275): getEvdoLevel=0
07-14 17:56:42.490 W/SignalStrength( 275): getCdmaLevel=2
07-14 17:56:42.490 W/SignalStrength( 275): getLevel=2
07-14 17:56:42.500 W/SignalStrength( 482): getCdmaLevel=2
07-14 17:56:42.500 W/SignalStrength( 482): getEvdoLevel=0
07-14 17:56:42.500 W/SignalStrength( 482): getCdmaLevel=2
07-14 17:56:42.500 W/SignalStrength( 482): getLevel=2
07-14 17:56:45.500 W/SignalStrength( 275): getCdmaLevel=3
07-14 17:56:45.500 W/SignalStrength( 275): getEvdoLevel=0
07-14 17:56:45.500 W/SignalStrength( 275): getCdmaLevel=3
07-14 17:56:45.500 W/SignalStrength( 275): getLevel=3
07-14 17:56:45.500 W/SignalStrength( 482): getCdmaLevel=3
07-14 17:56:45.500 W/SignalStrength( 482): getEvdoLevel=0
07-14 17:56:45.500 W/SignalStrength( 482): getCdmaLevel=3
07-14 17:56:45.500 W/SignalStrength( 482): getLevel=3
07-14 17:56:47.750 V/StatusBar.BatteryController( 482): status5batteryHealth 2
07-14 17:56:47.750 D/StatusBar.BatteryController( 482): mOldstatus5status 5
07-14 17:56:47.750 D/StatusBar.BatteryController( 482): now old status is 5
07-14 17:56:53.530 E/WifiStateMachine( 275): set suspend optimizations failed!
07-14 17:56:53.570 D/SensorManager( 768): registerListener :: handle = 0 name= BOSCH 3-axis Accelerometer delay= 10000 Listener= kvo@4135b498
07-14 17:56:53.570 E/SensorManager( 768): thread start
07-14 17:56:53.580 E/SensorManager( 768): =======>>>Sensor Thread RUNNING <<<========
07-14 17:56:54.300 D/Tethering( 275): interfaceLinkStateChanged wlan0, true
07-14 17:56:54.300 D/Tethering( 275): interfaceStatusChanged wlan0, true
07-14 17:56:54.300 D/Tethering( 275): interfaceLinkStateChanged wlan0, true
07-14 17:56:54.300 D/Tethering( 275): interfaceStatusChanged wlan0, true
07-14 17:56:54.430 I/SensorManager( 768): Set normal delay = true
07-14 17:56:54.430 E/WifiStateMachine( 275): set suspend optimizations failed!
07-14 17:56:54.510 D/SensorManager( 768): unregisterListener:: disable all sensors for this listener, name = BOSCH 3-axis Accelerometer listener = kvo@4135b498
07-14 17:56:54.550 I/GCoreUlr( 768): Received powerMode change from NLP: com.google.android.location.activity.LOW_POWER_MODE_ENABLED
07-14 17:56:54.550 I/GCoreUlr( 768): Starting service, intent=Intent { act=com.google.android.location.reporting.ACTION_UPDATE_ACTIVE_STATE cmp=xxxx }, extras=null
07-14 17:56:54.590 I/GCoreUlr( 768): Successfully inserted location
07-14 17:56:54.590 I/GCoreUlr( 768): Not calling LocationReportingService, hasMoved: false, elapsed millis: 3240097, request: Phone
07-14 17:56:54.620 I/GCoreUlr( 768): Ensuring that reporting is active for [account#15#]
07-14 17:56:54.630 I/GCoreUlr( 768): Starting service, intent=Intent { act=com.google.android.location.reporting.ACTION_LOCATION_STATUS cmp=xxxx (has extras) }, extras=Bundle[{status=LocationStatus[cell status: STATUS_UNKNOWN, wifi status: STATUS_UNKNOWN, elapsed realtime ns: 0]}]
07-14 17:56:57.770 V/StatusBar.BatteryController( 482): status5batteryHealth 2
07-14 17:56:57.770 D/StatusBar.BatteryController( 482): mOldstatus5status 5
07-14 17:56:57.770 D/StatusBar.BatteryController( 482): now old status is 5
07-14 17:57:06.140 I/GCoreUlr( 768): WorldUpdater received intent Intent { act=com.google.android.location.reporting.ACTION_UPDATE_WORLD flg=0x4 cmp=xxxx (has extras) } with receiverAction null
07-14 17:57:06.250 D/SyncManager( 275): setSyncAutomatically: , provider com.google.android.location.reporting -> true
07-14 17:57:06.250 D/SyncManager( 275): setSyncAutomatically: already set to true, doing nothing
07-14 17:57:06.350 I/GCoreUlr( 768): Ensuring that reporting is active for [account#15#]
07-14 17:57:06.360 I/GCoreUlr( 768): Starting service, intent=Intent { act=com.google.android.location.reporting.ACTION_LOCATION_STATUS cmp=xxxx (has extras) }, extras=Bundle[{status=LocationStatus[cell status: STATUS_UNKNOWN, wifi status: STATUS_UNKNOWN, elapsed realtime ns: 0]}]
07-14 17:57:06.370 I/AdsMeasurementBroadcastReceiver( 736): Reporting settings might have changed, alerting AdsMeasurementService
07-14 17:57:06.370 D/AdsMeasurementBroadcastReceiver( 736): Unauthorized to start the main service
07-14 17:57:07.770 V/StatusBar.BatteryController( 482): status5batteryHealth 2
07-14 17:57:07.770 D/StatusBar.BatteryController( 482): mOldstatus5status 5
07-14 17:57:07.770 D/StatusBar.BatteryController( 482): now old status is 5
07-14 17:57:09.500 W/SignalStrength( 275): getCdmaLevel=2
07-14 17:57:09.500 W/SignalStrength( 275): getEvdoLevel=0
07-14 17:57:09.500 W/SignalStrength( 275): getCdmaLevel=2
07-14 17:57:09.500 W/SignalStrength( 275): getLevel=2
07-14 17:57:09.510 W/SignalStrength( 482): getCdmaLevel=2
07-14 17:57:09.510 W/SignalStrength( 482): getEvdoLevel=0
07-14 17:57:09.510 W/SignalStrength( 482): getCdmaLevel=2
07-14 17:57:09.510 W/SignalStrength( 482): getLevel=2
07-14 17:57:10.510 W/SignalStrength( 275): getCdmaLevel=3
07-14 17:57:10.510 W/SignalStrength( 275): getEvdoLevel=0
07-14 17:57:10.510 W/SignalStrength( 275): getCdmaLevel=3
07-14 17:57:10.510 W/SignalStrength( 275): getLevel=3
07-14 17:57:10.510 W/SignalStrength( 482): getCdmaLevel=3
07-14 17:57:10.510 W/SignalStrength( 482): getEvdoLevel=0
07-14 17:57:10.510 W/SignalStrength( 482): getCdmaLevel=3
07-14 17:57:10.510 W/SignalStrength( 482): getLevel=3
07-14 17:57:17.790 V/StatusBar.BatteryController( 482): status5batteryHealth 2
07-14 17:57:17.790 D/StatusBar.BatteryController( 482): mOldstatus5status 5
07-14 17:57:17.790 D/StatusBar.BatteryController( 482): now old status is 5
07-14 17:57:19.510 W/SignalStrength( 275): getCdmaLevel=2
07-14 17:57:19.510 W/SignalStrength( 275): getEvdoLevel=0
07-14 17:57:19.510 W/SignalStrength( 275): getCdmaLevel=2
07-14 17:57:19.510 W/SignalStrength( 275): getLevel=2
07-14 17:57:19.510 W/SignalStrength( 482): getCdmaLevel=2
07-14 17:57:19.510 W/SignalStrength( 482): getEvdoLevel=0
07-14 17:57:19.510 W/SignalStrength( 482): getCdmaLevel=2
07-14 17:57:19.510 W/SignalStrength( 482): getLevel=2
07-14 17:57:37.830 V/StatusBar.BatteryController( 482): status5batteryHealth 2
07-14 17:57:37.830 D/StatusBar.BatteryController( 482): mOldstatus5status 5
07-14 17:57:37.830 D/StatusBar.BatteryController( 482): now old status is 5
07-14 17:57:47.520 W/SignalStrength( 275): getCdmaLevel=3
07-14 17:57:47.520 W/SignalStrength( 275): getEvdoLevel=0
07-14 17:57:47.520 W/SignalStrength( 275): getCdmaLevel=3
07-14 17:57:47.520 W/SignalStrength( 275): getLevel=3
07-14 17:57:47.520 W/SignalStrength( 482): getCdmaLevel=3
07-14 17:57:47.520 W/SignalStrength( 482): getEvdoLevel=0
07-14 17:57:47.520 W/SignalStrength( 482): getCdmaLevel=3
07-14 17:57:47.520 W/SignalStrength( 482): getLevel=3
07-14 17:57:55.520 W/SignalStrength( 275): getCdmaLevel=2
07-14 17:57:55.520 W/SignalStrength( 275): getEvdoLevel=0
07-14 17:57:55.520 W/SignalStrength( 275): getCdmaLevel=2
07-14 17:57:55.520 W/SignalStrength( 275): getLevel=2
07-14 17:57:55.520 W/SignalStrength( 482): getCdmaLevel=2
07-14 17:57:55.520 W/SignalStrength( 482): getEvdoLevel=0
07-14 17:57:55.520 W/SignalStrength( 482): getCdmaLevel=2
07-14 17:57:55.520 W/SignalStrength( 482): getLevel=2
07-14 17:58:07.890 V/StatusBar.BatteryController( 482): status5batteryHealth 2
07-14 17:58:07.890 D/StatusBar.BatteryController( 482): mOldstatus5status 5
07-14 17:58:07.890 D/StatusBar.BatteryController( 482): now old status is 5
07-14 17:58:07.970 D/Tethering( 275): interfaceLinkStateChanged wlan0, true
07-14 17:58:07.970 D/Tethering( 275): interfaceStatusChanged wlan0, true
07-14 17:58:08.530 W/SignalStrength( 275): getCdmaLevel=3
07-14 17:58:08.530 W/SignalStrength( 275): getEvdoLevel=0
07-14 17:58:08.530 W/SignalStrength( 275): getCdmaLevel=3
07-14 17:58:08.530 W/SignalStrength( 275): getLevel=3
07-14 17:58:08.530 W/SignalStrength( 482): getCdmaLevel=3
07-14 17:58:08.530 W/SignalStrength( 482): getEvdoLevel=0
07-14 17:58:08.530 W/SignalStrength( 482): getCdmaLevel=3
07-14 17:58:08.530 W/SignalStrength( 482): getLevel=3
07-14 17:58:27.930 V/StatusBar.BatteryController( 482): status5batteryHealth 2
07-14 17:58:27.930 D/StatusBar.BatteryController( 482): mOldstatus5status 5
07-14 17:58:27.930 D/StatusBar.BatteryController( 482): now old status is 5
07-14 17:58:37.950 V/StatusBar.BatteryController( 482): status5batteryHealth 2
07-14 17:58:37.950 D/StatusBar.BatteryController( 482): mOldstatus5status 5
07-14 17:58:37.950 D/StatusBar.BatteryController( 482): now old status is 5
07-14 17:58:41.540 W/SignalStrength( 275): getCdmaLevel=2
07-14 17:58:41.540 W/SignalStrength( 275): getEvdoLevel=0
07-14 17:58:41.540 W/SignalStrength( 275): getCdmaLevel=2
07-14 17:58:41.540 W/SignalStrength( 275): getLevel=2
07-14 17:58:41.540 W/SignalStrength( 482): getCdmaLevel=2
07-14 17:58:41.540 W/SignalStrength( 482): getEvdoLevel=0
07-14 17:58:41.540 W/SignalStrength( 482): getCdmaLevel=2
07-14 17:58:41.540 W/SignalStrength( 482): getLevel=2
07-14 17:58:47.970 V/StatusBar.BatteryController( 482): status5batteryHealth 2
07-14 17:58:47.970 D/StatusBar.BatteryController( 482): mOldstatus5status 5
07-14 17:58:47.970 D/StatusBar.BatteryController( 482): now old status is 5
07-14 17:58:57.540 W/SignalStrength( 275): getCdmaLevel=3
07-14 17:58:57.540 W/SignalStrength( 275): getEvdoLevel=0
07-14 17:58:57.540 W/SignalStrength( 275): getCdmaLevel=3
07-14 17:58:57.540 W/SignalStrength( 275): getLevel=3
07-14 17:58:57.550 W/SignalStrength( 482): getCdmaLevel=3
07-14 17:58:57.550 W/SignalStrength( 482): getEvdoLevel=0
07-14 17:58:57.550 W/SignalStrength( 482): getCdmaLevel=3
07-14 17:58:57.550 W/SignalStrength( 482): getLevel=3
07-14 17:59:08.010 V/StatusBar.BatteryController( 482): status5batteryHealth 2
07-14 17:59:08.010 D/StatusBar.BatteryController( 482): mOldstatus5status 5
07-14 17:59:08.010 D/StatusBar.BatteryController( 482): now old status is 5
07-14 17:59:12.550 W/SignalStrength( 275): getCdmaLevel=2
07-14 17:59:12.550 W/SignalStrength( 275): getEvdoLevel=0
07-14 17:59:12.550 W/SignalStrength( 275): getCdmaLevel=2
07-14 17:59:12.550 W/SignalStrength( 275): getLevel=2
07-14 17:59:12.550 W/SignalStrength( 482): getCdmaLevel=2
07-14 17:59:12.550 W/SignalStrength( 482): getEvdoLevel=0
07-14 17:59:12.550 W/SignalStrength( 482): getCdmaLevel=2
07-14 17:59:12.550 W/SignalStrength( 482): getLevel=2
07-14 17:59:13.550 W/SignalStrength( 275): getCdmaLevel=3
07-14 17:59:13.550 W/SignalStrength( 275): getEvdoLevel=0
07-14 17:59:13.550 W/SignalStrength( 275): getCdmaLevel=3
07-14 17:59:13.550 W/SignalStrength( 275): getLevel=3
07-14 17:59:13.550 W/SignalStrength( 482): getCdmaLevel=3
07-14 17:59:13.550 W/SignalStrength( 482): getEvdoLevel=0
07-14 17:59:13.550 W/SignalStrength( 482): getCdmaLevel=3
07-14 17:59:13.550 W/SignalStrength( 482): getLevel=3
07-14 17:59:18.030 V/StatusBar.BatteryController( 482): status5batteryHealth 2
07-14 17:59:18.030 D/StatusBar.BatteryController( 482): mOldstatus5status 5
07-14 17:59:18.030 D/StatusBar.BatteryController( 482): now old status is 5
07-14 17:59:38.070 V/StatusBar.BatteryController( 482): status5batteryHealth 2
07-14 17:59:38.070 D/StatusBar.BatteryController( 482): mOldstatus5status 5
07-14 17:59:38.070 D/StatusBar.BatteryController( 482): now old status is 5
07-14 17:59:48.090 V/StatusBar.BatteryController( 482): status5batteryHealth 2
07-14 17:59:48.090 D/StatusBar.BatteryController( 482): mOldstatus5status 5
07-14 17:59:48.090 D/StatusBar.BatteryController( 482): now old status is 5
07-14 17:59:52.760 D/SensorManager( 768): registerListener :: handle = 0 name= BOSCH 3-axis Accelerometer delay= 10000 Listener= kvo@41340568
07-14 17:59:52.760 E/SensorManager( 768): thread start
07-14 17:59:52.760 E/SensorManager( 768): =======>>>Sensor Thread RUNNING <<<========
07-14 17:59:53.570 I/SensorManager( 768): Set normal delay = true
07-14 17:59:53.650 D/SensorManager( 768): unregisterListener:: disable all sensors for this listener, name = BOSCH 3-axis Accelerometer listener = kvo@41340568
07-14 18:00:07.760 D/Tethering( 275): interfaceLinkStateChanged wlan0, true
07-14 18:00:07.760 D/Tethering( 275): interfaceStatusChanged wlan0, true
07-14 18:00:13.540 D/Tethering( 275): interfaceLinkStateChanged wlan0, true
07-14 18:00:13.540 D/Tethering( 275): interfaceStatusChanged wlan0, true
07-14 18:00:18.150 V/StatusBar.BatteryController( 482): status5batteryHealth 2
07-14 18:00:18.150 D/StatusBar.BatteryController( 482): mOldstatus5status 5
07-14 18:00:18.150 D/StatusBar.BatteryController( 482): now old status is 5
07-14 18:00:23.580 W/SignalStrength( 275): getCdmaLevel=2
07-14 18:00:23.580 W/SignalStrength( 275): getEvdoLevel=0
07-14 18:00:23.580 W/SignalStrength( 275): getCdmaLevel=2
07-14 18:00:23.580 W/SignalStrength( 275): getLevel=2
07-14 18:00:23.580 W/SignalStrength( 482): getCdmaLevel=2
07-14 18:00:23.580 W/SignalStrength( 482): getEvdoLevel=0
07-14 18:00:23.580 W/SignalStrength( 482): getCdmaLevel=2
07-14 18:00:23.580 W/SignalStrength( 482): getLevel=2
07-14 18:00:24.580 W/SignalStrength( 275): getCdmaLevel=3
07-14 18:00:24.580 W/SignalStrength( 275): getEvdoLevel=0
07-14 18:00:24.580 W/SignalStrength( 275): getCdmaLevel=3
07-14 18:00:24.580 W/SignalStrength( 275): getLevel=3
07-14 18:00:24.590 W/SignalStrength( 482): getCdmaLevel=3
07-14 18:00:24.590 W/SignalStrength( 482): getEvdoLevel=0
07-14 18:00:24.590 W/SignalStrength( 482): getCdmaLevel=3
07-14 18:00:24.590 W/SignalStrength( 482): getLevel=3
07-14 18:00:28.170 V/StatusBar.BatteryController( 482): status5batteryHealth 2
07-14 18:00:28.170 D/StatusBar.BatteryController( 482): mOldstatus5status 5
07-14 18:00:28.170 D/StatusBar.BatteryController( 482): now old status is 5
07-14 18:00:29.580 D/Tethering( 275): interfaceLinkStateChanged wlan0, true
07-14 18:00:29.580 D/Tethering( 275): interfaceStatusChanged wlan0, true
07-14 18:00:48.210 V/StatusBar.BatteryController( 482): status5batteryHealth 2
07-14 18:00:48.210 D/StatusBar.BatteryController( 482): mOldstatus5status 5
