07-14 18:43:53.370 D/StatusBar.BatteryController( 482): mOldstatus5status 5
07-14 18:43:53.370 D/StatusBar.BatteryController( 482): now old status is 5
07-14 18:44:04.560 W/SignalStrength( 275): getCdmaLevel=3
07-14 18:44:04.560 W/SignalStrength( 275): getEvdoLevel=0
07-14 18:44:04.560 W/SignalStrength( 275): getCdmaLevel=3
07-14 18:44:04.560 W/SignalStrength( 275): getLevel=3
07-14 18:44:04.560 W/SignalStrength( 482): getCdmaLevel=3
07-14 18:44:04.560 W/SignalStrength( 482): getEvdoLevel=0
07-14 18:44:04.560 W/SignalStrength( 482): getCdmaLevel=3
07-14 18:44:04.560 W/SignalStrength( 482): getLevel=3
07-14 18:44:10.760 W/ThrottleService( 275): unable to find stats for iface rmnet0
07-14 18:44:13.410 V/StatusBar.BatteryController( 482): status5batteryHealth 2
07-14 18:44:13.410 D/StatusBar.BatteryController( 482): mOldstatus5status 5
07-14 18:44:13.410 D/StatusBar.BatteryController( 482): now old status is 5
07-14 18:44:19.560 W/SignalStrength( 275): getCdmaLevel=2
07-14 18:44:19.560 W/SignalStrength( 275): getEvdoLevel=0
07-14 18:44:19.560 W/SignalStrength( 275): getCdmaLevel=2
07-14 18:44:19.560 W/SignalStrength( 275): getLevel=2
07-14 18:44:19.570 W/SignalStrength( 482): getCdmaLevel=2
07-14 18:44:19.570 W/SignalStrength( 482): getEvdoLevel=0
07-14 18:44:19.570 W/SignalStrength( 482): getCdmaLevel=2
07-14 18:44:19.570 W/SignalStrength( 482): getLevel=2
07-14 18:44:23.440 V/StatusBar.BatteryController( 482): status5batteryHealth 2
07-14 18:44:23.440 D/StatusBar.BatteryController( 482): mOldstatus5status 5
07-14 18:44:23.440 D/StatusBar.BatteryController( 482): now old status is 5
07-14 18:44:36.570 W/SignalStrength( 275): getCdmaLevel=3
07-14 18:44:36.570 W/SignalStrength( 275): getEvdoLevel=0
07-14 18:44:36.570 W/SignalStrength( 275): getCdmaLevel=3
07-14 18:44:36.570 W/SignalStrength( 275): getLevel=3
07-14 18:44:36.570 W/SignalStrength( 482): getCdmaLevel=3
07-14 18:44:36.570 W/SignalStrength( 482): getEvdoLevel=0
07-14 18:44:36.570 W/SignalStrength( 482): getCdmaLevel=3
07-14 18:44:36.570 W/SignalStrength( 482): getLevel=3
07-14 18:44:43.470 V/StatusBar.BatteryController( 482): status5batteryHealth 2
07-14 18:44:43.470 D/StatusBar.BatteryController( 482): mOldstatus5status 5
07-14 18:44:43.470 D/StatusBar.BatteryController( 482): now old status is 5
07-14 18:44:49.790 D/SensorManager( 768): registerListener :: handle = 0 name= BOSCH 3-axis Accelerometer delay= 10000 Listener= kvo@4121e920
07-14 18:44:49.790 E/SensorManager( 768): thread start
07-14 18:44:49.790 E/SensorManager( 768): =======>>>Sensor Thread RUNNING <<<========
07-14 18:44:50.540 I/SensorManager( 768): Set normal delay = true
07-14 18:44:50.620 D/SensorManager( 768): unregisterListener:: disable all sensors for this listener, name = BOSCH 3-axis Accelerometer listener = kvo@4121e920
07-14 18:44:50.650 I/GCoreUlr( 768): Received powerMode change from NLP: com.google.android.location.activity.LOW_POWER_MODE_ENABLED
07-14 18:44:50.650 I/GCoreUlr( 768): Starting service, intent=Intent { act=com.google.android.location.reporting.ACTION_UPDATE_ACTIVE_STATE cmp=xxxx }, extras=null
07-14 18:44:50.690 I/GCoreUlr( 768): Ensuring that reporting is active for [account#15#]
07-14 18:44:50.700 I/GCoreUlr( 768): Starting service, intent=Intent { act=com.google.android.location.reporting.ACTION_LOCATION_STATUS cmp=xxxx (has extras) }, extras=Bundle[{status=LocationStatus[cell status: STATUS_UNKNOWN, wifi status: STATUS_UNKNOWN, elapsed realtime ns: 0]}]
07-14 18:44:51.580 W/SignalStrength( 275): getCdmaLevel=2
07-14 18:44:51.580 W/SignalStrength( 275): getEvdoLevel=0
07-14 18:44:51.580 W/SignalStrength( 275): getCdmaLevel=2
07-14 18:44:51.580 W/SignalStrength( 275): getLevel=2
07-14 18:44:51.580 W/SignalStrength( 482): getCdmaLevel=2
07-14 18:44:51.580 W/SignalStrength( 482): getEvdoLevel=0
07-14 18:44:51.580 W/SignalStrength( 482): getCdmaLevel=2
07-14 18:44:51.580 W/SignalStrength( 482): getLevel=2
07-14 18:44:53.490 V/StatusBar.BatteryController( 482): status5batteryHealth 2
07-14 18:44:53.490 D/StatusBar.BatteryController( 482): mOldstatus5status 5
07-14 18:44:53.490 D/StatusBar.BatteryController( 482): now old status is 5
07-14 18:44:58.580 W/SignalStrength( 275): getCdmaLevel=3
07-14 18:44:58.580 W/SignalStrength( 275): getEvdoLevel=0
07-14 18:44:58.580 W/SignalStrength( 275): getCdmaLevel=3
07-14 18:44:58.580 W/SignalStrength( 275): getLevel=3
07-14 18:44:58.580 W/SignalStrength( 482): getCdmaLevel=3
07-14 18:44:58.580 W/SignalStrength( 482): getEvdoLevel=0
07-14 18:44:58.580 W/SignalStrength( 482): getCdmaLevel=3
07-14 18:44:58.580 W/SignalStrength( 482): getLevel=3
07-14 18:45:03.510 V/StatusBar.BatteryController( 482): status5batteryHealth 2
07-14 18:45:03.510 D/StatusBar.BatteryController( 482): mOldstatus5status 5
07-14 18:45:03.510 D/StatusBar.BatteryController( 482): now old status is 5
07-14 18:45:06.580 W/SignalStrength( 275): getCdmaLevel=2
07-14 18:45:06.580 W/SignalStrength( 275): getEvdoLevel=0
07-14 18:45:06.580 W/SignalStrength( 275): getCdmaLevel=2
07-14 18:45:06.580 W/SignalStrength( 275): getLevel=2
07-14 18:45:06.580 W/SignalStrength( 482): getCdmaLevel=2
07-14 18:45:06.580 W/SignalStrength( 482): getEvdoLevel=0
07-14 18:45:06.590 W/SignalStrength( 482): getCdmaLevel=2
07-14 18:45:06.590 W/SignalStrength( 482): getLevel=2
07-14 18:45:07.580 W/SignalStrength( 275): getCdmaLevel=3
07-14 18:45:07.580 W/SignalStrength( 275): getEvdoLevel=0
07-14 18:45:07.580 W/SignalStrength( 275): getCdmaLevel=3
07-14 18:45:07.580 W/SignalStrength( 275): getLevel=3
07-14 18:45:07.590 W/SignalStrength( 482): getCdmaLevel=3
07-14 18:45:07.590 W/SignalStrength( 482): getEvdoLevel=0
07-14 18:45:07.590 W/SignalStrength( 482): getCdmaLevel=3
07-14 18:45:07.590 W/SignalStrength( 482): getLevel=3
07-14 18:45:13.530 V/StatusBar.BatteryController( 482): status5batteryHealth 2
07-14 18:45:13.530 D/StatusBar.BatteryController( 482): mOldstatus5status 5
07-14 18:45:13.530 D/StatusBar.BatteryController( 482): now old status is 5
07-14 18:45:23.560 V/StatusBar.BatteryController( 482): status5batteryHealth 2
07-14 18:45:23.560 D/StatusBar.BatteryController( 482): mOldstatus5status 5
07-14 18:45:23.560 D/StatusBar.BatteryController( 482): now old status is 5
07-14 18:45:33.570 V/StatusBar.BatteryController( 482): status5batteryHealth 2
07-14 18:45:33.570 D/StatusBar.BatteryController( 482): mOldstatus5status 5
07-14 18:45:33.570 D/StatusBar.BatteryController( 482): now old status is 5
07-14 18:45:52.600 W/SignalStrength( 275): getCdmaLevel=2
07-14 18:45:52.600 W/SignalStrength( 275): getEvdoLevel=0
07-14 18:45:52.600 W/SignalStrength( 275): getCdmaLevel=2
07-14 18:45:52.600 W/SignalStrength( 275): getLevel=2
07-14 18:45:52.610 W/SignalStrength( 482): getCdmaLevel=2
07-14 18:45:52.610 W/SignalStrength( 482): getEvdoLevel=0
07-14 18:45:52.610 W/SignalStrength( 482): getCdmaLevel=2
07-14 18:45:52.610 W/SignalStrength( 482): getLevel=2
07-14 18:46:03.630 V/StatusBar.BatteryController( 482): status5batteryHealth 2
07-14 18:46:03.630 D/StatusBar.BatteryController( 482): mOldstatus5status 5
07-14 18:46:03.630 D/StatusBar.BatteryController( 482): now old status is 5
07-14 18:46:13.660 V/StatusBar.BatteryController( 482): status5batteryHealth 2
07-14 18:46:13.660 D/StatusBar.BatteryController( 482): mOldstatus5status 5
07-14 18:46:13.660 D/StatusBar.BatteryController( 482): now old status is 5
07-14 18:46:23.770 V/StatusBar.BatteryController( 482): status5batteryHealth 2
07-14 18:46:23.770 D/StatusBar.BatteryController( 482): mOldstatus5status 5
07-14 18:46:23.770 D/StatusBar.BatteryController( 482): now old status is 5
07-14 18:46:28.260 V/StatusBar.BatteryController( 482): status5batteryHealth 2
07-14 18:46:28.260 D/StatusBar.BatteryController( 482): mOldstatus5status 5
07-14 18:46:28.260 D/StatusBar.BatteryController( 482): now old status is 5
07-14 18:46:36.620 W/SignalStrength( 275): getCdmaLevel=3
07-14 18:46:36.620 W/SignalStrength( 275): getEvdoLevel=0
07-14 18:46:36.620 W/SignalStrength( 275): getCdmaLevel=3
07-14 18:46:36.620 W/SignalStrength( 275): getLevel=3
07-14 18:46:36.620 W/SignalStrength( 482): getCdmaLevel=3
07-14 18:46:36.620 W/SignalStrength( 482): getEvdoLevel=0
07-14 18:46:36.620 W/SignalStrength( 482): getCdmaLevel=3
07-14 18:46:36.620 W/SignalStrength( 482): getLevel=3
07-14 18:46:38.270 V/StatusBar.BatteryController( 482): status5batteryHealth 2
07-14 18:46:38.270 D/StatusBar.BatteryController( 482): mOldstatus5status 5
07-14 18:46:38.270 D/StatusBar.BatteryController( 482): now old status is 5
07-14 18:46:43.620 W/SignalStrength( 275): getCdmaLevel=2
07-14 18:46:43.620 W/SignalStrength( 275): getEvdoLevel=0
07-14 18:46:43.620 W/SignalStrength( 275): getCdmaLevel=2
07-14 18:46:43.620 W/SignalStrength( 275): getLevel=2
07-14 18:46:43.620 W/SignalStrength( 482): getCdmaLevel=2
07-14 18:46:43.620 W/SignalStrength( 482): getEvdoLevel=0
07-14 18:46:43.620 W/SignalStrength( 482): getCdmaLevel=2
07-14 18:46:43.620 W/SignalStrength( 482): getLevel=2
07-14 18:46:44.620 W/SignalStrength( 275): getCdmaLevel=3
07-14 18:46:44.620 W/SignalStrength( 275): getEvdoLevel=0
07-14 18:46:44.620 W/SignalStrength( 275): getCdmaLevel=3
07-14 18:46:44.620 W/SignalStrength( 275): getLevel=3
07-14 18:46:44.620 W/SignalStrength( 482): getCdmaLevel=3
07-14 18:46:44.620 W/SignalStrength( 482): getEvdoLevel=0
07-14 18:46:44.620 W/SignalStrength( 482): getCdmaLevel=3
07-14 18:46:44.620 W/SignalStrength( 482): getLevel=3
07-14 18:46:58.310 V/StatusBar.BatteryController( 482): status5batteryHealth 2
07-14 18:46:58.310 D/StatusBar.BatteryController( 482): mOldstatus5status 5
07-14 18:46:58.310 D/StatusBar.BatteryController( 482): now old status is 5
07-14 18:46:59.620 W/SignalStrength( 275): getCdmaLevel=2
07-14 18:46:59.620 W/SignalStrength( 275): getEvdoLevel=0
07-14 18:46:59.620 W/SignalStrength( 275): getCdmaLevel=2
07-14 18:46:59.620 W/SignalStrength( 275): getLevel=2
07-14 18:46:59.630 W/SignalStrength( 482): getCdmaLevel=2
07-14 18:46:59.630 W/SignalStrength( 482): getEvdoLevel=0
07-14 18:46:59.630 W/SignalStrength( 482): getCdmaLevel=2
07-14 18:46:59.630 W/SignalStrength( 482): getLevel=2
07-14 18:47:06.630 W/SignalStrength( 275): getCdmaLevel=3
07-14 18:47:06.630 W/SignalStrength( 275): getEvdoLevel=0
07-14 18:47:06.630 W/SignalStrength( 275): getCdmaLevel=3
07-14 18:47:06.630 W/SignalStrength( 275): getLevel=3
07-14 18:47:06.630 W/SignalStrength( 482): getCdmaLevel=3
07-14 18:47:06.630 W/SignalStrength( 482): getEvdoLevel=0
07-14 18:47:06.630 W/SignalStrength( 482): getCdmaLevel=3
07-14 18:47:06.630 W/SignalStrength( 482): getLevel=3
07-14 18:47:08.330 V/StatusBar.BatteryController( 482): status5batteryHealth 2
07-14 18:47:08.330 D/StatusBar.BatteryController( 482): mOldstatus5status 5
07-14 18:47:08.330 D/StatusBar.BatteryController( 482): now old status is 5
07-14 18:47:18.360 V/StatusBar.BatteryController( 482): status5batteryHealth 2
07-14 18:47:18.360 D/StatusBar.BatteryController( 482): mOldstatus5status 5
07-14 18:47:18.360 D/StatusBar.BatteryController( 482): now old status is 5
07-14 18:47:24.630 W/SignalStrength( 275): getCdmaLevel=2
07-14 18:47:24.630 W/SignalStrength( 275): getEvdoLevel=0
07-14 18:47:24.630 W/SignalStrength( 275): getCdmaLevel=2
07-14 18:47:24.630 W/SignalStrength( 275): getLevel=2
07-14 18:47:24.640 W/SignalStrength( 482): getCdmaLevel=2
07-14 18:47:24.640 W/SignalStrength( 482): getEvdoLevel=0
07-14 18:47:24.640 W/SignalStrength( 482): getCdmaLevel=2
07-14 18:47:24.640 W/SignalStrength( 482): getLevel=2
07-14 18:47:28.370 V/StatusBar.BatteryController( 482): status5batteryHealth 2
07-14 18:47:28.370 D/StatusBar.BatteryController( 482): mOldstatus5status 5
07-14 18:47:28.370 D/StatusBar.BatteryController( 482): now old status is 5
07-14 18:47:30.640 W/SignalStrength( 482): getCdmaLevel=3
07-14 18:47:30.640 W/SignalStrength( 482): getEvdoLevel=0
07-14 18:47:30.640 W/SignalStrength( 482): getCdmaLevel=3
07-14 18:47:30.640 W/SignalStrength( 482): getLevel=3
07-14 18:47:30.640 W/SignalStrength( 275): getCdmaLevel=3
07-14 18:47:30.640 W/SignalStrength( 275): getEvdoLevel=0
07-14 18:47:30.640 W/SignalStrength( 275): getCdmaLevel=3
07-14 18:47:30.640 W/SignalStrength( 275): getLevel=3
07-14 18:47:38.390 V/StatusBar.BatteryController( 482): status5batteryHealth 2
07-14 18:47:38.390 D/StatusBar.BatteryController( 482): mOldstatus5status 5
07-14 13:48:16.810 D/MyClockApp.MyDigitalClock( 2907): +SNTPDatetime
07-14 13:48:16.810 D/MyClockApp.MyDigitalClock( 2907): lSNTPTime: 1405378097785
07-14 13:48:16.810 D/MyClockApp.MyDigitalClock( 2907): SNTP Current time: Mon Jul 14 18:48:17 EDT 2014
07-14 13:48:16.810 D/MyClockApp.MyDigitalClock( 2907): -SNTPDatetime
07-14 13:48:16.810 E/MyClockApp.MyDigitalClock( 2907): Failure lSNTPTime: 2014-07-14 18:48:17
07-14 13:48:16.810 D/MyClockApp.MyDigitalClock( 2907): +outputLog
07-14 13:48:16.860 D/MyClockApp.MyDigitalClock( 2907): strFileName: logcat_1405360096870.txt
07-14 13:48:16.860 D/MyClockApp.MyDigitalClock( 2907): getExternalCacheDir: /data/data/org.gophotog.myclockapp/files
07-14 13:48:16.860 D/MyClockApp.MyDigitalClock( 2907): outputFile: /data/data/org.gophotog.myclockapp/files/logcat_1405360096870.txt
07-14 18:47:38.390 D/StatusBar.BatteryController( 482): now old status is 5
07-14 18:47:45.640 W/SignalStrength( 275): getCdmaLevel=2
07-14 18:47:45.640 W/SignalStrength( 275): getEvdoLevel=0
07-14 18:47:45.640 W/SignalStrength( 275): getCdmaLevel=2
07-14 18:47:45.640 W/SignalStrength( 275): getLevel=2
07-14 18:47:45.640 W/SignalStrength( 482): getCdmaLevel=2
07-14 18:47:45.640 W/SignalStrength( 482): getEvdoLevel=0
07-14 18:47:45.640 W/SignalStrength( 482): getCdmaLevel=2
07-14 18:47:45.640 W/SignalStrength( 482): getLevel=2
07-14 18:47:46.640 W/SignalStrength( 275): getCdmaLevel=3
07-14 18:47:46.640 W/SignalStrength( 275): getEvdoLevel=0
07-14 18:47:46.640 W/SignalStrength( 275): getCdmaLevel=3
07-14 18:47:46.640 W/SignalStrength( 275): getLevel=3
07-14 18:47:46.650 W/SignalStrength( 482): getCdmaLevel=3
07-14 18:47:46.650 W/SignalStrength( 482): getEvdoLevel=0
07-14 18:47:46.650 W/SignalStrength( 482): getCdmaLevel=3
07-14 18:47:46.650 W/SignalStrength( 482): getLevel=3
07-14 18:47:48.800 D/SensorManager( 768): registerListener :: handle = 0 name= BOSCH 3-axis Accelerometer delay= 10000 Listener= kvo@4129e210
07-14 18:47:48.800 E/SensorManager( 768): thread start
07-14 18:47:48.800 E/SensorManager( 768): =======>>>Sensor Thread RUNNING <<<========
07-14 18:47:49.490 I/SensorManager( 768): Set normal delay = true
07-14 18:47:49.570 D/SensorManager( 768): unregisterListener:: disable all sensors for this listener, name = BOSCH 3-axis Accelerometer listener = kvo@4129e210
07-14 18:47:55.640 W/SignalStrength( 275): getCdmaLevel=2
07-14 18:47:55.640 W/SignalStrength( 275): getEvdoLevel=0
07-14 18:47:55.640 W/SignalStrength( 275): getCdmaLevel=2
07-14 18:47:55.640 W/SignalStrength( 275): getLevel=2
07-14 18:47:55.650 W/SignalStrength( 482): getCdmaLevel=2
07-14 18:47:55.650 W/SignalStrength( 482): getEvdoLevel=0
07-14 18:47:55.650 W/SignalStrength( 482): getCdmaLevel=2
07-14 18:47:55.650 W/SignalStrength( 482): getLevel=2
07-14 18:47:55.670 E/WifiStateMachine( 275): set suspend optimizations failed!
07-14 18:47:56.130 E/WifiStateMachine( 275): set suspend optimizations failed!
07-14 18:48:05.700 D/Tethering( 275): interfaceLinkStateChanged wlan0, true
07-14 18:48:05.700 D/Tethering( 275): interfaceStatusChanged wlan0, true