07-14 18:00:48.210 D/StatusBar.BatteryController( 482): now old status is 5
07-14 18:00:58.230 V/StatusBar.BatteryController( 482): status5batteryHealth 2
07-14 18:00:58.230 D/StatusBar.BatteryController( 482): mOldstatus5status 5
07-14 18:00:58.230 D/StatusBar.BatteryController( 482): now old status is 5
07-14 18:01:01.660 D/Tethering( 275): interfaceLinkStateChanged wlan0, true
07-14 18:01:01.660 D/Tethering( 275): interfaceStatusChanged wlan0, true
07-14 18:01:04.590 W/SignalStrength( 275): getCdmaLevel=2
07-14 18:01:04.590 W/SignalStrength( 275): getEvdoLevel=0
07-14 18:01:04.590 W/SignalStrength( 275): getCdmaLevel=2
07-14 18:01:04.590 W/SignalStrength( 275): getLevel=2
07-14 18:01:04.600 W/SignalStrength( 482): getCdmaLevel=2
07-14 18:01:04.600 W/SignalStrength( 482): getEvdoLevel=0
07-14 18:01:04.600 W/SignalStrength( 482): getCdmaLevel=2
07-14 18:01:04.600 W/SignalStrength( 482): getLevel=2
07-14 18:01:05.590 W/SignalStrength( 275): getCdmaLevel=3
07-14 18:01:05.590 W/SignalStrength( 275): getEvdoLevel=0
07-14 18:01:05.590 W/SignalStrength( 275): getCdmaLevel=3
07-14 18:01:05.590 W/SignalStrength( 275): getLevel=3
07-14 18:01:05.600 W/SignalStrength( 482): getCdmaLevel=3
07-14 18:01:05.600 W/SignalStrength( 482): getEvdoLevel=0
07-14 18:01:05.600 W/SignalStrength( 482): getCdmaLevel=3
07-14 18:01:05.600 W/SignalStrength( 482): getLevel=3
07-14 18:01:06.670 D/Tethering( 275): interfaceLinkStateChanged wlan0, true
07-14 18:01:06.670 D/Tethering( 275): interfaceStatusChanged wlan0, true
07-14 18:01:08.250 V/StatusBar.BatteryController( 482): status5batteryHealth 2
07-14 18:01:08.250 D/StatusBar.BatteryController( 482): mOldstatus5status 5
07-14 18:01:08.250 D/StatusBar.BatteryController( 482): now old status is 5
07-14 18:01:18.270 V/StatusBar.BatteryController( 482): status5batteryHealth 2
07-14 18:01:18.270 D/StatusBar.BatteryController( 482): mOldstatus5status 5
07-14 18:01:18.270 D/StatusBar.BatteryController( 482): now old status is 5
07-14 18:01:28.290 V/StatusBar.BatteryController( 482): status5batteryHealth 2
07-14 18:01:28.290 D/StatusBar.BatteryController( 482): mOldstatus5status 5
07-14 18:01:28.290 D/StatusBar.BatteryController( 482): now old status is 5
07-14 18:01:38.310 V/StatusBar.BatteryController( 482): status5batteryHealth 2
07-14 18:01:38.310 D/StatusBar.BatteryController( 482): mOldstatus5status 5
07-14 18:01:38.310 D/StatusBar.BatteryController( 482): now old status is 5
07-14 18:01:48.330 V/StatusBar.BatteryController( 482): status5batteryHealth 2
07-14 18:01:48.330 D/StatusBar.BatteryController( 482): mOldstatus5status 5
07-14 18:01:48.330 D/StatusBar.BatteryController( 482): now old status is 5
07-14 18:02:08.370 V/StatusBar.BatteryController( 482): status5batteryHealth 2
07-14 18:02:08.370 D/StatusBar.BatteryController( 482): mOldstatus5status 5
07-14 18:02:08.370 D/StatusBar.BatteryController( 482): now old status is 5
07-14 18:02:18.390 V/StatusBar.BatteryController( 482): status5batteryHealth 2
07-14 18:02:18.390 D/StatusBar.BatteryController( 482): mOldstatus5status 5
07-14 18:02:18.390 D/StatusBar.BatteryController( 482): now old status is 5
07-14 18:02:38.430 V/StatusBar.BatteryController( 482): status5batteryHealth 2
07-14 18:02:38.430 D/StatusBar.BatteryController( 482): mOldstatus5status 5
07-14 18:02:38.430 D/StatusBar.BatteryController( 482): now old status is 5
07-14 18:02:48.450 V/StatusBar.BatteryController( 482): status5batteryHealth 2
07-14 18:02:48.450 D/StatusBar.BatteryController( 482): mOldstatus5status 5
07-14 18:02:48.450 D/StatusBar.BatteryController( 482): now old status is 5
07-14 18:02:51.820 D/SensorManager( 768): registerListener :: handle = 0 name= BOSCH 3-axis Accelerometer delay= 10000 Listener= kvo@41133bf0
07-14 18:02:51.820 E/SensorManager( 768): thread start
07-14 18:02:51.820 E/SensorManager( 768): =======>>>Sensor Thread RUNNING <<<========
07-14 18:02:52.520 I/SensorManager( 768): Set normal delay = true
07-14 18:02:52.600 D/SensorManager( 768): unregisterListener:: disable all sensors for this listener, name = BOSCH 3-axis Accelerometer listener = kvo@41133bf0
07-14 18:03:02.640 W/SignalStrength( 275): getCdmaLevel=2
07-14 18:03:02.640 W/SignalStrength( 275): getEvdoLevel=0
07-14 18:03:02.640 W/SignalStrength( 275): getCdmaLevel=2
07-14 18:03:02.640 W/SignalStrength( 275): getLevel=2
07-14 18:03:02.640 W/SignalStrength( 482): getCdmaLevel=2
07-14 18:03:02.640 W/SignalStrength( 482): getEvdoLevel=0
07-14 18:03:02.640 W/SignalStrength( 482): getCdmaLevel=2
07-14 18:03:02.640 W/SignalStrength( 482): getLevel=2
07-14 18:03:08.490 V/StatusBar.BatteryController( 482): status5batteryHealth 2
07-14 18:03:08.490 D/StatusBar.BatteryController( 482): mOldstatus5status 5
07-14 18:03:08.490 D/StatusBar.BatteryController( 482): now old status is 5
07-14 18:03:18.510 V/StatusBar.BatteryController( 482): status5batteryHealth 2
07-14 18:03:18.510 D/StatusBar.BatteryController( 482): mOldstatus5status 5
07-14 18:03:18.510 D/StatusBar.BatteryController( 482): now old status is 5
07-14 18:03:23.650 W/SignalStrength( 275): getCdmaLevel=3
07-14 18:03:23.650 W/SignalStrength( 275): getEvdoLevel=0
07-14 18:03:23.650 W/SignalStrength( 275): getCdmaLevel=3
07-14 18:03:23.650 W/SignalStrength( 275): getLevel=3
07-14 18:03:23.650 W/SignalStrength( 482): getCdmaLevel=3
07-14 18:03:23.650 W/SignalStrength( 482): getEvdoLevel=0
07-14 18:03:23.650 W/SignalStrength( 482): getCdmaLevel=3
07-14 18:03:23.650 W/SignalStrength( 482): getLevel=3
07-14 18:03:28.530 V/StatusBar.BatteryController( 482): status5batteryHealth 2
07-14 18:03:28.530 D/StatusBar.BatteryController( 482): mOldstatus5status 5
07-14 18:03:28.530 D/StatusBar.BatteryController( 482): now old status is 5
07-14 18:03:33.650 W/SignalStrength( 275): getCdmaLevel=2
07-14 18:03:33.650 W/SignalStrength( 275): getEvdoLevel=0
07-14 18:03:33.650 W/SignalStrength( 275): getCdmaLevel=2
07-14 18:03:33.650 W/SignalStrength( 275): getLevel=2
07-14 18:03:33.650 W/SignalStrength( 482): getCdmaLevel=2
07-14 18:03:33.650 W/SignalStrength( 482): getEvdoLevel=0
07-14 18:03:33.650 W/SignalStrength( 482): getCdmaLevel=2
07-14 18:03:33.650 W/SignalStrength( 482): getLevel=2
07-14 18:03:38.550 V/StatusBar.BatteryController( 482): status5batteryHealth 2
07-14 18:03:38.550 D/StatusBar.BatteryController( 482): mOldstatus5status 5
07-14 18:03:38.550 D/StatusBar.BatteryController( 482): now old status is 5
07-14 18:03:39.650 W/SignalStrength( 275): getCdmaLevel=3
07-14 18:03:39.650 W/SignalStrength( 275): getEvdoLevel=0
07-14 18:03:39.650 W/SignalStrength( 275): getCdmaLevel=3
07-14 18:03:39.650 W/SignalStrength( 275): getLevel=3
07-14 18:03:39.660 W/SignalStrength( 482): getCdmaLevel=3
07-14 18:03:39.660 W/SignalStrength( 482): getEvdoLevel=0
07-14 18:03:39.660 W/SignalStrength( 482): getCdmaLevel=3
07-14 18:03:39.660 W/SignalStrength( 482): getLevel=3
07-14 18:03:48.570 V/StatusBar.BatteryController( 482): status5batteryHealth 2
07-14 18:03:48.570 D/StatusBar.BatteryController( 482): mOldstatus5status 5
07-14 18:03:48.570 D/StatusBar.BatteryController( 482): now old status is 5
07-14 18:04:08.610 V/StatusBar.BatteryController( 482): status5batteryHealth 2
07-14 18:04:08.610 D/StatusBar.BatteryController( 482): mOldstatus5status 5
07-14 18:04:08.610 D/StatusBar.BatteryController( 482): now old status is 5
07-14 18:04:10.730 W/ThrottleService( 275): unable to find stats for iface rmnet0
07-14 18:04:28.650 V/StatusBar.BatteryController( 482): status5batteryHealth 2
07-14 18:04:28.650 D/StatusBar.BatteryController( 482): mOldstatus5status 5
07-14 18:04:28.650 D/StatusBar.BatteryController( 482): now old status is 5
07-14 18:04:38.670 V/StatusBar.BatteryController( 482): status5batteryHealth 2
07-14 18:04:38.670 D/StatusBar.BatteryController( 482): mOldstatus5status 5
07-14 18:04:38.670 D/StatusBar.BatteryController( 482): now old status is 5
07-14 18:04:48.690 V/StatusBar.BatteryController( 482): status5batteryHealth 2
07-14 18:04:48.690 D/StatusBar.BatteryController( 482): mOldstatus5status 5
07-14 18:04:48.690 D/StatusBar.BatteryController( 482): now old status is 5
07-14 18:04:58.710 V/StatusBar.BatteryController( 482): status5batteryHealth 2
07-14 18:04:58.710 D/StatusBar.BatteryController( 482): mOldstatus5status 5
07-14 18:04:58.710 D/StatusBar.BatteryController( 482): now old status is 5
07-14 18:05:08.730 V/StatusBar.BatteryController( 482): status5batteryHealth 2
07-14 18:05:08.730 D/StatusBar.BatteryController( 482): mOldstatus5status 5
07-14 18:05:08.730 D/StatusBar.BatteryController( 482): now old status is 5
07-14 18:05:18.750 V/StatusBar.BatteryController( 482): status5batteryHealth 2
07-14 18:05:18.750 D/StatusBar.BatteryController( 482): mOldstatus5status 5
07-14 18:05:18.750 D/StatusBar.BatteryController( 482): now old status is 5
07-14 18:05:38.790 V/StatusBar.BatteryController( 482): status5batteryHealth 2
07-14 18:05:38.790 D/StatusBar.BatteryController( 482): mOldstatus5status 5
07-14 18:05:38.790 D/StatusBar.BatteryController( 482): now old status is 5
07-14 18:05:50.780 D/SensorManager( 768): registerListener :: handle = 0 name= BOSCH 3-axis Accelerometer delay= 10000 Listener= kvo@4112b1f8
07-14 18:05:50.780 E/SensorManager( 768): thread start
07-14 18:05:50.780 E/SensorManager( 768): =======>>>Sensor Thread RUNNING <<<========
07-14 18:05:51.470 I/SensorManager( 768): Set normal delay = true
07-14 18:05:51.550 D/SensorManager( 768): unregisterListener:: disable all sensors for this listener, name = BOSCH 3-axis Accelerometer listener = kvo@4112b1f8
07-14 18:05:58.830 V/StatusBar.BatteryController( 482): status5batteryHealth 2
07-14 18:05:58.830 D/StatusBar.BatteryController( 482): mOldstatus5status 5
07-14 18:05:58.830 D/StatusBar.BatteryController( 482): now old status is 5
07-14 18:06:08.850 V/StatusBar.BatteryController( 482): status5batteryHealth 2
07-14 18:06:08.850 D/StatusBar.BatteryController( 482): mOldstatus5status 5
07-14 18:06:08.850 D/StatusBar.BatteryController( 482): now old status is 5
07-14 18:06:18.870 V/StatusBar.BatteryController( 482): status5batteryHealth 2
07-14 18:06:18.870 D/StatusBar.BatteryController( 482): mOldstatus5status 5
07-14 18:06:18.870 D/StatusBar.BatteryController( 482): now old status is 5
07-14 18:06:38.920 V/StatusBar.BatteryController( 482): status5batteryHealth 2
07-14 18:06:38.920 D/StatusBar.BatteryController( 482): mOldstatus5status 5
07-14 18:06:38.920 D/StatusBar.BatteryController( 482): now old status is 5
07-14 18:06:48.930 V/StatusBar.BatteryController( 482): status5batteryHealth 2
07-14 18:06:48.930 D/StatusBar.BatteryController( 482): mOldstatus5status 5
07-14 18:06:48.930 D/StatusBar.BatteryController( 482): now old status is 5
07-14 18:07:08.980 V/StatusBar.BatteryController( 482): status5batteryHealth 2
07-14 18:07:08.980 D/StatusBar.BatteryController( 482): mOldstatus5status 5
07-14 18:07:08.980 D/StatusBar.BatteryController( 482): now old status is 5
07-14 18:07:49.050 V/StatusBar.BatteryController( 482): status5batteryHealth 2
07-14 18:07:49.050 D/StatusBar.BatteryController( 482): mOldstatus5status 5
07-14 18:07:49.050 D/StatusBar.BatteryController( 482): now old status is 5
07-14 18:08:09.100 V/StatusBar.BatteryController( 482): status5batteryHealth 2
07-14 18:08:09.100 D/StatusBar.BatteryController( 482): mOldstatus5status 5
07-14 18:08:09.100 D/StatusBar.BatteryController( 482): now old status is 5
07-14 18:08:19.120 V/StatusBar.BatteryController( 482): status5batteryHealth 2
07-14 18:08:19.120 D/StatusBar.BatteryController( 482): mOldstatus5status 5
07-14 18:08:19.120 D/StatusBar.BatteryController( 482): now old status is 5
07-14 18:08:29.130 V/StatusBar.BatteryController( 482): status5batteryHealth 2
07-14 18:08:29.130 D/StatusBar.BatteryController( 482): mOldstatus5status 5
07-14 18:08:29.130 D/StatusBar.BatteryController( 482): now old status is 5
07-14 18:08:39.150 V/StatusBar.BatteryController( 482): status5batteryHealth 2
07-14 18:08:39.150 D/StatusBar.BatteryController( 482): mOldstatus5status 5
07-14 18:08:39.150 D/StatusBar.BatteryController( 482): now old status is 5
07-14 18:08:49.170 V/StatusBar.BatteryController( 482): status5batteryHealth 2
07-14 18:08:49.170 D/StatusBar.BatteryController( 482): mOldstatus5status 5
07-14 18:08:49.170 D/StatusBar.BatteryController( 482): now old status is 5
07-14 18:08:49.850 D/SensorManager( 768): registerListener :: handle = 0 name= BOSCH 3-axis Accelerometer delay= 10000 Listener= kvo@412732e8
07-14 18:08:49.850 E/SensorManager( 768): thread start
07-14 18:08:49.850 E/SensorManager( 768): =======>>>Sensor Thread RUNNING <<<========
07-14 18:08:50.660 I/SensorManager( 768): Set normal delay = true
07-14 18:08:50.740 D/SensorManager( 768): unregisterListener:: disable all sensors for this listener, name = BOSCH 3-axis Accelerometer listener = kvo@412732e8
07-14 18:08:50.770 I/GCoreUlr( 768): Received powerMode change from NLP: com.google.android.location.activity.LOW_POWER_MODE_ENABLED
07-14 18:08:50.770 I/GCoreUlr( 768): Starting service, intent=Intent { act=com.google.android.location.reporting.ACTION_UPDATE_ACTIVE_STATE cmp=xxxx }, extras=null
07-14 18:08:50.810 I/GCoreUlr( 768): Ensuring that reporting is active for [account#15#]
07-14 18:08:50.820 I/GCoreUlr( 768): Starting service, intent=Intent { act=com.google.android.location.reporting.ACTION_LOCATION_STATUS cmp=xxxx (has extras) }, extras=Bundle[{status=LocationStatus[cell status: STATUS_UNKNOWN, wifi status: STATUS_UNKNOWN, elapsed realtime ns: 0]}]
07-14 18:08:59.190 V/StatusBar.BatteryController( 482): status5batteryHealth 2
07-14 18:08:59.190 D/StatusBar.BatteryController( 482): mOldstatus5status 5
07-14 18:08:59.190 D/StatusBar.BatteryController( 482): now old status is 5
07-14 18:09:10.780 W/SignalStrength( 275): getCdmaLevel=2
07-14 18:09:10.780 W/SignalStrength( 275): getEvdoLevel=0
07-14 18:09:10.780 W/SignalStrength( 275): getCdmaLevel=2
07-14 18:09:10.780 W/SignalStrength( 275): getLevel=2
07-14 18:09:10.780 W/SignalStrength( 482): getCdmaLevel=2
07-14 18:09:10.780 W/SignalStrength( 482): getEvdoLevel=0
07-14 18:09:10.780 W/SignalStrength( 482): getCdmaLevel=2
07-14 18:09:10.780 W/SignalStrength( 482): getLevel=2
07-14 18:09:12.780 W/SignalStrength( 275): getCdmaLevel=3
07-14 18:09:12.780 W/SignalStrength( 275): getEvdoLevel=0
07-14 18:09:12.780 W/SignalStrength( 275): getCdmaLevel=3
07-14 18:09:12.780 W/SignalStrength( 275): getLevel=3
07-14 18:09:12.780 W/SignalStrength( 482): getCdmaLevel=3
07-14 18:09:12.780 W/SignalStrength( 482): getEvdoLevel=0
07-14 18:09:12.780 W/SignalStrength( 482): getCdmaLevel=3
07-14 18:09:12.780 W/SignalStrength( 482): getLevel=3
07-14 18:09:19.230 V/StatusBar.BatteryController( 482): status5batteryHealth 2
07-14 18:09:19.230 D/StatusBar.BatteryController( 482): mOldstatus5status 5
07-14 18:09:19.230 D/StatusBar.BatteryController( 482): now old status is 5
07-14 18:09:39.270 V/StatusBar.BatteryController( 482): status5batteryHealth 2
07-14 18:09:39.270 D/StatusBar.BatteryController( 482): mOldstatus5status 5
07-14 18:09:39.270 D/StatusBar.BatteryController( 482): now old status is 5
07-14 18:09:49.290 V/StatusBar.BatteryController( 482): status5batteryHealth 2
07-14 18:09:49.290 D/StatusBar.BatteryController( 482): mOldstatus5status 5
07-14 18:09:49.290 D/StatusBar.BatteryController( 482): now old status is 5
07-14 18:09:59.310 V/StatusBar.BatteryController( 482): status5batteryHealth 2
07-14 18:09:59.310 D/StatusBar.BatteryController( 482): mOldstatus5status 5
07-14 18:09:59.310 D/StatusBar.BatteryController( 482): now old status is 5
07-14 18:10:09.330 V/StatusBar.BatteryController( 482): status5batteryHealth 2
07-14 18:10:09.330 D/StatusBar.BatteryController( 482): mOldstatus5status 5
07-14 18:10:09.330 D/StatusBar.BatteryController( 482): now old status is 5
07-14 18:10:16.660 D/GCM ( 592): Ignoring attempt to send heartbeat on dead connection.
07-14 18:10:19.350 V/StatusBar.BatteryController( 482): status5batteryHealth 2
07-14 18:10:19.350 D/StatusBar.BatteryController( 482): mOldstatus5status 5
07-14 18:10:19.350 D/StatusBar.BatteryController( 482): now old status is 5
07-14 18:10:21.690 D/Tethering( 275): interfaceLinkStateChanged wlan0, true
07-14 18:10:21.690 D/Tethering( 275): interfaceStatusChanged wlan0, true
07-14 18:10:26.750 D/Tethering( 275): interfaceLinkStateChanged wlan0, true
07-14 18:10:26.750 D/Tethering( 275): interfaceStatusChanged wlan0, true
07-14 18:10:29.370 V/StatusBar.BatteryController( 482): status5batteryHealth 2
07-14 18:10:29.370 D/StatusBar.BatteryController( 482): mOldstatus5status 5
07-14 18:10:29.370 D/StatusBar.BatteryController( 482): now old status is 5
07-14 18:10:59.430 V/StatusBar.BatteryController( 482): status5batteryHealth 2
07-14 18:10:59.430 D/StatusBar.BatteryController( 482): mOldstatus5status 5
07-14 18:10:59.430 D/StatusBar.BatteryController( 482): now old status is 5
07-14 18:11:03.820 W/SignalStrength( 275): getCdmaLevel=2
07-14 18:11:03.820 W/SignalStrength( 275): getEvdoLevel=0
07-14 18:11:03.820 W/SignalStrength( 275): getCdmaLevel=2
07-14 18:11:03.820 W/SignalStrength( 275): getLevel=2
07-14 18:11:03.820 W/SignalStrength( 482): getCdmaLevel=2
07-14 18:11:03.820 W/SignalStrength( 482): getEvdoLevel=0
07-14 18:11:03.820 W/SignalStrength( 482): getCdmaLevel=2
07-14 18:11:03.820 W/SignalStrength( 482): getLevel=2
07-14 18:11:09.820 W/SignalStrength( 275): getCdmaLevel=3
07-14 18:11:09.820 W/SignalStrength( 275): getEvdoLevel=0
07-14 18:11:09.820 W/SignalStrength( 275): getCdmaLevel=3
07-14 18:11:09.820 W/SignalStrength( 275): getLevel=3
07-14 18:11:09.830 W/SignalStrength( 482): getCdmaLevel=3
07-14 18:11:09.830 W/SignalStrength( 482): getEvdoLevel=0
07-14 18:11:09.830 W/SignalStrength( 482): getCdmaLevel=3
07-14 18:11:09.830 W/SignalStrength( 482): getLevel=3
07-14 18:11:19.470 V/StatusBar.BatteryController( 482): status5batteryHealth 2
07-14 18:11:19.470 D/StatusBar.BatteryController( 482): mOldstatus5status 5
07-14 18:11:19.470 D/StatusBar.BatteryController( 482): now old status is 5
07-14 18:11:29.490 V/StatusBar.BatteryController( 482): status5batteryHealth 2
07-14 18:11:29.490 D/StatusBar.BatteryController( 482): mOldstatus5status 5
07-14 18:11:29.490 D/StatusBar.BatteryController( 482): now old status is 5
07-14 18:11:34.830 W/SignalStrength( 275): getCdmaLevel=2
07-14 18:11:34.830 W/SignalStrength( 275): getEvdoLevel=0
07-14 18:11:34.830 W/SignalStrength( 275): getCdmaLevel=2
07-14 18:11:34.830 W/SignalStrength( 275): getLevel=2
07-14 18:11:34.830 W/SignalStrength( 482): getCdmaLevel=2
07-14 18:11:34.840 W/SignalStrength( 482): getEvdoLevel=0
07-14 18:11:34.840 W/SignalStrength( 482): getCdmaLevel=2
07-14 18:11:34.840 W/SignalStrength( 482): getLevel=2
07-14 18:11:48.920 D/SensorManager( 768): registerListener :: handle = 0 name= BOSCH 3-axis Accelerometer delay= 10000 Listener= kvo@4119e370
07-14 18:11:48.920 E/SensorManager( 768): thread start
07-14 18:11:48.920 E/SensorManager( 768): =======>>>Sensor Thread RUNNING <<<========
07-14 18:11:49.540 V/StatusBar.BatteryController( 482): status5batteryHealth 2
07-14 18:11:49.540 D/StatusBar.BatteryController( 482): mOldstatus5status 5
07-14 18:11:49.540 D/StatusBar.BatteryController( 482): now old status is 5
07-14 18:11:49.630 I/SensorManager( 768): Set normal delay = true
07-14 18:11:49.710 D/SensorManager( 768): unregisterListener:: disable all sensors for this listener, name = BOSCH 3-axis Accelerometer listener = kvo@4119e370
07-14 18:11:57.840 W/SignalStrength( 275): getCdmaLevel=3
07-14 18:11:57.840 W/SignalStrength( 275): getEvdoLevel=0
07-14 18:11:57.840 W/SignalStrength( 275): getCdmaLevel=3
07-14 18:11:57.840 W/SignalStrength( 275): getLevel=3
07-14 18:11:57.840 W/SignalStrength( 482): getCdmaLevel=3
07-14 18:11:57.840 W/SignalStrength( 482): getEvdoLevel=0
07-14 18:11:57.840 W/SignalStrength( 482): getCdmaLevel=3
07-14 18:11:57.840 W/SignalStrength( 482): getLevel=3
07-14 18:11:57.860 E/WifiStateMachine( 275): set suspend optimizations failed!
07-14 18:11:58.400 E/WifiStateMachine( 275): set suspend optimizations failed!
07-14 18:11:59.550 V/StatusBar.BatteryController( 482): status5batteryHealth 2
07-14 18:11:59.550 D/StatusBar.BatteryController( 482): mOldstatus5status 5
07-14 18:11:59.550 D/StatusBar.BatteryController( 482): now old status is 5
07-14 18:12:07.900 D/Tethering( 275): interfaceLinkStateChanged wlan0, true
07-14 18:12:07.900 D/Tethering( 275): interfaceStatusChanged wlan0, true
07-14 18:12:09.580 V/StatusBar.BatteryController( 482): status5batteryHealth 2
07-14 18:12:09.580 D/StatusBar.BatteryController( 482): mOldstatus5status 5
07-14 18:12:09.580 D/StatusBar.BatteryController( 482): now old status is 5
07-14 18:12:19.600 V/StatusBar.BatteryController( 482): status5batteryHealth 2
07-14 18:12:19.600 D/StatusBar.BatteryController( 482): mOldstatus5status 5
07-14 18:12:19.600 D/StatusBar.BatteryController( 482): now old status is 5
07-14 18:12:29.610 V/StatusBar.BatteryController( 482): status5batteryHealth 2
07-14 18:12:29.610 D/StatusBar.BatteryController( 482): mOldstatus5status 5
07-14 18:12:29.610 D/StatusBar.BatteryController( 482): now old status is 5
07-14 18:12:49.650 V/StatusBar.BatteryController( 482): status5batteryHealth 2
07-14 18:12:49.650 D/StatusBar.BatteryController( 482): mOldstatus5status 5
07-14 18:12:49.650 D/StatusBar.BatteryController( 482): now old status is 5
07-14 18:13:13.110 D/Tethering( 275): interfaceLinkStateChanged wlan0, true
07-14 18:13:13.110 D/Tethering( 275): interfaceStatusChanged wlan0, true
07-14 18:13:17.470 D/Tethering( 275): interfaceLinkStateChanged wlan0, true
07-14 18:13:17.470 D/Tethering( 275): interfaceStatusChanged wlan0, true
07-14 18:13:19.720 V/StatusBar.BatteryController( 482): status5batteryHealth 2
07-14 18:13:19.720 D/StatusBar.BatteryController( 482): mOldstatus5status 5
07-14 18:13:19.720 D/StatusBar.BatteryController( 482): now old status is 5
07-14 18:13:49.770 V/StatusBar.BatteryController( 482): status5batteryHealth 2
07-14 18:13:49.770 D/StatusBar.BatteryController( 482): mOldstatus5status 5
07-14 18:13:49.770 D/StatusBar.BatteryController( 482): now old status is 5
07-14 18:13:52.880 W/SignalStrength( 275): getCdmaLevel=2
07-14 18:13:52.880 W/SignalStrength( 275): getEvdoLevel=0
07-14 18:13:52.880 W/SignalStrength( 275): getCdmaLevel=2
07-14 18:13:52.880 W/SignalStrength( 275): getLevel=2
07-14 18:13:52.890 W/SignalStrength( 482): getCdmaLevel=2
07-14 18:13:52.890 W/SignalStrength( 482): getEvdoLevel=0
07-14 18:13:52.890 W/SignalStrength( 482): getCdmaLevel=2
07-14 18:13:52.890 W/SignalStrength( 482): getLevel=2
07-14 18:13:53.880 W/SignalStrength( 275): getCdmaLevel=3
07-14 18:13:53.880 W/SignalStrength( 275): getEvdoLevel=0
07-14 18:13:53.880 W/SignalStrength( 275): getCdmaLevel=3
07-14 18:13:53.880 W/SignalStrength( 275): getLevel=3
07-14 18:13:53.890 W/SignalStrength( 482): getCdmaLevel=3
07-14 18:13:53.890 W/SignalStrength( 482): getEvdoLevel=0
07-14 18:13:53.890 W/SignalStrength( 482): getCdmaLevel=3
07-14 18:13:53.890 W/SignalStrength( 482): getLevel=3
07-14 18:14:09.820 V/StatusBar.BatteryController( 482): status5batteryHealth 2
07-14 18:14:09.820 D/StatusBar.BatteryController( 482): mOldstatus5status 5
07-14 18:14:09.820 D/StatusBar.BatteryController( 482): now old status is 5
07-14 18:14:10.740 W/ThrottleService( 275): unable to find stats for iface rmnet0
07-14 18:14:19.830 V/StatusBar.BatteryController( 482): status5batteryHealth 2
07-14 18:14:19.830 D/StatusBar.BatteryController( 482): mOldstatus5status 5
07-14 18:14:19.830 D/StatusBar.BatteryController( 482): now old status is 5
07-14 18:14:23.890 W/SignalStrength( 275): getCdmaLevel=2
07-14 18:14:23.890 W/SignalStrength( 275): getEvdoLevel=0
07-14 18:14:23.890 W/SignalStrength( 275): getCdmaLevel=2
07-14 18:14:23.900 W/SignalStrength( 275): getLevel=2
07-14 18:14:23.900 W/SignalStrength( 482): getCdmaLevel=2
07-14 18:14:23.900 W/SignalStrength( 482): getEvdoLevel=0
07-14 18:14:23.900 W/SignalStrength( 482): getCdmaLevel=2
07-14 18:14:23.900 W/SignalStrength( 482): getLevel=2
07-14 18:14:24.900 W/SignalStrength( 275): getCdmaLevel=3
07-14 18:14:24.900 W/SignalStrength( 275): getEvdoLevel=0
07-14 18:14:24.900 W/SignalStrength( 275): getCdmaLevel=3
07-14 18:14:24.900 W/SignalStrength( 275): getLevel=3
07-14 18:14:24.900 W/SignalStrength( 482): getCdmaLevel=3
07-14 18:14:24.900 W/SignalStrength( 482): getEvdoLevel=0
07-14 18:14:24.900 W/SignalStrength( 482): getCdmaLevel=3
07-14 18:14:24.900 W/SignalStrength( 482): getLevel=3
07-14 18:14:29.860 V/StatusBar.BatteryController( 482): status5batteryHealth 2
07-14 18:14:29.860 D/StatusBar.BatteryController( 482): mOldstatus5status 5
07-14 18:14:29.860 D/StatusBar.BatteryController( 482): now old status is 5
07-14 18:14:39.880 V/StatusBar.BatteryController( 482): status5batteryHealth 2
07-14 18:14:39.880 D/StatusBar.BatteryController( 482): mOldstatus5status 5
07-14 18:14:39.880 D/StatusBar.BatteryController( 482): now old status is 5
07-14 18:14:41.900 W/SignalStrength( 275): getCdmaLevel=2
07-14 18:14:41.900 W/SignalStrength( 275): getEvdoLevel=0
07-14 18:14:41.900 W/SignalStrength( 275): getCdmaLevel=2
07-14 18:14:41.900 W/SignalStrength( 275): getLevel=2
07-14 18:14:41.900 W/SignalStrength( 482): getCdmaLevel=2
07-14 18:14:41.900 W/SignalStrength( 482): getEvdoLevel=0
07-14 18:14:41.900 W/SignalStrength( 482): getCdmaLevel=2
07-14 18:14:41.910 W/SignalStrength( 482): getLevel=2
07-14 18:14:45.900 W/SignalStrength( 275): getCdmaLevel=3
07-14 18:14:45.900 W/SignalStrength( 275): getEvdoLevel=0
07-14 18:14:45.900 W/SignalStrength( 275): getCdmaLevel=3
07-14 18:14:45.900 W/SignalStrength( 275): getLevel=3
07-14 18:14:45.910 W/SignalStrength( 482): getCdmaLevel=3
07-14 18:14:45.910 W/SignalStrength( 482): getEvdoLevel=0
07-14 18:14:45.910 W/SignalStrength( 482): getCdmaLevel=3
07-14 18:14:45.910 W/SignalStrength( 482): getLevel=3
07-14 18:14:49.890 V/StatusBar.BatteryController( 482): status5batteryHealth 2
07-14 18:14:49.890 D/StatusBar.BatteryController( 482): mOldstatus5status 5
07-14 18:14:49.890 D/StatusBar.BatteryController( 482): now old status is 5
07-14 18:14:53.560 E/WifiStateMachine( 275): set suspend optimizations failed!
07-14 18:14:53.580 D/SensorManager( 768): registerListener :: handle = 0 name= BOSCH 3-axis Accelerometer delay= 10000 Listener= kvo@4111ea68
07-14 18:14:53.580 E/SensorManager( 768): thread start
07-14 18:14:53.580 E/SensorManager( 768): =======>>>Sensor Thread RUNNING <<<========
07-14 18:14:54.300 D/Tethering( 275): interfaceLinkStateChanged wlan0, true
07-14 18:14:54.300 D/Tethering( 275): interfaceStatusChanged wlan0, true
07-14 18:14:54.300 D/Tethering( 275): interfaceLinkStateChanged wlan0, true
07-14 18:14:54.300 D/Tethering( 275): interfaceStatusChanged wlan0, true
07-14 18:14:54.430 I/SensorManager( 768): Set normal delay = true
07-14 18:14:54.470 E/WifiStateMachine( 275): set suspend optimizations failed!
07-14 18:14:54.500 D/SensorManager( 768): unregisterListener:: disable all sensors for this listener, name = BOSCH 3-axis Accelerometer listener = kvo@4111ea68
07-14 18:14:54.630 I/GCoreUlr( 768): Successfully inserted location
07-14 18:14:54.710 I/GCoreUlr( 768): Starting service, intent=Intent { cmp=xxxx }, extras=null
07-14 18:14:55.130 W/GLSUser ( 592): GoogleAccountDataService.getToken()
07-14 18:14:55.710 W/GLSUser ( 592): [avd][avd] Permission for com.google.android.gms to access oauth2:https://www.googleapis.com/auth/userlocation.reporting will be managed locally.
07-14 18:14:55.940 W/NetworkManagementSocketTagger( 768): untagSocket(57) failed with errno -22
07-14 18:14:55.940 I/mbi ( 768): I/O exception (org.apache.http.NoHttpResponseException) caught when processing request: The target server failed to respond
07-14 18:14:55.940 I/mbi ( 768): Retrying request
07-14 18:14:56.380 I/GCoreUlr( 768): Starting service, intent=Intent { act=com.google.android.location.reporting.ACTION_UPDATE_ACTIVE_STATE cmp=xxxx }, extras=null
07-14 18:14:56.390 I/AdsMeasurementBroadcastReceiver( 736): Reporting settings might have changed, alerting AdsMeasurementService
07-14 18:14:56.390 D/AdsMeasurementBroadcastReceiver( 736): Unauthorized to start the main service
07-14 18:14:56.400 I/GCoreUlr( 768): Batch Location Update succeeded for account account#15#
07-14 18:14:56.410 E/SqliteDatabaseCpp( 768): sqlite3_exec - Failed to set synchronous mode = 1(Normal)
07-14 18:14:56.510 I/GCoreUlr( 768): Ensuring that reporting is active for [account#15#]
07-14 18:14:56.520 I/GCoreUlr( 768): Starting service, intent=Intent { act=com.google.android.location.reporting.ACTION_LOCATION_STATUS cmp=xxxx (has extras) }, extras=Bundle[{status=LocationStatus[cell status: STATUS_UNKNOWN, wifi status: STATUS_UNKNOWN, elapsed realtime ns: 0]}]
07-14 18:14:59.920 V/StatusBar.BatteryController( 482): status5batteryHealth 2
07-14 18:14:59.920 D/StatusBar.BatteryController( 482): mOldstatus5status 5
07-14 18:14:59.920 D/StatusBar.BatteryController( 482): now old status is 5
07-14 18:15:09.930 V/StatusBar.BatteryController( 482): status5batteryHealth 2
07-14 18:15:09.930 D/StatusBar.BatteryController( 482): mOldstatus5status 5
07-14 18:15:09.930 D/StatusBar.BatteryController( 482): now old status is 5
07-14 18:15:10.060 D/Tethering( 275): interfaceLinkStateChanged wlan0, true
07-14 18:15:10.060 D/Tethering( 275): interfaceStatusChanged wlan0, true
07-14 18:15:16.460 D/Tethering( 275): interfaceLinkStateChanged wlan0, true
07-14 18:15:16.460 D/Tethering( 275): interfaceStatusChanged wlan0, true
07-14 18:15:19.950 V/StatusBar.BatteryController( 482): status5batteryHealth 2
07-14 18:15:19.950 D/StatusBar.BatteryController( 482): mOldstatus5status 5
07-14 18:15:19.950 D/StatusBar.BatteryController( 482): now old status is 5
07-14 18:15:29.970 V/StatusBar.BatteryController( 482): status5batteryHealth 2
07-14 18:15:29.980 D/StatusBar.BatteryController( 482): mOldstatus5status 5
07-14 18:15:29.980 D/StatusBar.BatteryController( 482): now old status is 5
07-14 18:15:33.140 D/Tethering( 275): interfaceLinkStateChanged wlan0, true
07-14 18:15:33.140 D/Tethering( 275): interfaceStatusChanged wlan0, true
07-14 18:15:38.150 D/Tethering( 275): interfaceLinkStateChanged wlan0, true
07-14 18:15:38.150 D/Tethering( 275): interfaceStatusChanged wlan0, true
07-14 18:15:39.990 V/StatusBar.BatteryController( 482): status5batteryHealth 2
07-14 18:15:40.000 D/StatusBar.BatteryController( 482): mOldstatus5status 5
07-14 18:15:40.000 D/StatusBar.BatteryController( 482): now old status is 5
07-14 18:16:00.040 V/StatusBar.BatteryController( 482): status5batteryHealth 2
07-14 18:16:00.040 D/StatusBar.BatteryController( 482): mOldstatus5status 5
07-14 18:16:00.040 D/StatusBar.BatteryController( 482): now old status is 5
07-14 18:16:00.930 W/SignalStrength( 275): getCdmaLevel=2
07-14 18:16:00.930 W/SignalStrength( 275): getEvdoLevel=0
07-14 18:16:00.930 W/SignalStrength( 275): getCdmaLevel=2
07-14 18:16:00.930 W/SignalStrength( 275): getLevel=2
07-14 18:16:00.930 W/SignalStrength( 482): getCdmaLevel=2
07-14 18:16:00.930 W/SignalStrength( 482): getEvdoLevel=0
07-14 18:16:00.930 W/SignalStrength( 482): getCdmaLevel=2
07-14 18:16:00.930 W/SignalStrength( 482): getLevel=2
07-14 18:16:01.930 W/SignalStrength( 275): getCdmaLevel=3
07-14 18:16:01.930 W/SignalStrength( 275): getEvdoLevel=0
07-14 18:16:01.930 W/SignalStrength( 275): getCdmaLevel=3
07-14 18:16:01.930 W/SignalStrength( 275): getLevel=3
07-14 18:16:01.930 W/SignalStrength( 482): getCdmaLevel=3
07-14 18:16:01.930 W/SignalStrength( 482): getEvdoLevel=0
07-14 18:16:01.930 W/SignalStrength( 482): getCdmaLevel=3
07-14 18:16:01.930 W/SignalStrength( 482): getLevel=3
07-14 18:16:08.490 D/Tethering( 275): interfaceLinkStateChanged wlan0, true
07-14 18:16:08.490 D/Tethering( 275): interfaceStatusChanged wlan0, true
07-14 18:16:20.070 V/StatusBar.BatteryController( 482): status5batteryHealth 2
07-14 18:16:20.070 D/StatusBar.BatteryController( 482): mOldstatus5status 5
07-14 18:16:20.070 D/StatusBar.BatteryController( 482): now old status is 5
07-14 18:16:30.100 V/StatusBar.BatteryController( 482): status5batteryHealth 2
07-14 18:16:30.100 D/StatusBar.BatteryController( 482): mOldstatus5status 5
07-14 18:16:30.100 D/StatusBar.BatteryController( 482): now old status is 5
07-14 18:16:50.130 V/StatusBar.BatteryController( 482): status5batteryHealth 2
07-14 18:16:50.130 D/StatusBar.BatteryController( 482): mOldstatus5status 5
07-14 18:16:50.130 D/StatusBar.BatteryController( 482): now old status is 5
07-14 18:17:00.150 V/StatusBar.BatteryController( 482): status5batteryHealth 2
07-14 18:17:00.150 D/StatusBar.BatteryController( 482): mOldstatus5status 5
07-14 18:17:00.150 D/StatusBar.BatteryController( 482): now old status is 5
07-14 18:17:01.950 W/SignalStrength( 275): getCdmaLevel=2
07-14 18:17:01.950 W/SignalStrength( 275): getEvdoLevel=0
07-14 18:17:01.950 W/SignalStrength( 275): getCdmaLevel=2
07-14 18:17:01.950 W/SignalStrength( 275): getLevel=2
07-14 18:17:01.960 W/SignalStrength( 482): getCdmaLevel=2
07-14 18:17:01.960 W/SignalStrength( 482): getEvdoLevel=0
07-14 18:17:01.960 W/SignalStrength( 482): getCdmaLevel=2
07-14 18:17:01.960 W/SignalStrength( 482): getLevel=2
07-14 18:17:10.170 V/StatusBar.BatteryController( 482): status5batteryHealth 2
07-14 18:17:10.170 D/StatusBar.BatteryController( 482): mOldstatus5status 5
07-14 18:17:10.170 D/StatusBar.BatteryController( 482): now old status is 5
07-14 18:17:18.960 W/SignalStrength( 275): getCdmaLevel=3
07-14 18:17:18.960 W/SignalStrength( 275): getEvdoLevel=0
07-14 18:17:18.960 W/SignalStrength( 275): getCdmaLevel=3
07-14 18:17:18.960 W/SignalStrength( 275): getLevel=3
07-14 18:17:18.970 W/SignalStrength( 482): getCdmaLevel=3
07-14 18:17:18.970 W/SignalStrength( 482): getEvdoLevel=0
07-14 18:17:18.970 W/SignalStrength( 482): getCdmaLevel=3
07-14 18:17:18.970 W/SignalStrength( 482): getLevel=3
07-14 18:17:20.190 V/StatusBar.BatteryController( 482): status5batteryHealth 2
07-14 18:17:20.190 D/StatusBar.BatteryController( 482): mOldstatus5status 5
07-14 18:17:20.190 D/StatusBar.BatteryController( 482): now old status is 5
07-14 18:17:30.210 V/StatusBar.BatteryController( 482): status5batteryHealth 2
07-14 18:17:30.210 D/StatusBar.BatteryController( 482): mOldstatus5status 5
07-14 18:17:30.210 D/StatusBar.BatteryController( 482): now old status is 5
07-14 18:17:40.230 V/StatusBar.BatteryController( 482): status5batteryHealth 2
07-14 18:17:40.230 D/StatusBar.BatteryController( 482): mOldstatus5status 5
07-14 18:17:40.240 D/StatusBar.BatteryController( 482): now old status is 5
07-14 18:17:50.250 V/StatusBar.BatteryController( 482): status5batteryHealth 2
07-14 18:17:50.250 D/StatusBar.BatteryController( 482): mOldstatus5status 5
07-14 18:17:50.250 D/StatusBar.BatteryController( 482): now old status is 5
07-14 18:17:52.660 D/SensorManager( 768): registerListener :: handle = 0 name= BOSCH 3-axis Accelerometer delay= 10000 Listener= kvo@411a1c00
07-14 18:17:52.660 E/SensorManager( 768): thread start
07-14 18:17:52.660 E/SensorManager( 768): =======>>>Sensor Thread RUNNING <<<========
07-14 18:17:53.360 I/SensorManager( 768): Set normal delay = true
07-14 18:17:53.440 D/SensorManager( 768): unregisterListener:: disable all sensors for this listener, name = BOSCH 3-axis Accelerometer listener = kvo@411a1c00
07-14 18:18:00.280 V/StatusBar.BatteryController( 482): status5batteryHealth 2
07-14 18:18:00.280 D/StatusBar.BatteryController( 482): mOldstatus5status 5
07-14 18:18:00.280 D/StatusBar.BatteryController( 482): now old status is 5
07-14 18:18:03.980 W/SignalStrength( 275): getCdmaLevel=2
07-14 18:18:03.980 W/SignalStrength( 275): getEvdoLevel=0
07-14 18:18:03.980 W/SignalStrength( 275): getCdmaLevel=2
07-14 18:18:03.980 W/SignalStrength( 275): getLevel=2
07-14 18:18:03.980 W/SignalStrength( 482): getCdmaLevel=2
07-14 18:18:03.980 W/SignalStrength( 482): getEvdoLevel=0
07-14 18:18:03.980 W/SignalStrength( 482): getCdmaLevel=2
07-14 18:18:03.980 W/SignalStrength( 482): getLevel=2
07-14 18:18:10.290 V/StatusBar.BatteryController( 482): status5batteryHealth 2
07-14 18:18:10.290 D/StatusBar.BatteryController( 482): mOldstatus5status 5
07-14 18:18:10.290 D/StatusBar.BatteryController( 482): now old status is 5
07-14 18:18:20.310 V/StatusBar.BatteryController( 482): status5batteryHealth 2
07-14 18:18:20.310 D/StatusBar.BatteryController( 482): mOldstatus5status 5
07-14 18:18:20.310 D/StatusBar.BatteryController( 482): now old status is 5
07-14 18:18:24.990 W/SignalStrength( 275): getCdmaLevel=3
07-14 18:18:24.990 W/SignalStrength( 275): getEvdoLevel=0
07-14 18:18:24.990 W/SignalStrength( 275): getCdmaLevel=3
07-14 18:18:24.990 W/SignalStrength( 275): getLevel=3
07-14 18:18:24.990 W/SignalStrength( 482): getCdmaLevel=3
07-14 18:18:24.990 W/SignalStrength( 482): getEvdoLevel=0
07-14 18:18:24.990 W/SignalStrength( 482): getCdmaLevel=3
07-14 18:18:24.990 W/SignalStrength( 482): getLevel=3
07-14 18:18:30.330 V/StatusBar.BatteryController( 482): status5batteryHealth 2
07-14 18:18:30.330 D/StatusBar.BatteryController( 482): mOldstatus5status 5
07-14 18:18:30.330 D/StatusBar.BatteryController( 482): now old status is 5
07-14 18:18:50.370 V/StatusBar.BatteryController( 482): status5batteryHealth 2
07-14 18:18:50.370 D/StatusBar.BatteryController( 482): mOldstatus5status 5
07-14 18:18:50.370 D/StatusBar.BatteryController( 482): now old status is 5
07-14 18:19:00.390 V/StatusBar.BatteryController( 482): status5batteryHealth 2
07-14 18:19:00.390 D/StatusBar.BatteryController( 482): mOldstatus5status 5
07-14 18:19:00.390 D/StatusBar.BatteryController( 482): now old status is 5
07-14 18:19:06.460 D/Tethering( 275): interfaceLinkStateChanged wlan0, true
07-14 18:19:06.460 D/Tethering( 275): interfaceStatusChanged wlan0, true
07-14 18:19:20.430 V/StatusBar.BatteryController( 482): status5batteryHealth 2
07-14 18:19:20.430 D/StatusBar.BatteryController( 482): mOldstatus5status 5
07-14 18:19:20.430 D/StatusBar.BatteryController( 482): now old status is 5
07-14 18:19:30.450 V/StatusBar.BatteryController( 482): status5batteryHealth 2
07-14 18:19:30.450 D/StatusBar.BatteryController( 482): mOldstatus5status 5
07-14 18:19:30.450 D/StatusBar.BatteryController( 482): now old status is 5
07-14 18:19:50.490 V/StatusBar.BatteryController( 482): status5batteryHealth 2
07-14 18:19:50.490 D/StatusBar.BatteryController( 482): mOldstatus5status 5
07-14 18:19:50.490 D/StatusBar.BatteryController( 482): now old status is 5
07-14 18:19:56.020 W/SignalStrength( 275): getCdmaLevel=2
07-14 18:19:56.020 W/SignalStrength( 275): getEvdoLevel=0
07-14 18:19:56.020 W/SignalStrength( 275): getCdmaLevel=2
07-14 18:19:56.020 W/SignalStrength( 275): getLevel=2
07-14 18:19:56.020 W/SignalStrength( 482): getCdmaLevel=2
07-14 18:19:56.020 W/SignalStrength( 482): getEvdoLevel=0
07-14 18:19:56.020 W/SignalStrength( 482): getCdmaLevel=2
07-14 18:19:56.020 W/SignalStrength( 482): getLevel=2
07-14 18:19:57.020 W/SignalStrength( 275): getCdmaLevel=3
07-14 18:19:57.020 W/SignalStrength( 275): getEvdoLevel=0
07-14 18:19:57.020 W/SignalStrength( 275): getCdmaLevel=3
07-14 18:19:57.020 W/SignalStrength( 275): getLevel=3
07-14 18:19:57.020 W/SignalStrength( 482): getCdmaLevel=3
07-14 18:19:57.020 W/SignalStrength( 482): getEvdoLevel=0
07-14 18:19:57.020 W/SignalStrength( 482): getCdmaLevel=3
07-14 18:19:57.020 W/SignalStrength( 482): getLevel=3
07-14 18:20:06.020 W/SignalStrength( 275): getCdmaLevel=2
07-14 18:20:06.020 W/SignalStrength( 275): getEvdoLevel=0
07-14 18:20:06.020 W/SignalStrength( 275): getCdmaLevel=2
07-14 18:20:06.020 W/SignalStrength( 275): getLevel=2
07-14 18:20:06.030 W/SignalStrength( 482): getCdmaLevel=2
07-14 18:20:06.030 W/SignalStrength( 482): getEvdoLevel=0
07-14 18:20:06.030 W/SignalStrength( 482): getCdmaLevel=2
07-14 18:20:06.030 W/SignalStrength( 482): getLevel=2
07-14 18:20:14.030 W/SignalStrength( 275): getCdmaLevel=3
07-14 18:20:14.030 W/SignalStrength( 275): getEvdoLevel=0
07-14 18:20:14.030 W/SignalStrength( 275): getCdmaLevel=3
07-14 18:20:14.030 W/SignalStrength( 275): getLevel=3
07-14 18:20:14.030 W/SignalStrength( 482): getCdmaLevel=3
07-14 18:20:14.030 W/SignalStrength( 482): getEvdoLevel=0
07-14 18:20:14.030 W/SignalStrength( 482): getCdmaLevel=3
07-14 18:20:14.030 W/SignalStrength( 482): getLevel=3
07-14 18:20:20.550 V/StatusBar.BatteryController( 482): status5batteryHealth 2
07-14 18:20:20.550 D/StatusBar.BatteryController( 482): mOldstatus5status 5
07-14 18:20:20.550 D/StatusBar.BatteryController( 482): now old status is 5
07-14 18:20:21.030 W/SignalStrength( 275): getCdmaLevel=2
07-14 18:20:21.030 W/SignalStrength( 275): getEvdoLevel=0
07-14 18:20:21.030 W/SignalStrength( 275): getCdmaLevel=2
07-14 18:20:21.030 W/SignalStrength( 275): getLevel=2
07-14 18:20:21.030 W/SignalStrength( 482): getCdmaLevel=2
07-14 18:20:21.030 W/SignalStrength( 482): getEvdoLevel=0
07-14 18:20:21.030 W/SignalStrength( 482): getCdmaLevel=2
07-14 18:20:21.030 W/SignalStrength( 482): getLevel=2
07-14 18:20:38.040 W/SignalStrength( 275): getCdmaLevel=3
07-14 18:20:38.040 W/SignalStrength( 275): getEvdoLevel=0
07-14 18:20:38.040 W/SignalStrength( 275): getCdmaLevel=3
07-14 18:20:38.040 W/SignalStrength( 275): getLevel=3
07-14 18:20:38.040 W/SignalStrength( 482): getCdmaLevel=3
07-14 18:20:38.040 W/SignalStrength( 482): getEvdoLevel=0
07-14 18:20:38.040 W/SignalStrength( 482): getCdmaLevel=3
07-14 18:20:38.040 W/SignalStrength( 482): getLevel=3
07-14 18:20:50.610 V/StatusBar.BatteryController( 482): status5batteryHealth 2
07-14 18:20:50.610 D/StatusBar.BatteryController( 482): mOldstatus5status 5
07-14 18:20:50.610 D/StatusBar.BatteryController( 482): now old status is 5
07-14 18:20:51.610 D/SensorManager( 768): registerListener :: handle = 0 name= BOSCH 3-axis Accelerometer delay= 10000 Listener= kvo@4145cb58
07-14 18:20:51.610 E/SensorManager( 768): thread start
07-14 18:20:51.610 E/SensorManager( 768): =======>>>Sensor Thread RUNNING <<<========
07-14 18:20:52.290 I/SensorManager( 768): Set normal delay = true
07-14 18:20:52.370 D/SensorManager( 768): unregisterListener:: disable all sensors for this listener, name = BOSCH 3-axis Accelerometer listener = kvo@4145cb58
07-14 18:20:52.400 I/GCoreUlr( 768): Received powerMode change from NLP: com.google.android.location.activity.LOW_POWER_MODE_ENABLED
07-14 18:20:52.400 I/GCoreUlr( 768): Starting service, intent=Intent { act=com.google.android.location.reporting.ACTION_UPDATE_ACTIVE_STATE cmp=xxxx }, extras=null
07-14 18:20:52.440 I/GCoreUlr( 768): Ensuring that reporting is active for [account#15#]
07-14 18:20:52.450 I/GCoreUlr( 768): Starting service, intent=Intent { act=com.google.android.location.reporting.ACTION_LOCATION_STATUS cmp=xxxx (has extras) }, extras=Bundle[{status=LocationStatus[cell status: STATUS_UNKNOWN, wifi status: STATUS_UNKNOWN, elapsed realtime ns: 0]}]
07-14 18:21:00.640 V/StatusBar.BatteryController( 482): status5batteryHealth 2
07-14 18:21:00.640 D/StatusBar.BatteryController( 482): mOldstatus5status 5
07-14 18:21:00.640 D/StatusBar.BatteryController( 482): now old status is 5
07-14 18:21:08.050 W/SignalStrength( 275): getCdmaLevel=2
07-14 18:21:08.050 W/SignalStrength( 275): getEvdoLevel=0
07-14 18:21:08.050 W/SignalStrength( 275): getCdmaLevel=2
07-14 18:21:08.050 W/SignalStrength( 275): getLevel=2
07-14 18:21:08.050 W/SignalStrength( 482): getCdmaLevel=2
07-14 18:21:08.050 W/SignalStrength( 482): getEvdoLevel=0
07-14 18:21:08.050 W/SignalStrength( 482): getCdmaLevel=2
07-14 18:21:08.050 W/SignalStrength( 482): getLevel=2
07-14 18:21:10.660 V/StatusBar.BatteryController( 482): status5batteryHealth 2
07-14 18:21:10.660 D/StatusBar.BatteryController( 482): mOldstatus5status 5
07-14 18:21:10.660 D/StatusBar.BatteryController( 482): now old status is 5
07-14 18:21:20.670 V/StatusBar.BatteryController( 482): status5batteryHealth 2
07-14 18:21:20.670 D/StatusBar.BatteryController( 482): mOldstatus5status 5
07-14 18:21:20.670 D/StatusBar.BatteryController( 482): now old status is 5
07-14 18:21:30.700 V/StatusBar.BatteryController( 482): status5batteryHealth 2
07-14 18:21:30.700 D/StatusBar.BatteryController( 482): mOldstatus5status 5
07-14 18:21:30.700 D/StatusBar.BatteryController( 482): now old status is 5
07-14 18:21:40.060 W/SignalStrength( 275): getCdmaLevel=3
07-14 18:21:40.060 W/SignalStrength( 275): getEvdoLevel=0
07-14 18:21:40.060 W/SignalStrength( 275): getCdmaLevel=3
07-14 18:21:40.060 W/SignalStrength( 275): getLevel=3
07-14 18:21:40.060 W/SignalStrength( 482): getCdmaLevel=3
07-14 18:21:40.070 W/SignalStrength( 482): getEvdoLevel=0
07-14 18:21:40.070 W/SignalStrength( 482): getCdmaLevel=3
07-14 18:21:40.070 W/SignalStrength( 482): getLevel=3
07-14 18:21:49.060 W/SignalStrength( 275): getCdmaLevel=2
07-14 18:21:49.060 W/SignalStrength( 275): getEvdoLevel=0
07-14 18:21:49.060 W/SignalStrength( 275): getCdmaLevel=2
07-14 18:21:49.060 W/SignalStrength( 275): getLevel=2
07-14 18:21:49.070 W/SignalStrength( 482): getCdmaLevel=2
07-14 18:21:49.070 W/SignalStrength( 482): getEvdoLevel=0
07-14 18:21:49.070 W/SignalStrength( 482): getCdmaLevel=2
07-14 18:21:49.070 W/SignalStrength( 482): getLevel=2
07-14 18:21:50.060 W/SignalStrength( 275): getCdmaLevel=3
07-14 18:21:50.060 W/SignalStrength( 275): getEvdoLevel=0
07-14 18:21:50.060 W/SignalStrength( 275): getCdmaLevel=3
07-14 18:21:50.060 W/SignalStrength( 275): getLevel=3
07-14 18:21:50.070 W/SignalStrength( 482): getCdmaLevel=3
07-14 18:21:50.070 W/SignalStrength( 482): getEvdoLevel=0
07-14 18:21:50.070 W/SignalStrength( 482): getCdmaLevel=3
07-14 18:21:50.070 W/SignalStrength( 482): getLevel=3
07-14 18:21:50.730 V/StatusBar.BatteryController( 482): status5batteryHealth 2
07-14 18:21:50.730 D/StatusBar.BatteryController( 482): mOldstatus5status 5
07-14 18:21:50.730 D/StatusBar.BatteryController( 482): now old status is 5
07-14 18:22:00.760 V/StatusBar.BatteryController( 482): status5batteryHealth 2
07-14 18:22:00.760 D/StatusBar.BatteryController( 482): mOldstatus5status 5
07-14 18:22:00.760 D/StatusBar.BatteryController( 482): now old status is 5
07-14 18:22:04.070 W/SignalStrength( 275): getCdmaLevel=2
07-14 18:22:04.070 W/SignalStrength( 275): getEvdoLevel=0
07-14 18:22:04.070 W/SignalStrength( 275): getCdmaLevel=2
07-14 18:22:04.070 W/SignalStrength( 275): getLevel=2
07-14 18:22:04.070 W/SignalStrength( 482): getCdmaLevel=2
07-14 18:22:04.070 W/SignalStrength( 482): getEvdoLevel=0
07-14 18:22:04.070 W/SignalStrength( 482): getCdmaLevel=2
07-14 18:22:04.070 W/SignalStrength( 482): getLevel=2
07-14 18:22:04.870 I/EventLogService( 736): Aggregate from 1405374724696 (log), 1405374724696 (data)
07-14 18:22:05.070 W/SignalStrength( 275): getCdmaLevel=3
07-14 18:22:05.070 W/SignalStrength( 275): getEvdoLevel=0
07-14 18:22:05.070 W/SignalStrength( 275): getCdmaLevel=3
07-14 18:22:05.070 W/SignalStrength( 275): getLevel=3
07-14 18:22:05.070 W/SignalStrength( 482): getCdmaLevel=3
07-14 18:22:05.070 W/SignalStrength( 482): getEvdoLevel=0
07-14 18:22:05.070 W/SignalStrength( 482): getCdmaLevel=3
07-14 18:22:05.070 W/SignalStrength( 482): getLevel=3
07-14 18:22:20.790 V/StatusBar.BatteryController( 482): status5batteryHealth 2
07-14 18:22:20.790 D/StatusBar.BatteryController( 482): mOldstatus5status 5
07-14 18:22:20.790 D/StatusBar.BatteryController( 482): now old status is 5
07-14 18:22:35.080 W/SignalStrength( 275): getCdmaLevel=2
07-14 18:22:35.080 W/SignalStrength( 275): getEvdoLevel=0
07-14 18:22:35.080 W/SignalStrength( 275): getCdmaLevel=2
07-14 18:22:35.080 W/SignalStrength( 275): getLevel=2
07-14 18:22:35.090 W/SignalStrength( 482): getCdmaLevel=2
07-14 18:22:35.090 W/SignalStrength( 482): getEvdoLevel=0
07-14 18:22:35.090 W/SignalStrength( 482): getCdmaLevel=2
07-14 18:22:35.090 W/SignalStrength( 482): getLevel=2
07-14 18:22:36.080 W/SignalStrength( 275): getCdmaLevel=3
07-14 18:22:36.080 W/SignalStrength( 275): getEvdoLevel=0
07-14 18:22:36.080 W/SignalStrength( 275): getCdmaLevel=3
07-14 18:22:36.080 W/SignalStrength( 275): getLevel=3
07-14 18:22:36.080 W/SignalStrength( 482): getCdmaLevel=3
07-14 18:22:36.080 W/SignalStrength( 482): getEvdoLevel=0
07-14 18:22:36.080 W/SignalStrength( 482): getCdmaLevel=3
07-14 18:22:36.080 W/SignalStrength( 482): getLevel=3
07-14 18:22:50.850 V/StatusBar.BatteryController( 482): status5batteryHealth 2
07-14 18:22:50.850 D/StatusBar.BatteryController( 482): mOldstatus5status 5
07-14 18:22:50.850 D/StatusBar.BatteryController( 482): now old status is 5
07-14 18:23:00.880 V/StatusBar.BatteryController( 482): status5batteryHealth 2
07-14 18:23:00.880 D/StatusBar.BatteryController( 482): mOldstatus5status 5
07-14 18:23:00.880 D/StatusBar.BatteryController( 482): now old status is 5
07-14 18:23:10.900 V/StatusBar.BatteryController( 482): status5batteryHealth 2
07-14 18:23:10.900 D/StatusBar.BatteryController( 482): mOldstatus5status 5
07-14 18:23:10.900 D/StatusBar.BatteryController( 482): now old status is 5
07-14 18:23:50.550 D/SensorManager( 768): registerListener :: handle = 0 name= BOSCH 3-axis Accelerometer delay= 10000 Listener= kvo@4119b1b0
07-14 18:23:50.550 E/SensorManager( 768): thread start
07-14 18:23:50.550 E/SensorManager( 768): =======>>>Sensor Thread RUNNING <<<========
07-14 18:23:51.240 I/SensorManager( 768): Set normal delay = true
07-14 18:23:51.320 D/SensorManager( 768): unregisterListener:: disable all sensors for this listener, name = BOSCH 3-axis Accelerometer listener = kvo@4119b1b0
07-14 18:24:10.750 W/ThrottleService( 275): unable to find stats for iface rmnet0
07-14 18:24:28.120 W/SignalStrength( 275): getCdmaLevel=2
07-14 18:24:28.120 W/SignalStrength( 275): getEvdoLevel=0
07-14 18:24:28.120 W/SignalStrength( 275): getCdmaLevel=2
07-14 18:24:28.120 W/SignalStrength( 275): getLevel=2
07-14 18:24:28.120 W/SignalStrength( 482): getCdmaLevel=2
07-14 18:24:28.120 W/SignalStrength( 482): getEvdoLevel=0
07-14 18:24:28.120 W/SignalStrength( 482): getCdmaLevel=2
07-14 18:24:28.120 W/SignalStrength( 482): getLevel=2
07-14 18:24:29.120 W/SignalStrength( 275): getCdmaLevel=3
07-14 18:24:29.120 W/SignalStrength( 275): getEvdoLevel=0
