07-14 15:51:46.600 W/SignalStrength( 482): getLevel=2
07-14 15:51:50.590 W/SignalStrength( 275): getCdmaLevel=3
07-14 15:51:50.590 W/SignalStrength( 275): getEvdoLevel=0
07-14 15:51:50.590 W/SignalStrength( 275): getCdmaLevel=3
07-14 15:51:50.590 W/SignalStrength( 275): getLevel=3
07-14 15:51:50.600 W/SignalStrength( 482): getCdmaLevel=3
07-14 15:51:50.600 W/SignalStrength( 482): getEvdoLevel=0
07-14 15:51:50.600 W/SignalStrength( 482): getCdmaLevel=3
07-14 15:51:50.600 W/SignalStrength( 482): getLevel=3
07-14 15:51:54.780 V/StatusBar.BatteryController( 482): status5batteryHealth 2
07-14 15:51:54.780 D/StatusBar.BatteryController( 482): mOldstatus5status 5
07-14 15:51:54.780 D/StatusBar.BatteryController( 482): now old status is 5
07-14 15:52:03.690 I/EventLogService( 736): Aggregate from 1405365723537 (log), 1405365723537 (data)
07-14 15:52:11.140 D/Tethering( 275): interfaceLinkStateChanged wlan0, true
07-14 15:52:11.140 D/Tethering( 275): interfaceStatusChanged wlan0, true
07-14 15:52:14.820 V/StatusBar.BatteryController( 482): status5batteryHealth 2
07-14 15:52:14.820 D/StatusBar.BatteryController( 482): mOldstatus5status 5
07-14 15:52:14.820 D/StatusBar.BatteryController( 482): now old status is 5
07-14 15:52:44.880 V/StatusBar.BatteryController( 482): status5batteryHealth 2
07-14 15:52:44.880 D/StatusBar.BatteryController( 482): mOldstatus5status 5
07-14 15:52:44.880 D/StatusBar.BatteryController( 482): now old status is 5
07-14 15:52:54.900 V/StatusBar.BatteryController( 482): status5batteryHealth 2
07-14 15:52:54.900 D/StatusBar.BatteryController( 482): mOldstatus5status 5
07-14 15:52:54.900 D/StatusBar.BatteryController( 482): now old status is 5
07-14 15:53:04.910 V/StatusBar.BatteryController( 482): status5batteryHealth 2
07-14 15:53:04.910 D/StatusBar.BatteryController( 482): mOldstatus5status 5
07-14 15:53:04.910 D/StatusBar.BatteryController( 482): now old status is 5
07-14 15:53:24.960 V/StatusBar.BatteryController( 482): status5batteryHealth 2
07-14 15:53:24.960 D/StatusBar.BatteryController( 482): mOldstatus5status 5
07-14 15:53:24.960 D/StatusBar.BatteryController( 482): now old status is 5
07-14 15:53:45.000 V/StatusBar.BatteryController( 482): status5batteryHealth 2
07-14 15:53:45.000 D/StatusBar.BatteryController( 482): mOldstatus5status 5
07-14 15:53:45.000 D/StatusBar.BatteryController( 482): now old status is 5
07-14 15:53:52.300 D/SensorManager( 768): registerListener :: handle = 0 name= BOSCH 3-axis Accelerometer delay= 10000 Listener= kvo@41221818
07-14 15:53:52.300 E/SensorManager( 768): thread start
07-14 15:53:52.300 E/SensorManager( 768): =======>>>Sensor Thread RUNNING <<<========
07-14 15:53:52.990 I/SensorManager( 768): Set normal delay = true
07-14 15:53:53.070 D/SensorManager( 768): unregisterListener:: disable all sensors for this listener, name = BOSCH 3-axis Accelerometer listener = kvo@41221818
07-14 15:54:05.050 V/StatusBar.BatteryController( 482): status5batteryHealth 2
07-14 15:54:05.050 D/StatusBar.BatteryController( 482): mOldstatus5status 5
07-14 15:54:05.050 D/StatusBar.BatteryController( 482): now old status is 5
07-14 15:54:10.650 W/ThrottleService( 275): unable to find stats for iface rmnet0
07-14 15:54:15.060 V/StatusBar.BatteryController( 482): status5batteryHealth 2
07-14 15:54:15.060 D/StatusBar.BatteryController( 482): mOldstatus5status 5
07-14 15:54:15.060 D/StatusBar.BatteryController( 482): now old status is 5
07-14 15:54:25.080 V/StatusBar.BatteryController( 482): status5batteryHealth 2
07-14 15:54:25.080 D/StatusBar.BatteryController( 482): mOldstatus5status 5
07-14 15:54:25.080 D/StatusBar.BatteryController( 482): now old status is 5
07-14 15:54:35.090 V/StatusBar.BatteryController( 482): status5batteryHealth 2
07-14 15:54:35.090 D/StatusBar.BatteryController( 482): mOldstatus5status 5
07-14 15:54:35.090 D/StatusBar.BatteryController( 482): now old status is 5
07-14 15:54:55.140 V/StatusBar.BatteryController( 482): status5batteryHealth 2
07-14 15:54:55.140 D/StatusBar.BatteryController( 482): mOldstatus5status 5
07-14 15:54:55.140 D/StatusBar.BatteryController( 482): now old status is 5
07-14 15:55:02.670 W/SignalStrength( 275): getCdmaLevel=2
07-14 15:55:02.670 W/SignalStrength( 275): getEvdoLevel=0
07-14 15:55:02.670 W/SignalStrength( 275): getCdmaLevel=2
07-14 15:55:02.670 W/SignalStrength( 275): getLevel=2
07-14 15:55:02.680 W/SignalStrength( 482): getCdmaLevel=2
07-14 15:55:02.680 W/SignalStrength( 482): getEvdoLevel=0
07-14 15:55:02.680 W/SignalStrength( 482): getCdmaLevel=2
07-14 15:55:02.680 W/SignalStrength( 482): getLevel=2
07-14 15:55:05.150 V/StatusBar.BatteryController( 482): status5batteryHealth 2
07-14 15:55:05.160 D/StatusBar.BatteryController( 482): mOldstatus5status 5
07-14 15:55:05.160 D/StatusBar.BatteryController( 482): now old status is 5
07-14 15:55:06.380 D/Tethering( 275): interfaceLinkStateChanged wlan0, true
07-14 15:55:06.380 D/Tethering( 275): interfaceStatusChanged wlan0, true
07-14 15:55:09.680 W/SignalStrength( 482): getCdmaLevel=3
07-14 15:55:09.680 W/SignalStrength( 482): getEvdoLevel=0
07-14 15:55:09.680 W/SignalStrength( 482): getCdmaLevel=3
07-14 15:55:09.680 W/SignalStrength( 482): getLevel=3
07-14 15:55:09.680 W/SignalStrength( 275): getCdmaLevel=3
07-14 15:55:09.680 W/SignalStrength( 275): getEvdoLevel=0
07-14 15:55:09.680 W/SignalStrength( 275): getCdmaLevel=3
07-14 15:55:09.680 W/SignalStrength( 275): getLevel=3
07-14 15:55:13.760 D/GCM ( 592): Ignoring attempt to send heartbeat on dead connection.
07-14 15:55:18.790 D/Tethering( 275): interfaceLinkStateChanged wlan0, true
07-14 15:55:18.790 D/Tethering( 275): interfaceStatusChanged wlan0, true
07-14 15:55:25.200 V/StatusBar.BatteryController( 482): status5batteryHealth 2
07-14 15:55:25.200 D/StatusBar.BatteryController( 482): mOldstatus5status 5
07-14 15:55:25.200 D/StatusBar.BatteryController( 482): now old status is 5
07-14 15:55:35.220 V/StatusBar.BatteryController( 482): status5batteryHealth 2
07-14 15:55:35.220 D/StatusBar.BatteryController( 482): mOldstatus5status 5
07-14 15:55:35.220 D/StatusBar.BatteryController( 482): now old status is 5
07-14 15:55:45.330 V/StatusBar.BatteryController( 482): status5batteryHealth 2
07-14 15:55:45.330 D/StatusBar.BatteryController( 482): mOldstatus5status 5
07-14 15:55:45.330 D/StatusBar.BatteryController( 482): now old status is 5
07-14 15:55:48.690 W/SignalStrength( 275): getCdmaLevel=2
07-14 15:55:48.690 W/SignalStrength( 275): getEvdoLevel=0
07-14 15:55:48.690 W/SignalStrength( 275): getCdmaLevel=2
07-14 15:55:48.690 W/SignalStrength( 275): getLevel=2
07-14 15:55:48.700 W/SignalStrength( 482): getCdmaLevel=2
07-14 15:55:48.700 W/SignalStrength( 482): getEvdoLevel=0
07-14 15:55:48.700 W/SignalStrength( 482): getCdmaLevel=2
07-14 15:55:48.700 W/SignalStrength( 482): getLevel=2
07-14 15:55:48.790 V/StatusBar.BatteryController( 482): status5batteryHealth 2
07-14 15:55:48.790 D/StatusBar.BatteryController( 482): mOldstatus5status 5
07-14 15:55:48.790 D/StatusBar.BatteryController( 482): now old status is 5
07-14 15:55:49.690 W/SignalStrength( 275): getCdmaLevel=3
07-14 15:55:49.690 W/SignalStrength( 275): getEvdoLevel=0
07-14 15:55:49.690 W/SignalStrength( 275): getCdmaLevel=3
07-14 15:55:49.690 W/SignalStrength( 275): getLevel=3
07-14 15:55:49.690 W/SignalStrength( 482): getCdmaLevel=3
07-14 15:55:49.690 W/SignalStrength( 482): getEvdoLevel=0
07-14 15:55:49.690 W/SignalStrength( 482): getCdmaLevel=3
07-14 15:55:49.690 W/SignalStrength( 482): getLevel=3
07-14 15:55:58.790 V/StatusBar.BatteryController( 482): status5batteryHealth 2
07-14 15:55:58.790 D/StatusBar.BatteryController( 482): mOldstatus5status 5
07-14 15:55:58.790 D/StatusBar.BatteryController( 482): now old status is 5
07-14 15:56:14.700 W/SignalStrength( 275): getCdmaLevel=2
07-14 15:56:14.700 W/SignalStrength( 275): getEvdoLevel=0
07-14 15:56:14.700 W/SignalStrength( 275): getCdmaLevel=2
07-14 15:56:14.700 W/SignalStrength( 275): getLevel=2
07-14 15:56:14.700 W/SignalStrength( 482): getCdmaLevel=2
07-14 15:56:14.700 W/SignalStrength( 482): getEvdoLevel=0
07-14 15:56:14.700 W/SignalStrength( 482): getCdmaLevel=2
07-14 15:56:14.700 W/SignalStrength( 482): getLevel=2
07-14 15:56:15.700 W/SignalStrength( 275): getCdmaLevel=3
07-14 15:56:15.700 W/SignalStrength( 275): getEvdoLevel=0
07-14 15:56:15.700 W/SignalStrength( 275): getCdmaLevel=3
07-14 15:56:15.700 W/SignalStrength( 275): getLevel=3
07-14 15:56:15.700 W/SignalStrength( 482): getCdmaLevel=3
07-14 15:56:15.700 W/SignalStrength( 482): getEvdoLevel=0
07-14 15:56:15.700 W/SignalStrength( 482): getCdmaLevel=3
07-14 15:56:15.700 W/SignalStrength( 482): getLevel=3
07-14 15:56:18.840 V/StatusBar.BatteryController( 482): status5batteryHealth 2
07-14 15:56:18.840 D/StatusBar.BatteryController( 482): mOldstatus5status 5
07-14 15:56:18.840 D/StatusBar.BatteryController( 482): now old status is 5
07-14 15:56:28.850 V/StatusBar.BatteryController( 482): status5batteryHealth 2
07-14 15:56:28.850 D/StatusBar.BatteryController( 482): mOldstatus5status 5
07-14 15:56:28.850 D/StatusBar.BatteryController( 482): now old status is 5
07-14 15:56:38.880 V/StatusBar.BatteryController( 482): status5batteryHealth 2
07-14 15:56:38.880 D/StatusBar.BatteryController( 482): mOldstatus5status 5
07-14 15:56:38.880 D/StatusBar.BatteryController( 482): now old status is 5
07-14 15:56:51.250 D/SensorManager( 768): registerListener :: handle = 0 name= BOSCH 3-axis Accelerometer delay= 10000 Listener= kvo@4140e6e8
07-14 15:56:51.250 E/SensorManager( 768): thread start
07-14 15:56:51.250 E/SensorManager( 768): =======>>>Sensor Thread RUNNING <<<========
07-14 15:56:51.950 I/SensorManager( 768): Set normal delay = true
07-14 15:56:52.040 D/SensorManager( 768): unregisterListener:: disable all sensors for this listener, name = BOSCH 3-axis Accelerometer listener = kvo@4140e6e8
07-14 15:56:52.070 I/GCoreUlr( 768): Received powerMode change from NLP: com.google.android.location.activity.LOW_POWER_MODE_ENABLED
07-14 15:56:52.070 I/GCoreUlr( 768): Starting service, intent=Intent { act=com.google.android.location.reporting.ACTION_UPDATE_ACTIVE_STATE cmp=xxxx }, extras=null
07-14 15:56:52.120 I/GCoreUlr( 768): Ensuring that reporting is active for [account#15#]
07-14 15:56:52.130 I/GCoreUlr( 768): Starting service, intent=Intent { act=com.google.android.location.reporting.ACTION_LOCATION_STATUS cmp=xxxx (has extras) }, extras=Bundle[{status=LocationStatus[cell status: STATUS_UNKNOWN, wifi status: STATUS_UNKNOWN, elapsed realtime ns: 0]}]
07-14 15:56:58.910 V/StatusBar.BatteryController( 482): status5batteryHealth 2
07-14 15:56:58.910 D/StatusBar.BatteryController( 482): mOldstatus5status 5
07-14 15:56:58.910 D/StatusBar.BatteryController( 482): now old status is 5
07-14 15:57:06.140 I/GCoreUlr( 768): WorldUpdater received intent Intent { act=com.google.android.location.reporting.ACTION_UPDATE_WORLD flg=0x4 cmp=xxxx (has extras) } with receiverAction null
07-14 15:57:06.430 D/SyncManager( 275): setSyncAutomatically: , provider com.google.android.location.reporting -> true
07-14 15:57:06.430 D/SyncManager( 275): setSyncAutomatically: already set to true, doing nothing
07-14 15:57:06.530 I/GCoreUlr( 768): Ensuring that reporting is active for [account#15#]
07-14 15:57:06.530 I/GCoreUlr( 768): Starting service, intent=Intent { act=com.google.android.location.reporting.ACTION_LOCATION_STATUS cmp=xxxx (has extras) }, extras=Bundle[{status=LocationStatus[cell status: STATUS_UNKNOWN, wifi status: STATUS_UNKNOWN, elapsed realtime ns: 0]}]
07-14 15:57:06.550 I/AdsMeasurementBroadcastReceiver( 736): Reporting settings might have changed, alerting AdsMeasurementService
07-14 15:57:06.550 D/AdsMeasurementBroadcastReceiver( 736): Unauthorized to start the main service
07-14 15:57:25.730 W/SignalStrength( 275): getCdmaLevel=2
07-14 15:57:25.730 W/SignalStrength( 275): getEvdoLevel=0
07-14 15:57:25.730 W/SignalStrength( 275): getCdmaLevel=2
07-14 15:57:25.730 W/SignalStrength( 275): getLevel=2
07-14 15:57:25.730 W/SignalStrength( 482): getCdmaLevel=2
07-14 15:57:25.730 W/SignalStrength( 482): getEvdoLevel=0
07-14 15:57:25.730 W/SignalStrength( 482): getCdmaLevel=2
07-14 15:57:25.730 W/SignalStrength( 482): getLevel=2
07-14 15:57:26.730 W/SignalStrength( 275): getCdmaLevel=3
07-14 15:57:26.730 W/SignalStrength( 275): getEvdoLevel=0
07-14 15:57:26.730 W/SignalStrength( 275): getCdmaLevel=3
07-14 15:57:26.730 W/SignalStrength( 275): getLevel=3
07-14 15:57:26.730 W/SignalStrength( 482): getCdmaLevel=3
07-14 15:57:26.730 W/SignalStrength( 482): getEvdoLevel=0
07-14 15:57:26.730 W/SignalStrength( 482): getCdmaLevel=3
07-14 15:57:26.730 W/SignalStrength( 482): getLevel=3
07-14 15:57:38.990 V/StatusBar.BatteryController( 482): status5batteryHealth 2
07-14 15:57:38.990 D/StatusBar.BatteryController( 482): mOldstatus5status 5
07-14 15:57:38.990 D/StatusBar.BatteryController( 482): now old status is 5
07-14 15:57:59.040 V/StatusBar.BatteryController( 482): status5batteryHealth 2
07-14 15:57:59.040 D/StatusBar.BatteryController( 482): mOldstatus5status 5
07-14 15:57:59.040 D/StatusBar.BatteryController( 482): now old status is 5
07-14 15:58:09.050 V/StatusBar.BatteryController( 482): status5batteryHealth 2
07-14 15:58:09.050 D/StatusBar.BatteryController( 482): mOldstatus5status 5
07-14 15:58:09.050 D/StatusBar.BatteryController( 482): now old status is 5
07-14 15:58:39.120 V/StatusBar.BatteryController( 482): status5batteryHealth 2
07-14 15:58:39.120 D/StatusBar.BatteryController( 482): mOldstatus5status 5
07-14 15:58:39.120 D/StatusBar.BatteryController( 482): now old status is 5
07-14 15:58:49.140 V/StatusBar.BatteryController( 482): status5batteryHealth 2
07-14 15:58:49.140 D/StatusBar.BatteryController( 482): mOldstatus5status 5
07-14 15:58:49.140 D/StatusBar.BatteryController( 482): now old status is 5
07-14 15:58:55.760 W/SignalStrength( 275): getCdmaLevel=2
07-14 15:58:55.760 W/SignalStrength( 275): getEvdoLevel=0
07-14 15:58:55.760 W/SignalStrength( 275): getCdmaLevel=2
07-14 15:58:55.760 W/SignalStrength( 275): getLevel=2
07-14 15:58:55.770 W/SignalStrength( 482): getCdmaLevel=2
07-14 15:58:55.770 W/SignalStrength( 482): getEvdoLevel=0
07-14 15:58:55.770 W/SignalStrength( 482): getCdmaLevel=2
07-14 15:58:55.770 W/SignalStrength( 482): getLevel=2
07-14 15:58:59.160 V/StatusBar.BatteryController( 482): status5batteryHealth 2
07-14 15:58:59.160 D/StatusBar.BatteryController( 482): mOldstatus5status 5
07-14 15:58:59.160 D/StatusBar.BatteryController( 482): now old status is 5
07-14 15:59:09.180 V/StatusBar.BatteryController( 482): status5batteryHealth 2
07-14 15:59:09.180 D/StatusBar.BatteryController( 482): mOldstatus5status 5
07-14 15:59:09.180 D/StatusBar.BatteryController( 482): now old status is 5
07-14 15:59:15.770 W/SignalStrength( 275): getCdmaLevel=3
07-14 15:59:15.770 W/SignalStrength( 275): getEvdoLevel=0
07-14 15:59:15.770 W/SignalStrength( 275): getCdmaLevel=3
07-14 15:59:15.770 W/SignalStrength( 275): getLevel=3
07-14 15:59:15.780 W/SignalStrength( 482): getCdmaLevel=3
07-14 15:59:15.780 W/SignalStrength( 482): getEvdoLevel=0
07-14 15:59:15.780 W/SignalStrength( 482): getCdmaLevel=3
07-14 15:59:15.780 W/SignalStrength( 482): getLevel=3
07-14 15:59:19.200 V/StatusBar.BatteryController( 482): status5batteryHealth 2
07-14 15:59:19.200 D/StatusBar.BatteryController( 482): mOldstatus5status 5
07-14 15:59:19.200 D/StatusBar.BatteryController( 482): now old status is 5
07-14 15:59:29.210 V/StatusBar.BatteryController( 482): status5batteryHealth 2
07-14 15:59:29.210 D/StatusBar.BatteryController( 482): mOldstatus5status 5
07-14 15:59:29.210 D/StatusBar.BatteryController( 482): now old status is 5
07-14 15:59:50.210 D/SensorManager( 768): registerListener :: handle = 0 name= BOSCH 3-axis Accelerometer delay= 10000 Listener= kvo@414979a8
07-14 15:59:50.220 E/SensorManager( 768): thread start
07-14 15:59:50.220 E/SensorManager( 768): =======>>>Sensor Thread RUNNING <<<========
07-14 15:59:50.910 I/SensorManager( 768): Set normal delay = true
07-14 15:59:50.990 D/SensorManager( 768): unregisterListener:: disable all sensors for this listener, name = BOSCH 3-axis Accelerometer listener = kvo@414979a8
07-14 15:59:59.270 V/StatusBar.BatteryController( 482): status5batteryHealth 2
07-14 15:59:59.270 D/StatusBar.BatteryController( 482): mOldstatus5status 5
07-14 15:59:59.280 D/StatusBar.BatteryController( 482): now old status is 5
07-14 16:00:19.320 V/StatusBar.BatteryController( 482): status5batteryHealth 2
07-14 16:00:19.320 D/StatusBar.BatteryController( 482): mOldstatus5status 5
07-14 16:00:19.320 D/StatusBar.BatteryController( 482): now old status is 5
07-14 16:00:39.350 V/StatusBar.BatteryController( 482): status5batteryHealth 2
07-14 16:00:39.360 D/StatusBar.BatteryController( 482): mOldstatus5status 5
07-14 16:00:39.360 D/StatusBar.BatteryController( 482): now old status is 5
07-14 16:00:49.370 V/StatusBar.BatteryController( 482): status5batteryHealth 2
07-14 16:00:49.370 D/StatusBar.BatteryController( 482): mOldstatus5status 5
07-14 16:00:49.370 D/StatusBar.BatteryController( 482): now old status is 5
07-14 16:01:09.410 V/StatusBar.BatteryController( 482): status5batteryHealth 2
07-14 16:01:09.410 D/StatusBar.BatteryController( 482): mOldstatus5status 5
07-14 16:01:09.410 D/StatusBar.BatteryController( 482): now old status is 5
07-14 16:01:19.430 V/StatusBar.BatteryController( 482): status5batteryHealth 2
07-14 16:01:19.430 D/StatusBar.BatteryController( 482): mOldstatus5status 5
07-14 16:01:19.430 D/StatusBar.BatteryController( 482): now old status is 5
07-14 16:01:36.820 W/SignalStrength( 275): getCdmaLevel=2
07-14 16:01:36.820 W/SignalStrength( 275): getEvdoLevel=0
07-14 16:01:36.820 W/SignalStrength( 275): getCdmaLevel=2
07-14 16:01:36.820 W/SignalStrength( 275): getLevel=2
07-14 16:01:36.830 W/SignalStrength( 482): getCdmaLevel=2
07-14 16:01:36.830 W/SignalStrength( 482): getEvdoLevel=0
07-14 16:01:36.830 W/SignalStrength( 482): getCdmaLevel=2
07-14 16:01:36.830 W/SignalStrength( 482): getLevel=2
07-14 16:01:37.820 W/SignalStrength( 275): getCdmaLevel=3
07-14 16:01:37.820 W/SignalStrength( 275): getEvdoLevel=0
07-14 16:01:37.820 W/SignalStrength( 275): getCdmaLevel=3
07-14 16:01:37.820 W/SignalStrength( 275): getLevel=3
07-14 16:01:37.830 W/SignalStrength( 482): getCdmaLevel=3
07-14 16:01:37.830 W/SignalStrength( 482): getEvdoLevel=0
07-14 16:01:37.830 W/SignalStrength( 482): getCdmaLevel=3
07-14 16:01:37.830 W/SignalStrength( 482): getLevel=3
07-14 16:01:39.480 V/StatusBar.BatteryController( 482): status5batteryHealth 2
07-14 16:01:39.480 D/StatusBar.BatteryController( 482): mOldstatus5status 5
07-14 16:01:39.480 D/StatusBar.BatteryController( 482): now old status is 5
07-14 16:01:49.490 V/StatusBar.BatteryController( 482): status5batteryHealth 2
07-14 16:01:49.490 D/StatusBar.BatteryController( 482): mOldstatus5status 5
07-14 16:01:49.490 D/StatusBar.BatteryController( 482): now old status is 5
07-14 16:02:01.830 W/SignalStrength( 275): getCdmaLevel=2
07-14 16:02:01.830 W/SignalStrength( 275): getEvdoLevel=0
07-14 16:02:01.830 W/SignalStrength( 275): getCdmaLevel=2
07-14 16:02:01.830 W/SignalStrength( 275): getLevel=2
07-14 16:02:01.840 W/SignalStrength( 482): getCdmaLevel=2
07-14 16:02:01.840 W/SignalStrength( 482): getEvdoLevel=0
07-14 16:02:01.840 W/SignalStrength( 482): getCdmaLevel=2
07-14 16:02:01.840 W/SignalStrength( 482): getLevel=2
07-14 16:02:04.830 W/SignalStrength( 275): getCdmaLevel=3
07-14 16:02:04.830 W/SignalStrength( 275): getEvdoLevel=0
07-14 16:02:04.830 W/SignalStrength( 275): getCdmaLevel=3
07-14 16:02:04.830 W/SignalStrength( 275): getLevel=3
07-14 16:02:04.840 W/SignalStrength( 482): getCdmaLevel=3
07-14 16:02:04.840 W/SignalStrength( 482): getEvdoLevel=0
07-14 16:02:04.840 W/SignalStrength( 482): getCdmaLevel=3
07-14 16:02:04.840 W/SignalStrength( 482): getLevel=3
07-14 16:02:19.550 V/StatusBar.BatteryController( 482): status5batteryHealth 2
07-14 16:02:19.550 D/StatusBar.BatteryController( 482): mOldstatus5status 5
07-14 16:02:19.550 D/StatusBar.BatteryController( 482): now old status is 5
07-14 16:02:29.580 V/StatusBar.BatteryController( 482): status5batteryHealth 2
07-14 16:02:29.580 D/StatusBar.BatteryController( 482): mOldstatus5status 5
07-14 16:02:29.580 D/StatusBar.BatteryController( 482): now old status is 5
07-14 16:02:39.590 V/StatusBar.BatteryController( 482): status5batteryHealth 2
07-14 16:02:39.590 D/StatusBar.BatteryController( 482): mOldstatus5status 5
07-14 16:02:39.590 D/StatusBar.BatteryController( 482): now old status is 5
07-14 16:02:49.180 D/SensorManager( 768): registerListener :: handle = 0 name= BOSCH 3-axis Accelerometer delay= 10000 Listener= kvo@4120c5e0
07-14 16:02:49.180 E/SensorManager( 768): thread start
07-14 16:02:49.180 E/SensorManager( 768): =======>>>Sensor Thread RUNNING <<<========
07-14 16:02:49.870 I/SensorManager( 768): Set normal delay = true
07-14 16:02:49.960 D/SensorManager( 768): unregisterListener:: disable all sensors for this listener, name = BOSCH 3-axis Accelerometer listener = kvo@4120c5e0
07-14 16:02:57.850 W/SignalStrength( 275): getCdmaLevel=2
07-14 16:02:57.850 W/SignalStrength( 275): getEvdoLevel=0
07-14 16:02:57.850 W/SignalStrength( 275): getCdmaLevel=2
07-14 16:02:57.850 W/SignalStrength( 275): getLevel=2
07-14 16:02:57.860 W/SignalStrength( 482): getCdmaLevel=2
07-14 16:02:57.860 W/SignalStrength( 482): getEvdoLevel=0
07-14 16:02:57.860 W/SignalStrength( 482): getCdmaLevel=2
07-14 16:02:57.860 W/SignalStrength( 482): getLevel=2
07-14 16:02:59.630 V/StatusBar.BatteryController( 482): status5batteryHealth 2
07-14 16:02:59.630 D/StatusBar.BatteryController( 482): mOldstatus5status 5
07-14 16:02:59.630 D/StatusBar.BatteryController( 482): now old status is 5
07-14 16:03:00.860 W/SignalStrength( 275): getCdmaLevel=3
07-14 16:03:00.860 W/SignalStrength( 275): getEvdoLevel=0
07-14 16:03:00.860 W/SignalStrength( 275): getCdmaLevel=3
07-14 16:03:00.860 W/SignalStrength( 275): getLevel=3
07-14 16:03:00.860 W/SignalStrength( 482): getCdmaLevel=3
07-14 16:03:00.860 W/SignalStrength( 482): getEvdoLevel=0
07-14 16:03:00.860 W/SignalStrength( 482): getCdmaLevel=3
07-14 16:03:00.860 W/SignalStrength( 482): getLevel=3
07-14 16:03:09.650 V/StatusBar.BatteryController( 482): status5batteryHealth 2
07-14 16:03:09.650 D/StatusBar.BatteryController( 482): mOldstatus5status 5
07-14 16:03:09.650 D/StatusBar.BatteryController( 482): now old status is 5
07-14 16:03:16.860 W/SignalStrength( 275): getCdmaLevel=2
07-14 16:03:16.860 W/SignalStrength( 275): getEvdoLevel=0
07-14 16:03:16.860 W/SignalStrength( 275): getCdmaLevel=2
07-14 16:03:16.860 W/SignalStrength( 275): getLevel=2
07-14 16:03:16.870 W/SignalStrength( 482): getCdmaLevel=2
07-14 16:03:16.870 W/SignalStrength( 482): getEvdoLevel=0
07-14 16:03:16.870 W/SignalStrength( 482): getCdmaLevel=2
07-14 16:03:16.870 W/SignalStrength( 482): getLevel=2
07-14 16:03:19.680 V/StatusBar.BatteryController( 482): status5batteryHealth 2
07-14 16:03:19.680 D/StatusBar.BatteryController( 482): mOldstatus5status 5
07-14 16:03:19.680 D/StatusBar.BatteryController( 482): now old status is 5
07-14 16:03:20.860 W/SignalStrength( 275): getCdmaLevel=3
07-14 16:03:20.860 W/SignalStrength( 275): getEvdoLevel=0
07-14 16:03:20.860 W/SignalStrength( 275): getCdmaLevel=3
07-14 16:03:20.860 W/SignalStrength( 275): getLevel=3
07-14 16:03:20.870 W/SignalStrength( 482): getCdmaLevel=3
07-14 16:03:20.870 W/SignalStrength( 482): getEvdoLevel=0
07-14 16:03:20.870 W/SignalStrength( 482): getCdmaLevel=3
07-14 16:03:20.870 W/SignalStrength( 482): getLevel=3
07-14 16:03:29.690 V/StatusBar.BatteryController( 482): status5batteryHealth 2
07-14 16:03:29.690 D/StatusBar.BatteryController( 482): mOldstatus5status 5
07-14 16:03:29.690 D/StatusBar.BatteryController( 482): now old status is 5
07-14 16:03:32.870 W/SignalStrength( 275): getCdmaLevel=2
07-14 16:03:32.870 W/SignalStrength( 275): getEvdoLevel=0
07-14 16:03:32.870 W/SignalStrength( 275): getCdmaLevel=2
07-14 16:03:32.870 W/SignalStrength( 275): getLevel=2
07-14 16:03:32.870 W/SignalStrength( 482): getCdmaLevel=2
07-14 16:03:32.870 W/SignalStrength( 482): getEvdoLevel=0
07-14 16:03:32.870 W/SignalStrength( 482): getCdmaLevel=2
07-14 16:03:32.870 W/SignalStrength( 482): getLevel=2
07-14 16:03:39.710 V/StatusBar.BatteryController( 482): status5batteryHealth 2
07-14 16:03:39.710 D/StatusBar.BatteryController( 482): mOldstatus5status 5
07-14 16:03:39.710 D/StatusBar.BatteryController( 482): now old status is 5
07-14 16:03:45.870 W/SignalStrength( 275): getCdmaLevel=3
07-14 16:03:45.870 W/SignalStrength( 275): getEvdoLevel=0
07-14 16:03:45.870 W/SignalStrength( 275): getCdmaLevel=3
07-14 16:03:45.870 W/SignalStrength( 275): getLevel=3
07-14 16:03:45.880 W/SignalStrength( 482): getCdmaLevel=3
07-14 16:03:45.880 W/SignalStrength( 482): getEvdoLevel=0
07-14 16:03:45.880 W/SignalStrength( 482): getCdmaLevel=3
07-14 16:03:45.880 W/SignalStrength( 482): getLevel=3
07-14 16:03:52.880 W/SignalStrength( 482): getCdmaLevel=2
07-14 16:03:52.880 W/SignalStrength( 482): getEvdoLevel=0
07-14 16:03:52.880 W/SignalStrength( 482): getCdmaLevel=2
07-14 16:03:52.880 W/SignalStrength( 482): getLevel=2
07-14 16:03:52.880 W/SignalStrength( 275): getCdmaLevel=2
07-14 16:03:52.880 W/SignalStrength( 275): getEvdoLevel=0
07-14 16:03:52.880 W/SignalStrength( 275): getCdmaLevel=2
07-14 16:03:52.880 W/SignalStrength( 275): getLevel=2
07-14 16:03:56.880 W/SignalStrength( 275): getCdmaLevel=3
07-14 16:03:56.880 W/SignalStrength( 275): getEvdoLevel=0
07-14 16:03:56.880 W/SignalStrength( 275): getCdmaLevel=3
07-14 16:03:56.880 W/SignalStrength( 275): getLevel=3
07-14 16:03:56.880 W/SignalStrength( 482): getCdmaLevel=3
07-14 16:03:56.880 W/SignalStrength( 482): getEvdoLevel=0
07-14 16:03:56.880 W/SignalStrength( 482): getCdmaLevel=3
07-14 16:03:56.880 W/SignalStrength( 482): getLevel=3
07-14 16:03:59.750 V/StatusBar.BatteryController( 482): status5batteryHealth 2
07-14 16:03:59.750 D/StatusBar.BatteryController( 482): mOldstatus5status 5
07-14 16:03:59.750 D/StatusBar.BatteryController( 482): now old status is 5
07-14 16:04:10.660 W/ThrottleService( 275): unable to find stats for iface rmnet0
07-14 16:04:49.850 V/StatusBar.BatteryController( 482): status5batteryHealth 2
07-14 16:04:49.850 D/StatusBar.BatteryController( 482): mOldstatus5status 5
07-14 16:04:49.850 D/StatusBar.BatteryController( 482): now old status is 5
07-14 16:04:59.870 V/StatusBar.BatteryController( 482): status5batteryHealth 2
07-14 16:04:59.870 D/StatusBar.BatteryController( 482): mOldstatus5status 5
07-14 16:04:59.870 D/StatusBar.BatteryController( 482): now old status is 5
07-14 16:05:09.890 V/StatusBar.BatteryController( 482): status5batteryHealth 2
07-14 16:05:09.890 D/StatusBar.BatteryController( 482): mOldstatus5status 5
07-14 16:05:09.890 D/StatusBar.BatteryController( 482): now old status is 5
07-14 16:05:10.900 W/SignalStrength( 275): getCdmaLevel=2
07-14 16:05:10.900 W/SignalStrength( 275): getEvdoLevel=0
07-14 16:05:10.900 W/SignalStrength( 275): getCdmaLevel=2
07-14 16:05:10.900 W/SignalStrength( 275): getLevel=2
07-14 16:05:10.910 W/SignalStrength( 482): getCdmaLevel=2
07-14 16:05:10.910 W/SignalStrength( 482): getEvdoLevel=0
07-14 16:05:10.910 W/SignalStrength( 482): getCdmaLevel=2
07-14 16:05:10.910 W/SignalStrength( 482): getLevel=2
07-14 16:05:14.910 W/SignalStrength( 275): getCdmaLevel=3
07-14 16:05:14.910 W/SignalStrength( 275): getEvdoLevel=0
07-14 16:05:14.910 W/SignalStrength( 275): getCdmaLevel=3
07-14 16:05:14.910 W/SignalStrength( 275): getLevel=3
07-14 16:05:14.910 W/SignalStrength( 482): getCdmaLevel=3
07-14 16:05:14.910 W/SignalStrength( 482): getEvdoLevel=0
07-14 16:05:14.910 W/SignalStrength( 482): getCdmaLevel=3
07-14 16:05:14.910 W/SignalStrength( 482): getLevel=3
07-14 16:05:29.930 V/StatusBar.BatteryController( 482): status5batteryHealth 2
07-14 16:05:29.930 D/StatusBar.BatteryController( 482): mOldstatus5status 5
07-14 16:05:29.940 D/StatusBar.BatteryController( 482): now old status is 5
07-14 16:05:37.910 W/SignalStrength( 275): getCdmaLevel=2
07-14 16:05:37.910 W/SignalStrength( 275): getEvdoLevel=0
07-14 16:05:37.910 W/SignalStrength( 275): getCdmaLevel=2
07-14 16:05:37.920 W/SignalStrength( 275): getLevel=2
07-14 16:05:37.920 W/SignalStrength( 482): getCdmaLevel=2
07-14 16:05:37.920 W/SignalStrength( 482): getEvdoLevel=0
07-14 16:05:37.920 W/SignalStrength( 482): getCdmaLevel=2
07-14 16:05:37.920 W/SignalStrength( 482): getLevel=2
07-14 16:05:45.920 W/SignalStrength( 275): getCdmaLevel=3
07-14 16:05:45.920 W/SignalStrength( 275): getEvdoLevel=0
07-14 16:05:45.920 W/SignalStrength( 275): getCdmaLevel=3
07-14 16:05:45.920 W/SignalStrength( 275): getLevel=3
07-14 16:05:45.920 W/SignalStrength( 482): getCdmaLevel=3
07-14 16:05:45.920 W/SignalStrength( 482): getEvdoLevel=0
07-14 16:05:45.920 W/SignalStrength( 482): getCdmaLevel=3
07-14 16:05:45.920 W/SignalStrength( 482): getLevel=3
07-14 16:05:48.150 D/SensorManager( 768): registerListener :: handle = 0 name= BOSCH 3-axis Accelerometer delay= 10000 Listener= kvo@41376f08
07-14 16:05:48.150 E/SensorManager( 768): thread start
07-14 16:05:48.150 E/SensorManager( 768): =======>>>Sensor Thread RUNNING <<<========
07-14 16:05:48.840 I/SensorManager( 768): Set normal delay = true
07-14 16:05:48.920 D/SensorManager( 768): unregisterListener:: disable all sensors for this listener, name = BOSCH 3-axis Accelerometer listener = kvo@41376f08
07-14 16:05:55.920 W/SignalStrength( 275): getCdmaLevel=2
07-14 16:05:55.920 W/SignalStrength( 275): getEvdoLevel=0
07-14 16:05:55.920 W/SignalStrength( 275): getCdmaLevel=2
07-14 16:05:55.920 W/SignalStrength( 275): getLevel=2
07-14 16:05:55.930 W/SignalStrength( 482): getCdmaLevel=2
07-14 16:05:55.930 W/SignalStrength( 482): getEvdoLevel=0
07-14 16:05:55.930 W/SignalStrength( 482): getCdmaLevel=2
07-14 16:05:55.930 W/SignalStrength( 482): getLevel=2
07-14 16:05:55.950 E/WifiStateMachine( 275): set suspend optimizations failed!
07-14 16:05:56.530 E/WifiStateMachine( 275): set suspend optimizations failed!
07-14 16:05:59.990 V/StatusBar.BatteryController( 482): status5batteryHealth 2
07-14 16:05:59.990 D/StatusBar.BatteryController( 482): mOldstatus5status 5
07-14 16:05:59.990 D/StatusBar.BatteryController( 482): now old status is 5
07-14 16:06:04.930 W/SignalStrength( 275): getCdmaLevel=3
07-14 16:06:04.930 W/SignalStrength( 275): getEvdoLevel=0
07-14 16:06:04.930 W/SignalStrength( 275): getCdmaLevel=3
07-14 16:06:04.930 W/SignalStrength( 275): getLevel=3
07-14 16:06:04.930 W/SignalStrength( 482): getCdmaLevel=3
07-14 16:06:04.930 W/SignalStrength( 482): getEvdoLevel=0
07-14 16:06:04.930 W/SignalStrength( 482): getCdmaLevel=3
07-14 16:06:04.930 W/SignalStrength( 482): getLevel=3
07-14 16:06:05.980 D/Tethering( 275): interfaceLinkStateChanged wlan0, true
07-14 16:06:05.980 D/Tethering( 275): interfaceStatusChanged wlan0, true
07-14 16:06:10.010 V/StatusBar.BatteryController( 482): status5batteryHealth 2
07-14 16:06:10.010 D/StatusBar.BatteryController( 482): mOldstatus5status 5
07-14 16:06:10.010 D/StatusBar.BatteryController( 482): now old status is 5
07-14 16:06:20.030 V/StatusBar.BatteryController( 482): status5batteryHealth 2
07-14 16:06:20.030 D/StatusBar.BatteryController( 482): mOldstatus5status 5
07-14 16:06:20.030 D/StatusBar.BatteryController( 482): now old status is 5
07-14 16:06:23.930 W/SignalStrength( 275): getCdmaLevel=2
07-14 16:06:23.930 W/SignalStrength( 275): getEvdoLevel=0
07-14 16:06:23.930 W/SignalStrength( 275): getCdmaLevel=2
07-14 16:06:23.930 W/SignalStrength( 275): getLevel=2
07-14 16:06:23.940 W/SignalStrength( 482): getCdmaLevel=2
07-14 16:06:23.940 W/SignalStrength( 482): getEvdoLevel=0
07-14 16:06:23.940 W/SignalStrength( 482): getCdmaLevel=2
07-14 16:06:23.940 W/SignalStrength( 482): getLevel=2
07-14 16:06:24.930 W/SignalStrength( 275): getCdmaLevel=3
07-14 16:06:24.930 W/SignalStrength( 275): getEvdoLevel=0
07-14 16:06:24.930 W/SignalStrength( 275): getCdmaLevel=3
07-14 16:06:24.930 W/SignalStrength( 275): getLevel=3
07-14 16:06:24.940 W/SignalStrength( 482): getCdmaLevel=3
07-14 16:06:24.940 W/SignalStrength( 482): getEvdoLevel=0
07-14 16:06:24.940 W/SignalStrength( 482): getCdmaLevel=3
07-14 16:06:24.940 W/SignalStrength( 482): getLevel=3
07-14 16:06:30.060 V/StatusBar.BatteryController( 482): status5batteryHealth 2
07-14 16:06:30.060 D/StatusBar.BatteryController( 482): mOldstatus5status 5
07-14 16:06:30.060 D/StatusBar.BatteryController( 482): now old status is 5
07-14 16:07:10.140 V/StatusBar.BatteryController( 482): status5batteryHealth 2
07-14 16:07:10.140 D/StatusBar.BatteryController( 482): mOldstatus5status 5
07-14 16:07:10.140 D/StatusBar.BatteryController( 482): now old status is 5
07-14 16:07:20.160 V/StatusBar.BatteryController( 482): status5batteryHealth 2
07-14 16:07:20.160 D/StatusBar.BatteryController( 482): mOldstatus5status 5
07-14 16:07:20.160 D/StatusBar.BatteryController( 482): now old status is 5
07-14 16:07:30.170 V/StatusBar.BatteryController( 482): status5batteryHealth 2
07-14 16:07:30.170 D/StatusBar.BatteryController( 482): mOldstatus5status 5
07-14 16:07:30.170 D/StatusBar.BatteryController( 482): now old status is 5
07-14 16:07:34.960 W/SignalStrength( 275): getCdmaLevel=2
07-14 16:07:34.960 W/SignalStrength( 275): getEvdoLevel=0
07-14 16:07:34.960 W/SignalStrength( 275): getCdmaLevel=2
07-14 16:07:34.960 W/SignalStrength( 275): getLevel=2
07-14 16:07:34.970 W/SignalStrength( 482): getCdmaLevel=2
07-14 16:07:34.970 W/SignalStrength( 482): getEvdoLevel=0
07-14 16:07:34.970 W/SignalStrength( 482): getCdmaLevel=2
07-14 16:07:34.970 W/SignalStrength( 482): getLevel=2
07-14 16:07:47.960 W/SignalStrength( 275): getCdmaLevel=3
07-14 16:07:47.960 W/SignalStrength( 275): getEvdoLevel=0
07-14 16:07:47.960 W/SignalStrength( 275): getCdmaLevel=3
07-14 16:07:47.960 W/SignalStrength( 275): getLevel=3
07-14 16:07:47.970 W/SignalStrength( 482): getCdmaLevel=3
07-14 16:07:47.970 W/SignalStrength( 482): getEvdoLevel=0
07-14 16:07:47.970 W/SignalStrength( 482): getCdmaLevel=3
07-14 16:07:47.970 W/SignalStrength( 482): getLevel=3
07-14 16:07:50.220 V/StatusBar.BatteryController( 482): status5batteryHealth 2
07-14 16:07:50.220 D/StatusBar.BatteryController( 482): mOldstatus5status 5
07-14 16:07:50.220 D/StatusBar.BatteryController( 482): now old status is 5
07-14 16:07:59.970 W/SignalStrength( 275): getCdmaLevel=2
07-14 16:07:59.970 W/SignalStrength( 275): getEvdoLevel=0
07-14 16:07:59.970 W/SignalStrength( 275): getCdmaLevel=2
07-14 16:07:59.970 W/SignalStrength( 275): getLevel=2
07-14 16:07:59.970 W/SignalStrength( 482): getCdmaLevel=2
07-14 16:07:59.970 W/SignalStrength( 482): getEvdoLevel=0
07-14 16:07:59.970 W/SignalStrength( 482): getCdmaLevel=2
07-14 16:07:59.970 W/SignalStrength( 482): getLevel=2
07-14 16:08:00.240 V/StatusBar.BatteryController( 482): status5batteryHealth 2
07-14 16:08:00.240 D/StatusBar.BatteryController( 482): mOldstatus5status 5
07-14 16:08:00.240 D/StatusBar.BatteryController( 482): now old status is 5
07-14 16:08:02.970 W/SignalStrength( 275): getCdmaLevel=3
07-14 16:08:02.970 W/SignalStrength( 275): getEvdoLevel=0
07-14 16:08:02.970 W/SignalStrength( 275): getCdmaLevel=3
07-14 16:08:02.970 W/SignalStrength( 275): getLevel=3
07-14 16:08:02.980 W/SignalStrength( 482): getCdmaLevel=3
07-14 16:08:02.980 W/SignalStrength( 482): getEvdoLevel=0
07-14 16:08:02.980 W/SignalStrength( 482): getCdmaLevel=3
07-14 16:08:02.980 W/SignalStrength( 482): getLevel=3
07-14 16:08:10.260 V/StatusBar.BatteryController( 482): status5batteryHealth 2
07-14 16:08:10.260 D/StatusBar.BatteryController( 482): mOldstatus5status 5
07-14 16:08:10.260 D/StatusBar.BatteryController( 482): now old status is 5
07-14 16:08:10.970 W/SignalStrength( 275): getCdmaLevel=2
07-14 16:08:10.970 W/SignalStrength( 275): getEvdoLevel=0
07-14 16:08:10.970 W/SignalStrength( 275): getCdmaLevel=2
07-14 16:08:10.970 W/SignalStrength( 275): getLevel=2
07-14 16:08:10.980 W/SignalStrength( 482): getCdmaLevel=2
07-14 16:08:10.980 W/SignalStrength( 482): getEvdoLevel=0
07-14 16:08:10.980 W/SignalStrength( 482): getCdmaLevel=2
07-14 16:08:10.980 W/SignalStrength( 482): getLevel=2
07-14 16:08:11.970 W/SignalStrength( 275): getCdmaLevel=3
07-14 16:08:11.970 W/SignalStrength( 275): getEvdoLevel=0
07-14 16:08:11.970 W/SignalStrength( 275): getCdmaLevel=3
07-14 16:08:11.970 W/SignalStrength( 275): getLevel=3
07-14 16:08:11.980 W/SignalStrength( 482): getCdmaLevel=3
07-14 16:08:11.980 W/SignalStrength( 482): getEvdoLevel=0
07-14 16:08:11.980 W/SignalStrength( 482): getCdmaLevel=3
07-14 16:08:11.980 W/SignalStrength( 482): getLevel=3
07-14 16:08:23.980 W/SignalStrength( 275): getCdmaLevel=2
07-14 16:08:23.980 W/SignalStrength( 275): getEvdoLevel=0
07-14 16:08:23.980 W/SignalStrength( 275): getCdmaLevel=2
07-14 16:08:23.980 W/SignalStrength( 275): getLevel=2
07-14 16:08:23.990 W/SignalStrength( 482): getCdmaLevel=2
07-14 16:08:23.990 W/SignalStrength( 482): getEvdoLevel=0
07-14 16:08:23.990 W/SignalStrength( 482): getCdmaLevel=2
07-14 16:08:23.990 W/SignalStrength( 482): getLevel=2
07-14 16:08:28.980 W/SignalStrength( 275): getCdmaLevel=3
07-14 16:08:28.980 W/SignalStrength( 275): getEvdoLevel=0
07-14 16:08:28.980 W/SignalStrength( 275): getCdmaLevel=3
07-14 16:08:28.980 W/SignalStrength( 275): getLevel=3
07-14 16:08:28.990 W/SignalStrength( 482): getCdmaLevel=3
07-14 16:08:28.990 W/SignalStrength( 482): getEvdoLevel=0
07-14 16:08:28.990 W/SignalStrength( 482): getCdmaLevel=3
07-14 16:08:28.990 W/SignalStrength( 482): getLevel=3
07-14 16:08:30.300 V/StatusBar.BatteryController( 482): status5batteryHealth 2
07-14 16:08:30.300 D/StatusBar.BatteryController( 482): mOldstatus5status 5
07-14 16:08:30.300 D/StatusBar.BatteryController( 482): now old status is 5
07-14 16:08:40.310 V/StatusBar.BatteryController( 482): status5batteryHealth 2
07-14 16:08:40.310 D/StatusBar.BatteryController( 482): mOldstatus5status 5
07-14 16:08:40.310 D/StatusBar.BatteryController( 482): now old status is 5
07-14 16:08:40.980 W/SignalStrength( 275): getCdmaLevel=2
07-14 16:08:40.980 W/SignalStrength( 275): getEvdoLevel=0
07-14 16:08:40.980 W/SignalStrength( 275): getCdmaLevel=2
07-14 16:08:40.980 W/SignalStrength( 275): getLevel=2
07-14 16:08:40.990 W/SignalStrength( 482): getCdmaLevel=2
07-14 16:08:40.990 W/SignalStrength( 482): getEvdoLevel=0
07-14 16:08:40.990 W/SignalStrength( 482): getCdmaLevel=2
07-14 16:08:40.990 W/SignalStrength( 482): getLevel=2
07-14 16:08:43.980 W/SignalStrength( 275): getCdmaLevel=3
07-14 16:08:43.980 W/SignalStrength( 275): getEvdoLevel=0
07-14 16:08:43.980 W/SignalStrength( 275): getCdmaLevel=3
07-14 16:08:43.980 W/SignalStrength( 275): getLevel=3
07-14 16:08:44.000 W/SignalStrength( 482): getCdmaLevel=3
07-14 16:08:44.000 W/SignalStrength( 482): getEvdoLevel=0
07-14 16:08:44.000 W/SignalStrength( 482): getCdmaLevel=3
07-14 16:08:44.000 W/SignalStrength( 482): getLevel=3
07-14 16:08:53.280 E/WifiStateMachine( 275): set suspend optimizations failed!
07-14 16:08:53.310 D/SensorManager( 768): registerListener :: handle = 0 name= BOSCH 3-axis Accelerometer delay= 10000 Listener= kvo@413e0010
07-14 16:08:53.320 E/SensorManager( 768): thread start
07-14 16:08:53.320 E/SensorManager( 768): =======>>>Sensor Thread RUNNING <<<========
07-14 16:08:54.010 I/SensorManager( 768): Set normal delay = true
07-14 16:08:54.020 D/Tethering( 275): interfaceLinkStateChanged wlan0, true
07-14 16:08:54.020 D/Tethering( 275): interfaceStatusChanged wlan0, true
07-14 16:08:54.030 D/Tethering( 275): interfaceLinkStateChanged wlan0, true
07-14 16:08:54.030 D/Tethering( 275): interfaceStatusChanged wlan0, true
07-14 16:08:54.090 D/SensorManager( 768): unregisterListener:: disable all sensors for this listener, name = BOSCH 3-axis Accelerometer listener = kvo@413e0010
07-14 16:08:54.210 E/WifiStateMachine( 275): set suspend optimizations failed!
07-14 16:08:54.310 I/GCoreUlr( 768): Received powerMode change from NLP: com.google.android.location.activity.LOW_POWER_MODE_ENABLED
07-14 16:08:54.310 I/GCoreUlr( 768): Starting service, intent=Intent { act=com.google.android.location.reporting.ACTION_UPDATE_ACTIVE_STATE cmp=xxxx }, extras=null
07-14 16:08:54.440 I/GCoreUlr( 768): Successfully inserted location
07-14 16:08:54.440 I/GCoreUlr( 768): Not calling LocationReportingService, hasMoved: false, elapsed millis: 1080156, request: Phone
07-14 16:08:54.490 I/GCoreUlr( 768): Ensuring that reporting is active for [account#15#]
07-14 16:08:54.490 I/GCoreUlr( 768): Starting service, intent=Intent { act=com.google.android.location.reporting.ACTION_LOCATION_STATUS cmp=xxxx (has extras) }, extras=Bundle[{status=LocationStatus[cell status: STATUS_UNKNOWN, wifi status: STATUS_UNKNOWN, elapsed realtime ns: 0]}]
07-14 16:09:00.360 V/StatusBar.BatteryController( 482): status5batteryHealth 2
07-14 16:09:00.360 D/StatusBar.BatteryController( 482): mOldstatus5status 5
07-14 16:09:00.360 D/StatusBar.BatteryController( 482): now old status is 5
07-14 16:09:10.370 V/StatusBar.BatteryController( 482): status5batteryHealth 2
07-14 16:09:10.370 D/StatusBar.BatteryController( 482): mOldstatus5status 5
07-14 16:09:10.370 D/StatusBar.BatteryController( 482): now old status is 5
07-14 16:09:23.000 W/SignalStrength( 275): getCdmaLevel=2
07-14 16:09:23.000 W/SignalStrength( 275): getEvdoLevel=0
07-14 16:09:23.000 W/SignalStrength( 275): getCdmaLevel=2
07-14 16:09:23.000 W/SignalStrength( 275): getLevel=2
07-14 16:09:23.010 W/SignalStrength( 482): getCdmaLevel=2
07-14 16:09:23.010 W/SignalStrength( 482): getEvdoLevel=0
07-14 16:09:23.010 W/SignalStrength( 482): getCdmaLevel=2
07-14 16:09:23.010 W/SignalStrength( 482): getLevel=2
07-14 16:09:24.000 W/SignalStrength( 275): getCdmaLevel=3
07-14 16:09:24.000 W/SignalStrength( 275): getEvdoLevel=0
07-14 16:09:24.000 W/SignalStrength( 275): getCdmaLevel=3
07-14 16:09:24.000 W/SignalStrength( 275): getLevel=3
07-14 16:09:24.010 W/SignalStrength( 482): getCdmaLevel=3
07-14 16:09:24.010 W/SignalStrength( 482): getEvdoLevel=0
07-14 16:09:24.010 W/SignalStrength( 482): getCdmaLevel=3
07-14 16:09:24.010 W/SignalStrength( 482): getLevel=3
07-14 16:09:30.410 V/StatusBar.BatteryController( 482): status5batteryHealth 2
07-14 16:09:30.410 D/StatusBar.BatteryController( 482): mOldstatus5status 5
07-14 16:09:30.410 D/StatusBar.BatteryController( 482): now old status is 5
07-14 16:09:50.010 W/SignalStrength( 275): getCdmaLevel=3
07-14 16:09:50.010 W/SignalStrength( 275): getEvdoLevel=0
07-14 16:09:50.010 W/SignalStrength( 275): getCdmaLevel=3
07-14 16:09:50.010 W/SignalStrength( 275): getLevel=3
07-14 16:09:50.020 W/SignalStrength( 482): getCdmaLevel=3
07-14 16:09:50.020 W/SignalStrength( 482): getEvdoLevel=0
07-14 16:09:50.020 W/SignalStrength( 482): getCdmaLevel=3
07-14 16:09:50.020 W/SignalStrength( 482): getLevel=3
07-14 16:10:08.020 W/SignalStrength( 275): getCdmaLevel=2
07-14 16:10:08.020 W/SignalStrength( 275): getEvdoLevel=0
07-14 16:10:08.020 W/SignalStrength( 275): getCdmaLevel=2
07-14 16:10:08.020 W/SignalStrength( 275): getLevel=2
07-14 16:10:08.020 W/SignalStrength( 482): getCdmaLevel=2
07-14 16:10:08.020 W/SignalStrength( 482): getEvdoLevel=0
07-14 16:10:08.020 W/SignalStrength( 482): getCdmaLevel=2
07-14 16:10:08.020 W/SignalStrength( 482): getLevel=2
07-14 16:10:10.940 D/Tethering( 275): interfaceLinkStateChanged wlan0, true
07-14 16:10:10.940 D/Tethering( 275): interfaceStatusChanged wlan0, true
07-14 16:10:11.020 W/SignalStrength( 275): getCdmaLevel=3
07-14 16:10:11.020 W/SignalStrength( 275): getEvdoLevel=0
07-14 16:10:11.020 W/SignalStrength( 275): getCdmaLevel=3
07-14 16:10:11.020 W/SignalStrength( 275): getLevel=3
07-14 16:10:11.020 W/SignalStrength( 482): getCdmaLevel=3
07-14 16:10:11.020 W/SignalStrength( 482): getEvdoLevel=0
07-14 16:10:11.020 W/SignalStrength( 482): getCdmaLevel=3
07-14 16:10:11.020 W/SignalStrength( 482): getLevel=3
07-14 16:10:13.850 D/GCM ( 592): Ignoring attempt to send heartbeat on dead connection.
07-14 16:10:20.510 V/StatusBar.BatteryController( 482): status5batteryHealth 2
07-14 16:10:20.510 D/StatusBar.BatteryController( 482): mOldstatus5status 5
07-14 16:10:20.510 D/StatusBar.BatteryController( 482): now old status is 5
07-14 16:10:23.880 D/Tethering( 275): interfaceLinkStateChanged wlan0, true
07-14 16:10:23.880 D/Tethering( 275): interfaceStatusChanged wlan0, true
07-14 16:10:33.020 W/SignalStrength( 275): getCdmaLevel=3
07-14 16:10:33.020 W/SignalStrength( 275): getEvdoLevel=0
07-14 16:10:33.020 W/SignalStrength( 275): getCdmaLevel=3
07-14 16:10:33.020 W/SignalStrength( 275): getLevel=3
07-14 16:10:33.030 W/SignalStrength( 482): getCdmaLevel=3
07-14 16:10:33.030 W/SignalStrength( 482): getEvdoLevel=0
07-14 16:10:33.030 W/SignalStrength( 482): getCdmaLevel=3
07-14 16:10:33.030 W/SignalStrength( 482): getLevel=3
07-14 16:10:50.580 V/StatusBar.BatteryController( 482): status5batteryHealth 2
07-14 16:10:50.580 D/StatusBar.BatteryController( 482): mOldstatus5status 5
07-14 16:10:50.580 D/StatusBar.BatteryController( 482): now old status is 5
07-14 16:11:46.050 W/SignalStrength( 275): getCdmaLevel=2
07-14 16:11:46.050 W/SignalStrength( 275): getEvdoLevel=0
07-14 16:11:46.050 W/SignalStrength( 275): getCdmaLevel=2
07-14 16:11:46.050 W/SignalStrength( 275): getLevel=2
07-14 16:11:46.060 W/SignalStrength( 482): getCdmaLevel=2
07-14 16:11:46.060 W/SignalStrength( 482): getEvdoLevel=0
07-14 16:11:46.060 W/SignalStrength( 482): getCdmaLevel=2
07-14 16:11:46.060 W/SignalStrength( 482): getLevel=2
07-14 16:11:47.050 W/SignalStrength( 275): getCdmaLevel=3
07-14 16:11:47.050 W/SignalStrength( 275): getEvdoLevel=0
07-14 16:11:47.050 W/SignalStrength( 275): getCdmaLevel=3
07-14 16:11:47.050 W/SignalStrength( 275): getLevel=3
07-14 16:11:47.060 W/SignalStrength( 482): getCdmaLevel=3
07-14 16:11:47.060 W/SignalStrength( 482): getEvdoLevel=0
07-14 16:11:47.060 W/SignalStrength( 482): getCdmaLevel=3
07-14 16:11:47.060 W/SignalStrength( 482): getLevel=3
07-14 16:11:52.460 D/SensorManager( 768): registerListener :: handle = 0 name= BOSCH 3-axis Accelerometer delay= 10000 Listener= kvo@4145da10
07-14 16:11:52.460 E/SensorManager( 768): thread start
07-14 16:11:52.460 E/SensorManager( 768): =======>>>Sensor Thread RUNNING <<<========
07-14 16:11:53.170 I/SensorManager( 768): Set normal delay = true
07-14 16:11:53.250 D/SensorManager( 768): unregisterListener:: disable all sensors for this listener, name = BOSCH 3-axis Accelerometer listener = kvo@4145da10
07-14 16:11:56.060 W/SignalStrength( 275): getCdmaLevel=2
07-14 16:11:56.060 W/SignalStrength( 275): getEvdoLevel=0
07-14 16:11:56.060 W/SignalStrength( 275): getCdmaLevel=2
07-14 16:11:56.060 W/SignalStrength( 275): getLevel=2
07-14 16:11:56.060 W/SignalStrength( 482): getCdmaLevel=2
07-14 16:11:56.060 W/SignalStrength( 482): getEvdoLevel=0
07-14 16:11:56.060 W/SignalStrength( 482): getCdmaLevel=2
07-14 16:11:56.060 W/SignalStrength( 482): getLevel=2
07-14 16:12:03.060 W/SignalStrength( 275): getCdmaLevel=3
07-14 16:12:03.060 W/SignalStrength( 275): getEvdoLevel=0
07-14 16:12:03.060 W/SignalStrength( 275): getCdmaLevel=3
07-14 16:12:03.060 W/SignalStrength( 275): getLevel=3
07-14 16:12:03.060 W/SignalStrength( 482): getCdmaLevel=3
07-14 16:12:03.060 W/SignalStrength( 482): getEvdoLevel=0
07-14 16:12:03.060 W/SignalStrength( 482): getCdmaLevel=3
07-14 16:12:03.060 W/SignalStrength( 482): getLevel=3
07-14 16:12:09.060 W/SignalStrength( 275): getCdmaLevel=2
07-14 16:12:09.060 W/SignalStrength( 275): getEvdoLevel=0
07-14 16:12:09.060 W/SignalStrength( 275): getCdmaLevel=2
07-14 16:12:09.060 W/SignalStrength( 275): getLevel=2
07-14 16:12:09.070 W/SignalStrength( 482): getCdmaLevel=2
07-14 16:12:09.070 W/SignalStrength( 482): getEvdoLevel=0
07-14 16:12:09.070 W/SignalStrength( 482): getCdmaLevel=2
07-14 16:12:09.070 W/SignalStrength( 482): getLevel=2
07-14 16:12:14.060 W/SignalStrength( 275): getCdmaLevel=3
07-14 16:12:14.060 W/SignalStrength( 275): getEvdoLevel=0
07-14 16:12:14.060 W/SignalStrength( 275): getCdmaLevel=3
07-14 16:12:14.060 W/SignalStrength( 275): getLevel=3
07-14 16:12:14.070 W/SignalStrength( 482): getCdmaLevel=3
07-14 16:12:14.070 W/SignalStrength( 482): getEvdoLevel=0
07-14 16:12:14.070 W/SignalStrength( 482): getCdmaLevel=3
07-14 16:12:14.070 W/SignalStrength( 482): getLevel=3
07-14 16:12:20.760 V/StatusBar.BatteryController( 482): status5batteryHealth 2
07-14 16:12:20.760 D/StatusBar.BatteryController( 482): mOldstatus5status 5
07-14 16:12:20.760 D/StatusBar.BatteryController( 482): now old status is 5
07-14 16:12:40.790 V/StatusBar.BatteryController( 482): status5batteryHealth 2
07-14 16:12:40.790 D/StatusBar.BatteryController( 482): mOldstatus5status 5
07-14 16:12:40.790 D/StatusBar.BatteryController( 482): now old status is 5
07-14 16:12:47.070 W/SignalStrength( 275): getCdmaLevel=2
07-14 16:12:47.070 W/SignalStrength( 275): getEvdoLevel=0
07-14 16:12:47.080 W/SignalStrength( 482): getCdmaLevel=2
07-14 16:12:47.080 W/SignalStrength( 482): getEvdoLevel=0
07-14 16:12:47.080 W/SignalStrength( 482): getCdmaLevel=2
07-14 16:12:47.080 W/SignalStrength( 482): getLevel=2
07-14 16:12:47.080 W/SignalStrength( 275): getCdmaLevel=2
07-14 16:12:47.080 W/SignalStrength( 275): getLevel=2
07-14 16:13:09.080 W/SignalStrength( 275): getCdmaLevel=3
07-14 16:13:09.080 W/SignalStrength( 275): getEvdoLevel=0
07-14 16:13:09.080 W/SignalStrength( 275): getCdmaLevel=3
07-14 16:13:09.080 W/SignalStrength( 275): getLevel=3
07-14 16:13:09.090 W/SignalStrength( 482): getCdmaLevel=3
07-14 16:13:09.090 W/SignalStrength( 482): getEvdoLevel=0
07-14 16:13:09.090 W/SignalStrength( 482): getCdmaLevel=3
07-14 16:13:09.090 W/SignalStrength( 482): getLevel=3
07-14 16:13:20.880 V/StatusBar.BatteryController( 482): status5batteryHealth 2
07-14 16:13:20.880 D/StatusBar.BatteryController( 482): mOldstatus5status 5
07-14 16:13:20.880 D/StatusBar.BatteryController( 482): now old status is 5
07-14 16:13:22.470 D/Tethering( 275): interfaceLinkStateChanged wlan0, true
07-14 16:13:22.470 D/Tethering( 275): interfaceStatusChanged wlan0, true
